{"id":198769,"date":"2026-09-03T16:44:17","date_gmt":"2026-09-03T14:44:17","guid":{"rendered":"https:\/\/www.coolturalia.com\/event\/festival-seymaz-musique-2026-2\/"},"modified":"2026-09-03T16:44:17","modified_gmt":"2026-09-03T14:44:17","slug":"festival-seymaz-musique-2026-2","status":"publish","type":"event","link":"https:\/\/www.coolturalia.com\/fr\/event\/festival-seymaz-musique-2026-2\/","title":{"rendered":"Festival Sey\u2019maz Musique 2026"},"content":{"rendered":"<p>Le Festival Sey\u2019maz Musique convie la communaut\u00e9 \u00e0 quatre jours de musique classique et contemporaine. La programmation m\u00eale musique de chambre, r\u00e9citals d\u2019orgue, performances solo, pi\u00e8ces \u00e9lectro-acoustiques et propositions pour le jeune public, offrant un r\u00e9pertoire exigeant et accessible pr\u00e9sent\u00e9 dans des lieux patrimoniaux et culturels. Familles, voisin\u00b7e\u00b7s et m\u00e9lomanes de tous horizons sont invit\u00e9\u00b7e\u00b7s \u00e0 se r\u00e9unir, partager des exp\u00e9riences et d\u00e9couvrir de nouveaux sons dans un esprit de convivialit\u00e9 et d\u2019appartenance.<\/p>\n","protected":false},"excerpt":{"rendered":"<p>Le Festival Sey\u2019maz Musique convie la communaut\u00e9 \u00e0 quatre jours de musique classique et contemporaine. La programmation m\u00eale musique de chambre, r\u00e9citals d\u2019orgue, performances solo, pi\u00e8ces \u00e9lectro-acoustiques et propositions pour le jeune public, offrant un r\u00e9pertoire exigeant et accessible pr\u00e9sent\u00e9 dans des lieux patrimoniaux et culturels. Familles, voisin\u00b7e\u00b7s et m\u00e9lomanes de tous horizons sont invit\u00e9\u00b7e\u00b7s [&hellip;]<\/p>\n","protected":false},"featured_media":198767,"parent":0,"menu_order":0,"template":"","format":"standard","meta":{"_acf_changed":false,"footnotes":""},"tags":[1014],"event-category":[454],"event-venue":[2403],"class_list":["post-198769","event","type-event","status-publish","format-standard","has-post-thumbnail","hentry","tag-portrait-image-fr","event-category-communaute","event-venue-chene-bourg-chene-bougeries-fr"],"acf":{"price":"Gratuit","date":"3 - 6 septembre","start_date":"2026-09-03 20:00:00","end_date":"2026-09-06 17:00:00","website_link":"https:\/\/seymazmusique.ch\/","link_buy_tickets":"","highlighted":false,"photo_credit":"","timings":[{"timing_start_date":"2026-09-03 20:00:00","timing_end_date":"2026-09-03 22:00:00"},{"timing_start_date":"2026-09-04 19:30:00","timing_end_date":"2026-09-04 23:59:00"},{"timing_start_date":"2026-09-05 11:00:00","timing_end_date":"2026-09-05 21:00:00"},{"timing_start_date":"2026-09-06 17:00:00","timing_end_date":"2026-09-06 19:00:00"}],"external_id":""},"yoast_head":"<!-- This site is optimized with the Yoast SEO plugin v28.3 - https:\/\/yoast.com\/product\/yoast-seo-wordpress\/ -->\n<title>Festival Sey\u2019maz Musique 2026 - Coolturalia<\/title>\n<meta name=\"robots\" content=\"index, follow, max-snippet:-1, max-image-preview:large, max-video-preview:-1\" \/>\n<link rel=\"canonical\" href=\"https:\/\/www.coolturalia.com\/fr\/event\/festival-seymaz-musique-2026-2\/\" \/>\n<meta property=\"og:locale\" content=\"fr_FR\" \/>\n<meta property=\"og:type\" content=\"article\" \/>\n<meta property=\"og:title\" content=\"Festival Sey\u2019maz Musique 2026 - Coolturalia\" \/>\n<meta property=\"og:description\" content=\"Le Festival Sey\u2019maz Musique convie la communaut\u00e9 \u00e0 quatre jours de musique classique et contemporaine. La programmation m\u00eale musique de chambre, r\u00e9citals d\u2019orgue, performances solo, pi\u00e8ces \u00e9lectro-acoustiques et propositions pour le jeune public, offrant un r\u00e9pertoire exigeant et accessible pr\u00e9sent\u00e9 dans des lieux patrimoniaux et culturels. Familles, voisin\u00b7e\u00b7s et m\u00e9lomanes de tous horizons sont invit\u00e9\u00b7e\u00b7s [&hellip;]\" \/>\n<meta property=\"og:url\" content=\"https:\/\/www.coolturalia.com\/fr\/event\/festival-seymaz-musique-2026-2\/\" \/>\n<meta property=\"og:site_name\" content=\"Coolturalia\" \/>\n<meta property=\"og:image\" content=\"https:\/\/www.coolturalia.com\/wp-content\/uploads\/2024\/04\/favicon-coolturalia-2.png\" \/>\n\t<meta property=\"og:image:width\" content=\"150\" \/>\n\t<meta property=\"og:image:height\" content=\"150\" \/>\n\t<meta property=\"og:image:type\" content=\"image\/png\" \/>\n<meta name=\"twitter:card\" content=\"summary_large_image\" \/>\n<script type=\"application\/ld+json\" class=\"yoast-schema-graph\">{\"@context\":\"https:\\\/\\\/schema.org\",\"@graph\":[{\"@type\":\"WebPage\",\"@id\":\"https:\\\/\\\/www.coolturalia.com\\\/fr\\\/event\\\/festival-seymaz-musique-2026-2\\\/\",\"url\":\"https:\\\/\\\/www.coolturalia.com\\\/fr\\\/event\\\/festival-seymaz-musique-2026-2\\\/\",\"name\":\"Festival Sey\u2019maz Musique 2026 - Coolturalia\",\"isPartOf\":{\"@id\":\"https:\\\/\\\/www.coolturalia.com\\\/fr\\\/#website\"},\"primaryImageOfPage\":{\"@id\":\"https:\\\/\\\/www.coolturalia.com\\\/fr\\\/event\\\/festival-seymaz-musique-2026-2\\\/#primaryimage\"},\"image\":{\"@id\":\"https:\\\/\\\/www.coolturalia.com\\\/fr\\\/event\\\/festival-seymaz-musique-2026-2\\\/#primaryimage\"},\"thumbnailUrl\":\"https:\\\/\\\/www.coolturalia.com\\\/wp-content\\\/uploads\\\/2026\\\/09\\\/Festival-Sey-maz-Musique-2026.webp\",\"datePublished\":\"2026-09-03T14:44:17+00:00\",\"breadcrumb\":{\"@id\":\"https:\\\/\\\/www.coolturalia.com\\\/fr\\\/event\\\/festival-seymaz-musique-2026-2\\\/#breadcrumb\"},\"inLanguage\":\"fr-FR\",\"potentialAction\":[{\"@type\":\"ReadAction\",\"target\":[\"https:\\\/\\\/www.coolturalia.com\\\/fr\\\/event\\\/festival-seymaz-musique-2026-2\\\/\"]}]},{\"@type\":\"ImageObject\",\"inLanguage\":\"fr-FR\",\"@id\":\"https:\\\/\\\/www.coolturalia.com\\\/fr\\\/event\\\/festival-seymaz-musique-2026-2\\\/#primaryimage\",\"url\":\"https:\\\/\\\/www.coolturalia.com\\\/wp-content\\\/uploads\\\/2026\\\/09\\\/Festival-Sey-maz-Musique-2026.webp\",\"contentUrl\":\"https:\\\/\\\/www.coolturalia.com\\\/wp-content\\\/uploads\\\/2026\\\/09\\\/Festival-Sey-maz-Musique-2026.webp\",\"width\":512,\"height\":742,\"caption\":\"undefined\"},{\"@type\":\"BreadcrumbList\",\"@id\":\"https:\\\/\\\/www.coolturalia.com\\\/fr\\\/event\\\/festival-seymaz-musique-2026-2\\\/#breadcrumb\",\"itemListElement\":[{\"@type\":\"ListItem\",\"position\":1,\"name\":\"Home\",\"item\":\"https:\\\/\\\/www.coolturalia.com\\\/fr\\\/\"},{\"@type\":\"ListItem\",\"position\":2,\"name\":\"Events\",\"item\":\"https:\\\/\\\/www.coolturalia.com\\\/fr\\\/events\\\/\"},{\"@type\":\"ListItem\",\"position\":3,\"name\":\"Festival Sey\u2019maz Musique 2026\"}]},{\"@type\":\"WebSite\",\"@id\":\"https:\\\/\\\/www.coolturalia.com\\\/fr\\\/#website\",\"url\":\"https:\\\/\\\/www.coolturalia.com\\\/fr\\\/\",\"name\":\"Coolturalia\",\"description\":\"\",\"publisher\":{\"@id\":\"https:\\\/\\\/www.coolturalia.com\\\/fr\\\/#organization\"},\"potentialAction\":[{\"@type\":\"SearchAction\",\"target\":{\"@type\":\"EntryPoint\",\"urlTemplate\":\"https:\\\/\\\/www.coolturalia.com\\\/fr\\\/?s={search_term_string}\"},\"query-input\":{\"@type\":\"PropertyValueSpecification\",\"valueRequired\":true,\"valueName\":\"search_term_string\"}}],\"inLanguage\":\"fr-FR\"},{\"@type\":\"Organization\",\"@id\":\"https:\\\/\\\/www.coolturalia.com\\\/fr\\\/#organization\",\"name\":\"Coolturalia\",\"url\":\"https:\\\/\\\/www.coolturalia.com\\\/fr\\\/\",\"logo\":{\"@type\":\"ImageObject\",\"inLanguage\":\"fr-FR\",\"@id\":\"https:\\\/\\\/www.coolturalia.com\\\/fr\\\/#\\\/schema\\\/logo\\\/image\\\/\",\"url\":\"https:\\\/\\\/www.coolturalia.com\\\/wp-content\\\/uploads\\\/2024\\\/04\\\/Logo-coolturalia.svg\",\"contentUrl\":\"https:\\\/\\\/www.coolturalia.com\\\/wp-content\\\/uploads\\\/2024\\\/04\\\/Logo-coolturalia.svg\",\"width\":1312,\"height\":193,\"caption\":\"Coolturalia\"},\"image\":{\"@id\":\"https:\\\/\\\/www.coolturalia.com\\\/fr\\\/#\\\/schema\\\/logo\\\/image\\\/\"},\"sameAs\":[\"https:\\\/\\\/www.instagram.com\\\/coolturalia_geneva\\\/\"]}]}<\/script>\n<!-- \/ Yoast SEO plugin. -->","yoast_head_json":{"title":"Festival Sey\u2019maz Musique 2026 - Coolturalia","robots":{"index":"index","follow":"follow","max-snippet":"max-snippet:-1","max-image-preview":"max-image-preview:large","max-video-preview":"max-video-preview:-1"},"canonical":"https:\/\/www.coolturalia.com\/fr\/event\/festival-seymaz-musique-2026-2\/","og_locale":"fr_FR","og_type":"article","og_title":"Festival Sey\u2019maz Musique 2026 - Coolturalia","og_description":"Le Festival Sey\u2019maz Musique convie la communaut\u00e9 \u00e0 quatre jours de musique classique et contemporaine. La programmation m\u00eale musique de chambre, r\u00e9citals d\u2019orgue, performances solo, pi\u00e8ces \u00e9lectro-acoustiques et propositions pour le jeune public, offrant un r\u00e9pertoire exigeant et accessible pr\u00e9sent\u00e9 dans des lieux patrimoniaux et culturels. Familles, voisin\u00b7e\u00b7s et m\u00e9lomanes de tous horizons sont invit\u00e9\u00b7e\u00b7s [&hellip;]","og_url":"https:\/\/www.coolturalia.com\/fr\/event\/festival-seymaz-musique-2026-2\/","og_site_name":"Coolturalia","og_image":[{"width":150,"height":150,"url":"https:\/\/www.coolturalia.com\/wp-content\/uploads\/2024\/04\/favicon-coolturalia-2.png","type":"image\/png"}],"twitter_card":"summary_large_image","schema":{"@context":"https:\/\/schema.org","@graph":[{"@type":"WebPage","@id":"https:\/\/www.coolturalia.com\/fr\/event\/festival-seymaz-musique-2026-2\/","url":"https:\/\/www.coolturalia.com\/fr\/event\/festival-seymaz-musique-2026-2\/","name":"Festival Sey\u2019maz Musique 2026 - Coolturalia","isPartOf":{"@id":"https:\/\/www.coolturalia.com\/fr\/#website"},"primaryImageOfPage":{"@id":"https:\/\/www.coolturalia.com\/fr\/event\/festival-seymaz-musique-2026-2\/#primaryimage"},"image":{"@id":"https:\/\/www.coolturalia.com\/fr\/event\/festival-seymaz-musique-2026-2\/#primaryimage"},"thumbnailUrl":"https:\/\/www.coolturalia.com\/wp-content\/uploads\/2026\/09\/Festival-Sey-maz-Musique-2026.webp","datePublished":"2026-09-03T14:44:17+00:00","breadcrumb":{"@id":"https:\/\/www.coolturalia.com\/fr\/event\/festival-seymaz-musique-2026-2\/#breadcrumb"},"inLanguage":"fr-FR","potentialAction":[{"@type":"ReadAction","target":["https:\/\/www.coolturalia.com\/fr\/event\/festival-seymaz-musique-2026-2\/"]}]},{"@type":"ImageObject","inLanguage":"fr-FR","@id":"https:\/\/www.coolturalia.com\/fr\/event\/festival-seymaz-musique-2026-2\/#primaryimage","url":"https:\/\/www.coolturalia.com\/wp-content\/uploads\/2026\/09\/Festival-Sey-maz-Musique-2026.webp","contentUrl":"https:\/\/www.coolturalia.com\/wp-content\/uploads\/2026\/09\/Festival-Sey-maz-Musique-2026.webp","width":512,"height":742,"caption":"undefined"},{"@type":"BreadcrumbList","@id":"https:\/\/www.coolturalia.com\/fr\/event\/festival-seymaz-musique-2026-2\/#breadcrumb","itemListElement":[{"@type":"ListItem","position":1,"name":"Home","item":"https:\/\/www.coolturalia.com\/fr\/"},{"@type":"ListItem","position":2,"name":"Events","item":"https:\/\/www.coolturalia.com\/fr\/events\/"},{"@type":"ListItem","position":3,"name":"Festival Sey\u2019maz Musique 2026"}]},{"@type":"WebSite","@id":"https:\/\/www.coolturalia.com\/fr\/#website","url":"https:\/\/www.coolturalia.com\/fr\/","name":"Coolturalia","description":"","publisher":{"@id":"https:\/\/www.coolturalia.com\/fr\/#organization"},"potentialAction":[{"@type":"SearchAction","target":{"@type":"EntryPoint","urlTemplate":"https:\/\/www.coolturalia.com\/fr\/?s={search_term_string}"},"query-input":{"@type":"PropertyValueSpecification","valueRequired":true,"valueName":"search_term_string"}}],"inLanguage":"fr-FR"},{"@type":"Organization","@id":"https:\/\/www.coolturalia.com\/fr\/#organization","name":"Coolturalia","url":"https:\/\/www.coolturalia.com\/fr\/","logo":{"@type":"ImageObject","inLanguage":"fr-FR","@id":"https:\/\/www.coolturalia.com\/fr\/#\/schema\/logo\/image\/","url":"https:\/\/www.coolturalia.com\/wp-content\/uploads\/2024\/04\/Logo-coolturalia.svg","contentUrl":"https:\/\/www.coolturalia.com\/wp-content\/uploads\/2024\/04\/Logo-coolturalia.svg","width":1312,"height":193,"caption":"Coolturalia"},"image":{"@id":"https:\/\/www.coolturalia.com\/fr\/#\/schema\/logo\/image\/"},"sameAs":["https:\/\/www.instagram.com\/coolturalia_geneva\/"]}]}},"translations":{"translations":{"en":"198768","fr":"198769"},"language":{"code":"fr"},"date":{"dateRange":"3 - 6 septembre"}},"language":{"code":"fr"},"_links":{"self":[{"href":"https:\/\/www.coolturalia.com\/fr\/wp-json\/wp\/v2\/event\/198769","targetHints":{"allow":["GET"]}}],"collection":[{"href":"https:\/\/www.coolturalia.com\/fr\/wp-json\/wp\/v2\/event"}],"about":[{"href":"https:\/\/www.coolturalia.com\/fr\/wp-json\/wp\/v2\/types\/event"}],"version-history":[{"count":0,"href":"https:\/\/www.coolturalia.com\/fr\/wp-json\/wp\/v2\/event\/198769\/revisions"}],"wp:featuredmedia":[{"embeddable":true,"href":"https:\/\/www.coolturalia.com\/fr\/wp-json\/wp\/v2\/media\/198767"}],"wp:attachment":[{"href":"https:\/\/www.coolturalia.com\/fr\/wp-json\/wp\/v2\/media?parent=198769"}],"wp:term":[{"taxonomy":"post_tag","embeddable":true,"href":"https:\/\/www.coolturalia.com\/fr\/wp-json\/wp\/v2\/tags?post=198769"},{"taxonomy":"event-category","embeddable":true,"href":"https:\/\/www.coolturalia.com\/fr\/wp-json\/wp\/v2\/event-category?post=198769"},{"taxonomy":"event-venue","embeddable":true,"href":"https:\/\/www.coolturalia.com\/fr\/wp-json\/wp\/v2\/event-venue?post=198769"}],"curies":[{"name":"wp","href":"https:\/\/api.w.org\/{rel}","templated":true}]}}

<p>Le Festival Sey’maz Musique convie la communauté à quatre jours de musique classique et contemporaine. La programmation mêle musique de chambre, récitals d’orgue, performances solo, pièces électro-acoustiques et propositions pour le jeune public, offrant un répertoire exigeant et accessible présenté dans des lieux patrimoniaux et culturels. Familles, voisin·e·s et mélomanes de tous horizons sont invité·e·s à se réunir, partager des expériences et découvrir de nouveaux sons dans un esprit de convivialité et d’appartenance.</p>

<p>Le Festival Sey’maz Musique convie la communauté à quatre jours de musique classique et contemporaine. La programmation mêle musique de chambre, récitals d’orgue, performances solo, pièces électro-acoustiques et propositions pour le jeune public, offrant un répertoire exigeant et accessible présenté dans des lieux patrimoniaux et culturels. Familles, voisin·e·s et mélomanes de tous horizons sont invité·e·s [&hellip;]</p>

<!-- This site is optimized with the Yoast SEO plugin v28.3 - https://yoast.com/product/yoast-seo-wordpress/ -->
<title>Festival Sey’maz Musique 2026 - Coolturalia</title>
<meta name="robots" content="index, follow, max-snippet:-1, max-image-preview:large, max-video-preview:-1" />
<link rel="canonical" href="https://www.coolturalia.com/fr/event/festival-seymaz-musique-2026-2/" />
<meta property="og:locale" content="fr_FR" />
<meta property="og:type" content="article" />
<meta property="og:title" content="Festival Sey’maz Musique 2026 - Coolturalia" />
<meta property="og:description" content="Le Festival Sey’maz Musique convie la communauté à quatre jours de musique classique et contemporaine. La programmation mêle musique de chambre, récitals d’orgue, performances solo, pièces électro-acoustiques et propositions pour le jeune public, offrant un répertoire exigeant et accessible présenté dans des lieux patrimoniaux et culturels. Familles, voisin·e·s et mélomanes de tous horizons sont invité·e·s [&hellip;]" />
<meta property="og:url" content="https://www.coolturalia.com/fr/event/festival-seymaz-musique-2026-2/" />
<meta property="og:site_name" content="Coolturalia" />
<meta property="og:image" content="https://www.coolturalia.com/wp-content/uploads/2024/04/favicon-coolturalia-2.png" />
	<meta property="og:image:width" content="150" />
	<meta property="og:image:height" content="150" />
	<meta property="og:image:type" content="image/png" />
<meta name="twitter:card" content="summary_large_image" />
<script type="application/ld+json" class="yoast-schema-graph">{"@context":"https:\/\/schema.org","@graph":[{"@type":"WebPage","@id":"https:\/\/www.coolturalia.com\/fr\/event\/festival-seymaz-musique-2026-2\/","url":"https:\/\/www.coolturalia.com\/fr\/event\/festival-seymaz-musique-2026-2\/","name":"Festival Sey’maz Musique 2026 - Coolturalia","isPartOf":{"@id":"https:\/\/www.coolturalia.com\/fr\/#website"},"primaryImageOfPage":{"@id":"https:\/\/www.coolturalia.com\/fr\/event\/festival-seymaz-musique-2026-2\/#primaryimage"},"image":{"@id":"https:\/\/www.coolturalia.com\/fr\/event\/festival-seymaz-musique-2026-2\/#primaryimage"},"thumbnailUrl":"https:\/\/www.coolturalia.com\/wp-content\/uploads\/2026\/09\/Festival-Sey-maz-Musique-2026.webp","datePublished":"2026-09-03T14:44:17+00:00","breadcrumb":{"@id":"https:\/\/www.coolturalia.com\/fr\/event\/festival-seymaz-musique-2026-2\/#breadcrumb"},"inLanguage":"fr-FR","potentialAction":[{"@type":"ReadAction","target":["https:\/\/www.coolturalia.com\/fr\/event\/festival-seymaz-musique-2026-2\/"]}]},{"@type":"ImageObject","inLanguage":"fr-FR","@id":"https:\/\/www.coolturalia.com\/fr\/event\/festival-seymaz-musique-2026-2\/#primaryimage","url":"https:\/\/www.coolturalia.com\/wp-content\/uploads\/2026\/09\/Festival-Sey-maz-Musique-2026.webp","contentUrl":"https:\/\/www.coolturalia.com\/wp-content\/uploads\/2026\/09\/Festival-Sey-maz-Musique-2026.webp","width":512,"height":742,"caption":"undefined"},{"@type":"BreadcrumbList","@id":"https:\/\/www.coolturalia.com\/fr\/event\/festival-seymaz-musique-2026-2\/#breadcrumb","itemListElement":[{"@type":"ListItem","position":1,"name":"Home","item":"https:\/\/www.coolturalia.com\/fr\/"},{"@type":"ListItem","position":2,"name":"Events","item":"https:\/\/www.coolturalia.com\/fr\/events\/"},{"@type":"ListItem","position":3,"name":"Festival Sey’maz Musique 2026"}]},{"@type":"WebSite","@id":"https:\/\/www.coolturalia.com\/fr\/#website","url":"https:\/\/www.coolturalia.com\/fr\/","name":"Coolturalia","description":"","publisher":{"@id":"https:\/\/www.coolturalia.com\/fr\/#organization"},"potentialAction":[{"@type":"SearchAction","target":{"@type":"EntryPoint","urlTemplate":"https:\/\/www.coolturalia.com\/fr\/?s={search_term_string}"},"query-input":{"@type":"PropertyValueSpecification","valueRequired":true,"valueName":"search_term_string"}}],"inLanguage":"fr-FR"},{"@type":"Organization","@id":"https:\/\/www.coolturalia.com\/fr\/#organization","name":"Coolturalia","url":"https:\/\/www.coolturalia.com\/fr\/","logo":{"@type":"ImageObject","inLanguage":"fr-FR","@id":"https:\/\/www.coolturalia.com\/fr\/#\/schema\/logo\/image\/","url":"https:\/\/www.coolturalia.com\/wp-content\/uploads\/2024\/04\/Logo-coolturalia.svg","contentUrl":"https:\/\/www.coolturalia.com\/wp-content\/uploads\/2024\/04\/Logo-coolturalia.svg","width":1312,"height":193,"caption":"Coolturalia"},"image":{"@id":"https:\/\/www.coolturalia.com\/fr\/#\/schema\/logo\/image\/"},"sameAs":["https:\/\/www.instagram.com\/coolturalia_geneva\/"]}]}</script>
<!-- / Yoast SEO plugin. -->

Le Festival Sey’maz Musique convie la communauté à quatre jours de musique classique et contemporaine. La programmation mêle musique de chambre, récitals d’orgue, performances solo, pièces électro-acoustiques et propositions pour le jeune public, offrant un répertoire exigeant et accessible présenté dans des lieux patrimoniaux et culturels. Familles, voisin·e·s et mélomanes de tous horizons sont invité·e·s [&hellip;]
