{"id":198698,"date":"2026-09-02T11:05:12","date_gmt":"2026-09-02T09:05:12","guid":{"rendered":"https:\/\/www.coolturalia.com\/event\/milonga-de-la-rentree\/"},"modified":"2026-09-02T11:05:12","modified_gmt":"2026-09-02T09:05:12","slug":"milonga-de-la-rentree","status":"publish","type":"event","link":"https:\/\/www.coolturalia.com\/fr\/event\/milonga-de-la-rentree\/","title":{"rendered":"Milonga de la rentr\u00e9e"},"content":{"rendered":"<p>Men\u00e9e par les danseurs Marianne et Mauricio, cette milonga c\u00e9l\u00e8bre l&rsquo;art social du tango argentin. Les \u00e9treintes intimes et les jeux de jambes rythm\u00e9s alternent avec des tours espi\u00e8gles et des instants lyriques et prolong\u00e9s. Un cadre sobre met en valeur les corps et le souffle, invitant danseurs et spectateurs dans une atmosph\u00e8re chaleureuse et collective. Les silences et les musiques fa\u00e7onnent le tempo, tandis que les phras\u00e9s et gestes subtils r\u00e9v\u00e8lent des r\u00e9cits personnels.<\/p>\n","protected":false},"excerpt":{"rendered":"<p>Men\u00e9e par les danseurs Marianne et Mauricio, cette milonga c\u00e9l\u00e8bre l&rsquo;art social du tango argentin. Les \u00e9treintes intimes et les jeux de jambes rythm\u00e9s alternent avec des tours espi\u00e8gles et des instants lyriques et prolong\u00e9s. Un cadre sobre met en valeur les corps et le souffle, invitant danseurs et spectateurs dans une atmosph\u00e8re chaleureuse et [&hellip;]<\/p>\n","protected":false},"featured_media":198696,"parent":0,"menu_order":0,"template":"","format":"standard","meta":{"_acf_changed":false,"footnotes":""},"tags":[],"event-category":[444],"event-venue":[627],"class_list":["post-198698","event","type-event","status-publish","format-standard","has-post-thumbnail","hentry","event-category-spectacles","event-venue-la-julienne-fr"],"acf":{"price":"Gratuit","date":"Dimanche 6 septembre, 15:00","start_date":"2026-09-06 15:00:00","end_date":"2026-09-06 20:00:00","website_link":"https:\/\/evenements-go.com\/event\/milonga-de-la-rentree-plan-les-ouates-2026-09-06-oa2061125","link_buy_tickets":"","highlighted":false,"photo_credit":"DR","timings":[{"timing_start_date":"2026-09-06 15:00:00","timing_end_date":"2026-09-06 20:00:00"}],"external_id":"2061125"},"yoast_head":"<!-- This site is optimized with the Yoast SEO plugin v28.3 - https:\/\/yoast.com\/product\/yoast-seo-wordpress\/ -->\n<title>Milonga de la rentr\u00e9e - Coolturalia<\/title>\n<meta name=\"robots\" content=\"index, follow, max-snippet:-1, max-image-preview:large, max-video-preview:-1\" \/>\n<link rel=\"canonical\" href=\"https:\/\/www.coolturalia.com\/fr\/event\/milonga-de-la-rentree\/\" \/>\n<meta property=\"og:locale\" content=\"fr_FR\" \/>\n<meta property=\"og:type\" content=\"article\" \/>\n<meta property=\"og:title\" content=\"Milonga de la rentr\u00e9e - Coolturalia\" \/>\n<meta property=\"og:description\" content=\"Men\u00e9e par les danseurs Marianne et Mauricio, cette milonga c\u00e9l\u00e8bre l&rsquo;art social du tango argentin. Les \u00e9treintes intimes et les jeux de jambes rythm\u00e9s alternent avec des tours espi\u00e8gles et des instants lyriques et prolong\u00e9s. Un cadre sobre met en valeur les corps et le souffle, invitant danseurs et spectateurs dans une atmosph\u00e8re chaleureuse et [&hellip;]\" \/>\n<meta property=\"og:url\" content=\"https:\/\/www.coolturalia.com\/fr\/event\/milonga-de-la-rentree\/\" \/>\n<meta property=\"og:site_name\" content=\"Coolturalia\" \/>\n<meta property=\"og:image\" content=\"https:\/\/www.coolturalia.com\/wp-content\/uploads\/2024\/04\/favicon-coolturalia-2.png\" \/>\n\t<meta property=\"og:image:width\" content=\"150\" \/>\n\t<meta property=\"og:image:height\" content=\"150\" \/>\n\t<meta property=\"og:image:type\" content=\"image\/png\" \/>\n<meta name=\"twitter:card\" content=\"summary_large_image\" \/>\n<script type=\"application\/ld+json\" class=\"yoast-schema-graph\">{\"@context\":\"https:\\\/\\\/schema.org\",\"@graph\":[{\"@type\":\"WebPage\",\"@id\":\"https:\\\/\\\/www.coolturalia.com\\\/fr\\\/event\\\/milonga-de-la-rentree\\\/\",\"url\":\"https:\\\/\\\/www.coolturalia.com\\\/fr\\\/event\\\/milonga-de-la-rentree\\\/\",\"name\":\"Milonga de la rentr\u00e9e - Coolturalia\",\"isPartOf\":{\"@id\":\"https:\\\/\\\/www.coolturalia.com\\\/fr\\\/#website\"},\"primaryImageOfPage\":{\"@id\":\"https:\\\/\\\/www.coolturalia.com\\\/fr\\\/event\\\/milonga-de-la-rentree\\\/#primaryimage\"},\"image\":{\"@id\":\"https:\\\/\\\/www.coolturalia.com\\\/fr\\\/event\\\/milonga-de-la-rentree\\\/#primaryimage\"},\"thumbnailUrl\":\"https:\\\/\\\/www.coolturalia.com\\\/wp-content\\\/uploads\\\/2026\\\/09\\\/Back-to-school-milonga.webp\",\"datePublished\":\"2026-09-02T09:05:12+00:00\",\"breadcrumb\":{\"@id\":\"https:\\\/\\\/www.coolturalia.com\\\/fr\\\/event\\\/milonga-de-la-rentree\\\/#breadcrumb\"},\"inLanguage\":\"fr-FR\",\"potentialAction\":[{\"@type\":\"ReadAction\",\"target\":[\"https:\\\/\\\/www.coolturalia.com\\\/fr\\\/event\\\/milonga-de-la-rentree\\\/\"]}]},{\"@type\":\"ImageObject\",\"inLanguage\":\"fr-FR\",\"@id\":\"https:\\\/\\\/www.coolturalia.com\\\/fr\\\/event\\\/milonga-de-la-rentree\\\/#primaryimage\",\"url\":\"https:\\\/\\\/www.coolturalia.com\\\/wp-content\\\/uploads\\\/2026\\\/09\\\/Back-to-school-milonga.webp\",\"contentUrl\":\"https:\\\/\\\/www.coolturalia.com\\\/wp-content\\\/uploads\\\/2026\\\/09\\\/Back-to-school-milonga.webp\",\"width\":700,\"height\":308,\"caption\":\"undefined\"},{\"@type\":\"BreadcrumbList\",\"@id\":\"https:\\\/\\\/www.coolturalia.com\\\/fr\\\/event\\\/milonga-de-la-rentree\\\/#breadcrumb\",\"itemListElement\":[{\"@type\":\"ListItem\",\"position\":1,\"name\":\"Home\",\"item\":\"https:\\\/\\\/www.coolturalia.com\\\/fr\\\/\"},{\"@type\":\"ListItem\",\"position\":2,\"name\":\"Events\",\"item\":\"https:\\\/\\\/www.coolturalia.com\\\/fr\\\/events\\\/\"},{\"@type\":\"ListItem\",\"position\":3,\"name\":\"Milonga de la rentr\u00e9e\"}]},{\"@type\":\"WebSite\",\"@id\":\"https:\\\/\\\/www.coolturalia.com\\\/fr\\\/#website\",\"url\":\"https:\\\/\\\/www.coolturalia.com\\\/fr\\\/\",\"name\":\"Coolturalia\",\"description\":\"\",\"publisher\":{\"@id\":\"https:\\\/\\\/www.coolturalia.com\\\/fr\\\/#organization\"},\"potentialAction\":[{\"@type\":\"SearchAction\",\"target\":{\"@type\":\"EntryPoint\",\"urlTemplate\":\"https:\\\/\\\/www.coolturalia.com\\\/fr\\\/?s={search_term_string}\"},\"query-input\":{\"@type\":\"PropertyValueSpecification\",\"valueRequired\":true,\"valueName\":\"search_term_string\"}}],\"inLanguage\":\"fr-FR\"},{\"@type\":\"Organization\",\"@id\":\"https:\\\/\\\/www.coolturalia.com\\\/fr\\\/#organization\",\"name\":\"Coolturalia\",\"url\":\"https:\\\/\\\/www.coolturalia.com\\\/fr\\\/\",\"logo\":{\"@type\":\"ImageObject\",\"inLanguage\":\"fr-FR\",\"@id\":\"https:\\\/\\\/www.coolturalia.com\\\/fr\\\/#\\\/schema\\\/logo\\\/image\\\/\",\"url\":\"https:\\\/\\\/www.coolturalia.com\\\/wp-content\\\/uploads\\\/2024\\\/04\\\/Logo-coolturalia.svg\",\"contentUrl\":\"https:\\\/\\\/www.coolturalia.com\\\/wp-content\\\/uploads\\\/2024\\\/04\\\/Logo-coolturalia.svg\",\"width\":1312,\"height\":193,\"caption\":\"Coolturalia\"},\"image\":{\"@id\":\"https:\\\/\\\/www.coolturalia.com\\\/fr\\\/#\\\/schema\\\/logo\\\/image\\\/\"},\"sameAs\":[\"https:\\\/\\\/www.instagram.com\\\/coolturalia_geneva\\\/\"]}]}<\/script>\n<!-- \/ Yoast SEO plugin. -->","yoast_head_json":{"title":"Milonga de la rentr\u00e9e - Coolturalia","robots":{"index":"index","follow":"follow","max-snippet":"max-snippet:-1","max-image-preview":"max-image-preview:large","max-video-preview":"max-video-preview:-1"},"canonical":"https:\/\/www.coolturalia.com\/fr\/event\/milonga-de-la-rentree\/","og_locale":"fr_FR","og_type":"article","og_title":"Milonga de la rentr\u00e9e - Coolturalia","og_description":"Men\u00e9e par les danseurs Marianne et Mauricio, cette milonga c\u00e9l\u00e8bre l&rsquo;art social du tango argentin. Les \u00e9treintes intimes et les jeux de jambes rythm\u00e9s alternent avec des tours espi\u00e8gles et des instants lyriques et prolong\u00e9s. Un cadre sobre met en valeur les corps et le souffle, invitant danseurs et spectateurs dans une atmosph\u00e8re chaleureuse et [&hellip;]","og_url":"https:\/\/www.coolturalia.com\/fr\/event\/milonga-de-la-rentree\/","og_site_name":"Coolturalia","og_image":[{"width":150,"height":150,"url":"https:\/\/www.coolturalia.com\/wp-content\/uploads\/2024\/04\/favicon-coolturalia-2.png","type":"image\/png"}],"twitter_card":"summary_large_image","schema":{"@context":"https:\/\/schema.org","@graph":[{"@type":"WebPage","@id":"https:\/\/www.coolturalia.com\/fr\/event\/milonga-de-la-rentree\/","url":"https:\/\/www.coolturalia.com\/fr\/event\/milonga-de-la-rentree\/","name":"Milonga de la rentr\u00e9e - Coolturalia","isPartOf":{"@id":"https:\/\/www.coolturalia.com\/fr\/#website"},"primaryImageOfPage":{"@id":"https:\/\/www.coolturalia.com\/fr\/event\/milonga-de-la-rentree\/#primaryimage"},"image":{"@id":"https:\/\/www.coolturalia.com\/fr\/event\/milonga-de-la-rentree\/#primaryimage"},"thumbnailUrl":"https:\/\/www.coolturalia.com\/wp-content\/uploads\/2026\/09\/Back-to-school-milonga.webp","datePublished":"2026-09-02T09:05:12+00:00","breadcrumb":{"@id":"https:\/\/www.coolturalia.com\/fr\/event\/milonga-de-la-rentree\/#breadcrumb"},"inLanguage":"fr-FR","potentialAction":[{"@type":"ReadAction","target":["https:\/\/www.coolturalia.com\/fr\/event\/milonga-de-la-rentree\/"]}]},{"@type":"ImageObject","inLanguage":"fr-FR","@id":"https:\/\/www.coolturalia.com\/fr\/event\/milonga-de-la-rentree\/#primaryimage","url":"https:\/\/www.coolturalia.com\/wp-content\/uploads\/2026\/09\/Back-to-school-milonga.webp","contentUrl":"https:\/\/www.coolturalia.com\/wp-content\/uploads\/2026\/09\/Back-to-school-milonga.webp","width":700,"height":308,"caption":"undefined"},{"@type":"BreadcrumbList","@id":"https:\/\/www.coolturalia.com\/fr\/event\/milonga-de-la-rentree\/#breadcrumb","itemListElement":[{"@type":"ListItem","position":1,"name":"Home","item":"https:\/\/www.coolturalia.com\/fr\/"},{"@type":"ListItem","position":2,"name":"Events","item":"https:\/\/www.coolturalia.com\/fr\/events\/"},{"@type":"ListItem","position":3,"name":"Milonga de la rentr\u00e9e"}]},{"@type":"WebSite","@id":"https:\/\/www.coolturalia.com\/fr\/#website","url":"https:\/\/www.coolturalia.com\/fr\/","name":"Coolturalia","description":"","publisher":{"@id":"https:\/\/www.coolturalia.com\/fr\/#organization"},"potentialAction":[{"@type":"SearchAction","target":{"@type":"EntryPoint","urlTemplate":"https:\/\/www.coolturalia.com\/fr\/?s={search_term_string}"},"query-input":{"@type":"PropertyValueSpecification","valueRequired":true,"valueName":"search_term_string"}}],"inLanguage":"fr-FR"},{"@type":"Organization","@id":"https:\/\/www.coolturalia.com\/fr\/#organization","name":"Coolturalia","url":"https:\/\/www.coolturalia.com\/fr\/","logo":{"@type":"ImageObject","inLanguage":"fr-FR","@id":"https:\/\/www.coolturalia.com\/fr\/#\/schema\/logo\/image\/","url":"https:\/\/www.coolturalia.com\/wp-content\/uploads\/2024\/04\/Logo-coolturalia.svg","contentUrl":"https:\/\/www.coolturalia.com\/wp-content\/uploads\/2024\/04\/Logo-coolturalia.svg","width":1312,"height":193,"caption":"Coolturalia"},"image":{"@id":"https:\/\/www.coolturalia.com\/fr\/#\/schema\/logo\/image\/"},"sameAs":["https:\/\/www.instagram.com\/coolturalia_geneva\/"]}]}},"translations":{"translations":{"en":"198697","fr":"198698"},"language":{"code":"fr"},"date":{"dateRange":"Dimanche 6 septembre, 15:00"}},"language":{"code":"fr"},"_links":{"self":[{"href":"https:\/\/www.coolturalia.com\/fr\/wp-json\/wp\/v2\/event\/198698","targetHints":{"allow":["GET"]}}],"collection":[{"href":"https:\/\/www.coolturalia.com\/fr\/wp-json\/wp\/v2\/event"}],"about":[{"href":"https:\/\/www.coolturalia.com\/fr\/wp-json\/wp\/v2\/types\/event"}],"version-history":[{"count":0,"href":"https:\/\/www.coolturalia.com\/fr\/wp-json\/wp\/v2\/event\/198698\/revisions"}],"wp:featuredmedia":[{"embeddable":true,"href":"https:\/\/www.coolturalia.com\/fr\/wp-json\/wp\/v2\/media\/198696"}],"wp:attachment":[{"href":"https:\/\/www.coolturalia.com\/fr\/wp-json\/wp\/v2\/media?parent=198698"}],"wp:term":[{"taxonomy":"post_tag","embeddable":true,"href":"https:\/\/www.coolturalia.com\/fr\/wp-json\/wp\/v2\/tags?post=198698"},{"taxonomy":"event-category","embeddable":true,"href":"https:\/\/www.coolturalia.com\/fr\/wp-json\/wp\/v2\/event-category?post=198698"},{"taxonomy":"event-venue","embeddable":true,"href":"https:\/\/www.coolturalia.com\/fr\/wp-json\/wp\/v2\/event-venue?post=198698"}],"curies":[{"name":"wp","href":"https:\/\/api.w.org\/{rel}","templated":true}]}}

Milonga de la rentrée

<p>Menée par les danseurs Marianne et Mauricio, cette milonga célèbre l&rsquo;art social du tango argentin. Les étreintes intimes et les jeux de jambes rythmés alternent avec des tours espiègles et des instants lyriques et prolongés. Un cadre sobre met en valeur les corps et le souffle, invitant danseurs et spectateurs dans une atmosphère chaleureuse et collective. Les silences et les musiques façonnent le tempo, tandis que les phrasés et gestes subtils révèlent des récits personnels.</p>

<p>Menée par les danseurs Marianne et Mauricio, cette milonga célèbre l&rsquo;art social du tango argentin. Les étreintes intimes et les jeux de jambes rythmés alternent avec des tours espiègles et des instants lyriques et prolongés. Un cadre sobre met en valeur les corps et le souffle, invitant danseurs et spectateurs dans une atmosphère chaleureuse et [&hellip;]</p>

<!-- This site is optimized with the Yoast SEO plugin v28.3 - https://yoast.com/product/yoast-seo-wordpress/ -->
<title>Milonga de la rentrée - Coolturalia</title>
<meta name="robots" content="index, follow, max-snippet:-1, max-image-preview:large, max-video-preview:-1" />
<link rel="canonical" href="https://www.coolturalia.com/fr/event/milonga-de-la-rentree/" />
<meta property="og:locale" content="fr_FR" />
<meta property="og:type" content="article" />
<meta property="og:title" content="Milonga de la rentrée - Coolturalia" />
<meta property="og:description" content="Menée par les danseurs Marianne et Mauricio, cette milonga célèbre l&rsquo;art social du tango argentin. Les étreintes intimes et les jeux de jambes rythmés alternent avec des tours espiègles et des instants lyriques et prolongés. Un cadre sobre met en valeur les corps et le souffle, invitant danseurs et spectateurs dans une atmosphère chaleureuse et [&hellip;]" />
<meta property="og:url" content="https://www.coolturalia.com/fr/event/milonga-de-la-rentree/" />
<meta property="og:site_name" content="Coolturalia" />
<meta property="og:image" content="https://www.coolturalia.com/wp-content/uploads/2024/04/favicon-coolturalia-2.png" />
	<meta property="og:image:width" content="150" />
	<meta property="og:image:height" content="150" />
	<meta property="og:image:type" content="image/png" />
<meta name="twitter:card" content="summary_large_image" />
<script type="application/ld+json" class="yoast-schema-graph">{"@context":"https:\/\/schema.org","@graph":[{"@type":"WebPage","@id":"https:\/\/www.coolturalia.com\/fr\/event\/milonga-de-la-rentree\/","url":"https:\/\/www.coolturalia.com\/fr\/event\/milonga-de-la-rentree\/","name":"Milonga de la rentrée - Coolturalia","isPartOf":{"@id":"https:\/\/www.coolturalia.com\/fr\/#website"},"primaryImageOfPage":{"@id":"https:\/\/www.coolturalia.com\/fr\/event\/milonga-de-la-rentree\/#primaryimage"},"image":{"@id":"https:\/\/www.coolturalia.com\/fr\/event\/milonga-de-la-rentree\/#primaryimage"},"thumbnailUrl":"https:\/\/www.coolturalia.com\/wp-content\/uploads\/2026\/09\/Back-to-school-milonga.webp","datePublished":"2026-09-02T09:05:12+00:00","breadcrumb":{"@id":"https:\/\/www.coolturalia.com\/fr\/event\/milonga-de-la-rentree\/#breadcrumb"},"inLanguage":"fr-FR","potentialAction":[{"@type":"ReadAction","target":["https:\/\/www.coolturalia.com\/fr\/event\/milonga-de-la-rentree\/"]}]},{"@type":"ImageObject","inLanguage":"fr-FR","@id":"https:\/\/www.coolturalia.com\/fr\/event\/milonga-de-la-rentree\/#primaryimage","url":"https:\/\/www.coolturalia.com\/wp-content\/uploads\/2026\/09\/Back-to-school-milonga.webp","contentUrl":"https:\/\/www.coolturalia.com\/wp-content\/uploads\/2026\/09\/Back-to-school-milonga.webp","width":700,"height":308,"caption":"undefined"},{"@type":"BreadcrumbList","@id":"https:\/\/www.coolturalia.com\/fr\/event\/milonga-de-la-rentree\/#breadcrumb","itemListElement":[{"@type":"ListItem","position":1,"name":"Home","item":"https:\/\/www.coolturalia.com\/fr\/"},{"@type":"ListItem","position":2,"name":"Events","item":"https:\/\/www.coolturalia.com\/fr\/events\/"},{"@type":"ListItem","position":3,"name":"Milonga de la rentrée"}]},{"@type":"WebSite","@id":"https:\/\/www.coolturalia.com\/fr\/#website","url":"https:\/\/www.coolturalia.com\/fr\/","name":"Coolturalia","description":"","publisher":{"@id":"https:\/\/www.coolturalia.com\/fr\/#organization"},"potentialAction":[{"@type":"SearchAction","target":{"@type":"EntryPoint","urlTemplate":"https:\/\/www.coolturalia.com\/fr\/?s={search_term_string}"},"query-input":{"@type":"PropertyValueSpecification","valueRequired":true,"valueName":"search_term_string"}}],"inLanguage":"fr-FR"},{"@type":"Organization","@id":"https:\/\/www.coolturalia.com\/fr\/#organization","name":"Coolturalia","url":"https:\/\/www.coolturalia.com\/fr\/","logo":{"@type":"ImageObject","inLanguage":"fr-FR","@id":"https:\/\/www.coolturalia.com\/fr\/#\/schema\/logo\/image\/","url":"https:\/\/www.coolturalia.com\/wp-content\/uploads\/2024\/04\/Logo-coolturalia.svg","contentUrl":"https:\/\/www.coolturalia.com\/wp-content\/uploads\/2024\/04\/Logo-coolturalia.svg","width":1312,"height":193,"caption":"Coolturalia"},"image":{"@id":"https:\/\/www.coolturalia.com\/fr\/#\/schema\/logo\/image\/"},"sameAs":["https:\/\/www.instagram.com\/coolturalia_geneva\/"]}]}</script>
<!-- / Yoast SEO plugin. -->

Milonga de la rentrée - Coolturalia

Menée par les danseurs Marianne et Mauricio, cette milonga célèbre l&rsquo;art social du tango argentin. Les étreintes intimes et les jeux de jambes rythmés alternent avec des tours espiègles et des instants lyriques et prolongés. Un cadre sobre met en valeur les corps et le souffle, invitant danseurs et spectateurs dans une atmosphère chaleureuse et [&hellip;]
