{"id":198634,"date":"2026-09-01T13:58:13","date_gmt":"2026-09-01T11:58:13","guid":{"rendered":"https:\/\/www.coolturalia.com\/event\/de-la-ville-a-larve-immersion-nature\/"},"modified":"2026-09-01T13:58:13","modified_gmt":"2026-09-01T11:58:13","slug":"de-la-ville-a-larve-immersion-nature","status":"publish","type":"event","link":"https:\/\/www.coolturalia.com\/fr\/event\/de-la-ville-a-larve-immersion-nature\/","title":{"rendered":"De la ville \u00e0 l\u2019Arve: immersion nature"},"content":{"rendered":"<p>Prenez une pause du rythme urbain pour une immersion guid\u00e9e le long de l\u2019Arve. La sortie d\u00e9bute par une m\u00e9ditation d\u2019ancrage suivie d\u2019une marche lente et attentive, ax\u00e9e sur l\u2019observation et l\u2019\u00e9coute. Tout au long du parcours, des exercices sensoriels \u00e9veilleront la vue, l\u2019ou\u00efe, le toucher, l\u2019odorat et le mouvement pour renouer avec le vivant. La promenade se termine par une c\u00e9r\u00e9monie du th\u00e9 partag\u00e9e. Niveau facile, accessible d\u00e8s 10 ans.<\/p>\n","protected":false},"excerpt":{"rendered":"<p>Prenez une pause du rythme urbain pour une immersion guid\u00e9e le long de l\u2019Arve. La sortie d\u00e9bute par une m\u00e9ditation d\u2019ancrage suivie d\u2019une marche lente et attentive, ax\u00e9e sur l\u2019observation et l\u2019\u00e9coute. Tout au long du parcours, des exercices sensoriels \u00e9veilleront la vue, l\u2019ou\u00efe, le toucher, l\u2019odorat et le mouvement pour renouer avec le vivant. [&hellip;]<\/p>\n","protected":false},"featured_media":198632,"parent":0,"menu_order":0,"template":"","format":"standard","meta":{"_acf_changed":false,"footnotes":""},"tags":[1014],"event-category":[452],"event-venue":[768],"class_list":["post-198634","event","type-event","status-publish","format-standard","has-post-thumbnail","hentry","tag-portrait-image-fr","event-category-plein-air","event-venue-carouge-fr"],"acf":{"price":"Gratuit, sur r\u00e9servation","date":"Vendredi 19 septembre, 09:30","start_date":"2026-09-19 09:30:00","end_date":"2026-09-19 11:00:00","website_link":"https:\/\/www.carouge.ch\/agenda\/de-la-ville-larve-immersion-nature","link_buy_tickets":"","highlighted":false,"photo_credit":"","timings":[{"timing_start_date":"2026-09-19 09:30:00","timing_end_date":"2026-09-19 11:00:00"}],"external_id":""},"yoast_head":"<!-- This site is optimized with the Yoast SEO plugin v28.3 - https:\/\/yoast.com\/product\/yoast-seo-wordpress\/ -->\n<title>De la ville \u00e0 l\u2019Arve: immersion nature - Coolturalia<\/title>\n<meta name=\"robots\" content=\"index, follow, max-snippet:-1, max-image-preview:large, max-video-preview:-1\" \/>\n<link rel=\"canonical\" href=\"https:\/\/www.coolturalia.com\/fr\/event\/de-la-ville-a-larve-immersion-nature\/\" \/>\n<meta property=\"og:locale\" content=\"fr_FR\" \/>\n<meta property=\"og:type\" content=\"article\" \/>\n<meta property=\"og:title\" content=\"De la ville \u00e0 l\u2019Arve: immersion nature - Coolturalia\" \/>\n<meta property=\"og:description\" content=\"Prenez une pause du rythme urbain pour une immersion guid\u00e9e le long de l\u2019Arve. La sortie d\u00e9bute par une m\u00e9ditation d\u2019ancrage suivie d\u2019une marche lente et attentive, ax\u00e9e sur l\u2019observation et l\u2019\u00e9coute. Tout au long du parcours, des exercices sensoriels \u00e9veilleront la vue, l\u2019ou\u00efe, le toucher, l\u2019odorat et le mouvement pour renouer avec le vivant. [&hellip;]\" \/>\n<meta property=\"og:url\" content=\"https:\/\/www.coolturalia.com\/fr\/event\/de-la-ville-a-larve-immersion-nature\/\" \/>\n<meta property=\"og:site_name\" content=\"Coolturalia\" \/>\n<meta property=\"og:image\" content=\"https:\/\/www.coolturalia.com\/wp-content\/uploads\/2024\/04\/favicon-coolturalia-2.png\" \/>\n\t<meta property=\"og:image:width\" content=\"150\" \/>\n\t<meta property=\"og:image:height\" content=\"150\" \/>\n\t<meta property=\"og:image:type\" content=\"image\/png\" \/>\n<meta name=\"twitter:card\" content=\"summary_large_image\" \/>\n<script type=\"application\/ld+json\" class=\"yoast-schema-graph\">{\"@context\":\"https:\\\/\\\/schema.org\",\"@graph\":[{\"@type\":\"WebPage\",\"@id\":\"https:\\\/\\\/www.coolturalia.com\\\/fr\\\/event\\\/de-la-ville-a-larve-immersion-nature\\\/\",\"url\":\"https:\\\/\\\/www.coolturalia.com\\\/fr\\\/event\\\/de-la-ville-a-larve-immersion-nature\\\/\",\"name\":\"De la ville \u00e0 l\u2019Arve: immersion nature - Coolturalia\",\"isPartOf\":{\"@id\":\"https:\\\/\\\/www.coolturalia.com\\\/fr\\\/#website\"},\"primaryImageOfPage\":{\"@id\":\"https:\\\/\\\/www.coolturalia.com\\\/fr\\\/event\\\/de-la-ville-a-larve-immersion-nature\\\/#primaryimage\"},\"image\":{\"@id\":\"https:\\\/\\\/www.coolturalia.com\\\/fr\\\/event\\\/de-la-ville-a-larve-immersion-nature\\\/#primaryimage\"},\"thumbnailUrl\":\"https:\\\/\\\/www.coolturalia.com\\\/wp-content\\\/uploads\\\/2026\\\/09\\\/From-the-City-to-the-Arve-Nature-Immersion.webp\",\"datePublished\":\"2026-09-01T11:58:13+00:00\",\"breadcrumb\":{\"@id\":\"https:\\\/\\\/www.coolturalia.com\\\/fr\\\/event\\\/de-la-ville-a-larve-immersion-nature\\\/#breadcrumb\"},\"inLanguage\":\"fr-FR\",\"potentialAction\":[{\"@type\":\"ReadAction\",\"target\":[\"https:\\\/\\\/www.coolturalia.com\\\/fr\\\/event\\\/de-la-ville-a-larve-immersion-nature\\\/\"]}]},{\"@type\":\"ImageObject\",\"inLanguage\":\"fr-FR\",\"@id\":\"https:\\\/\\\/www.coolturalia.com\\\/fr\\\/event\\\/de-la-ville-a-larve-immersion-nature\\\/#primaryimage\",\"url\":\"https:\\\/\\\/www.coolturalia.com\\\/wp-content\\\/uploads\\\/2026\\\/09\\\/From-the-City-to-the-Arve-Nature-Immersion.webp\",\"contentUrl\":\"https:\\\/\\\/www.coolturalia.com\\\/wp-content\\\/uploads\\\/2026\\\/09\\\/From-the-City-to-the-Arve-Nature-Immersion.webp\",\"width\":512,\"height\":722,\"caption\":\"undefined\"},{\"@type\":\"BreadcrumbList\",\"@id\":\"https:\\\/\\\/www.coolturalia.com\\\/fr\\\/event\\\/de-la-ville-a-larve-immersion-nature\\\/#breadcrumb\",\"itemListElement\":[{\"@type\":\"ListItem\",\"position\":1,\"name\":\"Home\",\"item\":\"https:\\\/\\\/www.coolturalia.com\\\/fr\\\/\"},{\"@type\":\"ListItem\",\"position\":2,\"name\":\"Events\",\"item\":\"https:\\\/\\\/www.coolturalia.com\\\/fr\\\/events\\\/\"},{\"@type\":\"ListItem\",\"position\":3,\"name\":\"De la ville \u00e0 l\u2019Arve: immersion nature\"}]},{\"@type\":\"WebSite\",\"@id\":\"https:\\\/\\\/www.coolturalia.com\\\/fr\\\/#website\",\"url\":\"https:\\\/\\\/www.coolturalia.com\\\/fr\\\/\",\"name\":\"Coolturalia\",\"description\":\"\",\"publisher\":{\"@id\":\"https:\\\/\\\/www.coolturalia.com\\\/fr\\\/#organization\"},\"potentialAction\":[{\"@type\":\"SearchAction\",\"target\":{\"@type\":\"EntryPoint\",\"urlTemplate\":\"https:\\\/\\\/www.coolturalia.com\\\/fr\\\/?s={search_term_string}\"},\"query-input\":{\"@type\":\"PropertyValueSpecification\",\"valueRequired\":true,\"valueName\":\"search_term_string\"}}],\"inLanguage\":\"fr-FR\"},{\"@type\":\"Organization\",\"@id\":\"https:\\\/\\\/www.coolturalia.com\\\/fr\\\/#organization\",\"name\":\"Coolturalia\",\"url\":\"https:\\\/\\\/www.coolturalia.com\\\/fr\\\/\",\"logo\":{\"@type\":\"ImageObject\",\"inLanguage\":\"fr-FR\",\"@id\":\"https:\\\/\\\/www.coolturalia.com\\\/fr\\\/#\\\/schema\\\/logo\\\/image\\\/\",\"url\":\"https:\\\/\\\/www.coolturalia.com\\\/wp-content\\\/uploads\\\/2024\\\/04\\\/Logo-coolturalia.svg\",\"contentUrl\":\"https:\\\/\\\/www.coolturalia.com\\\/wp-content\\\/uploads\\\/2024\\\/04\\\/Logo-coolturalia.svg\",\"width\":1312,\"height\":193,\"caption\":\"Coolturalia\"},\"image\":{\"@id\":\"https:\\\/\\\/www.coolturalia.com\\\/fr\\\/#\\\/schema\\\/logo\\\/image\\\/\"},\"sameAs\":[\"https:\\\/\\\/www.instagram.com\\\/coolturalia_geneva\\\/\"]}]}<\/script>\n<!-- \/ Yoast SEO plugin. -->","yoast_head_json":{"title":"De la ville \u00e0 l\u2019Arve: immersion nature - Coolturalia","robots":{"index":"index","follow":"follow","max-snippet":"max-snippet:-1","max-image-preview":"max-image-preview:large","max-video-preview":"max-video-preview:-1"},"canonical":"https:\/\/www.coolturalia.com\/fr\/event\/de-la-ville-a-larve-immersion-nature\/","og_locale":"fr_FR","og_type":"article","og_title":"De la ville \u00e0 l\u2019Arve: immersion nature - Coolturalia","og_description":"Prenez une pause du rythme urbain pour une immersion guid\u00e9e le long de l\u2019Arve. La sortie d\u00e9bute par une m\u00e9ditation d\u2019ancrage suivie d\u2019une marche lente et attentive, ax\u00e9e sur l\u2019observation et l\u2019\u00e9coute. Tout au long du parcours, des exercices sensoriels \u00e9veilleront la vue, l\u2019ou\u00efe, le toucher, l\u2019odorat et le mouvement pour renouer avec le vivant. [&hellip;]","og_url":"https:\/\/www.coolturalia.com\/fr\/event\/de-la-ville-a-larve-immersion-nature\/","og_site_name":"Coolturalia","og_image":[{"width":150,"height":150,"url":"https:\/\/www.coolturalia.com\/wp-content\/uploads\/2024\/04\/favicon-coolturalia-2.png","type":"image\/png"}],"twitter_card":"summary_large_image","schema":{"@context":"https:\/\/schema.org","@graph":[{"@type":"WebPage","@id":"https:\/\/www.coolturalia.com\/fr\/event\/de-la-ville-a-larve-immersion-nature\/","url":"https:\/\/www.coolturalia.com\/fr\/event\/de-la-ville-a-larve-immersion-nature\/","name":"De la ville \u00e0 l\u2019Arve: immersion nature - Coolturalia","isPartOf":{"@id":"https:\/\/www.coolturalia.com\/fr\/#website"},"primaryImageOfPage":{"@id":"https:\/\/www.coolturalia.com\/fr\/event\/de-la-ville-a-larve-immersion-nature\/#primaryimage"},"image":{"@id":"https:\/\/www.coolturalia.com\/fr\/event\/de-la-ville-a-larve-immersion-nature\/#primaryimage"},"thumbnailUrl":"https:\/\/www.coolturalia.com\/wp-content\/uploads\/2026\/09\/From-the-City-to-the-Arve-Nature-Immersion.webp","datePublished":"2026-09-01T11:58:13+00:00","breadcrumb":{"@id":"https:\/\/www.coolturalia.com\/fr\/event\/de-la-ville-a-larve-immersion-nature\/#breadcrumb"},"inLanguage":"fr-FR","potentialAction":[{"@type":"ReadAction","target":["https:\/\/www.coolturalia.com\/fr\/event\/de-la-ville-a-larve-immersion-nature\/"]}]},{"@type":"ImageObject","inLanguage":"fr-FR","@id":"https:\/\/www.coolturalia.com\/fr\/event\/de-la-ville-a-larve-immersion-nature\/#primaryimage","url":"https:\/\/www.coolturalia.com\/wp-content\/uploads\/2026\/09\/From-the-City-to-the-Arve-Nature-Immersion.webp","contentUrl":"https:\/\/www.coolturalia.com\/wp-content\/uploads\/2026\/09\/From-the-City-to-the-Arve-Nature-Immersion.webp","width":512,"height":722,"caption":"undefined"},{"@type":"BreadcrumbList","@id":"https:\/\/www.coolturalia.com\/fr\/event\/de-la-ville-a-larve-immersion-nature\/#breadcrumb","itemListElement":[{"@type":"ListItem","position":1,"name":"Home","item":"https:\/\/www.coolturalia.com\/fr\/"},{"@type":"ListItem","position":2,"name":"Events","item":"https:\/\/www.coolturalia.com\/fr\/events\/"},{"@type":"ListItem","position":3,"name":"De la ville \u00e0 l\u2019Arve: immersion nature"}]},{"@type":"WebSite","@id":"https:\/\/www.coolturalia.com\/fr\/#website","url":"https:\/\/www.coolturalia.com\/fr\/","name":"Coolturalia","description":"","publisher":{"@id":"https:\/\/www.coolturalia.com\/fr\/#organization"},"potentialAction":[{"@type":"SearchAction","target":{"@type":"EntryPoint","urlTemplate":"https:\/\/www.coolturalia.com\/fr\/?s={search_term_string}"},"query-input":{"@type":"PropertyValueSpecification","valueRequired":true,"valueName":"search_term_string"}}],"inLanguage":"fr-FR"},{"@type":"Organization","@id":"https:\/\/www.coolturalia.com\/fr\/#organization","name":"Coolturalia","url":"https:\/\/www.coolturalia.com\/fr\/","logo":{"@type":"ImageObject","inLanguage":"fr-FR","@id":"https:\/\/www.coolturalia.com\/fr\/#\/schema\/logo\/image\/","url":"https:\/\/www.coolturalia.com\/wp-content\/uploads\/2024\/04\/Logo-coolturalia.svg","contentUrl":"https:\/\/www.coolturalia.com\/wp-content\/uploads\/2024\/04\/Logo-coolturalia.svg","width":1312,"height":193,"caption":"Coolturalia"},"image":{"@id":"https:\/\/www.coolturalia.com\/fr\/#\/schema\/logo\/image\/"},"sameAs":["https:\/\/www.instagram.com\/coolturalia_geneva\/"]}]}},"translations":{"translations":{"en":"198633","fr":"198634"},"language":{"code":"fr"},"date":{"dateRange":"Vendredi 19 septembre, 09:30"}},"language":{"code":"fr"},"_links":{"self":[{"href":"https:\/\/www.coolturalia.com\/fr\/wp-json\/wp\/v2\/event\/198634","targetHints":{"allow":["GET"]}}],"collection":[{"href":"https:\/\/www.coolturalia.com\/fr\/wp-json\/wp\/v2\/event"}],"about":[{"href":"https:\/\/www.coolturalia.com\/fr\/wp-json\/wp\/v2\/types\/event"}],"version-history":[{"count":0,"href":"https:\/\/www.coolturalia.com\/fr\/wp-json\/wp\/v2\/event\/198634\/revisions"}],"wp:featuredmedia":[{"embeddable":true,"href":"https:\/\/www.coolturalia.com\/fr\/wp-json\/wp\/v2\/media\/198632"}],"wp:attachment":[{"href":"https:\/\/www.coolturalia.com\/fr\/wp-json\/wp\/v2\/media?parent=198634"}],"wp:term":[{"taxonomy":"post_tag","embeddable":true,"href":"https:\/\/www.coolturalia.com\/fr\/wp-json\/wp\/v2\/tags?post=198634"},{"taxonomy":"event-category","embeddable":true,"href":"https:\/\/www.coolturalia.com\/fr\/wp-json\/wp\/v2\/event-category?post=198634"},{"taxonomy":"event-venue","embeddable":true,"href":"https:\/\/www.coolturalia.com\/fr\/wp-json\/wp\/v2\/event-venue?post=198634"}],"curies":[{"name":"wp","href":"https:\/\/api.w.org\/{rel}","templated":true}]}}

De la ville à l’Arve: immersion nature

<p>Prenez une pause du rythme urbain pour une immersion guidée le long de l’Arve. La sortie débute par une méditation d’ancrage suivie d’une marche lente et attentive, axée sur l’observation et l’écoute. Tout au long du parcours, des exercices sensoriels éveilleront la vue, l’ouïe, le toucher, l’odorat et le mouvement pour renouer avec le vivant. La promenade se termine par une cérémonie du thé partagée. Niveau facile, accessible dès 10 ans.</p>

<p>Prenez une pause du rythme urbain pour une immersion guidée le long de l’Arve. La sortie débute par une méditation d’ancrage suivie d’une marche lente et attentive, axée sur l’observation et l’écoute. Tout au long du parcours, des exercices sensoriels éveilleront la vue, l’ouïe, le toucher, l’odorat et le mouvement pour renouer avec le vivant. [&hellip;]</p>

Gratuit, sur réservation

<!-- This site is optimized with the Yoast SEO plugin v28.3 - https://yoast.com/product/yoast-seo-wordpress/ -->
<title>De la ville à l’Arve: immersion nature - Coolturalia</title>
<meta name="robots" content="index, follow, max-snippet:-1, max-image-preview:large, max-video-preview:-1" />
<link rel="canonical" href="https://www.coolturalia.com/fr/event/de-la-ville-a-larve-immersion-nature/" />
<meta property="og:locale" content="fr_FR" />
<meta property="og:type" content="article" />
<meta property="og:title" content="De la ville à l’Arve: immersion nature - Coolturalia" />
<meta property="og:description" content="Prenez une pause du rythme urbain pour une immersion guidée le long de l’Arve. La sortie débute par une méditation d’ancrage suivie d’une marche lente et attentive, axée sur l’observation et l’écoute. Tout au long du parcours, des exercices sensoriels éveilleront la vue, l’ouïe, le toucher, l’odorat et le mouvement pour renouer avec le vivant. [&hellip;]" />
<meta property="og:url" content="https://www.coolturalia.com/fr/event/de-la-ville-a-larve-immersion-nature/" />
<meta property="og:site_name" content="Coolturalia" />
<meta property="og:image" content="https://www.coolturalia.com/wp-content/uploads/2024/04/favicon-coolturalia-2.png" />
	<meta property="og:image:width" content="150" />
	<meta property="og:image:height" content="150" />
	<meta property="og:image:type" content="image/png" />
<meta name="twitter:card" content="summary_large_image" />
<script type="application/ld+json" class="yoast-schema-graph">{"@context":"https:\/\/schema.org","@graph":[{"@type":"WebPage","@id":"https:\/\/www.coolturalia.com\/fr\/event\/de-la-ville-a-larve-immersion-nature\/","url":"https:\/\/www.coolturalia.com\/fr\/event\/de-la-ville-a-larve-immersion-nature\/","name":"De la ville à l’Arve: immersion nature - Coolturalia","isPartOf":{"@id":"https:\/\/www.coolturalia.com\/fr\/#website"},"primaryImageOfPage":{"@id":"https:\/\/www.coolturalia.com\/fr\/event\/de-la-ville-a-larve-immersion-nature\/#primaryimage"},"image":{"@id":"https:\/\/www.coolturalia.com\/fr\/event\/de-la-ville-a-larve-immersion-nature\/#primaryimage"},"thumbnailUrl":"https:\/\/www.coolturalia.com\/wp-content\/uploads\/2026\/09\/From-the-City-to-the-Arve-Nature-Immersion.webp","datePublished":"2026-09-01T11:58:13+00:00","breadcrumb":{"@id":"https:\/\/www.coolturalia.com\/fr\/event\/de-la-ville-a-larve-immersion-nature\/#breadcrumb"},"inLanguage":"fr-FR","potentialAction":[{"@type":"ReadAction","target":["https:\/\/www.coolturalia.com\/fr\/event\/de-la-ville-a-larve-immersion-nature\/"]}]},{"@type":"ImageObject","inLanguage":"fr-FR","@id":"https:\/\/www.coolturalia.com\/fr\/event\/de-la-ville-a-larve-immersion-nature\/#primaryimage","url":"https:\/\/www.coolturalia.com\/wp-content\/uploads\/2026\/09\/From-the-City-to-the-Arve-Nature-Immersion.webp","contentUrl":"https:\/\/www.coolturalia.com\/wp-content\/uploads\/2026\/09\/From-the-City-to-the-Arve-Nature-Immersion.webp","width":512,"height":722,"caption":"undefined"},{"@type":"BreadcrumbList","@id":"https:\/\/www.coolturalia.com\/fr\/event\/de-la-ville-a-larve-immersion-nature\/#breadcrumb","itemListElement":[{"@type":"ListItem","position":1,"name":"Home","item":"https:\/\/www.coolturalia.com\/fr\/"},{"@type":"ListItem","position":2,"name":"Events","item":"https:\/\/www.coolturalia.com\/fr\/events\/"},{"@type":"ListItem","position":3,"name":"De la ville à l’Arve: immersion nature"}]},{"@type":"WebSite","@id":"https:\/\/www.coolturalia.com\/fr\/#website","url":"https:\/\/www.coolturalia.com\/fr\/","name":"Coolturalia","description":"","publisher":{"@id":"https:\/\/www.coolturalia.com\/fr\/#organization"},"potentialAction":[{"@type":"SearchAction","target":{"@type":"EntryPoint","urlTemplate":"https:\/\/www.coolturalia.com\/fr\/?s={search_term_string}"},"query-input":{"@type":"PropertyValueSpecification","valueRequired":true,"valueName":"search_term_string"}}],"inLanguage":"fr-FR"},{"@type":"Organization","@id":"https:\/\/www.coolturalia.com\/fr\/#organization","name":"Coolturalia","url":"https:\/\/www.coolturalia.com\/fr\/","logo":{"@type":"ImageObject","inLanguage":"fr-FR","@id":"https:\/\/www.coolturalia.com\/fr\/#\/schema\/logo\/image\/","url":"https:\/\/www.coolturalia.com\/wp-content\/uploads\/2024\/04\/Logo-coolturalia.svg","contentUrl":"https:\/\/www.coolturalia.com\/wp-content\/uploads\/2024\/04\/Logo-coolturalia.svg","width":1312,"height":193,"caption":"Coolturalia"},"image":{"@id":"https:\/\/www.coolturalia.com\/fr\/#\/schema\/logo\/image\/"},"sameAs":["https:\/\/www.instagram.com\/coolturalia_geneva\/"]}]}</script>
<!-- / Yoast SEO plugin. -->

De la ville à l’Arve: immersion nature - Coolturalia

Prenez une pause du rythme urbain pour une immersion guidée le long de l’Arve. La sortie débute par une méditation d’ancrage suivie d’une marche lente et attentive, axée sur l’observation et l’écoute. Tout au long du parcours, des exercices sensoriels éveilleront la vue, l’ouïe, le toucher, l’odorat et le mouvement pour renouer avec le vivant. [&hellip;]
