{"id":198453,"date":"2026-08-28T08:25:13","date_gmt":"2026-08-28T06:25:13","guid":{"rendered":"https:\/\/www.coolturalia.com\/event\/mae-vernissage-de-lep-belle-en-blues\/"},"modified":"2026-08-28T08:25:13","modified_gmt":"2026-08-28T06:25:13","slug":"mae-vernissage-de-lep-belle-en-blues","status":"publish","type":"event","link":"https:\/\/www.coolturalia.com\/fr\/event\/mae-vernissage-de-lep-belle-en-blues\/","title":{"rendered":"Mae \u2014 Vernissage de l&rsquo;EP \u00ab+ belle en blues\u00bb"},"content":{"rendered":"<p>Mae pr\u00e9sente les chansons de son nouvel EP six titres \u00ab+ belle en blues\u00bb, un projet pop qui se lit comme un journal intime. Sa voix traverse doutes et affirmations, vuln\u00e9rabilit\u00e9 et qu\u00eate d&rsquo;identit\u00e9, traduisant les questionnements d&rsquo;une g\u00e9n\u00e9ration. La mise en sc\u00e8ne sonore mise sur des arrangements intimistes et directs, piano et textures discr\u00e8tes, port\u00e9e par une direction artistique claire qui privil\u00e9gie la sinc\u00e9rit\u00e9 et l&rsquo;intensit\u00e9 \u00e9motionnelle, offrant des instants confidents et proches.<\/p>\n","protected":false},"excerpt":{"rendered":"<p>Mae pr\u00e9sente les chansons de son nouvel EP six titres \u00ab+ belle en blues\u00bb, un projet pop qui se lit comme un journal intime. Sa voix traverse doutes et affirmations, vuln\u00e9rabilit\u00e9 et qu\u00eate d&rsquo;identit\u00e9, traduisant les questionnements d&rsquo;une g\u00e9n\u00e9ration. La mise en sc\u00e8ne sonore mise sur des arrangements intimistes et directs, piano et textures discr\u00e8tes, [&hellip;]<\/p>\n","protected":false},"featured_media":198451,"parent":0,"menu_order":0,"template":"","format":"standard","meta":{"_acf_changed":false,"footnotes":""},"tags":[1014],"event-category":[444],"event-venue":[948],"class_list":["post-198453","event","type-event","status-publish","format-standard","has-post-thumbnail","hentry","tag-portrait-image-fr","event-category-spectacles","event-venue-la-graviere-fr"],"acf":{"price":"Sur r\u00e9servation","date":"Jeudi 3 septembre, 21:00","start_date":"2026-09-03 21:00:00","end_date":"2026-09-03 23:00:00","website_link":"https:\/\/www.petzi.ch\/fr\/events\/64353-la-graviere-vernissage-live-mae-ch\/","link_buy_tickets":"","highlighted":false,"photo_credit":"Magali Girardin","timings":[{"timing_start_date":"2026-09-03 21:00:00","timing_end_date":"2026-09-03 23:00:00"}],"external_id":"39003816"},"yoast_head":"<!-- This site is optimized with the Yoast SEO plugin v28.3 - https:\/\/yoast.com\/product\/yoast-seo-wordpress\/ -->\n<title>Mae \u2014 Vernissage de l&#039;EP \u00ab+ belle en blues\u00bb - Coolturalia<\/title>\n<meta name=\"robots\" content=\"index, follow, max-snippet:-1, max-image-preview:large, max-video-preview:-1\" \/>\n<link rel=\"canonical\" href=\"https:\/\/www.coolturalia.com\/fr\/event\/mae-vernissage-de-lep-belle-en-blues\/\" \/>\n<meta property=\"og:locale\" content=\"fr_FR\" \/>\n<meta property=\"og:type\" content=\"article\" \/>\n<meta property=\"og:title\" content=\"Mae \u2014 Vernissage de l&#039;EP \u00ab+ belle en blues\u00bb - Coolturalia\" \/>\n<meta property=\"og:description\" content=\"Mae pr\u00e9sente les chansons de son nouvel EP six titres \u00ab+ belle en blues\u00bb, un projet pop qui se lit comme un journal intime. Sa voix traverse doutes et affirmations, vuln\u00e9rabilit\u00e9 et qu\u00eate d&rsquo;identit\u00e9, traduisant les questionnements d&rsquo;une g\u00e9n\u00e9ration. La mise en sc\u00e8ne sonore mise sur des arrangements intimistes et directs, piano et textures discr\u00e8tes, [&hellip;]\" \/>\n<meta property=\"og:url\" content=\"https:\/\/www.coolturalia.com\/fr\/event\/mae-vernissage-de-lep-belle-en-blues\/\" \/>\n<meta property=\"og:site_name\" content=\"Coolturalia\" \/>\n<meta property=\"og:image\" content=\"https:\/\/www.coolturalia.com\/wp-content\/uploads\/2024\/04\/favicon-coolturalia-2.png\" \/>\n\t<meta property=\"og:image:width\" content=\"150\" \/>\n\t<meta property=\"og:image:height\" content=\"150\" \/>\n\t<meta property=\"og:image:type\" content=\"image\/png\" \/>\n<meta name=\"twitter:card\" content=\"summary_large_image\" \/>\n<script type=\"application\/ld+json\" class=\"yoast-schema-graph\">{\"@context\":\"https:\\\/\\\/schema.org\",\"@graph\":[{\"@type\":\"WebPage\",\"@id\":\"https:\\\/\\\/www.coolturalia.com\\\/fr\\\/event\\\/mae-vernissage-de-lep-belle-en-blues\\\/\",\"url\":\"https:\\\/\\\/www.coolturalia.com\\\/fr\\\/event\\\/mae-vernissage-de-lep-belle-en-blues\\\/\",\"name\":\"Mae \u2014 Vernissage de l'EP \u00ab+ belle en blues\u00bb - Coolturalia\",\"isPartOf\":{\"@id\":\"https:\\\/\\\/www.coolturalia.com\\\/fr\\\/#website\"},\"primaryImageOfPage\":{\"@id\":\"https:\\\/\\\/www.coolturalia.com\\\/fr\\\/event\\\/mae-vernissage-de-lep-belle-en-blues\\\/#primaryimage\"},\"image\":{\"@id\":\"https:\\\/\\\/www.coolturalia.com\\\/fr\\\/event\\\/mae-vernissage-de-lep-belle-en-blues\\\/#primaryimage\"},\"thumbnailUrl\":\"https:\\\/\\\/www.coolturalia.com\\\/wp-content\\\/uploads\\\/2026\\\/08\\\/Mae-EP-Launch-belle-en-blues.webp\",\"datePublished\":\"2026-08-28T06:25:13+00:00\",\"breadcrumb\":{\"@id\":\"https:\\\/\\\/www.coolturalia.com\\\/fr\\\/event\\\/mae-vernissage-de-lep-belle-en-blues\\\/#breadcrumb\"},\"inLanguage\":\"fr-FR\",\"potentialAction\":[{\"@type\":\"ReadAction\",\"target\":[\"https:\\\/\\\/www.coolturalia.com\\\/fr\\\/event\\\/mae-vernissage-de-lep-belle-en-blues\\\/\"]}]},{\"@type\":\"ImageObject\",\"inLanguage\":\"fr-FR\",\"@id\":\"https:\\\/\\\/www.coolturalia.com\\\/fr\\\/event\\\/mae-vernissage-de-lep-belle-en-blues\\\/#primaryimage\",\"url\":\"https:\\\/\\\/www.coolturalia.com\\\/wp-content\\\/uploads\\\/2026\\\/08\\\/Mae-EP-Launch-belle-en-blues.webp\",\"contentUrl\":\"https:\\\/\\\/www.coolturalia.com\\\/wp-content\\\/uploads\\\/2026\\\/08\\\/Mae-EP-Launch-belle-en-blues.webp\",\"width\":700,\"height\":990,\"caption\":\"undefined\"},{\"@type\":\"BreadcrumbList\",\"@id\":\"https:\\\/\\\/www.coolturalia.com\\\/fr\\\/event\\\/mae-vernissage-de-lep-belle-en-blues\\\/#breadcrumb\",\"itemListElement\":[{\"@type\":\"ListItem\",\"position\":1,\"name\":\"Home\",\"item\":\"https:\\\/\\\/www.coolturalia.com\\\/fr\\\/\"},{\"@type\":\"ListItem\",\"position\":2,\"name\":\"Events\",\"item\":\"https:\\\/\\\/www.coolturalia.com\\\/fr\\\/events\\\/\"},{\"@type\":\"ListItem\",\"position\":3,\"name\":\"Mae \u2014 Vernissage de l&rsquo;EP \u00ab+ belle en blues\u00bb\"}]},{\"@type\":\"WebSite\",\"@id\":\"https:\\\/\\\/www.coolturalia.com\\\/fr\\\/#website\",\"url\":\"https:\\\/\\\/www.coolturalia.com\\\/fr\\\/\",\"name\":\"Coolturalia\",\"description\":\"\",\"publisher\":{\"@id\":\"https:\\\/\\\/www.coolturalia.com\\\/fr\\\/#organization\"},\"potentialAction\":[{\"@type\":\"SearchAction\",\"target\":{\"@type\":\"EntryPoint\",\"urlTemplate\":\"https:\\\/\\\/www.coolturalia.com\\\/fr\\\/?s={search_term_string}\"},\"query-input\":{\"@type\":\"PropertyValueSpecification\",\"valueRequired\":true,\"valueName\":\"search_term_string\"}}],\"inLanguage\":\"fr-FR\"},{\"@type\":\"Organization\",\"@id\":\"https:\\\/\\\/www.coolturalia.com\\\/fr\\\/#organization\",\"name\":\"Coolturalia\",\"url\":\"https:\\\/\\\/www.coolturalia.com\\\/fr\\\/\",\"logo\":{\"@type\":\"ImageObject\",\"inLanguage\":\"fr-FR\",\"@id\":\"https:\\\/\\\/www.coolturalia.com\\\/fr\\\/#\\\/schema\\\/logo\\\/image\\\/\",\"url\":\"https:\\\/\\\/www.coolturalia.com\\\/wp-content\\\/uploads\\\/2024\\\/04\\\/Logo-coolturalia.svg\",\"contentUrl\":\"https:\\\/\\\/www.coolturalia.com\\\/wp-content\\\/uploads\\\/2024\\\/04\\\/Logo-coolturalia.svg\",\"width\":1312,\"height\":193,\"caption\":\"Coolturalia\"},\"image\":{\"@id\":\"https:\\\/\\\/www.coolturalia.com\\\/fr\\\/#\\\/schema\\\/logo\\\/image\\\/\"},\"sameAs\":[\"https:\\\/\\\/www.instagram.com\\\/coolturalia_geneva\\\/\"]}]}<\/script>\n<!-- \/ Yoast SEO plugin. -->","yoast_head_json":{"title":"Mae \u2014 Vernissage de l'EP \u00ab+ belle en blues\u00bb - Coolturalia","robots":{"index":"index","follow":"follow","max-snippet":"max-snippet:-1","max-image-preview":"max-image-preview:large","max-video-preview":"max-video-preview:-1"},"canonical":"https:\/\/www.coolturalia.com\/fr\/event\/mae-vernissage-de-lep-belle-en-blues\/","og_locale":"fr_FR","og_type":"article","og_title":"Mae \u2014 Vernissage de l'EP \u00ab+ belle en blues\u00bb - Coolturalia","og_description":"Mae pr\u00e9sente les chansons de son nouvel EP six titres \u00ab+ belle en blues\u00bb, un projet pop qui se lit comme un journal intime. Sa voix traverse doutes et affirmations, vuln\u00e9rabilit\u00e9 et qu\u00eate d&rsquo;identit\u00e9, traduisant les questionnements d&rsquo;une g\u00e9n\u00e9ration. La mise en sc\u00e8ne sonore mise sur des arrangements intimistes et directs, piano et textures discr\u00e8tes, [&hellip;]","og_url":"https:\/\/www.coolturalia.com\/fr\/event\/mae-vernissage-de-lep-belle-en-blues\/","og_site_name":"Coolturalia","og_image":[{"width":150,"height":150,"url":"https:\/\/www.coolturalia.com\/wp-content\/uploads\/2024\/04\/favicon-coolturalia-2.png","type":"image\/png"}],"twitter_card":"summary_large_image","schema":{"@context":"https:\/\/schema.org","@graph":[{"@type":"WebPage","@id":"https:\/\/www.coolturalia.com\/fr\/event\/mae-vernissage-de-lep-belle-en-blues\/","url":"https:\/\/www.coolturalia.com\/fr\/event\/mae-vernissage-de-lep-belle-en-blues\/","name":"Mae \u2014 Vernissage de l'EP \u00ab+ belle en blues\u00bb - Coolturalia","isPartOf":{"@id":"https:\/\/www.coolturalia.com\/fr\/#website"},"primaryImageOfPage":{"@id":"https:\/\/www.coolturalia.com\/fr\/event\/mae-vernissage-de-lep-belle-en-blues\/#primaryimage"},"image":{"@id":"https:\/\/www.coolturalia.com\/fr\/event\/mae-vernissage-de-lep-belle-en-blues\/#primaryimage"},"thumbnailUrl":"https:\/\/www.coolturalia.com\/wp-content\/uploads\/2026\/08\/Mae-EP-Launch-belle-en-blues.webp","datePublished":"2026-08-28T06:25:13+00:00","breadcrumb":{"@id":"https:\/\/www.coolturalia.com\/fr\/event\/mae-vernissage-de-lep-belle-en-blues\/#breadcrumb"},"inLanguage":"fr-FR","potentialAction":[{"@type":"ReadAction","target":["https:\/\/www.coolturalia.com\/fr\/event\/mae-vernissage-de-lep-belle-en-blues\/"]}]},{"@type":"ImageObject","inLanguage":"fr-FR","@id":"https:\/\/www.coolturalia.com\/fr\/event\/mae-vernissage-de-lep-belle-en-blues\/#primaryimage","url":"https:\/\/www.coolturalia.com\/wp-content\/uploads\/2026\/08\/Mae-EP-Launch-belle-en-blues.webp","contentUrl":"https:\/\/www.coolturalia.com\/wp-content\/uploads\/2026\/08\/Mae-EP-Launch-belle-en-blues.webp","width":700,"height":990,"caption":"undefined"},{"@type":"BreadcrumbList","@id":"https:\/\/www.coolturalia.com\/fr\/event\/mae-vernissage-de-lep-belle-en-blues\/#breadcrumb","itemListElement":[{"@type":"ListItem","position":1,"name":"Home","item":"https:\/\/www.coolturalia.com\/fr\/"},{"@type":"ListItem","position":2,"name":"Events","item":"https:\/\/www.coolturalia.com\/fr\/events\/"},{"@type":"ListItem","position":3,"name":"Mae \u2014 Vernissage de l&rsquo;EP \u00ab+ belle en blues\u00bb"}]},{"@type":"WebSite","@id":"https:\/\/www.coolturalia.com\/fr\/#website","url":"https:\/\/www.coolturalia.com\/fr\/","name":"Coolturalia","description":"","publisher":{"@id":"https:\/\/www.coolturalia.com\/fr\/#organization"},"potentialAction":[{"@type":"SearchAction","target":{"@type":"EntryPoint","urlTemplate":"https:\/\/www.coolturalia.com\/fr\/?s={search_term_string}"},"query-input":{"@type":"PropertyValueSpecification","valueRequired":true,"valueName":"search_term_string"}}],"inLanguage":"fr-FR"},{"@type":"Organization","@id":"https:\/\/www.coolturalia.com\/fr\/#organization","name":"Coolturalia","url":"https:\/\/www.coolturalia.com\/fr\/","logo":{"@type":"ImageObject","inLanguage":"fr-FR","@id":"https:\/\/www.coolturalia.com\/fr\/#\/schema\/logo\/image\/","url":"https:\/\/www.coolturalia.com\/wp-content\/uploads\/2024\/04\/Logo-coolturalia.svg","contentUrl":"https:\/\/www.coolturalia.com\/wp-content\/uploads\/2024\/04\/Logo-coolturalia.svg","width":1312,"height":193,"caption":"Coolturalia"},"image":{"@id":"https:\/\/www.coolturalia.com\/fr\/#\/schema\/logo\/image\/"},"sameAs":["https:\/\/www.instagram.com\/coolturalia_geneva\/"]}]}},"translations":{"translations":{"en":"198452","fr":"198453"},"language":{"code":"fr"},"date":{"dateRange":"Jeudi 3 septembre, 21:00"}},"language":{"code":"fr"},"_links":{"self":[{"href":"https:\/\/www.coolturalia.com\/fr\/wp-json\/wp\/v2\/event\/198453","targetHints":{"allow":["GET"]}}],"collection":[{"href":"https:\/\/www.coolturalia.com\/fr\/wp-json\/wp\/v2\/event"}],"about":[{"href":"https:\/\/www.coolturalia.com\/fr\/wp-json\/wp\/v2\/types\/event"}],"version-history":[{"count":0,"href":"https:\/\/www.coolturalia.com\/fr\/wp-json\/wp\/v2\/event\/198453\/revisions"}],"wp:featuredmedia":[{"embeddable":true,"href":"https:\/\/www.coolturalia.com\/fr\/wp-json\/wp\/v2\/media\/198451"}],"wp:attachment":[{"href":"https:\/\/www.coolturalia.com\/fr\/wp-json\/wp\/v2\/media?parent=198453"}],"wp:term":[{"taxonomy":"post_tag","embeddable":true,"href":"https:\/\/www.coolturalia.com\/fr\/wp-json\/wp\/v2\/tags?post=198453"},{"taxonomy":"event-category","embeddable":true,"href":"https:\/\/www.coolturalia.com\/fr\/wp-json\/wp\/v2\/event-category?post=198453"},{"taxonomy":"event-venue","embeddable":true,"href":"https:\/\/www.coolturalia.com\/fr\/wp-json\/wp\/v2\/event-venue?post=198453"}],"curies":[{"name":"wp","href":"https:\/\/api.w.org\/{rel}","templated":true}]}}

<p>Mae présente les chansons de son nouvel EP six titres «+ belle en blues», un projet pop qui se lit comme un journal intime. Sa voix traverse doutes et affirmations, vulnérabilité et quête d&rsquo;identité, traduisant les questionnements d&rsquo;une génération. La mise en scène sonore mise sur des arrangements intimistes et directs, piano et textures discrètes, portée par une direction artistique claire qui privilégie la sincérité et l&rsquo;intensité émotionnelle, offrant des instants confidents et proches.</p>

<p>Mae présente les chansons de son nouvel EP six titres «+ belle en blues», un projet pop qui se lit comme un journal intime. Sa voix traverse doutes et affirmations, vulnérabilité et quête d&rsquo;identité, traduisant les questionnements d&rsquo;une génération. La mise en scène sonore mise sur des arrangements intimistes et directs, piano et textures discrètes, [&hellip;]</p>

Sur réservation

<!-- This site is optimized with the Yoast SEO plugin v28.3 - https://yoast.com/product/yoast-seo-wordpress/ -->
<title>Mae — Vernissage de l&#039;EP «+ belle en blues» - Coolturalia</title>
<meta name="robots" content="index, follow, max-snippet:-1, max-image-preview:large, max-video-preview:-1" />
<link rel="canonical" href="https://www.coolturalia.com/fr/event/mae-vernissage-de-lep-belle-en-blues/" />
<meta property="og:locale" content="fr_FR" />
<meta property="og:type" content="article" />
<meta property="og:title" content="Mae — Vernissage de l&#039;EP «+ belle en blues» - Coolturalia" />
<meta property="og:description" content="Mae présente les chansons de son nouvel EP six titres «+ belle en blues», un projet pop qui se lit comme un journal intime. Sa voix traverse doutes et affirmations, vulnérabilité et quête d&rsquo;identité, traduisant les questionnements d&rsquo;une génération. La mise en scène sonore mise sur des arrangements intimistes et directs, piano et textures discrètes, [&hellip;]" />
<meta property="og:url" content="https://www.coolturalia.com/fr/event/mae-vernissage-de-lep-belle-en-blues/" />
<meta property="og:site_name" content="Coolturalia" />
<meta property="og:image" content="https://www.coolturalia.com/wp-content/uploads/2024/04/favicon-coolturalia-2.png" />
	<meta property="og:image:width" content="150" />
	<meta property="og:image:height" content="150" />
	<meta property="og:image:type" content="image/png" />
<meta name="twitter:card" content="summary_large_image" />
<script type="application/ld+json" class="yoast-schema-graph">{"@context":"https:\/\/schema.org","@graph":[{"@type":"WebPage","@id":"https:\/\/www.coolturalia.com\/fr\/event\/mae-vernissage-de-lep-belle-en-blues\/","url":"https:\/\/www.coolturalia.com\/fr\/event\/mae-vernissage-de-lep-belle-en-blues\/","name":"Mae — Vernissage de l'EP «+ belle en blues» - Coolturalia","isPartOf":{"@id":"https:\/\/www.coolturalia.com\/fr\/#website"},"primaryImageOfPage":{"@id":"https:\/\/www.coolturalia.com\/fr\/event\/mae-vernissage-de-lep-belle-en-blues\/#primaryimage"},"image":{"@id":"https:\/\/www.coolturalia.com\/fr\/event\/mae-vernissage-de-lep-belle-en-blues\/#primaryimage"},"thumbnailUrl":"https:\/\/www.coolturalia.com\/wp-content\/uploads\/2026\/08\/Mae-EP-Launch-belle-en-blues.webp","datePublished":"2026-08-28T06:25:13+00:00","breadcrumb":{"@id":"https:\/\/www.coolturalia.com\/fr\/event\/mae-vernissage-de-lep-belle-en-blues\/#breadcrumb"},"inLanguage":"fr-FR","potentialAction":[{"@type":"ReadAction","target":["https:\/\/www.coolturalia.com\/fr\/event\/mae-vernissage-de-lep-belle-en-blues\/"]}]},{"@type":"ImageObject","inLanguage":"fr-FR","@id":"https:\/\/www.coolturalia.com\/fr\/event\/mae-vernissage-de-lep-belle-en-blues\/#primaryimage","url":"https:\/\/www.coolturalia.com\/wp-content\/uploads\/2026\/08\/Mae-EP-Launch-belle-en-blues.webp","contentUrl":"https:\/\/www.coolturalia.com\/wp-content\/uploads\/2026\/08\/Mae-EP-Launch-belle-en-blues.webp","width":700,"height":990,"caption":"undefined"},{"@type":"BreadcrumbList","@id":"https:\/\/www.coolturalia.com\/fr\/event\/mae-vernissage-de-lep-belle-en-blues\/#breadcrumb","itemListElement":[{"@type":"ListItem","position":1,"name":"Home","item":"https:\/\/www.coolturalia.com\/fr\/"},{"@type":"ListItem","position":2,"name":"Events","item":"https:\/\/www.coolturalia.com\/fr\/events\/"},{"@type":"ListItem","position":3,"name":"Mae — Vernissage de l&rsquo;EP «+ belle en blues»"}]},{"@type":"WebSite","@id":"https:\/\/www.coolturalia.com\/fr\/#website","url":"https:\/\/www.coolturalia.com\/fr\/","name":"Coolturalia","description":"","publisher":{"@id":"https:\/\/www.coolturalia.com\/fr\/#organization"},"potentialAction":[{"@type":"SearchAction","target":{"@type":"EntryPoint","urlTemplate":"https:\/\/www.coolturalia.com\/fr\/?s={search_term_string}"},"query-input":{"@type":"PropertyValueSpecification","valueRequired":true,"valueName":"search_term_string"}}],"inLanguage":"fr-FR"},{"@type":"Organization","@id":"https:\/\/www.coolturalia.com\/fr\/#organization","name":"Coolturalia","url":"https:\/\/www.coolturalia.com\/fr\/","logo":{"@type":"ImageObject","inLanguage":"fr-FR","@id":"https:\/\/www.coolturalia.com\/fr\/#\/schema\/logo\/image\/","url":"https:\/\/www.coolturalia.com\/wp-content\/uploads\/2024\/04\/Logo-coolturalia.svg","contentUrl":"https:\/\/www.coolturalia.com\/wp-content\/uploads\/2024\/04\/Logo-coolturalia.svg","width":1312,"height":193,"caption":"Coolturalia"},"image":{"@id":"https:\/\/www.coolturalia.com\/fr\/#\/schema\/logo\/image\/"},"sameAs":["https:\/\/www.instagram.com\/coolturalia_geneva\/"]}]}</script>
<!-- / Yoast SEO plugin. -->

Mae présente les chansons de son nouvel EP six titres «+ belle en blues», un projet pop qui se lit comme un journal intime. Sa voix traverse doutes et affirmations, vulnérabilité et quête d&rsquo;identité, traduisant les questionnements d&rsquo;une génération. La mise en scène sonore mise sur des arrangements intimistes et directs, piano et textures discrètes, [&hellip;]
