{"id":198428,"date":"2026-08-28T08:22:51","date_gmt":"2026-08-28T06:22:51","guid":{"rendered":"https:\/\/www.coolturalia.com\/event\/patricia-plattner-une-promenade-autour-de-son-oeuvre\/"},"modified":"2026-08-28T08:22:51","modified_gmt":"2026-08-28T06:22:51","slug":"patricia-plattner-une-promenade-autour-de-son-oeuvre","status":"publish","type":"event","link":"https:\/\/www.coolturalia.com\/fr\/event\/patricia-plattner-une-promenade-autour-de-son-oeuvre\/","title":{"rendered":"Patricia Plattner, une promenade autour de son oeuvre"},"content":{"rendered":"<p>Patricia Plattner propose un portrait lyrique compos\u00e9 de textes, entretiens et t\u00e9moignages tir\u00e9s des livres L\u2019\u00c2me du cochon et Le Bazar de la sir\u00e8ne. Le film p\u00e9n\u00e8tre l\u2019univers de l\u2019artiste et la suit pas \u00e0 pas, par les voix de com\u00e9dien\u00b7ne\u00b7s et collaborateurs\u00b7trices, accompagn\u00e9es de projections et de musiques. Intime et textur\u00e9, il privil\u00e9gie la parole fragment\u00e9e \u00e0 la biographie lin\u00e9aire, explorant la m\u00e9moire, la cr\u00e9ation et les rythmes de la vie artistique. Cadres sensoriels et tempo pos\u00e9 conf\u00e8rent \u00e0 l\u2019\u0153uvre une r\u00e9v\u00e9lation douce et retenue.<\/p>\n","protected":false},"excerpt":{"rendered":"<p>Patricia Plattner propose un portrait lyrique compos\u00e9 de textes, entretiens et t\u00e9moignages tir\u00e9s des livres L\u2019\u00c2me du cochon et Le Bazar de la sir\u00e8ne. Le film p\u00e9n\u00e8tre l\u2019univers de l\u2019artiste et la suit pas \u00e0 pas, par les voix de com\u00e9dien\u00b7ne\u00b7s et collaborateurs\u00b7trices, accompagn\u00e9es de projections et de musiques. Intime et textur\u00e9, il privil\u00e9gie la [&hellip;]<\/p>\n","protected":false},"featured_media":198426,"parent":0,"menu_order":0,"template":"","format":"standard","meta":{"_acf_changed":false,"footnotes":""},"tags":[],"event-category":[450],"event-venue":[617],"class_list":["post-198428","event","type-event","status-publish","format-standard","has-post-thumbnail","hentry","event-category-cinema-independant","event-venue-theatre-des-amis-fr"],"acf":{"price":"","date":"Samedi 5 septembre, 19:00","start_date":"2026-09-05 19:00:00","end_date":"2026-09-05 20:00:00","website_link":"https:\/\/lesamismusiquetheatre.ch\/patricia-plattner\/","link_buy_tickets":"","highlighted":false,"photo_credit":"DR","timings":[{"timing_start_date":"2026-09-05 19:00:00","timing_end_date":"2026-09-05 20:00:00"}],"external_id":"99498800"},"yoast_head":"<!-- This site is optimized with the Yoast SEO plugin v28.3 - https:\/\/yoast.com\/product\/yoast-seo-wordpress\/ -->\n<title>Patricia Plattner, une promenade autour de son oeuvre - Coolturalia<\/title>\n<meta name=\"robots\" content=\"index, follow, max-snippet:-1, max-image-preview:large, max-video-preview:-1\" \/>\n<link rel=\"canonical\" href=\"https:\/\/www.coolturalia.com\/fr\/event\/patricia-plattner-une-promenade-autour-de-son-oeuvre\/\" \/>\n<meta property=\"og:locale\" content=\"fr_FR\" \/>\n<meta property=\"og:type\" content=\"article\" \/>\n<meta property=\"og:title\" content=\"Patricia Plattner, une promenade autour de son oeuvre - Coolturalia\" \/>\n<meta property=\"og:description\" content=\"Patricia Plattner propose un portrait lyrique compos\u00e9 de textes, entretiens et t\u00e9moignages tir\u00e9s des livres L\u2019\u00c2me du cochon et Le Bazar de la sir\u00e8ne. Le film p\u00e9n\u00e8tre l\u2019univers de l\u2019artiste et la suit pas \u00e0 pas, par les voix de com\u00e9dien\u00b7ne\u00b7s et collaborateurs\u00b7trices, accompagn\u00e9es de projections et de musiques. Intime et textur\u00e9, il privil\u00e9gie la [&hellip;]\" \/>\n<meta property=\"og:url\" content=\"https:\/\/www.coolturalia.com\/fr\/event\/patricia-plattner-une-promenade-autour-de-son-oeuvre\/\" \/>\n<meta property=\"og:site_name\" content=\"Coolturalia\" \/>\n<meta property=\"og:image\" content=\"https:\/\/www.coolturalia.com\/wp-content\/uploads\/2024\/04\/favicon-coolturalia-2.png\" \/>\n\t<meta property=\"og:image:width\" content=\"150\" \/>\n\t<meta property=\"og:image:height\" content=\"150\" \/>\n\t<meta property=\"og:image:type\" content=\"image\/png\" \/>\n<meta name=\"twitter:card\" content=\"summary_large_image\" \/>\n<meta name=\"twitter:label1\" content=\"Dur\u00e9e de lecture estim\u00e9e\" \/>\n\t<meta name=\"twitter:data1\" content=\"1 minute\" \/>\n<script type=\"application\/ld+json\" class=\"yoast-schema-graph\">{\"@context\":\"https:\\\/\\\/schema.org\",\"@graph\":[{\"@type\":\"WebPage\",\"@id\":\"https:\\\/\\\/www.coolturalia.com\\\/fr\\\/event\\\/patricia-plattner-une-promenade-autour-de-son-oeuvre\\\/\",\"url\":\"https:\\\/\\\/www.coolturalia.com\\\/fr\\\/event\\\/patricia-plattner-une-promenade-autour-de-son-oeuvre\\\/\",\"name\":\"Patricia Plattner, une promenade autour de son oeuvre - Coolturalia\",\"isPartOf\":{\"@id\":\"https:\\\/\\\/www.coolturalia.com\\\/fr\\\/#website\"},\"primaryImageOfPage\":{\"@id\":\"https:\\\/\\\/www.coolturalia.com\\\/fr\\\/event\\\/patricia-plattner-une-promenade-autour-de-son-oeuvre\\\/#primaryimage\"},\"image\":{\"@id\":\"https:\\\/\\\/www.coolturalia.com\\\/fr\\\/event\\\/patricia-plattner-une-promenade-autour-de-son-oeuvre\\\/#primaryimage\"},\"thumbnailUrl\":\"https:\\\/\\\/www.coolturalia.com\\\/wp-content\\\/uploads\\\/2026\\\/08\\\/Patricia-Plattner-A-Walk-around-her-Work.webp\",\"datePublished\":\"2026-08-28T06:22:51+00:00\",\"breadcrumb\":{\"@id\":\"https:\\\/\\\/www.coolturalia.com\\\/fr\\\/event\\\/patricia-plattner-une-promenade-autour-de-son-oeuvre\\\/#breadcrumb\"},\"inLanguage\":\"fr-FR\",\"potentialAction\":[{\"@type\":\"ReadAction\",\"target\":[\"https:\\\/\\\/www.coolturalia.com\\\/fr\\\/event\\\/patricia-plattner-une-promenade-autour-de-son-oeuvre\\\/\"]}]},{\"@type\":\"ImageObject\",\"inLanguage\":\"fr-FR\",\"@id\":\"https:\\\/\\\/www.coolturalia.com\\\/fr\\\/event\\\/patricia-plattner-une-promenade-autour-de-son-oeuvre\\\/#primaryimage\",\"url\":\"https:\\\/\\\/www.coolturalia.com\\\/wp-content\\\/uploads\\\/2026\\\/08\\\/Patricia-Plattner-A-Walk-around-her-Work.webp\",\"contentUrl\":\"https:\\\/\\\/www.coolturalia.com\\\/wp-content\\\/uploads\\\/2026\\\/08\\\/Patricia-Plattner-A-Walk-around-her-Work.webp\",\"width\":700,\"height\":700,\"caption\":\"undefined\"},{\"@type\":\"BreadcrumbList\",\"@id\":\"https:\\\/\\\/www.coolturalia.com\\\/fr\\\/event\\\/patricia-plattner-une-promenade-autour-de-son-oeuvre\\\/#breadcrumb\",\"itemListElement\":[{\"@type\":\"ListItem\",\"position\":1,\"name\":\"Home\",\"item\":\"https:\\\/\\\/www.coolturalia.com\\\/fr\\\/\"},{\"@type\":\"ListItem\",\"position\":2,\"name\":\"Events\",\"item\":\"https:\\\/\\\/www.coolturalia.com\\\/fr\\\/events\\\/\"},{\"@type\":\"ListItem\",\"position\":3,\"name\":\"Patricia Plattner, une promenade autour de son oeuvre\"}]},{\"@type\":\"WebSite\",\"@id\":\"https:\\\/\\\/www.coolturalia.com\\\/fr\\\/#website\",\"url\":\"https:\\\/\\\/www.coolturalia.com\\\/fr\\\/\",\"name\":\"Coolturalia\",\"description\":\"\",\"publisher\":{\"@id\":\"https:\\\/\\\/www.coolturalia.com\\\/fr\\\/#organization\"},\"potentialAction\":[{\"@type\":\"SearchAction\",\"target\":{\"@type\":\"EntryPoint\",\"urlTemplate\":\"https:\\\/\\\/www.coolturalia.com\\\/fr\\\/?s={search_term_string}\"},\"query-input\":{\"@type\":\"PropertyValueSpecification\",\"valueRequired\":true,\"valueName\":\"search_term_string\"}}],\"inLanguage\":\"fr-FR\"},{\"@type\":\"Organization\",\"@id\":\"https:\\\/\\\/www.coolturalia.com\\\/fr\\\/#organization\",\"name\":\"Coolturalia\",\"url\":\"https:\\\/\\\/www.coolturalia.com\\\/fr\\\/\",\"logo\":{\"@type\":\"ImageObject\",\"inLanguage\":\"fr-FR\",\"@id\":\"https:\\\/\\\/www.coolturalia.com\\\/fr\\\/#\\\/schema\\\/logo\\\/image\\\/\",\"url\":\"https:\\\/\\\/www.coolturalia.com\\\/wp-content\\\/uploads\\\/2024\\\/04\\\/Logo-coolturalia.svg\",\"contentUrl\":\"https:\\\/\\\/www.coolturalia.com\\\/wp-content\\\/uploads\\\/2024\\\/04\\\/Logo-coolturalia.svg\",\"width\":1312,\"height\":193,\"caption\":\"Coolturalia\"},\"image\":{\"@id\":\"https:\\\/\\\/www.coolturalia.com\\\/fr\\\/#\\\/schema\\\/logo\\\/image\\\/\"},\"sameAs\":[\"https:\\\/\\\/www.instagram.com\\\/coolturalia_geneva\\\/\"]}]}<\/script>\n<!-- \/ Yoast SEO plugin. -->","yoast_head_json":{"title":"Patricia Plattner, une promenade autour de son oeuvre - Coolturalia","robots":{"index":"index","follow":"follow","max-snippet":"max-snippet:-1","max-image-preview":"max-image-preview:large","max-video-preview":"max-video-preview:-1"},"canonical":"https:\/\/www.coolturalia.com\/fr\/event\/patricia-plattner-une-promenade-autour-de-son-oeuvre\/","og_locale":"fr_FR","og_type":"article","og_title":"Patricia Plattner, une promenade autour de son oeuvre - Coolturalia","og_description":"Patricia Plattner propose un portrait lyrique compos\u00e9 de textes, entretiens et t\u00e9moignages tir\u00e9s des livres L\u2019\u00c2me du cochon et Le Bazar de la sir\u00e8ne. Le film p\u00e9n\u00e8tre l\u2019univers de l\u2019artiste et la suit pas \u00e0 pas, par les voix de com\u00e9dien\u00b7ne\u00b7s et collaborateurs\u00b7trices, accompagn\u00e9es de projections et de musiques. Intime et textur\u00e9, il privil\u00e9gie la [&hellip;]","og_url":"https:\/\/www.coolturalia.com\/fr\/event\/patricia-plattner-une-promenade-autour-de-son-oeuvre\/","og_site_name":"Coolturalia","og_image":[{"width":150,"height":150,"url":"https:\/\/www.coolturalia.com\/wp-content\/uploads\/2024\/04\/favicon-coolturalia-2.png","type":"image\/png"}],"twitter_card":"summary_large_image","twitter_misc":{"Dur\u00e9e de lecture estim\u00e9e":"1 minute"},"schema":{"@context":"https:\/\/schema.org","@graph":[{"@type":"WebPage","@id":"https:\/\/www.coolturalia.com\/fr\/event\/patricia-plattner-une-promenade-autour-de-son-oeuvre\/","url":"https:\/\/www.coolturalia.com\/fr\/event\/patricia-plattner-une-promenade-autour-de-son-oeuvre\/","name":"Patricia Plattner, une promenade autour de son oeuvre - Coolturalia","isPartOf":{"@id":"https:\/\/www.coolturalia.com\/fr\/#website"},"primaryImageOfPage":{"@id":"https:\/\/www.coolturalia.com\/fr\/event\/patricia-plattner-une-promenade-autour-de-son-oeuvre\/#primaryimage"},"image":{"@id":"https:\/\/www.coolturalia.com\/fr\/event\/patricia-plattner-une-promenade-autour-de-son-oeuvre\/#primaryimage"},"thumbnailUrl":"https:\/\/www.coolturalia.com\/wp-content\/uploads\/2026\/08\/Patricia-Plattner-A-Walk-around-her-Work.webp","datePublished":"2026-08-28T06:22:51+00:00","breadcrumb":{"@id":"https:\/\/www.coolturalia.com\/fr\/event\/patricia-plattner-une-promenade-autour-de-son-oeuvre\/#breadcrumb"},"inLanguage":"fr-FR","potentialAction":[{"@type":"ReadAction","target":["https:\/\/www.coolturalia.com\/fr\/event\/patricia-plattner-une-promenade-autour-de-son-oeuvre\/"]}]},{"@type":"ImageObject","inLanguage":"fr-FR","@id":"https:\/\/www.coolturalia.com\/fr\/event\/patricia-plattner-une-promenade-autour-de-son-oeuvre\/#primaryimage","url":"https:\/\/www.coolturalia.com\/wp-content\/uploads\/2026\/08\/Patricia-Plattner-A-Walk-around-her-Work.webp","contentUrl":"https:\/\/www.coolturalia.com\/wp-content\/uploads\/2026\/08\/Patricia-Plattner-A-Walk-around-her-Work.webp","width":700,"height":700,"caption":"undefined"},{"@type":"BreadcrumbList","@id":"https:\/\/www.coolturalia.com\/fr\/event\/patricia-plattner-une-promenade-autour-de-son-oeuvre\/#breadcrumb","itemListElement":[{"@type":"ListItem","position":1,"name":"Home","item":"https:\/\/www.coolturalia.com\/fr\/"},{"@type":"ListItem","position":2,"name":"Events","item":"https:\/\/www.coolturalia.com\/fr\/events\/"},{"@type":"ListItem","position":3,"name":"Patricia Plattner, une promenade autour de son oeuvre"}]},{"@type":"WebSite","@id":"https:\/\/www.coolturalia.com\/fr\/#website","url":"https:\/\/www.coolturalia.com\/fr\/","name":"Coolturalia","description":"","publisher":{"@id":"https:\/\/www.coolturalia.com\/fr\/#organization"},"potentialAction":[{"@type":"SearchAction","target":{"@type":"EntryPoint","urlTemplate":"https:\/\/www.coolturalia.com\/fr\/?s={search_term_string}"},"query-input":{"@type":"PropertyValueSpecification","valueRequired":true,"valueName":"search_term_string"}}],"inLanguage":"fr-FR"},{"@type":"Organization","@id":"https:\/\/www.coolturalia.com\/fr\/#organization","name":"Coolturalia","url":"https:\/\/www.coolturalia.com\/fr\/","logo":{"@type":"ImageObject","inLanguage":"fr-FR","@id":"https:\/\/www.coolturalia.com\/fr\/#\/schema\/logo\/image\/","url":"https:\/\/www.coolturalia.com\/wp-content\/uploads\/2024\/04\/Logo-coolturalia.svg","contentUrl":"https:\/\/www.coolturalia.com\/wp-content\/uploads\/2024\/04\/Logo-coolturalia.svg","width":1312,"height":193,"caption":"Coolturalia"},"image":{"@id":"https:\/\/www.coolturalia.com\/fr\/#\/schema\/logo\/image\/"},"sameAs":["https:\/\/www.instagram.com\/coolturalia_geneva\/"]}]}},"translations":{"translations":{"en":"198427","fr":"198428"},"language":{"code":"fr"},"date":{"dateRange":"Samedi 5 septembre, 19:00"}},"language":{"code":"fr"},"_links":{"self":[{"href":"https:\/\/www.coolturalia.com\/fr\/wp-json\/wp\/v2\/event\/198428","targetHints":{"allow":["GET"]}}],"collection":[{"href":"https:\/\/www.coolturalia.com\/fr\/wp-json\/wp\/v2\/event"}],"about":[{"href":"https:\/\/www.coolturalia.com\/fr\/wp-json\/wp\/v2\/types\/event"}],"version-history":[{"count":0,"href":"https:\/\/www.coolturalia.com\/fr\/wp-json\/wp\/v2\/event\/198428\/revisions"}],"wp:featuredmedia":[{"embeddable":true,"href":"https:\/\/www.coolturalia.com\/fr\/wp-json\/wp\/v2\/media\/198426"}],"wp:attachment":[{"href":"https:\/\/www.coolturalia.com\/fr\/wp-json\/wp\/v2\/media?parent=198428"}],"wp:term":[{"taxonomy":"post_tag","embeddable":true,"href":"https:\/\/www.coolturalia.com\/fr\/wp-json\/wp\/v2\/tags?post=198428"},{"taxonomy":"event-category","embeddable":true,"href":"https:\/\/www.coolturalia.com\/fr\/wp-json\/wp\/v2\/event-category?post=198428"},{"taxonomy":"event-venue","embeddable":true,"href":"https:\/\/www.coolturalia.com\/fr\/wp-json\/wp\/v2\/event-venue?post=198428"}],"curies":[{"name":"wp","href":"https:\/\/api.w.org\/{rel}","templated":true}]}}

<p>Patricia Plattner propose un portrait lyrique composé de textes, entretiens et témoignages tirés des livres L’Âme du cochon et Le Bazar de la sirène. Le film pénètre l’univers de l’artiste et la suit pas à pas, par les voix de comédien·ne·s et collaborateurs·trices, accompagnées de projections et de musiques. Intime et texturé, il privilégie la parole fragmentée à la biographie linéaire, explorant la mémoire, la création et les rythmes de la vie artistique. Cadres sensoriels et tempo posé confèrent à l’œuvre une révélation douce et retenue.</p>

<p>Patricia Plattner propose un portrait lyrique composé de textes, entretiens et témoignages tirés des livres L’Âme du cochon et Le Bazar de la sirène. Le film pénètre l’univers de l’artiste et la suit pas à pas, par les voix de comédien·ne·s et collaborateurs·trices, accompagnées de projections et de musiques. Intime et texturé, il privilégie la [&hellip;]</p>

<!-- This site is optimized with the Yoast SEO plugin v28.3 - https://yoast.com/product/yoast-seo-wordpress/ -->
<title>Patricia Plattner, une promenade autour de son oeuvre - Coolturalia</title>
<meta name="robots" content="index, follow, max-snippet:-1, max-image-preview:large, max-video-preview:-1" />
<link rel="canonical" href="https://www.coolturalia.com/fr/event/patricia-plattner-une-promenade-autour-de-son-oeuvre/" />
<meta property="og:locale" content="fr_FR" />
<meta property="og:type" content="article" />
<meta property="og:title" content="Patricia Plattner, une promenade autour de son oeuvre - Coolturalia" />
<meta property="og:description" content="Patricia Plattner propose un portrait lyrique composé de textes, entretiens et témoignages tirés des livres L’Âme du cochon et Le Bazar de la sirène. Le film pénètre l’univers de l’artiste et la suit pas à pas, par les voix de comédien·ne·s et collaborateurs·trices, accompagnées de projections et de musiques. Intime et texturé, il privilégie la [&hellip;]" />
<meta property="og:url" content="https://www.coolturalia.com/fr/event/patricia-plattner-une-promenade-autour-de-son-oeuvre/" />
<meta property="og:site_name" content="Coolturalia" />
<meta property="og:image" content="https://www.coolturalia.com/wp-content/uploads/2024/04/favicon-coolturalia-2.png" />
	<meta property="og:image:width" content="150" />
	<meta property="og:image:height" content="150" />
	<meta property="og:image:type" content="image/png" />
<meta name="twitter:card" content="summary_large_image" />
<meta name="twitter:label1" content="Durée de lecture estimée" />
	<meta name="twitter:data1" content="1 minute" />
<script type="application/ld+json" class="yoast-schema-graph">{"@context":"https:\/\/schema.org","@graph":[{"@type":"WebPage","@id":"https:\/\/www.coolturalia.com\/fr\/event\/patricia-plattner-une-promenade-autour-de-son-oeuvre\/","url":"https:\/\/www.coolturalia.com\/fr\/event\/patricia-plattner-une-promenade-autour-de-son-oeuvre\/","name":"Patricia Plattner, une promenade autour de son oeuvre - Coolturalia","isPartOf":{"@id":"https:\/\/www.coolturalia.com\/fr\/#website"},"primaryImageOfPage":{"@id":"https:\/\/www.coolturalia.com\/fr\/event\/patricia-plattner-une-promenade-autour-de-son-oeuvre\/#primaryimage"},"image":{"@id":"https:\/\/www.coolturalia.com\/fr\/event\/patricia-plattner-une-promenade-autour-de-son-oeuvre\/#primaryimage"},"thumbnailUrl":"https:\/\/www.coolturalia.com\/wp-content\/uploads\/2026\/08\/Patricia-Plattner-A-Walk-around-her-Work.webp","datePublished":"2026-08-28T06:22:51+00:00","breadcrumb":{"@id":"https:\/\/www.coolturalia.com\/fr\/event\/patricia-plattner-une-promenade-autour-de-son-oeuvre\/#breadcrumb"},"inLanguage":"fr-FR","potentialAction":[{"@type":"ReadAction","target":["https:\/\/www.coolturalia.com\/fr\/event\/patricia-plattner-une-promenade-autour-de-son-oeuvre\/"]}]},{"@type":"ImageObject","inLanguage":"fr-FR","@id":"https:\/\/www.coolturalia.com\/fr\/event\/patricia-plattner-une-promenade-autour-de-son-oeuvre\/#primaryimage","url":"https:\/\/www.coolturalia.com\/wp-content\/uploads\/2026\/08\/Patricia-Plattner-A-Walk-around-her-Work.webp","contentUrl":"https:\/\/www.coolturalia.com\/wp-content\/uploads\/2026\/08\/Patricia-Plattner-A-Walk-around-her-Work.webp","width":700,"height":700,"caption":"undefined"},{"@type":"BreadcrumbList","@id":"https:\/\/www.coolturalia.com\/fr\/event\/patricia-plattner-une-promenade-autour-de-son-oeuvre\/#breadcrumb","itemListElement":[{"@type":"ListItem","position":1,"name":"Home","item":"https:\/\/www.coolturalia.com\/fr\/"},{"@type":"ListItem","position":2,"name":"Events","item":"https:\/\/www.coolturalia.com\/fr\/events\/"},{"@type":"ListItem","position":3,"name":"Patricia Plattner, une promenade autour de son oeuvre"}]},{"@type":"WebSite","@id":"https:\/\/www.coolturalia.com\/fr\/#website","url":"https:\/\/www.coolturalia.com\/fr\/","name":"Coolturalia","description":"","publisher":{"@id":"https:\/\/www.coolturalia.com\/fr\/#organization"},"potentialAction":[{"@type":"SearchAction","target":{"@type":"EntryPoint","urlTemplate":"https:\/\/www.coolturalia.com\/fr\/?s={search_term_string}"},"query-input":{"@type":"PropertyValueSpecification","valueRequired":true,"valueName":"search_term_string"}}],"inLanguage":"fr-FR"},{"@type":"Organization","@id":"https:\/\/www.coolturalia.com\/fr\/#organization","name":"Coolturalia","url":"https:\/\/www.coolturalia.com\/fr\/","logo":{"@type":"ImageObject","inLanguage":"fr-FR","@id":"https:\/\/www.coolturalia.com\/fr\/#\/schema\/logo\/image\/","url":"https:\/\/www.coolturalia.com\/wp-content\/uploads\/2024\/04\/Logo-coolturalia.svg","contentUrl":"https:\/\/www.coolturalia.com\/wp-content\/uploads\/2024\/04\/Logo-coolturalia.svg","width":1312,"height":193,"caption":"Coolturalia"},"image":{"@id":"https:\/\/www.coolturalia.com\/fr\/#\/schema\/logo\/image\/"},"sameAs":["https:\/\/www.instagram.com\/coolturalia_geneva\/"]}]}</script>
<!-- / Yoast SEO plugin. -->

Patricia Plattner propose un portrait lyrique composé de textes, entretiens et témoignages tirés des livres L’Âme du cochon et Le Bazar de la sirène. Le film pénètre l’univers de l’artiste et la suit pas à pas, par les voix de comédien·ne·s et collaborateurs·trices, accompagnées de projections et de musiques. Intime et texturé, il privilégie la [&hellip;]
