{"id":197776,"date":"2026-08-19T14:09:34","date_gmt":"2026-08-19T12:09:34","guid":{"rendered":"https:\/\/www.coolturalia.com\/event\/brunch-rencontre-avec-paul-gasnier-2\/"},"modified":"2026-08-19T14:09:34","modified_gmt":"2026-08-19T12:09:34","slug":"brunch-rencontre-avec-paul-gasnier-2","status":"publish","type":"event","link":"https:\/\/www.coolturalia.com\/fr\/event\/brunch-rencontre-avec-paul-gasnier-2\/","title":{"rendered":"Brunch &#038; rencontre avec Paul Gasnier"},"content":{"rendered":"<p>Paul Gasnier, laur\u00e9at du Prix Goncourt des d\u00e9tenus 2025, pr\u00e9sente La collision, son enqu\u00eate poignante sur la mort tragique de sa m\u00e8re et l\u2019\u00e9cheveau complexe de responsabilit\u00e9s individuelles et collectives qui en d\u00e9coule. La conversation, anim\u00e9e par Aylin El\u00e7i, sera suivie d\u2019un spectacle de contes pour enfants et d\u2019un brunch dans la cour de la Soci\u00e9t\u00e9 de Lecture.<\/p>\n","protected":false},"excerpt":{"rendered":"<p>Paul Gasnier, laur\u00e9at du Prix Goncourt des d\u00e9tenus 2025, pr\u00e9sente La collision, son enqu\u00eate poignante sur la mort tragique de sa m\u00e8re et l\u2019\u00e9cheveau complexe de responsabilit\u00e9s individuelles et collectives qui en d\u00e9coule. La conversation, anim\u00e9e par Aylin El\u00e7i, sera suivie d\u2019un spectacle de contes pour enfants et d\u2019un brunch dans la cour de la [&hellip;]<\/p>\n","protected":false},"featured_media":197774,"parent":0,"menu_order":0,"template":"","format":"standard","meta":{"_acf_changed":false,"footnotes":""},"tags":[1014],"event-category":[448],"event-venue":[865],"class_list":["post-197776","event","type-event","status-publish","format-standard","has-post-thumbnail","hentry","tag-portrait-image-fr","event-category-conferences","event-venue-societe-de-lecture-fr"],"acf":{"price":"Sur r\u00e9servation","date":"Samedi 5 septembre, 10:00","start_date":"2026-09-05 10:00:00","end_date":"2026-09-05 12:30:00","website_link":"https:\/\/www.societe-de-lecture.ch\/evenements\/paul-gasnier-la-collision-automne-2026","link_buy_tickets":"","highlighted":false,"photo_credit":"","timings":[{"timing_start_date":"2026-09-05 10:00:00","timing_end_date":"2026-09-05 12:30:00"}],"external_id":"-1"},"yoast_head":"<!-- This site is optimized with the Yoast SEO plugin v28.3 - https:\/\/yoast.com\/product\/yoast-seo-wordpress\/ -->\n<title>Brunch &amp; rencontre avec Paul Gasnier - Coolturalia<\/title>\n<meta name=\"robots\" content=\"index, follow, max-snippet:-1, max-image-preview:large, max-video-preview:-1\" \/>\n<link rel=\"canonical\" href=\"https:\/\/www.coolturalia.com\/fr\/event\/brunch-rencontre-avec-paul-gasnier-2\/\" \/>\n<meta property=\"og:locale\" content=\"fr_FR\" \/>\n<meta property=\"og:type\" content=\"article\" \/>\n<meta property=\"og:title\" content=\"Brunch &amp; rencontre avec Paul Gasnier - Coolturalia\" \/>\n<meta property=\"og:description\" content=\"Paul Gasnier, laur\u00e9at du Prix Goncourt des d\u00e9tenus 2025, pr\u00e9sente La collision, son enqu\u00eate poignante sur la mort tragique de sa m\u00e8re et l\u2019\u00e9cheveau complexe de responsabilit\u00e9s individuelles et collectives qui en d\u00e9coule. La conversation, anim\u00e9e par Aylin El\u00e7i, sera suivie d\u2019un spectacle de contes pour enfants et d\u2019un brunch dans la cour de la [&hellip;]\" \/>\n<meta property=\"og:url\" content=\"https:\/\/www.coolturalia.com\/fr\/event\/brunch-rencontre-avec-paul-gasnier-2\/\" \/>\n<meta property=\"og:site_name\" content=\"Coolturalia\" \/>\n<meta property=\"og:image\" content=\"https:\/\/www.coolturalia.com\/wp-content\/uploads\/2024\/04\/favicon-coolturalia-2.png\" \/>\n\t<meta property=\"og:image:width\" content=\"150\" \/>\n\t<meta property=\"og:image:height\" content=\"150\" \/>\n\t<meta property=\"og:image:type\" content=\"image\/png\" \/>\n<meta name=\"twitter:card\" content=\"summary_large_image\" \/>\n<script type=\"application\/ld+json\" class=\"yoast-schema-graph\">{\"@context\":\"https:\\\/\\\/schema.org\",\"@graph\":[{\"@type\":\"WebPage\",\"@id\":\"https:\\\/\\\/www.coolturalia.com\\\/fr\\\/event\\\/brunch-rencontre-avec-paul-gasnier-2\\\/\",\"url\":\"https:\\\/\\\/www.coolturalia.com\\\/fr\\\/event\\\/brunch-rencontre-avec-paul-gasnier-2\\\/\",\"name\":\"Brunch & rencontre avec Paul Gasnier - Coolturalia\",\"isPartOf\":{\"@id\":\"https:\\\/\\\/www.coolturalia.com\\\/fr\\\/#website\"},\"primaryImageOfPage\":{\"@id\":\"https:\\\/\\\/www.coolturalia.com\\\/fr\\\/event\\\/brunch-rencontre-avec-paul-gasnier-2\\\/#primaryimage\"},\"image\":{\"@id\":\"https:\\\/\\\/www.coolturalia.com\\\/fr\\\/event\\\/brunch-rencontre-avec-paul-gasnier-2\\\/#primaryimage\"},\"thumbnailUrl\":\"https:\\\/\\\/www.coolturalia.com\\\/wp-content\\\/uploads\\\/2026\\\/08\\\/Brunch-rencontre-avec-Paul-Gasnier.webp\",\"datePublished\":\"2026-08-19T12:09:34+00:00\",\"breadcrumb\":{\"@id\":\"https:\\\/\\\/www.coolturalia.com\\\/fr\\\/event\\\/brunch-rencontre-avec-paul-gasnier-2\\\/#breadcrumb\"},\"inLanguage\":\"fr-FR\",\"potentialAction\":[{\"@type\":\"ReadAction\",\"target\":[\"https:\\\/\\\/www.coolturalia.com\\\/fr\\\/event\\\/brunch-rencontre-avec-paul-gasnier-2\\\/\"]}]},{\"@type\":\"ImageObject\",\"inLanguage\":\"fr-FR\",\"@id\":\"https:\\\/\\\/www.coolturalia.com\\\/fr\\\/event\\\/brunch-rencontre-avec-paul-gasnier-2\\\/#primaryimage\",\"url\":\"https:\\\/\\\/www.coolturalia.com\\\/wp-content\\\/uploads\\\/2026\\\/08\\\/Brunch-rencontre-avec-Paul-Gasnier.webp\",\"contentUrl\":\"https:\\\/\\\/www.coolturalia.com\\\/wp-content\\\/uploads\\\/2026\\\/08\\\/Brunch-rencontre-avec-Paul-Gasnier.webp\",\"width\":877,\"height\":1185,\"caption\":\"undefined\"},{\"@type\":\"BreadcrumbList\",\"@id\":\"https:\\\/\\\/www.coolturalia.com\\\/fr\\\/event\\\/brunch-rencontre-avec-paul-gasnier-2\\\/#breadcrumb\",\"itemListElement\":[{\"@type\":\"ListItem\",\"position\":1,\"name\":\"Home\",\"item\":\"https:\\\/\\\/www.coolturalia.com\\\/fr\\\/\"},{\"@type\":\"ListItem\",\"position\":2,\"name\":\"Events\",\"item\":\"https:\\\/\\\/www.coolturalia.com\\\/fr\\\/events\\\/\"},{\"@type\":\"ListItem\",\"position\":3,\"name\":\"Brunch &#038; rencontre avec Paul Gasnier\"}]},{\"@type\":\"WebSite\",\"@id\":\"https:\\\/\\\/www.coolturalia.com\\\/fr\\\/#website\",\"url\":\"https:\\\/\\\/www.coolturalia.com\\\/fr\\\/\",\"name\":\"Coolturalia\",\"description\":\"\",\"publisher\":{\"@id\":\"https:\\\/\\\/www.coolturalia.com\\\/fr\\\/#organization\"},\"potentialAction\":[{\"@type\":\"SearchAction\",\"target\":{\"@type\":\"EntryPoint\",\"urlTemplate\":\"https:\\\/\\\/www.coolturalia.com\\\/fr\\\/?s={search_term_string}\"},\"query-input\":{\"@type\":\"PropertyValueSpecification\",\"valueRequired\":true,\"valueName\":\"search_term_string\"}}],\"inLanguage\":\"fr-FR\"},{\"@type\":\"Organization\",\"@id\":\"https:\\\/\\\/www.coolturalia.com\\\/fr\\\/#organization\",\"name\":\"Coolturalia\",\"url\":\"https:\\\/\\\/www.coolturalia.com\\\/fr\\\/\",\"logo\":{\"@type\":\"ImageObject\",\"inLanguage\":\"fr-FR\",\"@id\":\"https:\\\/\\\/www.coolturalia.com\\\/fr\\\/#\\\/schema\\\/logo\\\/image\\\/\",\"url\":\"https:\\\/\\\/www.coolturalia.com\\\/wp-content\\\/uploads\\\/2024\\\/04\\\/Logo-coolturalia.svg\",\"contentUrl\":\"https:\\\/\\\/www.coolturalia.com\\\/wp-content\\\/uploads\\\/2024\\\/04\\\/Logo-coolturalia.svg\",\"width\":1312,\"height\":193,\"caption\":\"Coolturalia\"},\"image\":{\"@id\":\"https:\\\/\\\/www.coolturalia.com\\\/fr\\\/#\\\/schema\\\/logo\\\/image\\\/\"},\"sameAs\":[\"https:\\\/\\\/www.instagram.com\\\/coolturalia_geneva\\\/\"]}]}<\/script>\n<!-- \/ Yoast SEO plugin. -->","yoast_head_json":{"title":"Brunch & rencontre avec Paul Gasnier - Coolturalia","robots":{"index":"index","follow":"follow","max-snippet":"max-snippet:-1","max-image-preview":"max-image-preview:large","max-video-preview":"max-video-preview:-1"},"canonical":"https:\/\/www.coolturalia.com\/fr\/event\/brunch-rencontre-avec-paul-gasnier-2\/","og_locale":"fr_FR","og_type":"article","og_title":"Brunch & rencontre avec Paul Gasnier - Coolturalia","og_description":"Paul Gasnier, laur\u00e9at du Prix Goncourt des d\u00e9tenus 2025, pr\u00e9sente La collision, son enqu\u00eate poignante sur la mort tragique de sa m\u00e8re et l\u2019\u00e9cheveau complexe de responsabilit\u00e9s individuelles et collectives qui en d\u00e9coule. La conversation, anim\u00e9e par Aylin El\u00e7i, sera suivie d\u2019un spectacle de contes pour enfants et d\u2019un brunch dans la cour de la [&hellip;]","og_url":"https:\/\/www.coolturalia.com\/fr\/event\/brunch-rencontre-avec-paul-gasnier-2\/","og_site_name":"Coolturalia","og_image":[{"width":150,"height":150,"url":"https:\/\/www.coolturalia.com\/wp-content\/uploads\/2024\/04\/favicon-coolturalia-2.png","type":"image\/png"}],"twitter_card":"summary_large_image","schema":{"@context":"https:\/\/schema.org","@graph":[{"@type":"WebPage","@id":"https:\/\/www.coolturalia.com\/fr\/event\/brunch-rencontre-avec-paul-gasnier-2\/","url":"https:\/\/www.coolturalia.com\/fr\/event\/brunch-rencontre-avec-paul-gasnier-2\/","name":"Brunch & rencontre avec Paul Gasnier - Coolturalia","isPartOf":{"@id":"https:\/\/www.coolturalia.com\/fr\/#website"},"primaryImageOfPage":{"@id":"https:\/\/www.coolturalia.com\/fr\/event\/brunch-rencontre-avec-paul-gasnier-2\/#primaryimage"},"image":{"@id":"https:\/\/www.coolturalia.com\/fr\/event\/brunch-rencontre-avec-paul-gasnier-2\/#primaryimage"},"thumbnailUrl":"https:\/\/www.coolturalia.com\/wp-content\/uploads\/2026\/08\/Brunch-rencontre-avec-Paul-Gasnier.webp","datePublished":"2026-08-19T12:09:34+00:00","breadcrumb":{"@id":"https:\/\/www.coolturalia.com\/fr\/event\/brunch-rencontre-avec-paul-gasnier-2\/#breadcrumb"},"inLanguage":"fr-FR","potentialAction":[{"@type":"ReadAction","target":["https:\/\/www.coolturalia.com\/fr\/event\/brunch-rencontre-avec-paul-gasnier-2\/"]}]},{"@type":"ImageObject","inLanguage":"fr-FR","@id":"https:\/\/www.coolturalia.com\/fr\/event\/brunch-rencontre-avec-paul-gasnier-2\/#primaryimage","url":"https:\/\/www.coolturalia.com\/wp-content\/uploads\/2026\/08\/Brunch-rencontre-avec-Paul-Gasnier.webp","contentUrl":"https:\/\/www.coolturalia.com\/wp-content\/uploads\/2026\/08\/Brunch-rencontre-avec-Paul-Gasnier.webp","width":877,"height":1185,"caption":"undefined"},{"@type":"BreadcrumbList","@id":"https:\/\/www.coolturalia.com\/fr\/event\/brunch-rencontre-avec-paul-gasnier-2\/#breadcrumb","itemListElement":[{"@type":"ListItem","position":1,"name":"Home","item":"https:\/\/www.coolturalia.com\/fr\/"},{"@type":"ListItem","position":2,"name":"Events","item":"https:\/\/www.coolturalia.com\/fr\/events\/"},{"@type":"ListItem","position":3,"name":"Brunch &#038; rencontre avec Paul Gasnier"}]},{"@type":"WebSite","@id":"https:\/\/www.coolturalia.com\/fr\/#website","url":"https:\/\/www.coolturalia.com\/fr\/","name":"Coolturalia","description":"","publisher":{"@id":"https:\/\/www.coolturalia.com\/fr\/#organization"},"potentialAction":[{"@type":"SearchAction","target":{"@type":"EntryPoint","urlTemplate":"https:\/\/www.coolturalia.com\/fr\/?s={search_term_string}"},"query-input":{"@type":"PropertyValueSpecification","valueRequired":true,"valueName":"search_term_string"}}],"inLanguage":"fr-FR"},{"@type":"Organization","@id":"https:\/\/www.coolturalia.com\/fr\/#organization","name":"Coolturalia","url":"https:\/\/www.coolturalia.com\/fr\/","logo":{"@type":"ImageObject","inLanguage":"fr-FR","@id":"https:\/\/www.coolturalia.com\/fr\/#\/schema\/logo\/image\/","url":"https:\/\/www.coolturalia.com\/wp-content\/uploads\/2024\/04\/Logo-coolturalia.svg","contentUrl":"https:\/\/www.coolturalia.com\/wp-content\/uploads\/2024\/04\/Logo-coolturalia.svg","width":1312,"height":193,"caption":"Coolturalia"},"image":{"@id":"https:\/\/www.coolturalia.com\/fr\/#\/schema\/logo\/image\/"},"sameAs":["https:\/\/www.instagram.com\/coolturalia_geneva\/"]}]}},"translations":{"translations":{"en":"197775","fr":"197776"},"language":{"code":"fr"},"date":{"dateRange":"Samedi 5 septembre, 10:00"}},"language":{"code":"fr"},"_links":{"self":[{"href":"https:\/\/www.coolturalia.com\/fr\/wp-json\/wp\/v2\/event\/197776","targetHints":{"allow":["GET"]}}],"collection":[{"href":"https:\/\/www.coolturalia.com\/fr\/wp-json\/wp\/v2\/event"}],"about":[{"href":"https:\/\/www.coolturalia.com\/fr\/wp-json\/wp\/v2\/types\/event"}],"version-history":[{"count":0,"href":"https:\/\/www.coolturalia.com\/fr\/wp-json\/wp\/v2\/event\/197776\/revisions"}],"wp:featuredmedia":[{"embeddable":true,"href":"https:\/\/www.coolturalia.com\/fr\/wp-json\/wp\/v2\/media\/197774"}],"wp:attachment":[{"href":"https:\/\/www.coolturalia.com\/fr\/wp-json\/wp\/v2\/media?parent=197776"}],"wp:term":[{"taxonomy":"post_tag","embeddable":true,"href":"https:\/\/www.coolturalia.com\/fr\/wp-json\/wp\/v2\/tags?post=197776"},{"taxonomy":"event-category","embeddable":true,"href":"https:\/\/www.coolturalia.com\/fr\/wp-json\/wp\/v2\/event-category?post=197776"},{"taxonomy":"event-venue","embeddable":true,"href":"https:\/\/www.coolturalia.com\/fr\/wp-json\/wp\/v2\/event-venue?post=197776"}],"curies":[{"name":"wp","href":"https:\/\/api.w.org\/{rel}","templated":true}]}}

<p>Paul Gasnier, lauréat du Prix Goncourt des détenus 2025, présente La collision, son enquête poignante sur la mort tragique de sa mère et l’écheveau complexe de responsabilités individuelles et collectives qui en découle. La conversation, animée par Aylin Elçi, sera suivie d’un spectacle de contes pour enfants et d’un brunch dans la cour de la Société de Lecture.</p>

<p>Paul Gasnier, lauréat du Prix Goncourt des détenus 2025, présente La collision, son enquête poignante sur la mort tragique de sa mère et l’écheveau complexe de responsabilités individuelles et collectives qui en découle. La conversation, animée par Aylin Elçi, sera suivie d’un spectacle de contes pour enfants et d’un brunch dans la cour de la [&hellip;]</p>

Sur réservation

<!-- This site is optimized with the Yoast SEO plugin v28.3 - https://yoast.com/product/yoast-seo-wordpress/ -->
<title>Brunch &amp; rencontre avec Paul Gasnier - Coolturalia</title>
<meta name="robots" content="index, follow, max-snippet:-1, max-image-preview:large, max-video-preview:-1" />
<link rel="canonical" href="https://www.coolturalia.com/fr/event/brunch-rencontre-avec-paul-gasnier-2/" />
<meta property="og:locale" content="fr_FR" />
<meta property="og:type" content="article" />
<meta property="og:title" content="Brunch &amp; rencontre avec Paul Gasnier - Coolturalia" />
<meta property="og:description" content="Paul Gasnier, lauréat du Prix Goncourt des détenus 2025, présente La collision, son enquête poignante sur la mort tragique de sa mère et l’écheveau complexe de responsabilités individuelles et collectives qui en découle. La conversation, animée par Aylin Elçi, sera suivie d’un spectacle de contes pour enfants et d’un brunch dans la cour de la [&hellip;]" />
<meta property="og:url" content="https://www.coolturalia.com/fr/event/brunch-rencontre-avec-paul-gasnier-2/" />
<meta property="og:site_name" content="Coolturalia" />
<meta property="og:image" content="https://www.coolturalia.com/wp-content/uploads/2024/04/favicon-coolturalia-2.png" />
	<meta property="og:image:width" content="150" />
	<meta property="og:image:height" content="150" />
	<meta property="og:image:type" content="image/png" />
<meta name="twitter:card" content="summary_large_image" />
<script type="application/ld+json" class="yoast-schema-graph">{"@context":"https:\/\/schema.org","@graph":[{"@type":"WebPage","@id":"https:\/\/www.coolturalia.com\/fr\/event\/brunch-rencontre-avec-paul-gasnier-2\/","url":"https:\/\/www.coolturalia.com\/fr\/event\/brunch-rencontre-avec-paul-gasnier-2\/","name":"Brunch & rencontre avec Paul Gasnier - Coolturalia","isPartOf":{"@id":"https:\/\/www.coolturalia.com\/fr\/#website"},"primaryImageOfPage":{"@id":"https:\/\/www.coolturalia.com\/fr\/event\/brunch-rencontre-avec-paul-gasnier-2\/#primaryimage"},"image":{"@id":"https:\/\/www.coolturalia.com\/fr\/event\/brunch-rencontre-avec-paul-gasnier-2\/#primaryimage"},"thumbnailUrl":"https:\/\/www.coolturalia.com\/wp-content\/uploads\/2026\/08\/Brunch-rencontre-avec-Paul-Gasnier.webp","datePublished":"2026-08-19T12:09:34+00:00","breadcrumb":{"@id":"https:\/\/www.coolturalia.com\/fr\/event\/brunch-rencontre-avec-paul-gasnier-2\/#breadcrumb"},"inLanguage":"fr-FR","potentialAction":[{"@type":"ReadAction","target":["https:\/\/www.coolturalia.com\/fr\/event\/brunch-rencontre-avec-paul-gasnier-2\/"]}]},{"@type":"ImageObject","inLanguage":"fr-FR","@id":"https:\/\/www.coolturalia.com\/fr\/event\/brunch-rencontre-avec-paul-gasnier-2\/#primaryimage","url":"https:\/\/www.coolturalia.com\/wp-content\/uploads\/2026\/08\/Brunch-rencontre-avec-Paul-Gasnier.webp","contentUrl":"https:\/\/www.coolturalia.com\/wp-content\/uploads\/2026\/08\/Brunch-rencontre-avec-Paul-Gasnier.webp","width":877,"height":1185,"caption":"undefined"},{"@type":"BreadcrumbList","@id":"https:\/\/www.coolturalia.com\/fr\/event\/brunch-rencontre-avec-paul-gasnier-2\/#breadcrumb","itemListElement":[{"@type":"ListItem","position":1,"name":"Home","item":"https:\/\/www.coolturalia.com\/fr\/"},{"@type":"ListItem","position":2,"name":"Events","item":"https:\/\/www.coolturalia.com\/fr\/events\/"},{"@type":"ListItem","position":3,"name":"Brunch &#038; rencontre avec Paul Gasnier"}]},{"@type":"WebSite","@id":"https:\/\/www.coolturalia.com\/fr\/#website","url":"https:\/\/www.coolturalia.com\/fr\/","name":"Coolturalia","description":"","publisher":{"@id":"https:\/\/www.coolturalia.com\/fr\/#organization"},"potentialAction":[{"@type":"SearchAction","target":{"@type":"EntryPoint","urlTemplate":"https:\/\/www.coolturalia.com\/fr\/?s={search_term_string}"},"query-input":{"@type":"PropertyValueSpecification","valueRequired":true,"valueName":"search_term_string"}}],"inLanguage":"fr-FR"},{"@type":"Organization","@id":"https:\/\/www.coolturalia.com\/fr\/#organization","name":"Coolturalia","url":"https:\/\/www.coolturalia.com\/fr\/","logo":{"@type":"ImageObject","inLanguage":"fr-FR","@id":"https:\/\/www.coolturalia.com\/fr\/#\/schema\/logo\/image\/","url":"https:\/\/www.coolturalia.com\/wp-content\/uploads\/2024\/04\/Logo-coolturalia.svg","contentUrl":"https:\/\/www.coolturalia.com\/wp-content\/uploads\/2024\/04\/Logo-coolturalia.svg","width":1312,"height":193,"caption":"Coolturalia"},"image":{"@id":"https:\/\/www.coolturalia.com\/fr\/#\/schema\/logo\/image\/"},"sameAs":["https:\/\/www.instagram.com\/coolturalia_geneva\/"]}]}</script>
<!-- / Yoast SEO plugin. -->

Paul Gasnier, lauréat du Prix Goncourt des détenus 2025, présente La collision, son enquête poignante sur la mort tragique de sa mère et l’écheveau complexe de responsabilités individuelles et collectives qui en découle. La conversation, animée par Aylin Elçi, sera suivie d’un spectacle de contes pour enfants et d’un brunch dans la cour de la [&hellip;]
