{"id":197577,"date":"2026-08-17T16:28:05","date_gmt":"2026-08-17T14:28:05","guid":{"rendered":"https:\/\/www.coolturalia.com\/event\/saint-jean-a-du-talent\/"},"modified":"2026-08-17T16:28:05","modified_gmt":"2026-08-17T14:28:05","slug":"saint-jean-a-du-talent","status":"publish","type":"event","link":"https:\/\/www.coolturalia.com\/fr\/event\/saint-jean-a-du-talent\/","title":{"rendered":"Saint-Jean a du talent"},"content":{"rendered":"<p>Soir\u00e9e de talents m\u00ealant une sc\u00e8ne ouverte, des concerts programm\u00e9s et une jam collective. Musicien\u00b7ne\u00b7s, humoristes, improvisateur\u00b7rice\u00b7s, slameur\u00b7euse\u00b7s, magicien\u00b7ne\u00b7s et artistes de cirque proposent de courtes prestations, du solo aux ensembles, avant une jam bluegrass finale. L&rsquo;ambiance est conviviale et exp\u00e9rimentale, favorisant les rencontres, les improvisations et les collaborations spontan\u00e9es entre disciplines. Un rendez-vous vivant o\u00f9 la diversit\u00e9 des formes sc\u00e9niques cr\u00e9e des instants surprenants et chaleureux.<\/p>\n","protected":false},"excerpt":{"rendered":"<p>Soir\u00e9e de talents m\u00ealant une sc\u00e8ne ouverte, des concerts programm\u00e9s et une jam collective. Musicien\u00b7ne\u00b7s, humoristes, improvisateur\u00b7rice\u00b7s, slameur\u00b7euse\u00b7s, magicien\u00b7ne\u00b7s et artistes de cirque proposent de courtes prestations, du solo aux ensembles, avant une jam bluegrass finale. L&rsquo;ambiance est conviviale et exp\u00e9rimentale, favorisant les rencontres, les improvisations et les collaborations spontan\u00e9es entre disciplines. Un rendez-vous vivant [&hellip;]<\/p>\n","protected":false},"featured_media":197575,"parent":0,"menu_order":0,"template":"","format":"standard","meta":{"_acf_changed":false,"footnotes":""},"tags":[1014],"event-category":[444],"event-venue":[2359],"class_list":["post-197577","event","type-event","status-publish","format-standard","has-post-thumbnail","hentry","tag-portrait-image-fr","event-category-spectacles","event-venue-voies_la-fr"],"acf":{"price":"Gratuit","date":"Samedi 5 septembre, 17:00","start_date":"2026-09-05 17:00:00","end_date":"2026-09-05 22:00:00","website_link":"https:\/\/www.voiesla.com\/events-2\/grande-soire-de-la-rentre--ehxcn","link_buy_tickets":"","highlighted":false,"photo_credit":"","timings":[{"timing_start_date":"2026-09-05 17:00:00","timing_end_date":"2026-09-05 22:00:00"}],"external_id":""},"yoast_head":"<!-- This site is optimized with the Yoast SEO plugin v28.3 - https:\/\/yoast.com\/product\/yoast-seo-wordpress\/ -->\n<title>Saint-Jean a du talent - Coolturalia<\/title>\n<meta name=\"robots\" content=\"index, follow, max-snippet:-1, max-image-preview:large, max-video-preview:-1\" \/>\n<link rel=\"canonical\" href=\"https:\/\/www.coolturalia.com\/fr\/event\/saint-jean-a-du-talent\/\" \/>\n<meta property=\"og:locale\" content=\"fr_FR\" \/>\n<meta property=\"og:type\" content=\"article\" \/>\n<meta property=\"og:title\" content=\"Saint-Jean a du talent - Coolturalia\" \/>\n<meta property=\"og:description\" content=\"Soir\u00e9e de talents m\u00ealant une sc\u00e8ne ouverte, des concerts programm\u00e9s et une jam collective. Musicien\u00b7ne\u00b7s, humoristes, improvisateur\u00b7rice\u00b7s, slameur\u00b7euse\u00b7s, magicien\u00b7ne\u00b7s et artistes de cirque proposent de courtes prestations, du solo aux ensembles, avant une jam bluegrass finale. L&rsquo;ambiance est conviviale et exp\u00e9rimentale, favorisant les rencontres, les improvisations et les collaborations spontan\u00e9es entre disciplines. Un rendez-vous vivant [&hellip;]\" \/>\n<meta property=\"og:url\" content=\"https:\/\/www.coolturalia.com\/fr\/event\/saint-jean-a-du-talent\/\" \/>\n<meta property=\"og:site_name\" content=\"Coolturalia\" \/>\n<meta property=\"og:image\" content=\"https:\/\/www.coolturalia.com\/wp-content\/uploads\/2024\/04\/favicon-coolturalia-2.png\" \/>\n\t<meta property=\"og:image:width\" content=\"150\" \/>\n\t<meta property=\"og:image:height\" content=\"150\" \/>\n\t<meta property=\"og:image:type\" content=\"image\/png\" \/>\n<meta name=\"twitter:card\" content=\"summary_large_image\" \/>\n<script type=\"application\/ld+json\" class=\"yoast-schema-graph\">{\"@context\":\"https:\\\/\\\/schema.org\",\"@graph\":[{\"@type\":\"WebPage\",\"@id\":\"https:\\\/\\\/www.coolturalia.com\\\/fr\\\/event\\\/saint-jean-a-du-talent\\\/\",\"url\":\"https:\\\/\\\/www.coolturalia.com\\\/fr\\\/event\\\/saint-jean-a-du-talent\\\/\",\"name\":\"Saint-Jean a du talent - Coolturalia\",\"isPartOf\":{\"@id\":\"https:\\\/\\\/www.coolturalia.com\\\/fr\\\/#website\"},\"primaryImageOfPage\":{\"@id\":\"https:\\\/\\\/www.coolturalia.com\\\/fr\\\/event\\\/saint-jean-a-du-talent\\\/#primaryimage\"},\"image\":{\"@id\":\"https:\\\/\\\/www.coolturalia.com\\\/fr\\\/event\\\/saint-jean-a-du-talent\\\/#primaryimage\"},\"thumbnailUrl\":\"https:\\\/\\\/www.coolturalia.com\\\/wp-content\\\/uploads\\\/2026\\\/08\\\/Saint-Jean-Has-Talent.webp\",\"datePublished\":\"2026-08-17T14:28:05+00:00\",\"breadcrumb\":{\"@id\":\"https:\\\/\\\/www.coolturalia.com\\\/fr\\\/event\\\/saint-jean-a-du-talent\\\/#breadcrumb\"},\"inLanguage\":\"fr-FR\",\"potentialAction\":[{\"@type\":\"ReadAction\",\"target\":[\"https:\\\/\\\/www.coolturalia.com\\\/fr\\\/event\\\/saint-jean-a-du-talent\\\/\"]}]},{\"@type\":\"ImageObject\",\"inLanguage\":\"fr-FR\",\"@id\":\"https:\\\/\\\/www.coolturalia.com\\\/fr\\\/event\\\/saint-jean-a-du-talent\\\/#primaryimage\",\"url\":\"https:\\\/\\\/www.coolturalia.com\\\/wp-content\\\/uploads\\\/2026\\\/08\\\/Saint-Jean-Has-Talent.webp\",\"contentUrl\":\"https:\\\/\\\/www.coolturalia.com\\\/wp-content\\\/uploads\\\/2026\\\/08\\\/Saint-Jean-Has-Talent.webp\",\"width\":512,\"height\":683,\"caption\":\"undefined\"},{\"@type\":\"BreadcrumbList\",\"@id\":\"https:\\\/\\\/www.coolturalia.com\\\/fr\\\/event\\\/saint-jean-a-du-talent\\\/#breadcrumb\",\"itemListElement\":[{\"@type\":\"ListItem\",\"position\":1,\"name\":\"Home\",\"item\":\"https:\\\/\\\/www.coolturalia.com\\\/fr\\\/\"},{\"@type\":\"ListItem\",\"position\":2,\"name\":\"Events\",\"item\":\"https:\\\/\\\/www.coolturalia.com\\\/fr\\\/events\\\/\"},{\"@type\":\"ListItem\",\"position\":3,\"name\":\"Saint-Jean a du talent\"}]},{\"@type\":\"WebSite\",\"@id\":\"https:\\\/\\\/www.coolturalia.com\\\/fr\\\/#website\",\"url\":\"https:\\\/\\\/www.coolturalia.com\\\/fr\\\/\",\"name\":\"Coolturalia\",\"description\":\"\",\"publisher\":{\"@id\":\"https:\\\/\\\/www.coolturalia.com\\\/fr\\\/#organization\"},\"potentialAction\":[{\"@type\":\"SearchAction\",\"target\":{\"@type\":\"EntryPoint\",\"urlTemplate\":\"https:\\\/\\\/www.coolturalia.com\\\/fr\\\/?s={search_term_string}\"},\"query-input\":{\"@type\":\"PropertyValueSpecification\",\"valueRequired\":true,\"valueName\":\"search_term_string\"}}],\"inLanguage\":\"fr-FR\"},{\"@type\":\"Organization\",\"@id\":\"https:\\\/\\\/www.coolturalia.com\\\/fr\\\/#organization\",\"name\":\"Coolturalia\",\"url\":\"https:\\\/\\\/www.coolturalia.com\\\/fr\\\/\",\"logo\":{\"@type\":\"ImageObject\",\"inLanguage\":\"fr-FR\",\"@id\":\"https:\\\/\\\/www.coolturalia.com\\\/fr\\\/#\\\/schema\\\/logo\\\/image\\\/\",\"url\":\"https:\\\/\\\/www.coolturalia.com\\\/wp-content\\\/uploads\\\/2024\\\/04\\\/Logo-coolturalia.svg\",\"contentUrl\":\"https:\\\/\\\/www.coolturalia.com\\\/wp-content\\\/uploads\\\/2024\\\/04\\\/Logo-coolturalia.svg\",\"width\":1312,\"height\":193,\"caption\":\"Coolturalia\"},\"image\":{\"@id\":\"https:\\\/\\\/www.coolturalia.com\\\/fr\\\/#\\\/schema\\\/logo\\\/image\\\/\"},\"sameAs\":[\"https:\\\/\\\/www.instagram.com\\\/coolturalia_geneva\\\/\"]}]}<\/script>\n<!-- \/ Yoast SEO plugin. -->","yoast_head_json":{"title":"Saint-Jean a du talent - Coolturalia","robots":{"index":"index","follow":"follow","max-snippet":"max-snippet:-1","max-image-preview":"max-image-preview:large","max-video-preview":"max-video-preview:-1"},"canonical":"https:\/\/www.coolturalia.com\/fr\/event\/saint-jean-a-du-talent\/","og_locale":"fr_FR","og_type":"article","og_title":"Saint-Jean a du talent - Coolturalia","og_description":"Soir\u00e9e de talents m\u00ealant une sc\u00e8ne ouverte, des concerts programm\u00e9s et une jam collective. Musicien\u00b7ne\u00b7s, humoristes, improvisateur\u00b7rice\u00b7s, slameur\u00b7euse\u00b7s, magicien\u00b7ne\u00b7s et artistes de cirque proposent de courtes prestations, du solo aux ensembles, avant une jam bluegrass finale. L&rsquo;ambiance est conviviale et exp\u00e9rimentale, favorisant les rencontres, les improvisations et les collaborations spontan\u00e9es entre disciplines. Un rendez-vous vivant [&hellip;]","og_url":"https:\/\/www.coolturalia.com\/fr\/event\/saint-jean-a-du-talent\/","og_site_name":"Coolturalia","og_image":[{"width":150,"height":150,"url":"https:\/\/www.coolturalia.com\/wp-content\/uploads\/2024\/04\/favicon-coolturalia-2.png","type":"image\/png"}],"twitter_card":"summary_large_image","schema":{"@context":"https:\/\/schema.org","@graph":[{"@type":"WebPage","@id":"https:\/\/www.coolturalia.com\/fr\/event\/saint-jean-a-du-talent\/","url":"https:\/\/www.coolturalia.com\/fr\/event\/saint-jean-a-du-talent\/","name":"Saint-Jean a du talent - Coolturalia","isPartOf":{"@id":"https:\/\/www.coolturalia.com\/fr\/#website"},"primaryImageOfPage":{"@id":"https:\/\/www.coolturalia.com\/fr\/event\/saint-jean-a-du-talent\/#primaryimage"},"image":{"@id":"https:\/\/www.coolturalia.com\/fr\/event\/saint-jean-a-du-talent\/#primaryimage"},"thumbnailUrl":"https:\/\/www.coolturalia.com\/wp-content\/uploads\/2026\/08\/Saint-Jean-Has-Talent.webp","datePublished":"2026-08-17T14:28:05+00:00","breadcrumb":{"@id":"https:\/\/www.coolturalia.com\/fr\/event\/saint-jean-a-du-talent\/#breadcrumb"},"inLanguage":"fr-FR","potentialAction":[{"@type":"ReadAction","target":["https:\/\/www.coolturalia.com\/fr\/event\/saint-jean-a-du-talent\/"]}]},{"@type":"ImageObject","inLanguage":"fr-FR","@id":"https:\/\/www.coolturalia.com\/fr\/event\/saint-jean-a-du-talent\/#primaryimage","url":"https:\/\/www.coolturalia.com\/wp-content\/uploads\/2026\/08\/Saint-Jean-Has-Talent.webp","contentUrl":"https:\/\/www.coolturalia.com\/wp-content\/uploads\/2026\/08\/Saint-Jean-Has-Talent.webp","width":512,"height":683,"caption":"undefined"},{"@type":"BreadcrumbList","@id":"https:\/\/www.coolturalia.com\/fr\/event\/saint-jean-a-du-talent\/#breadcrumb","itemListElement":[{"@type":"ListItem","position":1,"name":"Home","item":"https:\/\/www.coolturalia.com\/fr\/"},{"@type":"ListItem","position":2,"name":"Events","item":"https:\/\/www.coolturalia.com\/fr\/events\/"},{"@type":"ListItem","position":3,"name":"Saint-Jean a du talent"}]},{"@type":"WebSite","@id":"https:\/\/www.coolturalia.com\/fr\/#website","url":"https:\/\/www.coolturalia.com\/fr\/","name":"Coolturalia","description":"","publisher":{"@id":"https:\/\/www.coolturalia.com\/fr\/#organization"},"potentialAction":[{"@type":"SearchAction","target":{"@type":"EntryPoint","urlTemplate":"https:\/\/www.coolturalia.com\/fr\/?s={search_term_string}"},"query-input":{"@type":"PropertyValueSpecification","valueRequired":true,"valueName":"search_term_string"}}],"inLanguage":"fr-FR"},{"@type":"Organization","@id":"https:\/\/www.coolturalia.com\/fr\/#organization","name":"Coolturalia","url":"https:\/\/www.coolturalia.com\/fr\/","logo":{"@type":"ImageObject","inLanguage":"fr-FR","@id":"https:\/\/www.coolturalia.com\/fr\/#\/schema\/logo\/image\/","url":"https:\/\/www.coolturalia.com\/wp-content\/uploads\/2024\/04\/Logo-coolturalia.svg","contentUrl":"https:\/\/www.coolturalia.com\/wp-content\/uploads\/2024\/04\/Logo-coolturalia.svg","width":1312,"height":193,"caption":"Coolturalia"},"image":{"@id":"https:\/\/www.coolturalia.com\/fr\/#\/schema\/logo\/image\/"},"sameAs":["https:\/\/www.instagram.com\/coolturalia_geneva\/"]}]}},"translations":{"translations":{"en":"197576","fr":"197577"},"language":{"code":"fr"},"date":{"dateRange":"Samedi 5 septembre, 17:00"}},"language":{"code":"fr"},"_links":{"self":[{"href":"https:\/\/www.coolturalia.com\/fr\/wp-json\/wp\/v2\/event\/197577","targetHints":{"allow":["GET"]}}],"collection":[{"href":"https:\/\/www.coolturalia.com\/fr\/wp-json\/wp\/v2\/event"}],"about":[{"href":"https:\/\/www.coolturalia.com\/fr\/wp-json\/wp\/v2\/types\/event"}],"version-history":[{"count":0,"href":"https:\/\/www.coolturalia.com\/fr\/wp-json\/wp\/v2\/event\/197577\/revisions"}],"wp:featuredmedia":[{"embeddable":true,"href":"https:\/\/www.coolturalia.com\/fr\/wp-json\/wp\/v2\/media\/197575"}],"wp:attachment":[{"href":"https:\/\/www.coolturalia.com\/fr\/wp-json\/wp\/v2\/media?parent=197577"}],"wp:term":[{"taxonomy":"post_tag","embeddable":true,"href":"https:\/\/www.coolturalia.com\/fr\/wp-json\/wp\/v2\/tags?post=197577"},{"taxonomy":"event-category","embeddable":true,"href":"https:\/\/www.coolturalia.com\/fr\/wp-json\/wp\/v2\/event-category?post=197577"},{"taxonomy":"event-venue","embeddable":true,"href":"https:\/\/www.coolturalia.com\/fr\/wp-json\/wp\/v2\/event-venue?post=197577"}],"curies":[{"name":"wp","href":"https:\/\/api.w.org\/{rel}","templated":true}]}}

<p>Soirée de talents mêlant une scène ouverte, des concerts programmés et une jam collective. Musicien·ne·s, humoristes, improvisateur·rice·s, slameur·euse·s, magicien·ne·s et artistes de cirque proposent de courtes prestations, du solo aux ensembles, avant une jam bluegrass finale. L&rsquo;ambiance est conviviale et expérimentale, favorisant les rencontres, les improvisations et les collaborations spontanées entre disciplines. Un rendez-vous vivant où la diversité des formes scéniques crée des instants surprenants et chaleureux.</p>

<p>Soirée de talents mêlant une scène ouverte, des concerts programmés et une jam collective. Musicien·ne·s, humoristes, improvisateur·rice·s, slameur·euse·s, magicien·ne·s et artistes de cirque proposent de courtes prestations, du solo aux ensembles, avant une jam bluegrass finale. L&rsquo;ambiance est conviviale et expérimentale, favorisant les rencontres, les improvisations et les collaborations spontanées entre disciplines. Un rendez-vous vivant [&hellip;]</p>

<!-- This site is optimized with the Yoast SEO plugin v28.3 - https://yoast.com/product/yoast-seo-wordpress/ -->
<title>Saint-Jean a du talent - Coolturalia</title>
<meta name="robots" content="index, follow, max-snippet:-1, max-image-preview:large, max-video-preview:-1" />
<link rel="canonical" href="https://www.coolturalia.com/fr/event/saint-jean-a-du-talent/" />
<meta property="og:locale" content="fr_FR" />
<meta property="og:type" content="article" />
<meta property="og:title" content="Saint-Jean a du talent - Coolturalia" />
<meta property="og:description" content="Soirée de talents mêlant une scène ouverte, des concerts programmés et une jam collective. Musicien·ne·s, humoristes, improvisateur·rice·s, slameur·euse·s, magicien·ne·s et artistes de cirque proposent de courtes prestations, du solo aux ensembles, avant une jam bluegrass finale. L&rsquo;ambiance est conviviale et expérimentale, favorisant les rencontres, les improvisations et les collaborations spontanées entre disciplines. Un rendez-vous vivant [&hellip;]" />
<meta property="og:url" content="https://www.coolturalia.com/fr/event/saint-jean-a-du-talent/" />
<meta property="og:site_name" content="Coolturalia" />
<meta property="og:image" content="https://www.coolturalia.com/wp-content/uploads/2024/04/favicon-coolturalia-2.png" />
	<meta property="og:image:width" content="150" />
	<meta property="og:image:height" content="150" />
	<meta property="og:image:type" content="image/png" />
<meta name="twitter:card" content="summary_large_image" />
<script type="application/ld+json" class="yoast-schema-graph">{"@context":"https:\/\/schema.org","@graph":[{"@type":"WebPage","@id":"https:\/\/www.coolturalia.com\/fr\/event\/saint-jean-a-du-talent\/","url":"https:\/\/www.coolturalia.com\/fr\/event\/saint-jean-a-du-talent\/","name":"Saint-Jean a du talent - Coolturalia","isPartOf":{"@id":"https:\/\/www.coolturalia.com\/fr\/#website"},"primaryImageOfPage":{"@id":"https:\/\/www.coolturalia.com\/fr\/event\/saint-jean-a-du-talent\/#primaryimage"},"image":{"@id":"https:\/\/www.coolturalia.com\/fr\/event\/saint-jean-a-du-talent\/#primaryimage"},"thumbnailUrl":"https:\/\/www.coolturalia.com\/wp-content\/uploads\/2026\/08\/Saint-Jean-Has-Talent.webp","datePublished":"2026-08-17T14:28:05+00:00","breadcrumb":{"@id":"https:\/\/www.coolturalia.com\/fr\/event\/saint-jean-a-du-talent\/#breadcrumb"},"inLanguage":"fr-FR","potentialAction":[{"@type":"ReadAction","target":["https:\/\/www.coolturalia.com\/fr\/event\/saint-jean-a-du-talent\/"]}]},{"@type":"ImageObject","inLanguage":"fr-FR","@id":"https:\/\/www.coolturalia.com\/fr\/event\/saint-jean-a-du-talent\/#primaryimage","url":"https:\/\/www.coolturalia.com\/wp-content\/uploads\/2026\/08\/Saint-Jean-Has-Talent.webp","contentUrl":"https:\/\/www.coolturalia.com\/wp-content\/uploads\/2026\/08\/Saint-Jean-Has-Talent.webp","width":512,"height":683,"caption":"undefined"},{"@type":"BreadcrumbList","@id":"https:\/\/www.coolturalia.com\/fr\/event\/saint-jean-a-du-talent\/#breadcrumb","itemListElement":[{"@type":"ListItem","position":1,"name":"Home","item":"https:\/\/www.coolturalia.com\/fr\/"},{"@type":"ListItem","position":2,"name":"Events","item":"https:\/\/www.coolturalia.com\/fr\/events\/"},{"@type":"ListItem","position":3,"name":"Saint-Jean a du talent"}]},{"@type":"WebSite","@id":"https:\/\/www.coolturalia.com\/fr\/#website","url":"https:\/\/www.coolturalia.com\/fr\/","name":"Coolturalia","description":"","publisher":{"@id":"https:\/\/www.coolturalia.com\/fr\/#organization"},"potentialAction":[{"@type":"SearchAction","target":{"@type":"EntryPoint","urlTemplate":"https:\/\/www.coolturalia.com\/fr\/?s={search_term_string}"},"query-input":{"@type":"PropertyValueSpecification","valueRequired":true,"valueName":"search_term_string"}}],"inLanguage":"fr-FR"},{"@type":"Organization","@id":"https:\/\/www.coolturalia.com\/fr\/#organization","name":"Coolturalia","url":"https:\/\/www.coolturalia.com\/fr\/","logo":{"@type":"ImageObject","inLanguage":"fr-FR","@id":"https:\/\/www.coolturalia.com\/fr\/#\/schema\/logo\/image\/","url":"https:\/\/www.coolturalia.com\/wp-content\/uploads\/2024\/04\/Logo-coolturalia.svg","contentUrl":"https:\/\/www.coolturalia.com\/wp-content\/uploads\/2024\/04\/Logo-coolturalia.svg","width":1312,"height":193,"caption":"Coolturalia"},"image":{"@id":"https:\/\/www.coolturalia.com\/fr\/#\/schema\/logo\/image\/"},"sameAs":["https:\/\/www.instagram.com\/coolturalia_geneva\/"]}]}</script>
<!-- / Yoast SEO plugin. -->

Soirée de talents mêlant une scène ouverte, des concerts programmés et une jam collective. Musicien·ne·s, humoristes, improvisateur·rice·s, slameur·euse·s, magicien·ne·s et artistes de cirque proposent de courtes prestations, du solo aux ensembles, avant une jam bluegrass finale. L&rsquo;ambiance est conviviale et expérimentale, favorisant les rencontres, les improvisations et les collaborations spontanées entre disciplines. Un rendez-vous vivant [&hellip;]
