{"id":196270,"date":"2026-07-22T14:34:11","date_gmt":"2026-07-22T12:34:11","guid":{"rendered":"https:\/\/www.coolturalia.com\/event\/festival-alternatiba-2\/"},"modified":"2026-07-22T14:34:11","modified_gmt":"2026-07-22T12:34:11","slug":"festival-alternatiba-2","status":"publish","type":"event","link":"https:\/\/www.coolturalia.com\/fr\/event\/festival-alternatiba-2\/","title":{"rendered":"Festival Alternatiba"},"content":{"rendered":"<p>Le festival Alternatiba rassemble les personnes autour d&rsquo;initiatives locales pour le climat et la solidarit\u00e9, avec des ateliers, des tables rondes et un village des actions. Pendant plusieurs jours, habitants, associations et militant\u00b7e\u00b7s se retrouvent pour partager des comp\u00e9tences, d\u00e9battre de solutions et construire des projets collectifs. Les ateliers proposent des apprentissages pratiques, les tables rondes favorisent le dialogue interg\u00e9n\u00e9rationnel et le village met en lumi\u00e8re des actions locales pour agir ensemble au service d&rsquo;un territoire plus durable et solidaire.<\/p>\n","protected":false},"excerpt":{"rendered":"<p>Le festival Alternatiba rassemble les personnes autour d&rsquo;initiatives locales pour le climat et la solidarit\u00e9, avec des ateliers, des tables rondes et un village des actions. Pendant plusieurs jours, habitants, associations et militant\u00b7e\u00b7s se retrouvent pour partager des comp\u00e9tences, d\u00e9battre de solutions et construire des projets collectifs. Les ateliers proposent des apprentissages pratiques, les tables [&hellip;]<\/p>\n","protected":false},"featured_media":196268,"parent":0,"menu_order":0,"template":"","format":"standard","meta":{"_acf_changed":false,"footnotes":""},"tags":[],"event-category":[454],"event-venue":[981],"class_list":["post-196270","event","type-event","status-publish","format-standard","has-post-thumbnail","hentry","event-category-communaute","event-venue-plusieurs-lieux"],"acf":{"price":"","date":"31 ao\u00fbt - 5 septembre","start_date":"2026-08-31 10:00:00","end_date":"2026-09-05 18:00:00","website_link":"https:\/\/alternatibaleman.org\/","link_buy_tickets":"","highlighted":false,"photo_credit":"","timings":[{"timing_start_date":"2026-08-31 10:00:00","timing_end_date":"2026-08-31 18:00:00"},{"timing_start_date":"2026-09-01 10:00:00","timing_end_date":"2026-09-01 18:00:00"},{"timing_start_date":"2026-09-02 10:00:00","timing_end_date":"2026-09-02 18:00:00"},{"timing_start_date":"2026-09-03 10:00:00","timing_end_date":"2026-09-03 18:00:00"},{"timing_start_date":"2026-09-04 10:00:00","timing_end_date":"2026-09-04 18:00:00"},{"timing_start_date":"2026-09-05 10:00:00","timing_end_date":"2026-09-05 18:00:00"}],"external_id":""},"yoast_head":"<!-- This site is optimized with the Yoast SEO plugin v28.3 - https:\/\/yoast.com\/product\/yoast-seo-wordpress\/ -->\n<title>Festival Alternatiba - Coolturalia<\/title>\n<meta name=\"robots\" content=\"index, follow, max-snippet:-1, max-image-preview:large, max-video-preview:-1\" \/>\n<link rel=\"canonical\" href=\"https:\/\/www.coolturalia.com\/fr\/event\/festival-alternatiba-2\/\" \/>\n<meta property=\"og:locale\" content=\"fr_FR\" \/>\n<meta property=\"og:type\" content=\"article\" \/>\n<meta property=\"og:title\" content=\"Festival Alternatiba - Coolturalia\" \/>\n<meta property=\"og:description\" content=\"Le festival Alternatiba rassemble les personnes autour d&rsquo;initiatives locales pour le climat et la solidarit\u00e9, avec des ateliers, des tables rondes et un village des actions. Pendant plusieurs jours, habitants, associations et militant\u00b7e\u00b7s se retrouvent pour partager des comp\u00e9tences, d\u00e9battre de solutions et construire des projets collectifs. Les ateliers proposent des apprentissages pratiques, les tables [&hellip;]\" \/>\n<meta property=\"og:url\" content=\"https:\/\/www.coolturalia.com\/fr\/event\/festival-alternatiba-2\/\" \/>\n<meta property=\"og:site_name\" content=\"Coolturalia\" \/>\n<meta property=\"og:image\" content=\"https:\/\/www.coolturalia.com\/wp-content\/uploads\/2024\/04\/favicon-coolturalia-2.png\" \/>\n\t<meta property=\"og:image:width\" content=\"150\" \/>\n\t<meta property=\"og:image:height\" content=\"150\" \/>\n\t<meta property=\"og:image:type\" content=\"image\/png\" \/>\n<meta name=\"twitter:card\" content=\"summary_large_image\" \/>\n<script type=\"application\/ld+json\" class=\"yoast-schema-graph\">{\"@context\":\"https:\\\/\\\/schema.org\",\"@graph\":[{\"@type\":\"WebPage\",\"@id\":\"https:\\\/\\\/www.coolturalia.com\\\/fr\\\/event\\\/festival-alternatiba-2\\\/\",\"url\":\"https:\\\/\\\/www.coolturalia.com\\\/fr\\\/event\\\/festival-alternatiba-2\\\/\",\"name\":\"Festival Alternatiba - Coolturalia\",\"isPartOf\":{\"@id\":\"https:\\\/\\\/www.coolturalia.com\\\/fr\\\/#website\"},\"primaryImageOfPage\":{\"@id\":\"https:\\\/\\\/www.coolturalia.com\\\/fr\\\/event\\\/festival-alternatiba-2\\\/#primaryimage\"},\"image\":{\"@id\":\"https:\\\/\\\/www.coolturalia.com\\\/fr\\\/event\\\/festival-alternatiba-2\\\/#primaryimage\"},\"thumbnailUrl\":\"https:\\\/\\\/www.coolturalia.com\\\/wp-content\\\/uploads\\\/2026\\\/07\\\/Festival-Alternatiba.webp\",\"datePublished\":\"2026-07-22T12:34:11+00:00\",\"breadcrumb\":{\"@id\":\"https:\\\/\\\/www.coolturalia.com\\\/fr\\\/event\\\/festival-alternatiba-2\\\/#breadcrumb\"},\"inLanguage\":\"fr-FR\",\"potentialAction\":[{\"@type\":\"ReadAction\",\"target\":[\"https:\\\/\\\/www.coolturalia.com\\\/fr\\\/event\\\/festival-alternatiba-2\\\/\"]}]},{\"@type\":\"ImageObject\",\"inLanguage\":\"fr-FR\",\"@id\":\"https:\\\/\\\/www.coolturalia.com\\\/fr\\\/event\\\/festival-alternatiba-2\\\/#primaryimage\",\"url\":\"https:\\\/\\\/www.coolturalia.com\\\/wp-content\\\/uploads\\\/2026\\\/07\\\/Festival-Alternatiba.webp\",\"contentUrl\":\"https:\\\/\\\/www.coolturalia.com\\\/wp-content\\\/uploads\\\/2026\\\/07\\\/Festival-Alternatiba.webp\",\"width\":447,\"height\":447,\"caption\":\"undefined\"},{\"@type\":\"BreadcrumbList\",\"@id\":\"https:\\\/\\\/www.coolturalia.com\\\/fr\\\/event\\\/festival-alternatiba-2\\\/#breadcrumb\",\"itemListElement\":[{\"@type\":\"ListItem\",\"position\":1,\"name\":\"Home\",\"item\":\"https:\\\/\\\/www.coolturalia.com\\\/fr\\\/\"},{\"@type\":\"ListItem\",\"position\":2,\"name\":\"Events\",\"item\":\"https:\\\/\\\/www.coolturalia.com\\\/fr\\\/events\\\/\"},{\"@type\":\"ListItem\",\"position\":3,\"name\":\"Festival Alternatiba\"}]},{\"@type\":\"WebSite\",\"@id\":\"https:\\\/\\\/www.coolturalia.com\\\/fr\\\/#website\",\"url\":\"https:\\\/\\\/www.coolturalia.com\\\/fr\\\/\",\"name\":\"Coolturalia\",\"description\":\"\",\"publisher\":{\"@id\":\"https:\\\/\\\/www.coolturalia.com\\\/fr\\\/#organization\"},\"potentialAction\":[{\"@type\":\"SearchAction\",\"target\":{\"@type\":\"EntryPoint\",\"urlTemplate\":\"https:\\\/\\\/www.coolturalia.com\\\/fr\\\/?s={search_term_string}\"},\"query-input\":{\"@type\":\"PropertyValueSpecification\",\"valueRequired\":true,\"valueName\":\"search_term_string\"}}],\"inLanguage\":\"fr-FR\"},{\"@type\":\"Organization\",\"@id\":\"https:\\\/\\\/www.coolturalia.com\\\/fr\\\/#organization\",\"name\":\"Coolturalia\",\"url\":\"https:\\\/\\\/www.coolturalia.com\\\/fr\\\/\",\"logo\":{\"@type\":\"ImageObject\",\"inLanguage\":\"fr-FR\",\"@id\":\"https:\\\/\\\/www.coolturalia.com\\\/fr\\\/#\\\/schema\\\/logo\\\/image\\\/\",\"url\":\"https:\\\/\\\/www.coolturalia.com\\\/wp-content\\\/uploads\\\/2024\\\/04\\\/Logo-coolturalia.svg\",\"contentUrl\":\"https:\\\/\\\/www.coolturalia.com\\\/wp-content\\\/uploads\\\/2024\\\/04\\\/Logo-coolturalia.svg\",\"width\":1312,\"height\":193,\"caption\":\"Coolturalia\"},\"image\":{\"@id\":\"https:\\\/\\\/www.coolturalia.com\\\/fr\\\/#\\\/schema\\\/logo\\\/image\\\/\"},\"sameAs\":[\"https:\\\/\\\/www.instagram.com\\\/coolturalia_geneva\\\/\"]}]}<\/script>\n<!-- \/ Yoast SEO plugin. -->","yoast_head_json":{"title":"Festival Alternatiba - Coolturalia","robots":{"index":"index","follow":"follow","max-snippet":"max-snippet:-1","max-image-preview":"max-image-preview:large","max-video-preview":"max-video-preview:-1"},"canonical":"https:\/\/www.coolturalia.com\/fr\/event\/festival-alternatiba-2\/","og_locale":"fr_FR","og_type":"article","og_title":"Festival Alternatiba - Coolturalia","og_description":"Le festival Alternatiba rassemble les personnes autour d&rsquo;initiatives locales pour le climat et la solidarit\u00e9, avec des ateliers, des tables rondes et un village des actions. Pendant plusieurs jours, habitants, associations et militant\u00b7e\u00b7s se retrouvent pour partager des comp\u00e9tences, d\u00e9battre de solutions et construire des projets collectifs. Les ateliers proposent des apprentissages pratiques, les tables [&hellip;]","og_url":"https:\/\/www.coolturalia.com\/fr\/event\/festival-alternatiba-2\/","og_site_name":"Coolturalia","og_image":[{"width":150,"height":150,"url":"https:\/\/www.coolturalia.com\/wp-content\/uploads\/2024\/04\/favicon-coolturalia-2.png","type":"image\/png"}],"twitter_card":"summary_large_image","schema":{"@context":"https:\/\/schema.org","@graph":[{"@type":"WebPage","@id":"https:\/\/www.coolturalia.com\/fr\/event\/festival-alternatiba-2\/","url":"https:\/\/www.coolturalia.com\/fr\/event\/festival-alternatiba-2\/","name":"Festival Alternatiba - Coolturalia","isPartOf":{"@id":"https:\/\/www.coolturalia.com\/fr\/#website"},"primaryImageOfPage":{"@id":"https:\/\/www.coolturalia.com\/fr\/event\/festival-alternatiba-2\/#primaryimage"},"image":{"@id":"https:\/\/www.coolturalia.com\/fr\/event\/festival-alternatiba-2\/#primaryimage"},"thumbnailUrl":"https:\/\/www.coolturalia.com\/wp-content\/uploads\/2026\/07\/Festival-Alternatiba.webp","datePublished":"2026-07-22T12:34:11+00:00","breadcrumb":{"@id":"https:\/\/www.coolturalia.com\/fr\/event\/festival-alternatiba-2\/#breadcrumb"},"inLanguage":"fr-FR","potentialAction":[{"@type":"ReadAction","target":["https:\/\/www.coolturalia.com\/fr\/event\/festival-alternatiba-2\/"]}]},{"@type":"ImageObject","inLanguage":"fr-FR","@id":"https:\/\/www.coolturalia.com\/fr\/event\/festival-alternatiba-2\/#primaryimage","url":"https:\/\/www.coolturalia.com\/wp-content\/uploads\/2026\/07\/Festival-Alternatiba.webp","contentUrl":"https:\/\/www.coolturalia.com\/wp-content\/uploads\/2026\/07\/Festival-Alternatiba.webp","width":447,"height":447,"caption":"undefined"},{"@type":"BreadcrumbList","@id":"https:\/\/www.coolturalia.com\/fr\/event\/festival-alternatiba-2\/#breadcrumb","itemListElement":[{"@type":"ListItem","position":1,"name":"Home","item":"https:\/\/www.coolturalia.com\/fr\/"},{"@type":"ListItem","position":2,"name":"Events","item":"https:\/\/www.coolturalia.com\/fr\/events\/"},{"@type":"ListItem","position":3,"name":"Festival Alternatiba"}]},{"@type":"WebSite","@id":"https:\/\/www.coolturalia.com\/fr\/#website","url":"https:\/\/www.coolturalia.com\/fr\/","name":"Coolturalia","description":"","publisher":{"@id":"https:\/\/www.coolturalia.com\/fr\/#organization"},"potentialAction":[{"@type":"SearchAction","target":{"@type":"EntryPoint","urlTemplate":"https:\/\/www.coolturalia.com\/fr\/?s={search_term_string}"},"query-input":{"@type":"PropertyValueSpecification","valueRequired":true,"valueName":"search_term_string"}}],"inLanguage":"fr-FR"},{"@type":"Organization","@id":"https:\/\/www.coolturalia.com\/fr\/#organization","name":"Coolturalia","url":"https:\/\/www.coolturalia.com\/fr\/","logo":{"@type":"ImageObject","inLanguage":"fr-FR","@id":"https:\/\/www.coolturalia.com\/fr\/#\/schema\/logo\/image\/","url":"https:\/\/www.coolturalia.com\/wp-content\/uploads\/2024\/04\/Logo-coolturalia.svg","contentUrl":"https:\/\/www.coolturalia.com\/wp-content\/uploads\/2024\/04\/Logo-coolturalia.svg","width":1312,"height":193,"caption":"Coolturalia"},"image":{"@id":"https:\/\/www.coolturalia.com\/fr\/#\/schema\/logo\/image\/"},"sameAs":["https:\/\/www.instagram.com\/coolturalia_geneva\/"]}]}},"translations":{"translations":{"en":"196269","fr":"196270"},"language":{"code":"fr"},"date":{"dateRange":"31 ao\u00fbt - 5 septembre"}},"language":{"code":"fr"},"_links":{"self":[{"href":"https:\/\/www.coolturalia.com\/fr\/wp-json\/wp\/v2\/event\/196270","targetHints":{"allow":["GET"]}}],"collection":[{"href":"https:\/\/www.coolturalia.com\/fr\/wp-json\/wp\/v2\/event"}],"about":[{"href":"https:\/\/www.coolturalia.com\/fr\/wp-json\/wp\/v2\/types\/event"}],"version-history":[{"count":0,"href":"https:\/\/www.coolturalia.com\/fr\/wp-json\/wp\/v2\/event\/196270\/revisions"}],"wp:featuredmedia":[{"embeddable":true,"href":"https:\/\/www.coolturalia.com\/fr\/wp-json\/wp\/v2\/media\/196268"}],"wp:attachment":[{"href":"https:\/\/www.coolturalia.com\/fr\/wp-json\/wp\/v2\/media?parent=196270"}],"wp:term":[{"taxonomy":"post_tag","embeddable":true,"href":"https:\/\/www.coolturalia.com\/fr\/wp-json\/wp\/v2\/tags?post=196270"},{"taxonomy":"event-category","embeddable":true,"href":"https:\/\/www.coolturalia.com\/fr\/wp-json\/wp\/v2\/event-category?post=196270"},{"taxonomy":"event-venue","embeddable":true,"href":"https:\/\/www.coolturalia.com\/fr\/wp-json\/wp\/v2\/event-venue?post=196270"}],"curies":[{"name":"wp","href":"https:\/\/api.w.org\/{rel}","templated":true}]}}

<p>Le festival Alternatiba rassemble les personnes autour d&rsquo;initiatives locales pour le climat et la solidarité, avec des ateliers, des tables rondes et un village des actions. Pendant plusieurs jours, habitants, associations et militant·e·s se retrouvent pour partager des compétences, débattre de solutions et construire des projets collectifs. Les ateliers proposent des apprentissages pratiques, les tables rondes favorisent le dialogue intergénérationnel et le village met en lumière des actions locales pour agir ensemble au service d&rsquo;un territoire plus durable et solidaire.</p>

<p>Le festival Alternatiba rassemble les personnes autour d&rsquo;initiatives locales pour le climat et la solidarité, avec des ateliers, des tables rondes et un village des actions. Pendant plusieurs jours, habitants, associations et militant·e·s se retrouvent pour partager des compétences, débattre de solutions et construire des projets collectifs. Les ateliers proposent des apprentissages pratiques, les tables [&hellip;]</p>

31 août - 5 septembre

<!-- This site is optimized with the Yoast SEO plugin v28.3 - https://yoast.com/product/yoast-seo-wordpress/ -->
<title>Festival Alternatiba - Coolturalia</title>
<meta name="robots" content="index, follow, max-snippet:-1, max-image-preview:large, max-video-preview:-1" />
<link rel="canonical" href="https://www.coolturalia.com/fr/event/festival-alternatiba-2/" />
<meta property="og:locale" content="fr_FR" />
<meta property="og:type" content="article" />
<meta property="og:title" content="Festival Alternatiba - Coolturalia" />
<meta property="og:description" content="Le festival Alternatiba rassemble les personnes autour d&rsquo;initiatives locales pour le climat et la solidarité, avec des ateliers, des tables rondes et un village des actions. Pendant plusieurs jours, habitants, associations et militant·e·s se retrouvent pour partager des compétences, débattre de solutions et construire des projets collectifs. Les ateliers proposent des apprentissages pratiques, les tables [&hellip;]" />
<meta property="og:url" content="https://www.coolturalia.com/fr/event/festival-alternatiba-2/" />
<meta property="og:site_name" content="Coolturalia" />
<meta property="og:image" content="https://www.coolturalia.com/wp-content/uploads/2024/04/favicon-coolturalia-2.png" />
	<meta property="og:image:width" content="150" />
	<meta property="og:image:height" content="150" />
	<meta property="og:image:type" content="image/png" />
<meta name="twitter:card" content="summary_large_image" />
<script type="application/ld+json" class="yoast-schema-graph">{"@context":"https:\/\/schema.org","@graph":[{"@type":"WebPage","@id":"https:\/\/www.coolturalia.com\/fr\/event\/festival-alternatiba-2\/","url":"https:\/\/www.coolturalia.com\/fr\/event\/festival-alternatiba-2\/","name":"Festival Alternatiba - Coolturalia","isPartOf":{"@id":"https:\/\/www.coolturalia.com\/fr\/#website"},"primaryImageOfPage":{"@id":"https:\/\/www.coolturalia.com\/fr\/event\/festival-alternatiba-2\/#primaryimage"},"image":{"@id":"https:\/\/www.coolturalia.com\/fr\/event\/festival-alternatiba-2\/#primaryimage"},"thumbnailUrl":"https:\/\/www.coolturalia.com\/wp-content\/uploads\/2026\/07\/Festival-Alternatiba.webp","datePublished":"2026-07-22T12:34:11+00:00","breadcrumb":{"@id":"https:\/\/www.coolturalia.com\/fr\/event\/festival-alternatiba-2\/#breadcrumb"},"inLanguage":"fr-FR","potentialAction":[{"@type":"ReadAction","target":["https:\/\/www.coolturalia.com\/fr\/event\/festival-alternatiba-2\/"]}]},{"@type":"ImageObject","inLanguage":"fr-FR","@id":"https:\/\/www.coolturalia.com\/fr\/event\/festival-alternatiba-2\/#primaryimage","url":"https:\/\/www.coolturalia.com\/wp-content\/uploads\/2026\/07\/Festival-Alternatiba.webp","contentUrl":"https:\/\/www.coolturalia.com\/wp-content\/uploads\/2026\/07\/Festival-Alternatiba.webp","width":447,"height":447,"caption":"undefined"},{"@type":"BreadcrumbList","@id":"https:\/\/www.coolturalia.com\/fr\/event\/festival-alternatiba-2\/#breadcrumb","itemListElement":[{"@type":"ListItem","position":1,"name":"Home","item":"https:\/\/www.coolturalia.com\/fr\/"},{"@type":"ListItem","position":2,"name":"Events","item":"https:\/\/www.coolturalia.com\/fr\/events\/"},{"@type":"ListItem","position":3,"name":"Festival Alternatiba"}]},{"@type":"WebSite","@id":"https:\/\/www.coolturalia.com\/fr\/#website","url":"https:\/\/www.coolturalia.com\/fr\/","name":"Coolturalia","description":"","publisher":{"@id":"https:\/\/www.coolturalia.com\/fr\/#organization"},"potentialAction":[{"@type":"SearchAction","target":{"@type":"EntryPoint","urlTemplate":"https:\/\/www.coolturalia.com\/fr\/?s={search_term_string}"},"query-input":{"@type":"PropertyValueSpecification","valueRequired":true,"valueName":"search_term_string"}}],"inLanguage":"fr-FR"},{"@type":"Organization","@id":"https:\/\/www.coolturalia.com\/fr\/#organization","name":"Coolturalia","url":"https:\/\/www.coolturalia.com\/fr\/","logo":{"@type":"ImageObject","inLanguage":"fr-FR","@id":"https:\/\/www.coolturalia.com\/fr\/#\/schema\/logo\/image\/","url":"https:\/\/www.coolturalia.com\/wp-content\/uploads\/2024\/04\/Logo-coolturalia.svg","contentUrl":"https:\/\/www.coolturalia.com\/wp-content\/uploads\/2024\/04\/Logo-coolturalia.svg","width":1312,"height":193,"caption":"Coolturalia"},"image":{"@id":"https:\/\/www.coolturalia.com\/fr\/#\/schema\/logo\/image\/"},"sameAs":["https:\/\/www.instagram.com\/coolturalia_geneva\/"]}]}</script>
<!-- / Yoast SEO plugin. -->

Le festival Alternatiba rassemble les personnes autour d&rsquo;initiatives locales pour le climat et la solidarité, avec des ateliers, des tables rondes et un village des actions. Pendant plusieurs jours, habitants, associations et militant·e·s se retrouvent pour partager des compétences, débattre de solutions et construire des projets collectifs. Les ateliers proposent des apprentissages pratiques, les tables [&hellip;]
