{"id":188931,"date":"2026-05-01T22:13:12","date_gmt":"2026-05-01T21:13:12","guid":{"rendered":"https:\/\/www.coolturalia.com\/event\/le-feuillu-2\/"},"modified":"2026-05-01T22:18:42","modified_gmt":"2026-05-01T21:18:42","slug":"le-feuillu-2","status":"publish","type":"event","link":"https:\/\/www.coolturalia.com\/fr\/event\/le-feuillu-2\/","title":{"rendered":"Le Feuillu"},"content":{"rendered":"<p>Le premier samedi ou dimanche de mai, le Feuillu (F\u00eate du Feuillage) marque le retour du printemps \u00e0 Gen\u00e8ve.<\/p>\n<p>Cette f\u00eate populaire, connue dans de nombreuses communes du canton (Avusy, Bardonnex, Cartigny, Confignon, Onex, Perly, Plan-les-Ouates), trouve probablement ses racines dans une tradition pa\u00efenne d&rsquo;origine celtique \u2014 d&rsquo;o\u00f9 la pr\u00e9sence de divers rites apparent\u00e9s \u00e0 travers l&rsquo;Europe.<\/p>\n<p>Elle consiste le plus souvent en des processions d&rsquo;enfants portant des couronnes de feuilles, qui d\u00e9filent dans leur commune en ponctuant leur parcours de chants et de danses.<\/p>\n<p><strong>Onex : D\u00e9fil\u00e9 fleuri <\/strong><br \/>\n<strong>Bardonnex : Cort\u00e8ges \u00e0 Landecy et Saconnex-d\u2019Arve <\/strong><br \/>\n<strong>Bernex : Festivit\u00e9s \u00e0 Cressy<\/strong><\/p>\n","protected":false},"excerpt":{"rendered":"<p>Le premier samedi ou dimanche de mai, le Feuillu (F\u00eate du Feuillage) marque le retour du printemps \u00e0 Gen\u00e8ve. Cette f\u00eate populaire, connue dans de nombreuses communes du canton (Avusy, Bardonnex, Cartigny, Confignon, Onex, Perly, Plan-les-Ouates), trouve probablement ses racines dans une tradition pa\u00efenne d&rsquo;origine celtique \u2014 d&rsquo;o\u00f9 la pr\u00e9sence de divers rites apparent\u00e9s \u00e0 [&hellip;]<\/p>\n","protected":false},"featured_media":188929,"parent":0,"menu_order":0,"template":"","format":"standard","meta":{"_acf_changed":false,"footnotes":""},"tags":[],"event-category":[454,452],"event-venue":[981],"class_list":["post-188931","event","type-event","status-publish","format-standard","has-post-thumbnail","hentry","event-category-communaute","event-category-plein-air","event-venue-plusieurs-lieux"],"acf":{"price":"Gratuit","date":"Dimanche 3 mai, 19:00","start_date":"2026-05-03 21:00:00","end_date":"2026-05-03 23:00:00","website_link":"https:\/\/feuillu.ch\/accueil-1","link_buy_tickets":"","highlighted":false,"photo_credit":"DR","timings":[{"timing_start_date":"2026-05-03 21:00:00","timing_end_date":"2026-05-03 23:00:00"}],"external_id":"-1"},"yoast_head":"<!-- This site is optimized with the Yoast SEO plugin v27.5 - https:\/\/yoast.com\/product\/yoast-seo-wordpress\/ -->\n<title>Le Feuillu - Coolturalia<\/title>\n<meta name=\"robots\" content=\"index, follow, max-snippet:-1, max-image-preview:large, max-video-preview:-1\" \/>\n<link rel=\"canonical\" href=\"https:\/\/www.coolturalia.com\/fr\/event\/le-feuillu-2\/\" \/>\n<meta property=\"og:locale\" content=\"fr_FR\" \/>\n<meta property=\"og:type\" content=\"article\" \/>\n<meta property=\"og:title\" content=\"Le Feuillu - Coolturalia\" \/>\n<meta property=\"og:description\" content=\"Le premier samedi ou dimanche de mai, le Feuillu (F\u00eate du Feuillage) marque le retour du printemps \u00e0 Gen\u00e8ve. Cette f\u00eate populaire, connue dans de nombreuses communes du canton (Avusy, Bardonnex, Cartigny, Confignon, Onex, Perly, Plan-les-Ouates), trouve probablement ses racines dans une tradition pa\u00efenne d&rsquo;origine celtique \u2014 d&rsquo;o\u00f9 la pr\u00e9sence de divers rites apparent\u00e9s \u00e0 [&hellip;]\" \/>\n<meta property=\"og:url\" content=\"https:\/\/www.coolturalia.com\/fr\/event\/le-feuillu-2\/\" \/>\n<meta property=\"og:site_name\" content=\"Coolturalia\" \/>\n<meta property=\"article:modified_time\" content=\"2026-05-01T21:18:42+00:00\" \/>\n<meta property=\"og:image\" content=\"https:\/\/www.coolturalia.com\/wp-content\/uploads\/2026\/05\/Le-Feuillu.webp\" \/>\n\t<meta property=\"og:image:width\" content=\"1024\" \/>\n\t<meta property=\"og:image:height\" content=\"768\" \/>\n\t<meta property=\"og:image:type\" content=\"image\/webp\" \/>\n<meta name=\"twitter:card\" content=\"summary_large_image\" \/>\n<meta name=\"twitter:label1\" content=\"Dur\u00e9e de lecture estim\u00e9e\" \/>\n\t<meta name=\"twitter:data1\" content=\"1 minute\" \/>\n<script type=\"application\/ld+json\" class=\"yoast-schema-graph\">{\"@context\":\"https:\\\/\\\/schema.org\",\"@graph\":[{\"@type\":\"WebPage\",\"@id\":\"https:\\\/\\\/www.coolturalia.com\\\/fr\\\/event\\\/le-feuillu-2\\\/\",\"url\":\"https:\\\/\\\/www.coolturalia.com\\\/fr\\\/event\\\/le-feuillu-2\\\/\",\"name\":\"Le Feuillu - Coolturalia\",\"isPartOf\":{\"@id\":\"https:\\\/\\\/www.coolturalia.com\\\/fr\\\/#website\"},\"primaryImageOfPage\":{\"@id\":\"https:\\\/\\\/www.coolturalia.com\\\/fr\\\/event\\\/le-feuillu-2\\\/#primaryimage\"},\"image\":{\"@id\":\"https:\\\/\\\/www.coolturalia.com\\\/fr\\\/event\\\/le-feuillu-2\\\/#primaryimage\"},\"thumbnailUrl\":\"https:\\\/\\\/www.coolturalia.com\\\/wp-content\\\/uploads\\\/2026\\\/05\\\/Le-Feuillu.webp\",\"datePublished\":\"2026-05-01T21:13:12+00:00\",\"dateModified\":\"2026-05-01T21:18:42+00:00\",\"breadcrumb\":{\"@id\":\"https:\\\/\\\/www.coolturalia.com\\\/fr\\\/event\\\/le-feuillu-2\\\/#breadcrumb\"},\"inLanguage\":\"fr-FR\",\"potentialAction\":[{\"@type\":\"ReadAction\",\"target\":[\"https:\\\/\\\/www.coolturalia.com\\\/fr\\\/event\\\/le-feuillu-2\\\/\"]}]},{\"@type\":\"ImageObject\",\"inLanguage\":\"fr-FR\",\"@id\":\"https:\\\/\\\/www.coolturalia.com\\\/fr\\\/event\\\/le-feuillu-2\\\/#primaryimage\",\"url\":\"https:\\\/\\\/www.coolturalia.com\\\/wp-content\\\/uploads\\\/2026\\\/05\\\/Le-Feuillu.webp\",\"contentUrl\":\"https:\\\/\\\/www.coolturalia.com\\\/wp-content\\\/uploads\\\/2026\\\/05\\\/Le-Feuillu.webp\",\"width\":1024,\"height\":768,\"caption\":\"undefined\"},{\"@type\":\"BreadcrumbList\",\"@id\":\"https:\\\/\\\/www.coolturalia.com\\\/fr\\\/event\\\/le-feuillu-2\\\/#breadcrumb\",\"itemListElement\":[{\"@type\":\"ListItem\",\"position\":1,\"name\":\"Home\",\"item\":\"https:\\\/\\\/www.coolturalia.com\\\/fr\\\/\"},{\"@type\":\"ListItem\",\"position\":2,\"name\":\"Events\",\"item\":\"https:\\\/\\\/www.coolturalia.com\\\/fr\\\/events\\\/\"},{\"@type\":\"ListItem\",\"position\":3,\"name\":\"Le Feuillu\"}]},{\"@type\":\"WebSite\",\"@id\":\"https:\\\/\\\/www.coolturalia.com\\\/fr\\\/#website\",\"url\":\"https:\\\/\\\/www.coolturalia.com\\\/fr\\\/\",\"name\":\"Coolturalia\",\"description\":\"\",\"publisher\":{\"@id\":\"https:\\\/\\\/www.coolturalia.com\\\/fr\\\/#organization\"},\"potentialAction\":[{\"@type\":\"SearchAction\",\"target\":{\"@type\":\"EntryPoint\",\"urlTemplate\":\"https:\\\/\\\/www.coolturalia.com\\\/fr\\\/?s={search_term_string}\"},\"query-input\":{\"@type\":\"PropertyValueSpecification\",\"valueRequired\":true,\"valueName\":\"search_term_string\"}}],\"inLanguage\":\"fr-FR\"},{\"@type\":\"Organization\",\"@id\":\"https:\\\/\\\/www.coolturalia.com\\\/fr\\\/#organization\",\"name\":\"Coolturalia\",\"url\":\"https:\\\/\\\/www.coolturalia.com\\\/fr\\\/\",\"logo\":{\"@type\":\"ImageObject\",\"inLanguage\":\"fr-FR\",\"@id\":\"https:\\\/\\\/www.coolturalia.com\\\/fr\\\/#\\\/schema\\\/logo\\\/image\\\/\",\"url\":\"https:\\\/\\\/www.coolturalia.com\\\/wp-content\\\/uploads\\\/2024\\\/04\\\/Logo-coolturalia.svg\",\"contentUrl\":\"https:\\\/\\\/www.coolturalia.com\\\/wp-content\\\/uploads\\\/2024\\\/04\\\/Logo-coolturalia.svg\",\"width\":1312,\"height\":193,\"caption\":\"Coolturalia\"},\"image\":{\"@id\":\"https:\\\/\\\/www.coolturalia.com\\\/fr\\\/#\\\/schema\\\/logo\\\/image\\\/\"},\"sameAs\":[\"https:\\\/\\\/www.instagram.com\\\/coolturalia_geneva\\\/\"]}]}<\/script>\n<!-- \/ Yoast SEO plugin. -->","yoast_head_json":{"title":"Le Feuillu - Coolturalia","robots":{"index":"index","follow":"follow","max-snippet":"max-snippet:-1","max-image-preview":"max-image-preview:large","max-video-preview":"max-video-preview:-1"},"canonical":"https:\/\/www.coolturalia.com\/fr\/event\/le-feuillu-2\/","og_locale":"fr_FR","og_type":"article","og_title":"Le Feuillu - Coolturalia","og_description":"Le premier samedi ou dimanche de mai, le Feuillu (F\u00eate du Feuillage) marque le retour du printemps \u00e0 Gen\u00e8ve. Cette f\u00eate populaire, connue dans de nombreuses communes du canton (Avusy, Bardonnex, Cartigny, Confignon, Onex, Perly, Plan-les-Ouates), trouve probablement ses racines dans une tradition pa\u00efenne d&rsquo;origine celtique \u2014 d&rsquo;o\u00f9 la pr\u00e9sence de divers rites apparent\u00e9s \u00e0 [&hellip;]","og_url":"https:\/\/www.coolturalia.com\/fr\/event\/le-feuillu-2\/","og_site_name":"Coolturalia","article_modified_time":"2026-05-01T21:18:42+00:00","og_image":[{"width":1024,"height":768,"url":"https:\/\/www.coolturalia.com\/wp-content\/uploads\/2026\/05\/Le-Feuillu.webp","type":"image\/webp"}],"twitter_card":"summary_large_image","twitter_misc":{"Dur\u00e9e de lecture estim\u00e9e":"1 minute"},"schema":{"@context":"https:\/\/schema.org","@graph":[{"@type":"WebPage","@id":"https:\/\/www.coolturalia.com\/fr\/event\/le-feuillu-2\/","url":"https:\/\/www.coolturalia.com\/fr\/event\/le-feuillu-2\/","name":"Le Feuillu - Coolturalia","isPartOf":{"@id":"https:\/\/www.coolturalia.com\/fr\/#website"},"primaryImageOfPage":{"@id":"https:\/\/www.coolturalia.com\/fr\/event\/le-feuillu-2\/#primaryimage"},"image":{"@id":"https:\/\/www.coolturalia.com\/fr\/event\/le-feuillu-2\/#primaryimage"},"thumbnailUrl":"https:\/\/www.coolturalia.com\/wp-content\/uploads\/2026\/05\/Le-Feuillu.webp","datePublished":"2026-05-01T21:13:12+00:00","dateModified":"2026-05-01T21:18:42+00:00","breadcrumb":{"@id":"https:\/\/www.coolturalia.com\/fr\/event\/le-feuillu-2\/#breadcrumb"},"inLanguage":"fr-FR","potentialAction":[{"@type":"ReadAction","target":["https:\/\/www.coolturalia.com\/fr\/event\/le-feuillu-2\/"]}]},{"@type":"ImageObject","inLanguage":"fr-FR","@id":"https:\/\/www.coolturalia.com\/fr\/event\/le-feuillu-2\/#primaryimage","url":"https:\/\/www.coolturalia.com\/wp-content\/uploads\/2026\/05\/Le-Feuillu.webp","contentUrl":"https:\/\/www.coolturalia.com\/wp-content\/uploads\/2026\/05\/Le-Feuillu.webp","width":1024,"height":768,"caption":"undefined"},{"@type":"BreadcrumbList","@id":"https:\/\/www.coolturalia.com\/fr\/event\/le-feuillu-2\/#breadcrumb","itemListElement":[{"@type":"ListItem","position":1,"name":"Home","item":"https:\/\/www.coolturalia.com\/fr\/"},{"@type":"ListItem","position":2,"name":"Events","item":"https:\/\/www.coolturalia.com\/fr\/events\/"},{"@type":"ListItem","position":3,"name":"Le Feuillu"}]},{"@type":"WebSite","@id":"https:\/\/www.coolturalia.com\/fr\/#website","url":"https:\/\/www.coolturalia.com\/fr\/","name":"Coolturalia","description":"","publisher":{"@id":"https:\/\/www.coolturalia.com\/fr\/#organization"},"potentialAction":[{"@type":"SearchAction","target":{"@type":"EntryPoint","urlTemplate":"https:\/\/www.coolturalia.com\/fr\/?s={search_term_string}"},"query-input":{"@type":"PropertyValueSpecification","valueRequired":true,"valueName":"search_term_string"}}],"inLanguage":"fr-FR"},{"@type":"Organization","@id":"https:\/\/www.coolturalia.com\/fr\/#organization","name":"Coolturalia","url":"https:\/\/www.coolturalia.com\/fr\/","logo":{"@type":"ImageObject","inLanguage":"fr-FR","@id":"https:\/\/www.coolturalia.com\/fr\/#\/schema\/logo\/image\/","url":"https:\/\/www.coolturalia.com\/wp-content\/uploads\/2024\/04\/Logo-coolturalia.svg","contentUrl":"https:\/\/www.coolturalia.com\/wp-content\/uploads\/2024\/04\/Logo-coolturalia.svg","width":1312,"height":193,"caption":"Coolturalia"},"image":{"@id":"https:\/\/www.coolturalia.com\/fr\/#\/schema\/logo\/image\/"},"sameAs":["https:\/\/www.instagram.com\/coolturalia_geneva\/"]}]}},"translations":{"translations":{"en":"188930","fr":"188931"},"language":{"code":"fr"},"date":{"dateRange":"Dimanche 3 mai, 19:00"}},"language":{"code":"fr"},"_links":{"self":[{"href":"https:\/\/www.coolturalia.com\/fr\/wp-json\/wp\/v2\/event\/188931","targetHints":{"allow":["GET"]}}],"collection":[{"href":"https:\/\/www.coolturalia.com\/fr\/wp-json\/wp\/v2\/event"}],"about":[{"href":"https:\/\/www.coolturalia.com\/fr\/wp-json\/wp\/v2\/types\/event"}],"version-history":[{"count":2,"href":"https:\/\/www.coolturalia.com\/fr\/wp-json\/wp\/v2\/event\/188931\/revisions"}],"predecessor-version":[{"id":188936,"href":"https:\/\/www.coolturalia.com\/fr\/wp-json\/wp\/v2\/event\/188931\/revisions\/188936"}],"wp:featuredmedia":[{"embeddable":true,"href":"https:\/\/www.coolturalia.com\/fr\/wp-json\/wp\/v2\/media\/188929"}],"wp:attachment":[{"href":"https:\/\/www.coolturalia.com\/fr\/wp-json\/wp\/v2\/media?parent=188931"}],"wp:term":[{"taxonomy":"post_tag","embeddable":true,"href":"https:\/\/www.coolturalia.com\/fr\/wp-json\/wp\/v2\/tags?post=188931"},{"taxonomy":"event-category","embeddable":true,"href":"https:\/\/www.coolturalia.com\/fr\/wp-json\/wp\/v2\/event-category?post=188931"},{"taxonomy":"event-venue","embeddable":true,"href":"https:\/\/www.coolturalia.com\/fr\/wp-json\/wp\/v2\/event-venue?post=188931"}],"curies":[{"name":"wp","href":"https:\/\/api.w.org\/{rel}","templated":true}]}}

<p>Le premier samedi ou dimanche de mai, le Feuillu (Fête du Feuillage) marque le retour du printemps à Genève.</p>
<p>Cette fête populaire, connue dans de nombreuses communes du canton (Avusy, Bardonnex, Cartigny, Confignon, Onex, Perly, Plan-les-Ouates), trouve probablement ses racines dans une tradition païenne d&rsquo;origine celtique — d&rsquo;où la présence de divers rites apparentés à travers l&rsquo;Europe.</p>
<p>Elle consiste le plus souvent en des processions d&rsquo;enfants portant des couronnes de feuilles, qui défilent dans leur commune en ponctuant leur parcours de chants et de danses.</p>
<p><strong>Onex : Défilé fleuri </strong><br />
<strong>Bardonnex : Cortèges à Landecy et Saconnex-d’Arve </strong><br />
<strong>Bernex : Festivités à Cressy</strong></p>

<p>Le premier samedi ou dimanche de mai, le Feuillu (Fête du Feuillage) marque le retour du printemps à Genève. Cette fête populaire, connue dans de nombreuses communes du canton (Avusy, Bardonnex, Cartigny, Confignon, Onex, Perly, Plan-les-Ouates), trouve probablement ses racines dans une tradition païenne d&rsquo;origine celtique — d&rsquo;où la présence de divers rites apparentés à [&hellip;]</p>

<!-- This site is optimized with the Yoast SEO plugin v27.5 - https://yoast.com/product/yoast-seo-wordpress/ -->
<title>Le Feuillu - Coolturalia</title>
<meta name="robots" content="index, follow, max-snippet:-1, max-image-preview:large, max-video-preview:-1" />
<link rel="canonical" href="https://www.coolturalia.com/fr/event/le-feuillu-2/" />
<meta property="og:locale" content="fr_FR" />
<meta property="og:type" content="article" />
<meta property="og:title" content="Le Feuillu - Coolturalia" />
<meta property="og:description" content="Le premier samedi ou dimanche de mai, le Feuillu (Fête du Feuillage) marque le retour du printemps à Genève. Cette fête populaire, connue dans de nombreuses communes du canton (Avusy, Bardonnex, Cartigny, Confignon, Onex, Perly, Plan-les-Ouates), trouve probablement ses racines dans une tradition païenne d&rsquo;origine celtique — d&rsquo;où la présence de divers rites apparentés à [&hellip;]" />
<meta property="og:url" content="https://www.coolturalia.com/fr/event/le-feuillu-2/" />
<meta property="og:site_name" content="Coolturalia" />
<meta property="article:modified_time" content="2026-05-01T21:18:42+00:00" />
<meta property="og:image" content="https://www.coolturalia.com/wp-content/uploads/2026/05/Le-Feuillu.webp" />
	<meta property="og:image:width" content="1024" />
	<meta property="og:image:height" content="768" />
	<meta property="og:image:type" content="image/webp" />
<meta name="twitter:card" content="summary_large_image" />
<meta name="twitter:label1" content="Durée de lecture estimée" />
	<meta name="twitter:data1" content="1 minute" />
<script type="application/ld+json" class="yoast-schema-graph">{"@context":"https:\/\/schema.org","@graph":[{"@type":"WebPage","@id":"https:\/\/www.coolturalia.com\/fr\/event\/le-feuillu-2\/","url":"https:\/\/www.coolturalia.com\/fr\/event\/le-feuillu-2\/","name":"Le Feuillu - Coolturalia","isPartOf":{"@id":"https:\/\/www.coolturalia.com\/fr\/#website"},"primaryImageOfPage":{"@id":"https:\/\/www.coolturalia.com\/fr\/event\/le-feuillu-2\/#primaryimage"},"image":{"@id":"https:\/\/www.coolturalia.com\/fr\/event\/le-feuillu-2\/#primaryimage"},"thumbnailUrl":"https:\/\/www.coolturalia.com\/wp-content\/uploads\/2026\/05\/Le-Feuillu.webp","datePublished":"2026-05-01T21:13:12+00:00","dateModified":"2026-05-01T21:18:42+00:00","breadcrumb":{"@id":"https:\/\/www.coolturalia.com\/fr\/event\/le-feuillu-2\/#breadcrumb"},"inLanguage":"fr-FR","potentialAction":[{"@type":"ReadAction","target":["https:\/\/www.coolturalia.com\/fr\/event\/le-feuillu-2\/"]}]},{"@type":"ImageObject","inLanguage":"fr-FR","@id":"https:\/\/www.coolturalia.com\/fr\/event\/le-feuillu-2\/#primaryimage","url":"https:\/\/www.coolturalia.com\/wp-content\/uploads\/2026\/05\/Le-Feuillu.webp","contentUrl":"https:\/\/www.coolturalia.com\/wp-content\/uploads\/2026\/05\/Le-Feuillu.webp","width":1024,"height":768,"caption":"undefined"},{"@type":"BreadcrumbList","@id":"https:\/\/www.coolturalia.com\/fr\/event\/le-feuillu-2\/#breadcrumb","itemListElement":[{"@type":"ListItem","position":1,"name":"Home","item":"https:\/\/www.coolturalia.com\/fr\/"},{"@type":"ListItem","position":2,"name":"Events","item":"https:\/\/www.coolturalia.com\/fr\/events\/"},{"@type":"ListItem","position":3,"name":"Le Feuillu"}]},{"@type":"WebSite","@id":"https:\/\/www.coolturalia.com\/fr\/#website","url":"https:\/\/www.coolturalia.com\/fr\/","name":"Coolturalia","description":"","publisher":{"@id":"https:\/\/www.coolturalia.com\/fr\/#organization"},"potentialAction":[{"@type":"SearchAction","target":{"@type":"EntryPoint","urlTemplate":"https:\/\/www.coolturalia.com\/fr\/?s={search_term_string}"},"query-input":{"@type":"PropertyValueSpecification","valueRequired":true,"valueName":"search_term_string"}}],"inLanguage":"fr-FR"},{"@type":"Organization","@id":"https:\/\/www.coolturalia.com\/fr\/#organization","name":"Coolturalia","url":"https:\/\/www.coolturalia.com\/fr\/","logo":{"@type":"ImageObject","inLanguage":"fr-FR","@id":"https:\/\/www.coolturalia.com\/fr\/#\/schema\/logo\/image\/","url":"https:\/\/www.coolturalia.com\/wp-content\/uploads\/2024\/04\/Logo-coolturalia.svg","contentUrl":"https:\/\/www.coolturalia.com\/wp-content\/uploads\/2024\/04\/Logo-coolturalia.svg","width":1312,"height":193,"caption":"Coolturalia"},"image":{"@id":"https:\/\/www.coolturalia.com\/fr\/#\/schema\/logo\/image\/"},"sameAs":["https:\/\/www.instagram.com\/coolturalia_geneva\/"]}]}</script>
<!-- / Yoast SEO plugin. -->

Le premier samedi ou dimanche de mai, le Feuillu (Fête du Feuillage) marque le retour du printemps à Genève. Cette fête populaire, connue dans de nombreuses communes du canton (Avusy, Bardonnex, Cartigny, Confignon, Onex, Perly, Plan-les-Ouates), trouve probablement ses racines dans une tradition païenne d&rsquo;origine celtique — d&rsquo;où la présence de divers rites apparentés à [&hellip;]
