{"id":188838,"date":"2026-04-30T15:12:33","date_gmt":"2026-04-30T14:12:33","guid":{"rendered":"https:\/\/www.coolturalia.com\/event\/magnificat-j-s-bach-c-p-e-bach-2\/"},"modified":"2026-04-30T15:12:33","modified_gmt":"2026-04-30T14:12:33","slug":"magnificat-j-s-bach-c-p-e-bach-2","status":"publish","type":"event","link":"https:\/\/www.coolturalia.com\/fr\/event\/magnificat-j-s-bach-c-p-e-bach-2\/","title":{"rendered":"Magnificat \u2013 J.S. Bach &#038; C.P.E. Bach"},"content":{"rendered":"<p>Deux messes du Magnificat, de J.S. Bach et de C.P.E. Bach, offrent un dialogue entre styles baroques distincts. Le programme privil\u00e9gie des textures chorales lumineuses, des airs solistes intimes et une \u00e9criture instrumentale agile, alternant ch\u0153urs jubilatoires et instants de profonde introspection. Le soin apport\u00e9 \u00e0 l&rsquo;ornementation, \u00e0 l&rsquo;articulation et aux pratiques historiques r\u00e9v\u00e8le une grande clart\u00e9 expressive, plongeant l&rsquo;auditeur dans l&rsquo;univers sacr\u00e9 et \u00e9motionnel des musiques savantes des XVIIe et XVIIIe si\u00e8cles.<\/p>\n","protected":false},"excerpt":{"rendered":"<p>Deux messes du Magnificat, de J.S. Bach et de C.P.E. Bach, offrent un dialogue entre styles baroques distincts. Le programme privil\u00e9gie des textures chorales lumineuses, des airs solistes intimes et une \u00e9criture instrumentale agile, alternant ch\u0153urs jubilatoires et instants de profonde introspection. Le soin apport\u00e9 \u00e0 l&rsquo;ornementation, \u00e0 l&rsquo;articulation et aux pratiques historiques r\u00e9v\u00e8le une [&hellip;]<\/p>\n","protected":false},"featured_media":188836,"parent":0,"menu_order":0,"template":"","format":"standard","meta":{"_acf_changed":false,"footnotes":""},"tags":[996],"event-category":[444],"event-venue":[605],"class_list":["post-188838","event","type-event","status-publish","format-standard","has-post-thumbnail","hentry","tag-portrait-image","event-category-spectacles","event-venue-victoria-hall-fr"],"acf":{"price":"Sur r\u00e9servation","date":"Jeudi 21 mai, 20:00","start_date":"2026-05-21 22:00:00","end_date":"2026-05-22 00:00:00","website_link":"https:\/\/www.baroqueleman.ch\/","link_buy_tickets":"","highlighted":false,"photo_credit":"","timings":[{"timing_start_date":"2026-05-21 22:00:00","timing_end_date":"2026-05-22 00:00:00"}],"external_id":""},"yoast_head":"<!-- This site is optimized with the Yoast SEO plugin v27.5 - https:\/\/yoast.com\/product\/yoast-seo-wordpress\/ -->\n<title>Magnificat \u2013 J.S. Bach &amp; C.P.E. Bach - Coolturalia<\/title>\n<meta name=\"robots\" content=\"index, follow, max-snippet:-1, max-image-preview:large, max-video-preview:-1\" \/>\n<link rel=\"canonical\" href=\"https:\/\/www.coolturalia.com\/fr\/event\/magnificat-j-s-bach-c-p-e-bach-2\/\" \/>\n<meta property=\"og:locale\" content=\"fr_FR\" \/>\n<meta property=\"og:type\" content=\"article\" \/>\n<meta property=\"og:title\" content=\"Magnificat \u2013 J.S. Bach &amp; C.P.E. Bach - Coolturalia\" \/>\n<meta property=\"og:description\" content=\"Deux messes du Magnificat, de J.S. Bach et de C.P.E. Bach, offrent un dialogue entre styles baroques distincts. Le programme privil\u00e9gie des textures chorales lumineuses, des airs solistes intimes et une \u00e9criture instrumentale agile, alternant ch\u0153urs jubilatoires et instants de profonde introspection. Le soin apport\u00e9 \u00e0 l&rsquo;ornementation, \u00e0 l&rsquo;articulation et aux pratiques historiques r\u00e9v\u00e8le une [&hellip;]\" \/>\n<meta property=\"og:url\" content=\"https:\/\/www.coolturalia.com\/fr\/event\/magnificat-j-s-bach-c-p-e-bach-2\/\" \/>\n<meta property=\"og:site_name\" content=\"Coolturalia\" \/>\n<meta property=\"og:image\" content=\"https:\/\/www.coolturalia.com\/wp-content\/uploads\/2024\/04\/favicon-coolturalia-2.png\" \/>\n\t<meta property=\"og:image:width\" content=\"150\" \/>\n\t<meta property=\"og:image:height\" content=\"150\" \/>\n\t<meta property=\"og:image:type\" content=\"image\/png\" \/>\n<meta name=\"twitter:card\" content=\"summary_large_image\" \/>\n<script type=\"application\/ld+json\" class=\"yoast-schema-graph\">{\"@context\":\"https:\\\/\\\/schema.org\",\"@graph\":[{\"@type\":\"WebPage\",\"@id\":\"https:\\\/\\\/www.coolturalia.com\\\/fr\\\/event\\\/magnificat-j-s-bach-c-p-e-bach-2\\\/\",\"url\":\"https:\\\/\\\/www.coolturalia.com\\\/fr\\\/event\\\/magnificat-j-s-bach-c-p-e-bach-2\\\/\",\"name\":\"Magnificat \u2013 J.S. Bach & C.P.E. Bach - Coolturalia\",\"isPartOf\":{\"@id\":\"https:\\\/\\\/www.coolturalia.com\\\/fr\\\/#website\"},\"primaryImageOfPage\":{\"@id\":\"https:\\\/\\\/www.coolturalia.com\\\/fr\\\/event\\\/magnificat-j-s-bach-c-p-e-bach-2\\\/#primaryimage\"},\"image\":{\"@id\":\"https:\\\/\\\/www.coolturalia.com\\\/fr\\\/event\\\/magnificat-j-s-bach-c-p-e-bach-2\\\/#primaryimage\"},\"thumbnailUrl\":\"https:\\\/\\\/www.coolturalia.com\\\/wp-content\\\/uploads\\\/2026\\\/04\\\/Magnificat-J-S-Bach-C-P-E-Bach.webp\",\"datePublished\":\"2026-04-30T14:12:33+00:00\",\"breadcrumb\":{\"@id\":\"https:\\\/\\\/www.coolturalia.com\\\/fr\\\/event\\\/magnificat-j-s-bach-c-p-e-bach-2\\\/#breadcrumb\"},\"inLanguage\":\"fr-FR\",\"potentialAction\":[{\"@type\":\"ReadAction\",\"target\":[\"https:\\\/\\\/www.coolturalia.com\\\/fr\\\/event\\\/magnificat-j-s-bach-c-p-e-bach-2\\\/\"]}]},{\"@type\":\"ImageObject\",\"inLanguage\":\"fr-FR\",\"@id\":\"https:\\\/\\\/www.coolturalia.com\\\/fr\\\/event\\\/magnificat-j-s-bach-c-p-e-bach-2\\\/#primaryimage\",\"url\":\"https:\\\/\\\/www.coolturalia.com\\\/wp-content\\\/uploads\\\/2026\\\/04\\\/Magnificat-J-S-Bach-C-P-E-Bach.webp\",\"contentUrl\":\"https:\\\/\\\/www.coolturalia.com\\\/wp-content\\\/uploads\\\/2026\\\/04\\\/Magnificat-J-S-Bach-C-P-E-Bach.webp\",\"width\":716,\"height\":1024,\"caption\":\"undefined\"},{\"@type\":\"BreadcrumbList\",\"@id\":\"https:\\\/\\\/www.coolturalia.com\\\/fr\\\/event\\\/magnificat-j-s-bach-c-p-e-bach-2\\\/#breadcrumb\",\"itemListElement\":[{\"@type\":\"ListItem\",\"position\":1,\"name\":\"Home\",\"item\":\"https:\\\/\\\/www.coolturalia.com\\\/fr\\\/\"},{\"@type\":\"ListItem\",\"position\":2,\"name\":\"Events\",\"item\":\"https:\\\/\\\/www.coolturalia.com\\\/fr\\\/events\\\/\"},{\"@type\":\"ListItem\",\"position\":3,\"name\":\"Magnificat \u2013 J.S. Bach &#038; C.P.E. Bach\"}]},{\"@type\":\"WebSite\",\"@id\":\"https:\\\/\\\/www.coolturalia.com\\\/fr\\\/#website\",\"url\":\"https:\\\/\\\/www.coolturalia.com\\\/fr\\\/\",\"name\":\"Coolturalia\",\"description\":\"\",\"publisher\":{\"@id\":\"https:\\\/\\\/www.coolturalia.com\\\/fr\\\/#organization\"},\"potentialAction\":[{\"@type\":\"SearchAction\",\"target\":{\"@type\":\"EntryPoint\",\"urlTemplate\":\"https:\\\/\\\/www.coolturalia.com\\\/fr\\\/?s={search_term_string}\"},\"query-input\":{\"@type\":\"PropertyValueSpecification\",\"valueRequired\":true,\"valueName\":\"search_term_string\"}}],\"inLanguage\":\"fr-FR\"},{\"@type\":\"Organization\",\"@id\":\"https:\\\/\\\/www.coolturalia.com\\\/fr\\\/#organization\",\"name\":\"Coolturalia\",\"url\":\"https:\\\/\\\/www.coolturalia.com\\\/fr\\\/\",\"logo\":{\"@type\":\"ImageObject\",\"inLanguage\":\"fr-FR\",\"@id\":\"https:\\\/\\\/www.coolturalia.com\\\/fr\\\/#\\\/schema\\\/logo\\\/image\\\/\",\"url\":\"https:\\\/\\\/www.coolturalia.com\\\/wp-content\\\/uploads\\\/2024\\\/04\\\/Logo-coolturalia.svg\",\"contentUrl\":\"https:\\\/\\\/www.coolturalia.com\\\/wp-content\\\/uploads\\\/2024\\\/04\\\/Logo-coolturalia.svg\",\"width\":1312,\"height\":193,\"caption\":\"Coolturalia\"},\"image\":{\"@id\":\"https:\\\/\\\/www.coolturalia.com\\\/fr\\\/#\\\/schema\\\/logo\\\/image\\\/\"},\"sameAs\":[\"https:\\\/\\\/www.instagram.com\\\/coolturalia_geneva\\\/\"]}]}<\/script>\n<!-- \/ Yoast SEO plugin. -->","yoast_head_json":{"title":"Magnificat \u2013 J.S. Bach & C.P.E. Bach - Coolturalia","robots":{"index":"index","follow":"follow","max-snippet":"max-snippet:-1","max-image-preview":"max-image-preview:large","max-video-preview":"max-video-preview:-1"},"canonical":"https:\/\/www.coolturalia.com\/fr\/event\/magnificat-j-s-bach-c-p-e-bach-2\/","og_locale":"fr_FR","og_type":"article","og_title":"Magnificat \u2013 J.S. Bach & C.P.E. Bach - Coolturalia","og_description":"Deux messes du Magnificat, de J.S. Bach et de C.P.E. Bach, offrent un dialogue entre styles baroques distincts. Le programme privil\u00e9gie des textures chorales lumineuses, des airs solistes intimes et une \u00e9criture instrumentale agile, alternant ch\u0153urs jubilatoires et instants de profonde introspection. Le soin apport\u00e9 \u00e0 l&rsquo;ornementation, \u00e0 l&rsquo;articulation et aux pratiques historiques r\u00e9v\u00e8le une [&hellip;]","og_url":"https:\/\/www.coolturalia.com\/fr\/event\/magnificat-j-s-bach-c-p-e-bach-2\/","og_site_name":"Coolturalia","og_image":[{"width":150,"height":150,"url":"https:\/\/www.coolturalia.com\/wp-content\/uploads\/2024\/04\/favicon-coolturalia-2.png","type":"image\/png"}],"twitter_card":"summary_large_image","schema":{"@context":"https:\/\/schema.org","@graph":[{"@type":"WebPage","@id":"https:\/\/www.coolturalia.com\/fr\/event\/magnificat-j-s-bach-c-p-e-bach-2\/","url":"https:\/\/www.coolturalia.com\/fr\/event\/magnificat-j-s-bach-c-p-e-bach-2\/","name":"Magnificat \u2013 J.S. Bach & C.P.E. Bach - Coolturalia","isPartOf":{"@id":"https:\/\/www.coolturalia.com\/fr\/#website"},"primaryImageOfPage":{"@id":"https:\/\/www.coolturalia.com\/fr\/event\/magnificat-j-s-bach-c-p-e-bach-2\/#primaryimage"},"image":{"@id":"https:\/\/www.coolturalia.com\/fr\/event\/magnificat-j-s-bach-c-p-e-bach-2\/#primaryimage"},"thumbnailUrl":"https:\/\/www.coolturalia.com\/wp-content\/uploads\/2026\/04\/Magnificat-J-S-Bach-C-P-E-Bach.webp","datePublished":"2026-04-30T14:12:33+00:00","breadcrumb":{"@id":"https:\/\/www.coolturalia.com\/fr\/event\/magnificat-j-s-bach-c-p-e-bach-2\/#breadcrumb"},"inLanguage":"fr-FR","potentialAction":[{"@type":"ReadAction","target":["https:\/\/www.coolturalia.com\/fr\/event\/magnificat-j-s-bach-c-p-e-bach-2\/"]}]},{"@type":"ImageObject","inLanguage":"fr-FR","@id":"https:\/\/www.coolturalia.com\/fr\/event\/magnificat-j-s-bach-c-p-e-bach-2\/#primaryimage","url":"https:\/\/www.coolturalia.com\/wp-content\/uploads\/2026\/04\/Magnificat-J-S-Bach-C-P-E-Bach.webp","contentUrl":"https:\/\/www.coolturalia.com\/wp-content\/uploads\/2026\/04\/Magnificat-J-S-Bach-C-P-E-Bach.webp","width":716,"height":1024,"caption":"undefined"},{"@type":"BreadcrumbList","@id":"https:\/\/www.coolturalia.com\/fr\/event\/magnificat-j-s-bach-c-p-e-bach-2\/#breadcrumb","itemListElement":[{"@type":"ListItem","position":1,"name":"Home","item":"https:\/\/www.coolturalia.com\/fr\/"},{"@type":"ListItem","position":2,"name":"Events","item":"https:\/\/www.coolturalia.com\/fr\/events\/"},{"@type":"ListItem","position":3,"name":"Magnificat \u2013 J.S. Bach &#038; C.P.E. Bach"}]},{"@type":"WebSite","@id":"https:\/\/www.coolturalia.com\/fr\/#website","url":"https:\/\/www.coolturalia.com\/fr\/","name":"Coolturalia","description":"","publisher":{"@id":"https:\/\/www.coolturalia.com\/fr\/#organization"},"potentialAction":[{"@type":"SearchAction","target":{"@type":"EntryPoint","urlTemplate":"https:\/\/www.coolturalia.com\/fr\/?s={search_term_string}"},"query-input":{"@type":"PropertyValueSpecification","valueRequired":true,"valueName":"search_term_string"}}],"inLanguage":"fr-FR"},{"@type":"Organization","@id":"https:\/\/www.coolturalia.com\/fr\/#organization","name":"Coolturalia","url":"https:\/\/www.coolturalia.com\/fr\/","logo":{"@type":"ImageObject","inLanguage":"fr-FR","@id":"https:\/\/www.coolturalia.com\/fr\/#\/schema\/logo\/image\/","url":"https:\/\/www.coolturalia.com\/wp-content\/uploads\/2024\/04\/Logo-coolturalia.svg","contentUrl":"https:\/\/www.coolturalia.com\/wp-content\/uploads\/2024\/04\/Logo-coolturalia.svg","width":1312,"height":193,"caption":"Coolturalia"},"image":{"@id":"https:\/\/www.coolturalia.com\/fr\/#\/schema\/logo\/image\/"},"sameAs":["https:\/\/www.instagram.com\/coolturalia_geneva\/"]}]}},"translations":{"translations":{"en":"188837","fr":"188838"},"language":{"code":"fr"},"date":{"dateRange":"Jeudi 21 mai, 20:00"}},"language":{"code":"fr"},"_links":{"self":[{"href":"https:\/\/www.coolturalia.com\/fr\/wp-json\/wp\/v2\/event\/188838","targetHints":{"allow":["GET"]}}],"collection":[{"href":"https:\/\/www.coolturalia.com\/fr\/wp-json\/wp\/v2\/event"}],"about":[{"href":"https:\/\/www.coolturalia.com\/fr\/wp-json\/wp\/v2\/types\/event"}],"version-history":[{"count":0,"href":"https:\/\/www.coolturalia.com\/fr\/wp-json\/wp\/v2\/event\/188838\/revisions"}],"wp:featuredmedia":[{"embeddable":true,"href":"https:\/\/www.coolturalia.com\/fr\/wp-json\/wp\/v2\/media\/188836"}],"wp:attachment":[{"href":"https:\/\/www.coolturalia.com\/fr\/wp-json\/wp\/v2\/media?parent=188838"}],"wp:term":[{"taxonomy":"post_tag","embeddable":true,"href":"https:\/\/www.coolturalia.com\/fr\/wp-json\/wp\/v2\/tags?post=188838"},{"taxonomy":"event-category","embeddable":true,"href":"https:\/\/www.coolturalia.com\/fr\/wp-json\/wp\/v2\/event-category?post=188838"},{"taxonomy":"event-venue","embeddable":true,"href":"https:\/\/www.coolturalia.com\/fr\/wp-json\/wp\/v2\/event-venue?post=188838"}],"curies":[{"name":"wp","href":"https:\/\/api.w.org\/{rel}","templated":true}]}}

<p>Deux messes du Magnificat, de J.S. Bach et de C.P.E. Bach, offrent un dialogue entre styles baroques distincts. Le programme privilégie des textures chorales lumineuses, des airs solistes intimes et une écriture instrumentale agile, alternant chœurs jubilatoires et instants de profonde introspection. Le soin apporté à l&rsquo;ornementation, à l&rsquo;articulation et aux pratiques historiques révèle une grande clarté expressive, plongeant l&rsquo;auditeur dans l&rsquo;univers sacré et émotionnel des musiques savantes des XVIIe et XVIIIe siècles.</p>

<p>Deux messes du Magnificat, de J.S. Bach et de C.P.E. Bach, offrent un dialogue entre styles baroques distincts. Le programme privilégie des textures chorales lumineuses, des airs solistes intimes et une écriture instrumentale agile, alternant chœurs jubilatoires et instants de profonde introspection. Le soin apporté à l&rsquo;ornementation, à l&rsquo;articulation et aux pratiques historiques révèle une [&hellip;]</p>

Sur réservation

<!-- This site is optimized with the Yoast SEO plugin v27.5 - https://yoast.com/product/yoast-seo-wordpress/ -->
<title>Magnificat – J.S. Bach &amp; C.P.E. Bach - Coolturalia</title>
<meta name="robots" content="index, follow, max-snippet:-1, max-image-preview:large, max-video-preview:-1" />
<link rel="canonical" href="https://www.coolturalia.com/fr/event/magnificat-j-s-bach-c-p-e-bach-2/" />
<meta property="og:locale" content="fr_FR" />
<meta property="og:type" content="article" />
<meta property="og:title" content="Magnificat – J.S. Bach &amp; C.P.E. Bach - Coolturalia" />
<meta property="og:description" content="Deux messes du Magnificat, de J.S. Bach et de C.P.E. Bach, offrent un dialogue entre styles baroques distincts. Le programme privilégie des textures chorales lumineuses, des airs solistes intimes et une écriture instrumentale agile, alternant chœurs jubilatoires et instants de profonde introspection. Le soin apporté à l&rsquo;ornementation, à l&rsquo;articulation et aux pratiques historiques révèle une [&hellip;]" />
<meta property="og:url" content="https://www.coolturalia.com/fr/event/magnificat-j-s-bach-c-p-e-bach-2/" />
<meta property="og:site_name" content="Coolturalia" />
<meta property="og:image" content="https://www.coolturalia.com/wp-content/uploads/2024/04/favicon-coolturalia-2.png" />
	<meta property="og:image:width" content="150" />
	<meta property="og:image:height" content="150" />
	<meta property="og:image:type" content="image/png" />
<meta name="twitter:card" content="summary_large_image" />
<script type="application/ld+json" class="yoast-schema-graph">{"@context":"https:\/\/schema.org","@graph":[{"@type":"WebPage","@id":"https:\/\/www.coolturalia.com\/fr\/event\/magnificat-j-s-bach-c-p-e-bach-2\/","url":"https:\/\/www.coolturalia.com\/fr\/event\/magnificat-j-s-bach-c-p-e-bach-2\/","name":"Magnificat – J.S. Bach & C.P.E. Bach - Coolturalia","isPartOf":{"@id":"https:\/\/www.coolturalia.com\/fr\/#website"},"primaryImageOfPage":{"@id":"https:\/\/www.coolturalia.com\/fr\/event\/magnificat-j-s-bach-c-p-e-bach-2\/#primaryimage"},"image":{"@id":"https:\/\/www.coolturalia.com\/fr\/event\/magnificat-j-s-bach-c-p-e-bach-2\/#primaryimage"},"thumbnailUrl":"https:\/\/www.coolturalia.com\/wp-content\/uploads\/2026\/04\/Magnificat-J-S-Bach-C-P-E-Bach.webp","datePublished":"2026-04-30T14:12:33+00:00","breadcrumb":{"@id":"https:\/\/www.coolturalia.com\/fr\/event\/magnificat-j-s-bach-c-p-e-bach-2\/#breadcrumb"},"inLanguage":"fr-FR","potentialAction":[{"@type":"ReadAction","target":["https:\/\/www.coolturalia.com\/fr\/event\/magnificat-j-s-bach-c-p-e-bach-2\/"]}]},{"@type":"ImageObject","inLanguage":"fr-FR","@id":"https:\/\/www.coolturalia.com\/fr\/event\/magnificat-j-s-bach-c-p-e-bach-2\/#primaryimage","url":"https:\/\/www.coolturalia.com\/wp-content\/uploads\/2026\/04\/Magnificat-J-S-Bach-C-P-E-Bach.webp","contentUrl":"https:\/\/www.coolturalia.com\/wp-content\/uploads\/2026\/04\/Magnificat-J-S-Bach-C-P-E-Bach.webp","width":716,"height":1024,"caption":"undefined"},{"@type":"BreadcrumbList","@id":"https:\/\/www.coolturalia.com\/fr\/event\/magnificat-j-s-bach-c-p-e-bach-2\/#breadcrumb","itemListElement":[{"@type":"ListItem","position":1,"name":"Home","item":"https:\/\/www.coolturalia.com\/fr\/"},{"@type":"ListItem","position":2,"name":"Events","item":"https:\/\/www.coolturalia.com\/fr\/events\/"},{"@type":"ListItem","position":3,"name":"Magnificat – J.S. Bach &#038; C.P.E. Bach"}]},{"@type":"WebSite","@id":"https:\/\/www.coolturalia.com\/fr\/#website","url":"https:\/\/www.coolturalia.com\/fr\/","name":"Coolturalia","description":"","publisher":{"@id":"https:\/\/www.coolturalia.com\/fr\/#organization"},"potentialAction":[{"@type":"SearchAction","target":{"@type":"EntryPoint","urlTemplate":"https:\/\/www.coolturalia.com\/fr\/?s={search_term_string}"},"query-input":{"@type":"PropertyValueSpecification","valueRequired":true,"valueName":"search_term_string"}}],"inLanguage":"fr-FR"},{"@type":"Organization","@id":"https:\/\/www.coolturalia.com\/fr\/#organization","name":"Coolturalia","url":"https:\/\/www.coolturalia.com\/fr\/","logo":{"@type":"ImageObject","inLanguage":"fr-FR","@id":"https:\/\/www.coolturalia.com\/fr\/#\/schema\/logo\/image\/","url":"https:\/\/www.coolturalia.com\/wp-content\/uploads\/2024\/04\/Logo-coolturalia.svg","contentUrl":"https:\/\/www.coolturalia.com\/wp-content\/uploads\/2024\/04\/Logo-coolturalia.svg","width":1312,"height":193,"caption":"Coolturalia"},"image":{"@id":"https:\/\/www.coolturalia.com\/fr\/#\/schema\/logo\/image\/"},"sameAs":["https:\/\/www.instagram.com\/coolturalia_geneva\/"]}]}</script>
<!-- / Yoast SEO plugin. -->

Deux messes du Magnificat, de J.S. Bach et de C.P.E. Bach, offrent un dialogue entre styles baroques distincts. Le programme privilégie des textures chorales lumineuses, des airs solistes intimes et une écriture instrumentale agile, alternant chœurs jubilatoires et instants de profonde introspection. Le soin apporté à l&rsquo;ornementation, à l&rsquo;articulation et aux pratiques historiques révèle une [&hellip;]
