{"id":188501,"date":"2026-04-28T15:46:56","date_gmt":"2026-04-28T14:46:56","guid":{"rendered":"https:\/\/www.coolturalia.com\/event\/manger-pour-penser\/"},"modified":"2026-04-28T15:46:56","modified_gmt":"2026-04-28T14:46:56","slug":"manger-pour-penser","status":"publish","type":"event","link":"https:\/\/www.coolturalia.com\/fr\/event\/manger-pour-penser\/","title":{"rendered":"Manger pour penser"},"content":{"rendered":"<p>Anim\u00e9e par la philosophe praticienne Louise Roduit, fondatrice de l\u2019association Je pense donc c\u2019est chouette, cette table commune explore comment le repas partag\u00e9 favorise le dialogue et nourrit la pens\u00e9e. Aux c\u00f4t\u00e9s des artistes L\u00e9onie Keller et Pierre Spuhler, Roduit interroge les dynamiques du pouvoir en s&rsquo;appuyant notamment sur la pens\u00e9e de Foucault. La rencontre m\u00eale r\u00e9flexion philosophique et exp\u00e9rience collective, avec une cuisine assur\u00e9e par Stephan Aebischer.<\/p>\n","protected":false},"excerpt":{"rendered":"<p>Anim\u00e9e par la philosophe praticienne Louise Roduit, fondatrice de l\u2019association Je pense donc c\u2019est chouette, cette table commune explore comment le repas partag\u00e9 favorise le dialogue et nourrit la pens\u00e9e. Aux c\u00f4t\u00e9s des artistes L\u00e9onie Keller et Pierre Spuhler, Roduit interroge les dynamiques du pouvoir en s&rsquo;appuyant notamment sur la pens\u00e9e de Foucault. La rencontre [&hellip;]<\/p>\n","protected":false},"featured_media":188499,"parent":0,"menu_order":0,"template":"","format":"standard","meta":{"_acf_changed":false,"footnotes":""},"tags":[1014],"event-category":[448],"event-venue":[612],"class_list":["post-188501","event","type-event","status-publish","format-standard","has-post-thumbnail","hentry","tag-portrait-image-fr","event-category-conferences","event-venue-theatre-du-grutli-fr"],"acf":{"price":"Sur r\u00e9servation","date":"Samedi 2 mai, 11:30","start_date":"2026-05-02 13:30:00","end_date":"2026-05-02 15:30:00","website_link":"https:\/\/grutli.ch\/spectacle\/manger-pour-penser-2","link_buy_tickets":"","highlighted":false,"photo_credit":"","timings":[{"timing_start_date":"2026-05-02 13:30:00","timing_end_date":"2026-05-02 15:30:00"}],"external_id":""},"yoast_head":"<!-- This site is optimized with the Yoast SEO plugin v27.5 - https:\/\/yoast.com\/product\/yoast-seo-wordpress\/ -->\n<title>Manger pour penser - Coolturalia<\/title>\n<meta name=\"robots\" content=\"index, follow, max-snippet:-1, max-image-preview:large, max-video-preview:-1\" \/>\n<link rel=\"canonical\" href=\"https:\/\/www.coolturalia.com\/fr\/event\/manger-pour-penser\/\" \/>\n<meta property=\"og:locale\" content=\"fr_FR\" \/>\n<meta property=\"og:type\" content=\"article\" \/>\n<meta property=\"og:title\" content=\"Manger pour penser - Coolturalia\" \/>\n<meta property=\"og:description\" content=\"Anim\u00e9e par la philosophe praticienne Louise Roduit, fondatrice de l\u2019association Je pense donc c\u2019est chouette, cette table commune explore comment le repas partag\u00e9 favorise le dialogue et nourrit la pens\u00e9e. Aux c\u00f4t\u00e9s des artistes L\u00e9onie Keller et Pierre Spuhler, Roduit interroge les dynamiques du pouvoir en s&rsquo;appuyant notamment sur la pens\u00e9e de Foucault. La rencontre [&hellip;]\" \/>\n<meta property=\"og:url\" content=\"https:\/\/www.coolturalia.com\/fr\/event\/manger-pour-penser\/\" \/>\n<meta property=\"og:site_name\" content=\"Coolturalia\" \/>\n<meta property=\"og:image\" content=\"https:\/\/www.coolturalia.com\/wp-content\/uploads\/2024\/04\/favicon-coolturalia-2.png\" \/>\n\t<meta property=\"og:image:width\" content=\"150\" \/>\n\t<meta property=\"og:image:height\" content=\"150\" \/>\n\t<meta property=\"og:image:type\" content=\"image\/png\" \/>\n<meta name=\"twitter:card\" content=\"summary_large_image\" \/>\n<script type=\"application\/ld+json\" class=\"yoast-schema-graph\">{\"@context\":\"https:\\\/\\\/schema.org\",\"@graph\":[{\"@type\":\"WebPage\",\"@id\":\"https:\\\/\\\/www.coolturalia.com\\\/fr\\\/event\\\/manger-pour-penser\\\/\",\"url\":\"https:\\\/\\\/www.coolturalia.com\\\/fr\\\/event\\\/manger-pour-penser\\\/\",\"name\":\"Manger pour penser - Coolturalia\",\"isPartOf\":{\"@id\":\"https:\\\/\\\/www.coolturalia.com\\\/fr\\\/#website\"},\"primaryImageOfPage\":{\"@id\":\"https:\\\/\\\/www.coolturalia.com\\\/fr\\\/event\\\/manger-pour-penser\\\/#primaryimage\"},\"image\":{\"@id\":\"https:\\\/\\\/www.coolturalia.com\\\/fr\\\/event\\\/manger-pour-penser\\\/#primaryimage\"},\"thumbnailUrl\":\"https:\\\/\\\/www.coolturalia.com\\\/wp-content\\\/uploads\\\/2026\\\/04\\\/Eating-to-Think.webp\",\"datePublished\":\"2026-04-28T14:46:56+00:00\",\"breadcrumb\":{\"@id\":\"https:\\\/\\\/www.coolturalia.com\\\/fr\\\/event\\\/manger-pour-penser\\\/#breadcrumb\"},\"inLanguage\":\"fr-FR\",\"potentialAction\":[{\"@type\":\"ReadAction\",\"target\":[\"https:\\\/\\\/www.coolturalia.com\\\/fr\\\/event\\\/manger-pour-penser\\\/\"]}]},{\"@type\":\"ImageObject\",\"inLanguage\":\"fr-FR\",\"@id\":\"https:\\\/\\\/www.coolturalia.com\\\/fr\\\/event\\\/manger-pour-penser\\\/#primaryimage\",\"url\":\"https:\\\/\\\/www.coolturalia.com\\\/wp-content\\\/uploads\\\/2026\\\/04\\\/Eating-to-Think.webp\",\"contentUrl\":\"https:\\\/\\\/www.coolturalia.com\\\/wp-content\\\/uploads\\\/2026\\\/04\\\/Eating-to-Think.webp\",\"width\":512,\"height\":977,\"caption\":\"undefined\"},{\"@type\":\"BreadcrumbList\",\"@id\":\"https:\\\/\\\/www.coolturalia.com\\\/fr\\\/event\\\/manger-pour-penser\\\/#breadcrumb\",\"itemListElement\":[{\"@type\":\"ListItem\",\"position\":1,\"name\":\"Home\",\"item\":\"https:\\\/\\\/www.coolturalia.com\\\/fr\\\/\"},{\"@type\":\"ListItem\",\"position\":2,\"name\":\"Events\",\"item\":\"https:\\\/\\\/www.coolturalia.com\\\/fr\\\/events\\\/\"},{\"@type\":\"ListItem\",\"position\":3,\"name\":\"Manger pour penser\"}]},{\"@type\":\"WebSite\",\"@id\":\"https:\\\/\\\/www.coolturalia.com\\\/fr\\\/#website\",\"url\":\"https:\\\/\\\/www.coolturalia.com\\\/fr\\\/\",\"name\":\"Coolturalia\",\"description\":\"\",\"publisher\":{\"@id\":\"https:\\\/\\\/www.coolturalia.com\\\/fr\\\/#organization\"},\"potentialAction\":[{\"@type\":\"SearchAction\",\"target\":{\"@type\":\"EntryPoint\",\"urlTemplate\":\"https:\\\/\\\/www.coolturalia.com\\\/fr\\\/?s={search_term_string}\"},\"query-input\":{\"@type\":\"PropertyValueSpecification\",\"valueRequired\":true,\"valueName\":\"search_term_string\"}}],\"inLanguage\":\"fr-FR\"},{\"@type\":\"Organization\",\"@id\":\"https:\\\/\\\/www.coolturalia.com\\\/fr\\\/#organization\",\"name\":\"Coolturalia\",\"url\":\"https:\\\/\\\/www.coolturalia.com\\\/fr\\\/\",\"logo\":{\"@type\":\"ImageObject\",\"inLanguage\":\"fr-FR\",\"@id\":\"https:\\\/\\\/www.coolturalia.com\\\/fr\\\/#\\\/schema\\\/logo\\\/image\\\/\",\"url\":\"https:\\\/\\\/www.coolturalia.com\\\/wp-content\\\/uploads\\\/2024\\\/04\\\/Logo-coolturalia.svg\",\"contentUrl\":\"https:\\\/\\\/www.coolturalia.com\\\/wp-content\\\/uploads\\\/2024\\\/04\\\/Logo-coolturalia.svg\",\"width\":1312,\"height\":193,\"caption\":\"Coolturalia\"},\"image\":{\"@id\":\"https:\\\/\\\/www.coolturalia.com\\\/fr\\\/#\\\/schema\\\/logo\\\/image\\\/\"},\"sameAs\":[\"https:\\\/\\\/www.instagram.com\\\/coolturalia_geneva\\\/\"]}]}<\/script>\n<!-- \/ Yoast SEO plugin. -->","yoast_head_json":{"title":"Manger pour penser - Coolturalia","robots":{"index":"index","follow":"follow","max-snippet":"max-snippet:-1","max-image-preview":"max-image-preview:large","max-video-preview":"max-video-preview:-1"},"canonical":"https:\/\/www.coolturalia.com\/fr\/event\/manger-pour-penser\/","og_locale":"fr_FR","og_type":"article","og_title":"Manger pour penser - Coolturalia","og_description":"Anim\u00e9e par la philosophe praticienne Louise Roduit, fondatrice de l\u2019association Je pense donc c\u2019est chouette, cette table commune explore comment le repas partag\u00e9 favorise le dialogue et nourrit la pens\u00e9e. Aux c\u00f4t\u00e9s des artistes L\u00e9onie Keller et Pierre Spuhler, Roduit interroge les dynamiques du pouvoir en s&rsquo;appuyant notamment sur la pens\u00e9e de Foucault. La rencontre [&hellip;]","og_url":"https:\/\/www.coolturalia.com\/fr\/event\/manger-pour-penser\/","og_site_name":"Coolturalia","og_image":[{"width":150,"height":150,"url":"https:\/\/www.coolturalia.com\/wp-content\/uploads\/2024\/04\/favicon-coolturalia-2.png","type":"image\/png"}],"twitter_card":"summary_large_image","schema":{"@context":"https:\/\/schema.org","@graph":[{"@type":"WebPage","@id":"https:\/\/www.coolturalia.com\/fr\/event\/manger-pour-penser\/","url":"https:\/\/www.coolturalia.com\/fr\/event\/manger-pour-penser\/","name":"Manger pour penser - Coolturalia","isPartOf":{"@id":"https:\/\/www.coolturalia.com\/fr\/#website"},"primaryImageOfPage":{"@id":"https:\/\/www.coolturalia.com\/fr\/event\/manger-pour-penser\/#primaryimage"},"image":{"@id":"https:\/\/www.coolturalia.com\/fr\/event\/manger-pour-penser\/#primaryimage"},"thumbnailUrl":"https:\/\/www.coolturalia.com\/wp-content\/uploads\/2026\/04\/Eating-to-Think.webp","datePublished":"2026-04-28T14:46:56+00:00","breadcrumb":{"@id":"https:\/\/www.coolturalia.com\/fr\/event\/manger-pour-penser\/#breadcrumb"},"inLanguage":"fr-FR","potentialAction":[{"@type":"ReadAction","target":["https:\/\/www.coolturalia.com\/fr\/event\/manger-pour-penser\/"]}]},{"@type":"ImageObject","inLanguage":"fr-FR","@id":"https:\/\/www.coolturalia.com\/fr\/event\/manger-pour-penser\/#primaryimage","url":"https:\/\/www.coolturalia.com\/wp-content\/uploads\/2026\/04\/Eating-to-Think.webp","contentUrl":"https:\/\/www.coolturalia.com\/wp-content\/uploads\/2026\/04\/Eating-to-Think.webp","width":512,"height":977,"caption":"undefined"},{"@type":"BreadcrumbList","@id":"https:\/\/www.coolturalia.com\/fr\/event\/manger-pour-penser\/#breadcrumb","itemListElement":[{"@type":"ListItem","position":1,"name":"Home","item":"https:\/\/www.coolturalia.com\/fr\/"},{"@type":"ListItem","position":2,"name":"Events","item":"https:\/\/www.coolturalia.com\/fr\/events\/"},{"@type":"ListItem","position":3,"name":"Manger pour penser"}]},{"@type":"WebSite","@id":"https:\/\/www.coolturalia.com\/fr\/#website","url":"https:\/\/www.coolturalia.com\/fr\/","name":"Coolturalia","description":"","publisher":{"@id":"https:\/\/www.coolturalia.com\/fr\/#organization"},"potentialAction":[{"@type":"SearchAction","target":{"@type":"EntryPoint","urlTemplate":"https:\/\/www.coolturalia.com\/fr\/?s={search_term_string}"},"query-input":{"@type":"PropertyValueSpecification","valueRequired":true,"valueName":"search_term_string"}}],"inLanguage":"fr-FR"},{"@type":"Organization","@id":"https:\/\/www.coolturalia.com\/fr\/#organization","name":"Coolturalia","url":"https:\/\/www.coolturalia.com\/fr\/","logo":{"@type":"ImageObject","inLanguage":"fr-FR","@id":"https:\/\/www.coolturalia.com\/fr\/#\/schema\/logo\/image\/","url":"https:\/\/www.coolturalia.com\/wp-content\/uploads\/2024\/04\/Logo-coolturalia.svg","contentUrl":"https:\/\/www.coolturalia.com\/wp-content\/uploads\/2024\/04\/Logo-coolturalia.svg","width":1312,"height":193,"caption":"Coolturalia"},"image":{"@id":"https:\/\/www.coolturalia.com\/fr\/#\/schema\/logo\/image\/"},"sameAs":["https:\/\/www.instagram.com\/coolturalia_geneva\/"]}]}},"translations":{"translations":{"en":"188500","fr":"188501"},"language":{"code":"fr"},"date":{"dateRange":"Samedi 2 mai, 11:30"}},"language":{"code":"fr"},"_links":{"self":[{"href":"https:\/\/www.coolturalia.com\/fr\/wp-json\/wp\/v2\/event\/188501","targetHints":{"allow":["GET"]}}],"collection":[{"href":"https:\/\/www.coolturalia.com\/fr\/wp-json\/wp\/v2\/event"}],"about":[{"href":"https:\/\/www.coolturalia.com\/fr\/wp-json\/wp\/v2\/types\/event"}],"version-history":[{"count":0,"href":"https:\/\/www.coolturalia.com\/fr\/wp-json\/wp\/v2\/event\/188501\/revisions"}],"wp:featuredmedia":[{"embeddable":true,"href":"https:\/\/www.coolturalia.com\/fr\/wp-json\/wp\/v2\/media\/188499"}],"wp:attachment":[{"href":"https:\/\/www.coolturalia.com\/fr\/wp-json\/wp\/v2\/media?parent=188501"}],"wp:term":[{"taxonomy":"post_tag","embeddable":true,"href":"https:\/\/www.coolturalia.com\/fr\/wp-json\/wp\/v2\/tags?post=188501"},{"taxonomy":"event-category","embeddable":true,"href":"https:\/\/www.coolturalia.com\/fr\/wp-json\/wp\/v2\/event-category?post=188501"},{"taxonomy":"event-venue","embeddable":true,"href":"https:\/\/www.coolturalia.com\/fr\/wp-json\/wp\/v2\/event-venue?post=188501"}],"curies":[{"name":"wp","href":"https:\/\/api.w.org\/{rel}","templated":true}]}}

<p>Animée par la philosophe praticienne Louise Roduit, fondatrice de l’association Je pense donc c’est chouette, cette table commune explore comment le repas partagé favorise le dialogue et nourrit la pensée. Aux côtés des artistes Léonie Keller et Pierre Spuhler, Roduit interroge les dynamiques du pouvoir en s&rsquo;appuyant notamment sur la pensée de Foucault. La rencontre mêle réflexion philosophique et expérience collective, avec une cuisine assurée par Stephan Aebischer.</p>

<p>Animée par la philosophe praticienne Louise Roduit, fondatrice de l’association Je pense donc c’est chouette, cette table commune explore comment le repas partagé favorise le dialogue et nourrit la pensée. Aux côtés des artistes Léonie Keller et Pierre Spuhler, Roduit interroge les dynamiques du pouvoir en s&rsquo;appuyant notamment sur la pensée de Foucault. La rencontre [&hellip;]</p>

Sur réservation

<!-- This site is optimized with the Yoast SEO plugin v27.5 - https://yoast.com/product/yoast-seo-wordpress/ -->
<title>Manger pour penser - Coolturalia</title>
<meta name="robots" content="index, follow, max-snippet:-1, max-image-preview:large, max-video-preview:-1" />
<link rel="canonical" href="https://www.coolturalia.com/fr/event/manger-pour-penser/" />
<meta property="og:locale" content="fr_FR" />
<meta property="og:type" content="article" />
<meta property="og:title" content="Manger pour penser - Coolturalia" />
<meta property="og:description" content="Animée par la philosophe praticienne Louise Roduit, fondatrice de l’association Je pense donc c’est chouette, cette table commune explore comment le repas partagé favorise le dialogue et nourrit la pensée. Aux côtés des artistes Léonie Keller et Pierre Spuhler, Roduit interroge les dynamiques du pouvoir en s&rsquo;appuyant notamment sur la pensée de Foucault. La rencontre [&hellip;]" />
<meta property="og:url" content="https://www.coolturalia.com/fr/event/manger-pour-penser/" />
<meta property="og:site_name" content="Coolturalia" />
<meta property="og:image" content="https://www.coolturalia.com/wp-content/uploads/2024/04/favicon-coolturalia-2.png" />
	<meta property="og:image:width" content="150" />
	<meta property="og:image:height" content="150" />
	<meta property="og:image:type" content="image/png" />
<meta name="twitter:card" content="summary_large_image" />
<script type="application/ld+json" class="yoast-schema-graph">{"@context":"https:\/\/schema.org","@graph":[{"@type":"WebPage","@id":"https:\/\/www.coolturalia.com\/fr\/event\/manger-pour-penser\/","url":"https:\/\/www.coolturalia.com\/fr\/event\/manger-pour-penser\/","name":"Manger pour penser - Coolturalia","isPartOf":{"@id":"https:\/\/www.coolturalia.com\/fr\/#website"},"primaryImageOfPage":{"@id":"https:\/\/www.coolturalia.com\/fr\/event\/manger-pour-penser\/#primaryimage"},"image":{"@id":"https:\/\/www.coolturalia.com\/fr\/event\/manger-pour-penser\/#primaryimage"},"thumbnailUrl":"https:\/\/www.coolturalia.com\/wp-content\/uploads\/2026\/04\/Eating-to-Think.webp","datePublished":"2026-04-28T14:46:56+00:00","breadcrumb":{"@id":"https:\/\/www.coolturalia.com\/fr\/event\/manger-pour-penser\/#breadcrumb"},"inLanguage":"fr-FR","potentialAction":[{"@type":"ReadAction","target":["https:\/\/www.coolturalia.com\/fr\/event\/manger-pour-penser\/"]}]},{"@type":"ImageObject","inLanguage":"fr-FR","@id":"https:\/\/www.coolturalia.com\/fr\/event\/manger-pour-penser\/#primaryimage","url":"https:\/\/www.coolturalia.com\/wp-content\/uploads\/2026\/04\/Eating-to-Think.webp","contentUrl":"https:\/\/www.coolturalia.com\/wp-content\/uploads\/2026\/04\/Eating-to-Think.webp","width":512,"height":977,"caption":"undefined"},{"@type":"BreadcrumbList","@id":"https:\/\/www.coolturalia.com\/fr\/event\/manger-pour-penser\/#breadcrumb","itemListElement":[{"@type":"ListItem","position":1,"name":"Home","item":"https:\/\/www.coolturalia.com\/fr\/"},{"@type":"ListItem","position":2,"name":"Events","item":"https:\/\/www.coolturalia.com\/fr\/events\/"},{"@type":"ListItem","position":3,"name":"Manger pour penser"}]},{"@type":"WebSite","@id":"https:\/\/www.coolturalia.com\/fr\/#website","url":"https:\/\/www.coolturalia.com\/fr\/","name":"Coolturalia","description":"","publisher":{"@id":"https:\/\/www.coolturalia.com\/fr\/#organization"},"potentialAction":[{"@type":"SearchAction","target":{"@type":"EntryPoint","urlTemplate":"https:\/\/www.coolturalia.com\/fr\/?s={search_term_string}"},"query-input":{"@type":"PropertyValueSpecification","valueRequired":true,"valueName":"search_term_string"}}],"inLanguage":"fr-FR"},{"@type":"Organization","@id":"https:\/\/www.coolturalia.com\/fr\/#organization","name":"Coolturalia","url":"https:\/\/www.coolturalia.com\/fr\/","logo":{"@type":"ImageObject","inLanguage":"fr-FR","@id":"https:\/\/www.coolturalia.com\/fr\/#\/schema\/logo\/image\/","url":"https:\/\/www.coolturalia.com\/wp-content\/uploads\/2024\/04\/Logo-coolturalia.svg","contentUrl":"https:\/\/www.coolturalia.com\/wp-content\/uploads\/2024\/04\/Logo-coolturalia.svg","width":1312,"height":193,"caption":"Coolturalia"},"image":{"@id":"https:\/\/www.coolturalia.com\/fr\/#\/schema\/logo\/image\/"},"sameAs":["https:\/\/www.instagram.com\/coolturalia_geneva\/"]}]}</script>
<!-- / Yoast SEO plugin. -->

Animée par la philosophe praticienne Louise Roduit, fondatrice de l’association Je pense donc c’est chouette, cette table commune explore comment le repas partagé favorise le dialogue et nourrit la pensée. Aux côtés des artistes Léonie Keller et Pierre Spuhler, Roduit interroge les dynamiques du pouvoir en s&rsquo;appuyant notamment sur la pensée de Foucault. La rencontre [&hellip;]
