{"id":188449,"date":"2026-04-28T15:17:08","date_gmt":"2026-04-28T14:17:08","guid":{"rendered":"https:\/\/www.coolturalia.com\/event\/monte-cristo-le-spectacle-musical-2\/"},"modified":"2026-04-28T15:17:08","modified_gmt":"2026-04-28T14:17:08","slug":"monte-cristo-le-spectacle-musical-2","status":"publish","type":"event","link":"https:\/\/www.coolturalia.com\/fr\/event\/monte-cristo-le-spectacle-musical-2\/","title":{"rendered":"Monte-Cristo \u2014 Le spectacle musical"},"content":{"rendered":"<p>Mis en sc\u00e8ne par Alexandre Faitrouni, Monte-Cristo \u2013 le spectacle musical propose une adaptation lyrique d&rsquo;Alexandre Dumas o\u00f9 sc\u00e9nographie grandiose et m\u00e9lodies \u00e9mouvantes se conjuguent. St\u00e9phane Laporte et Yann Guillon signent le texte, tandis que Beno\u00eet Poher (Kyo) et Franklin Ferrand composent les chansons, apportant une couleur contemporaine. La mise en sc\u00e8ne explore trahison, vengeance et tourments int\u00e9rieurs par des tableaux puissants et des interpr\u00e9tations incarn\u00e9es.<\/p>\n","protected":false},"excerpt":{"rendered":"<p>Mis en sc\u00e8ne par Alexandre Faitrouni, Monte-Cristo \u2013 le spectacle musical propose une adaptation lyrique d&rsquo;Alexandre Dumas o\u00f9 sc\u00e9nographie grandiose et m\u00e9lodies \u00e9mouvantes se conjuguent. St\u00e9phane Laporte et Yann Guillon signent le texte, tandis que Beno\u00eet Poher (Kyo) et Franklin Ferrand composent les chansons, apportant une couleur contemporaine. La mise en sc\u00e8ne explore trahison, vengeance [&hellip;]<\/p>\n","protected":false},"featured_media":188447,"parent":0,"menu_order":0,"template":"","format":"standard","meta":{"_acf_changed":false,"footnotes":""},"tags":[996],"event-category":[444],"event-venue":[582],"class_list":["post-188449","event","type-event","status-publish","format-standard","has-post-thumbnail","hentry","tag-portrait-image","event-category-spectacles","event-venue-arena-fr"],"acf":{"price":"Sur r\u00e9servation","date":"Samedi 14 novembre, 15:00 et 20:30","start_date":"2026-11-14 16:00:00","end_date":"2026-11-14 23:30:00","website_link":"https:\/\/www.geneva-arena.ch\/fr\/events\/monte-cristo","link_buy_tickets":"","highlighted":false,"photo_credit":"","timings":[{"timing_start_date":"2026-11-14 16:00:00","timing_end_date":"2026-11-14 18:00:00"},{"timing_start_date":"2026-11-14 21:30:00","timing_end_date":"2026-11-14 23:30:00"}],"external_id":""},"yoast_head":"<!-- This site is optimized with the Yoast SEO plugin v27.5 - https:\/\/yoast.com\/product\/yoast-seo-wordpress\/ -->\n<title>Monte-Cristo \u2014 Le spectacle musical - Coolturalia<\/title>\n<meta name=\"robots\" content=\"index, follow, max-snippet:-1, max-image-preview:large, max-video-preview:-1\" \/>\n<link rel=\"canonical\" href=\"https:\/\/www.coolturalia.com\/fr\/event\/monte-cristo-le-spectacle-musical-2\/\" \/>\n<meta property=\"og:locale\" content=\"fr_FR\" \/>\n<meta property=\"og:type\" content=\"article\" \/>\n<meta property=\"og:title\" content=\"Monte-Cristo \u2014 Le spectacle musical - Coolturalia\" \/>\n<meta property=\"og:description\" content=\"Mis en sc\u00e8ne par Alexandre Faitrouni, Monte-Cristo \u2013 le spectacle musical propose une adaptation lyrique d&rsquo;Alexandre Dumas o\u00f9 sc\u00e9nographie grandiose et m\u00e9lodies \u00e9mouvantes se conjuguent. St\u00e9phane Laporte et Yann Guillon signent le texte, tandis que Beno\u00eet Poher (Kyo) et Franklin Ferrand composent les chansons, apportant une couleur contemporaine. La mise en sc\u00e8ne explore trahison, vengeance [&hellip;]\" \/>\n<meta property=\"og:url\" content=\"https:\/\/www.coolturalia.com\/fr\/event\/monte-cristo-le-spectacle-musical-2\/\" \/>\n<meta property=\"og:site_name\" content=\"Coolturalia\" \/>\n<meta property=\"og:image\" content=\"https:\/\/www.coolturalia.com\/wp-content\/uploads\/2024\/04\/favicon-coolturalia-2.png\" \/>\n\t<meta property=\"og:image:width\" content=\"150\" \/>\n\t<meta property=\"og:image:height\" content=\"150\" \/>\n\t<meta property=\"og:image:type\" content=\"image\/png\" \/>\n<meta name=\"twitter:card\" content=\"summary_large_image\" \/>\n<script type=\"application\/ld+json\" class=\"yoast-schema-graph\">{\"@context\":\"https:\\\/\\\/schema.org\",\"@graph\":[{\"@type\":\"WebPage\",\"@id\":\"https:\\\/\\\/www.coolturalia.com\\\/fr\\\/event\\\/monte-cristo-le-spectacle-musical-2\\\/\",\"url\":\"https:\\\/\\\/www.coolturalia.com\\\/fr\\\/event\\\/monte-cristo-le-spectacle-musical-2\\\/\",\"name\":\"Monte-Cristo \u2014 Le spectacle musical - Coolturalia\",\"isPartOf\":{\"@id\":\"https:\\\/\\\/www.coolturalia.com\\\/fr\\\/#website\"},\"primaryImageOfPage\":{\"@id\":\"https:\\\/\\\/www.coolturalia.com\\\/fr\\\/event\\\/monte-cristo-le-spectacle-musical-2\\\/#primaryimage\"},\"image\":{\"@id\":\"https:\\\/\\\/www.coolturalia.com\\\/fr\\\/event\\\/monte-cristo-le-spectacle-musical-2\\\/#primaryimage\"},\"thumbnailUrl\":\"https:\\\/\\\/www.coolturalia.com\\\/wp-content\\\/uploads\\\/2026\\\/04\\\/Monte-Cristo-Le-spectacle-musical.webp\",\"datePublished\":\"2026-04-28T14:17:08+00:00\",\"breadcrumb\":{\"@id\":\"https:\\\/\\\/www.coolturalia.com\\\/fr\\\/event\\\/monte-cristo-le-spectacle-musical-2\\\/#breadcrumb\"},\"inLanguage\":\"fr-FR\",\"potentialAction\":[{\"@type\":\"ReadAction\",\"target\":[\"https:\\\/\\\/www.coolturalia.com\\\/fr\\\/event\\\/monte-cristo-le-spectacle-musical-2\\\/\"]}]},{\"@type\":\"ImageObject\",\"inLanguage\":\"fr-FR\",\"@id\":\"https:\\\/\\\/www.coolturalia.com\\\/fr\\\/event\\\/monte-cristo-le-spectacle-musical-2\\\/#primaryimage\",\"url\":\"https:\\\/\\\/www.coolturalia.com\\\/wp-content\\\/uploads\\\/2026\\\/04\\\/Monte-Cristo-Le-spectacle-musical.webp\",\"contentUrl\":\"https:\\\/\\\/www.coolturalia.com\\\/wp-content\\\/uploads\\\/2026\\\/04\\\/Monte-Cristo-Le-spectacle-musical.webp\",\"width\":312,\"height\":447,\"caption\":\"undefined\"},{\"@type\":\"BreadcrumbList\",\"@id\":\"https:\\\/\\\/www.coolturalia.com\\\/fr\\\/event\\\/monte-cristo-le-spectacle-musical-2\\\/#breadcrumb\",\"itemListElement\":[{\"@type\":\"ListItem\",\"position\":1,\"name\":\"Home\",\"item\":\"https:\\\/\\\/www.coolturalia.com\\\/fr\\\/\"},{\"@type\":\"ListItem\",\"position\":2,\"name\":\"Events\",\"item\":\"https:\\\/\\\/www.coolturalia.com\\\/fr\\\/events\\\/\"},{\"@type\":\"ListItem\",\"position\":3,\"name\":\"Monte-Cristo \u2014 Le spectacle musical\"}]},{\"@type\":\"WebSite\",\"@id\":\"https:\\\/\\\/www.coolturalia.com\\\/fr\\\/#website\",\"url\":\"https:\\\/\\\/www.coolturalia.com\\\/fr\\\/\",\"name\":\"Coolturalia\",\"description\":\"\",\"publisher\":{\"@id\":\"https:\\\/\\\/www.coolturalia.com\\\/fr\\\/#organization\"},\"potentialAction\":[{\"@type\":\"SearchAction\",\"target\":{\"@type\":\"EntryPoint\",\"urlTemplate\":\"https:\\\/\\\/www.coolturalia.com\\\/fr\\\/?s={search_term_string}\"},\"query-input\":{\"@type\":\"PropertyValueSpecification\",\"valueRequired\":true,\"valueName\":\"search_term_string\"}}],\"inLanguage\":\"fr-FR\"},{\"@type\":\"Organization\",\"@id\":\"https:\\\/\\\/www.coolturalia.com\\\/fr\\\/#organization\",\"name\":\"Coolturalia\",\"url\":\"https:\\\/\\\/www.coolturalia.com\\\/fr\\\/\",\"logo\":{\"@type\":\"ImageObject\",\"inLanguage\":\"fr-FR\",\"@id\":\"https:\\\/\\\/www.coolturalia.com\\\/fr\\\/#\\\/schema\\\/logo\\\/image\\\/\",\"url\":\"https:\\\/\\\/www.coolturalia.com\\\/wp-content\\\/uploads\\\/2024\\\/04\\\/Logo-coolturalia.svg\",\"contentUrl\":\"https:\\\/\\\/www.coolturalia.com\\\/wp-content\\\/uploads\\\/2024\\\/04\\\/Logo-coolturalia.svg\",\"width\":1312,\"height\":193,\"caption\":\"Coolturalia\"},\"image\":{\"@id\":\"https:\\\/\\\/www.coolturalia.com\\\/fr\\\/#\\\/schema\\\/logo\\\/image\\\/\"},\"sameAs\":[\"https:\\\/\\\/www.instagram.com\\\/coolturalia_geneva\\\/\"]}]}<\/script>\n<!-- \/ Yoast SEO plugin. -->","yoast_head_json":{"title":"Monte-Cristo \u2014 Le spectacle musical - Coolturalia","robots":{"index":"index","follow":"follow","max-snippet":"max-snippet:-1","max-image-preview":"max-image-preview:large","max-video-preview":"max-video-preview:-1"},"canonical":"https:\/\/www.coolturalia.com\/fr\/event\/monte-cristo-le-spectacle-musical-2\/","og_locale":"fr_FR","og_type":"article","og_title":"Monte-Cristo \u2014 Le spectacle musical - Coolturalia","og_description":"Mis en sc\u00e8ne par Alexandre Faitrouni, Monte-Cristo \u2013 le spectacle musical propose une adaptation lyrique d&rsquo;Alexandre Dumas o\u00f9 sc\u00e9nographie grandiose et m\u00e9lodies \u00e9mouvantes se conjuguent. St\u00e9phane Laporte et Yann Guillon signent le texte, tandis que Beno\u00eet Poher (Kyo) et Franklin Ferrand composent les chansons, apportant une couleur contemporaine. La mise en sc\u00e8ne explore trahison, vengeance [&hellip;]","og_url":"https:\/\/www.coolturalia.com\/fr\/event\/monte-cristo-le-spectacle-musical-2\/","og_site_name":"Coolturalia","og_image":[{"width":150,"height":150,"url":"https:\/\/www.coolturalia.com\/wp-content\/uploads\/2024\/04\/favicon-coolturalia-2.png","type":"image\/png"}],"twitter_card":"summary_large_image","schema":{"@context":"https:\/\/schema.org","@graph":[{"@type":"WebPage","@id":"https:\/\/www.coolturalia.com\/fr\/event\/monte-cristo-le-spectacle-musical-2\/","url":"https:\/\/www.coolturalia.com\/fr\/event\/monte-cristo-le-spectacle-musical-2\/","name":"Monte-Cristo \u2014 Le spectacle musical - Coolturalia","isPartOf":{"@id":"https:\/\/www.coolturalia.com\/fr\/#website"},"primaryImageOfPage":{"@id":"https:\/\/www.coolturalia.com\/fr\/event\/monte-cristo-le-spectacle-musical-2\/#primaryimage"},"image":{"@id":"https:\/\/www.coolturalia.com\/fr\/event\/monte-cristo-le-spectacle-musical-2\/#primaryimage"},"thumbnailUrl":"https:\/\/www.coolturalia.com\/wp-content\/uploads\/2026\/04\/Monte-Cristo-Le-spectacle-musical.webp","datePublished":"2026-04-28T14:17:08+00:00","breadcrumb":{"@id":"https:\/\/www.coolturalia.com\/fr\/event\/monte-cristo-le-spectacle-musical-2\/#breadcrumb"},"inLanguage":"fr-FR","potentialAction":[{"@type":"ReadAction","target":["https:\/\/www.coolturalia.com\/fr\/event\/monte-cristo-le-spectacle-musical-2\/"]}]},{"@type":"ImageObject","inLanguage":"fr-FR","@id":"https:\/\/www.coolturalia.com\/fr\/event\/monte-cristo-le-spectacle-musical-2\/#primaryimage","url":"https:\/\/www.coolturalia.com\/wp-content\/uploads\/2026\/04\/Monte-Cristo-Le-spectacle-musical.webp","contentUrl":"https:\/\/www.coolturalia.com\/wp-content\/uploads\/2026\/04\/Monte-Cristo-Le-spectacle-musical.webp","width":312,"height":447,"caption":"undefined"},{"@type":"BreadcrumbList","@id":"https:\/\/www.coolturalia.com\/fr\/event\/monte-cristo-le-spectacle-musical-2\/#breadcrumb","itemListElement":[{"@type":"ListItem","position":1,"name":"Home","item":"https:\/\/www.coolturalia.com\/fr\/"},{"@type":"ListItem","position":2,"name":"Events","item":"https:\/\/www.coolturalia.com\/fr\/events\/"},{"@type":"ListItem","position":3,"name":"Monte-Cristo \u2014 Le spectacle musical"}]},{"@type":"WebSite","@id":"https:\/\/www.coolturalia.com\/fr\/#website","url":"https:\/\/www.coolturalia.com\/fr\/","name":"Coolturalia","description":"","publisher":{"@id":"https:\/\/www.coolturalia.com\/fr\/#organization"},"potentialAction":[{"@type":"SearchAction","target":{"@type":"EntryPoint","urlTemplate":"https:\/\/www.coolturalia.com\/fr\/?s={search_term_string}"},"query-input":{"@type":"PropertyValueSpecification","valueRequired":true,"valueName":"search_term_string"}}],"inLanguage":"fr-FR"},{"@type":"Organization","@id":"https:\/\/www.coolturalia.com\/fr\/#organization","name":"Coolturalia","url":"https:\/\/www.coolturalia.com\/fr\/","logo":{"@type":"ImageObject","inLanguage":"fr-FR","@id":"https:\/\/www.coolturalia.com\/fr\/#\/schema\/logo\/image\/","url":"https:\/\/www.coolturalia.com\/wp-content\/uploads\/2024\/04\/Logo-coolturalia.svg","contentUrl":"https:\/\/www.coolturalia.com\/wp-content\/uploads\/2024\/04\/Logo-coolturalia.svg","width":1312,"height":193,"caption":"Coolturalia"},"image":{"@id":"https:\/\/www.coolturalia.com\/fr\/#\/schema\/logo\/image\/"},"sameAs":["https:\/\/www.instagram.com\/coolturalia_geneva\/"]}]}},"translations":{"translations":{"en":"188448","fr":"188449"},"language":{"code":"fr"},"date":{"dateRange":"Samedi 14 novembre, 15:00 et 20:30"}},"language":{"code":"fr"},"_links":{"self":[{"href":"https:\/\/www.coolturalia.com\/fr\/wp-json\/wp\/v2\/event\/188449","targetHints":{"allow":["GET"]}}],"collection":[{"href":"https:\/\/www.coolturalia.com\/fr\/wp-json\/wp\/v2\/event"}],"about":[{"href":"https:\/\/www.coolturalia.com\/fr\/wp-json\/wp\/v2\/types\/event"}],"version-history":[{"count":0,"href":"https:\/\/www.coolturalia.com\/fr\/wp-json\/wp\/v2\/event\/188449\/revisions"}],"wp:featuredmedia":[{"embeddable":true,"href":"https:\/\/www.coolturalia.com\/fr\/wp-json\/wp\/v2\/media\/188447"}],"wp:attachment":[{"href":"https:\/\/www.coolturalia.com\/fr\/wp-json\/wp\/v2\/media?parent=188449"}],"wp:term":[{"taxonomy":"post_tag","embeddable":true,"href":"https:\/\/www.coolturalia.com\/fr\/wp-json\/wp\/v2\/tags?post=188449"},{"taxonomy":"event-category","embeddable":true,"href":"https:\/\/www.coolturalia.com\/fr\/wp-json\/wp\/v2\/event-category?post=188449"},{"taxonomy":"event-venue","embeddable":true,"href":"https:\/\/www.coolturalia.com\/fr\/wp-json\/wp\/v2\/event-venue?post=188449"}],"curies":[{"name":"wp","href":"https:\/\/api.w.org\/{rel}","templated":true}]}}

<p>Mis en scène par Alexandre Faitrouni, Monte-Cristo – le spectacle musical propose une adaptation lyrique d&rsquo;Alexandre Dumas où scénographie grandiose et mélodies émouvantes se conjuguent. Stéphane Laporte et Yann Guillon signent le texte, tandis que Benoît Poher (Kyo) et Franklin Ferrand composent les chansons, apportant une couleur contemporaine. La mise en scène explore trahison, vengeance et tourments intérieurs par des tableaux puissants et des interprétations incarnées.</p>

<p>Mis en scène par Alexandre Faitrouni, Monte-Cristo – le spectacle musical propose une adaptation lyrique d&rsquo;Alexandre Dumas où scénographie grandiose et mélodies émouvantes se conjuguent. Stéphane Laporte et Yann Guillon signent le texte, tandis que Benoît Poher (Kyo) et Franklin Ferrand composent les chansons, apportant une couleur contemporaine. La mise en scène explore trahison, vengeance [&hellip;]</p>

Sur réservation

<!-- This site is optimized with the Yoast SEO plugin v27.5 - https://yoast.com/product/yoast-seo-wordpress/ -->
<title>Monte-Cristo — Le spectacle musical - Coolturalia</title>
<meta name="robots" content="index, follow, max-snippet:-1, max-image-preview:large, max-video-preview:-1" />
<link rel="canonical" href="https://www.coolturalia.com/fr/event/monte-cristo-le-spectacle-musical-2/" />
<meta property="og:locale" content="fr_FR" />
<meta property="og:type" content="article" />
<meta property="og:title" content="Monte-Cristo — Le spectacle musical - Coolturalia" />
<meta property="og:description" content="Mis en scène par Alexandre Faitrouni, Monte-Cristo – le spectacle musical propose une adaptation lyrique d&rsquo;Alexandre Dumas où scénographie grandiose et mélodies émouvantes se conjuguent. Stéphane Laporte et Yann Guillon signent le texte, tandis que Benoît Poher (Kyo) et Franklin Ferrand composent les chansons, apportant une couleur contemporaine. La mise en scène explore trahison, vengeance [&hellip;]" />
<meta property="og:url" content="https://www.coolturalia.com/fr/event/monte-cristo-le-spectacle-musical-2/" />
<meta property="og:site_name" content="Coolturalia" />
<meta property="og:image" content="https://www.coolturalia.com/wp-content/uploads/2024/04/favicon-coolturalia-2.png" />
	<meta property="og:image:width" content="150" />
	<meta property="og:image:height" content="150" />
	<meta property="og:image:type" content="image/png" />
<meta name="twitter:card" content="summary_large_image" />
<script type="application/ld+json" class="yoast-schema-graph">{"@context":"https:\/\/schema.org","@graph":[{"@type":"WebPage","@id":"https:\/\/www.coolturalia.com\/fr\/event\/monte-cristo-le-spectacle-musical-2\/","url":"https:\/\/www.coolturalia.com\/fr\/event\/monte-cristo-le-spectacle-musical-2\/","name":"Monte-Cristo — Le spectacle musical - Coolturalia","isPartOf":{"@id":"https:\/\/www.coolturalia.com\/fr\/#website"},"primaryImageOfPage":{"@id":"https:\/\/www.coolturalia.com\/fr\/event\/monte-cristo-le-spectacle-musical-2\/#primaryimage"},"image":{"@id":"https:\/\/www.coolturalia.com\/fr\/event\/monte-cristo-le-spectacle-musical-2\/#primaryimage"},"thumbnailUrl":"https:\/\/www.coolturalia.com\/wp-content\/uploads\/2026\/04\/Monte-Cristo-Le-spectacle-musical.webp","datePublished":"2026-04-28T14:17:08+00:00","breadcrumb":{"@id":"https:\/\/www.coolturalia.com\/fr\/event\/monte-cristo-le-spectacle-musical-2\/#breadcrumb"},"inLanguage":"fr-FR","potentialAction":[{"@type":"ReadAction","target":["https:\/\/www.coolturalia.com\/fr\/event\/monte-cristo-le-spectacle-musical-2\/"]}]},{"@type":"ImageObject","inLanguage":"fr-FR","@id":"https:\/\/www.coolturalia.com\/fr\/event\/monte-cristo-le-spectacle-musical-2\/#primaryimage","url":"https:\/\/www.coolturalia.com\/wp-content\/uploads\/2026\/04\/Monte-Cristo-Le-spectacle-musical.webp","contentUrl":"https:\/\/www.coolturalia.com\/wp-content\/uploads\/2026\/04\/Monte-Cristo-Le-spectacle-musical.webp","width":312,"height":447,"caption":"undefined"},{"@type":"BreadcrumbList","@id":"https:\/\/www.coolturalia.com\/fr\/event\/monte-cristo-le-spectacle-musical-2\/#breadcrumb","itemListElement":[{"@type":"ListItem","position":1,"name":"Home","item":"https:\/\/www.coolturalia.com\/fr\/"},{"@type":"ListItem","position":2,"name":"Events","item":"https:\/\/www.coolturalia.com\/fr\/events\/"},{"@type":"ListItem","position":3,"name":"Monte-Cristo — Le spectacle musical"}]},{"@type":"WebSite","@id":"https:\/\/www.coolturalia.com\/fr\/#website","url":"https:\/\/www.coolturalia.com\/fr\/","name":"Coolturalia","description":"","publisher":{"@id":"https:\/\/www.coolturalia.com\/fr\/#organization"},"potentialAction":[{"@type":"SearchAction","target":{"@type":"EntryPoint","urlTemplate":"https:\/\/www.coolturalia.com\/fr\/?s={search_term_string}"},"query-input":{"@type":"PropertyValueSpecification","valueRequired":true,"valueName":"search_term_string"}}],"inLanguage":"fr-FR"},{"@type":"Organization","@id":"https:\/\/www.coolturalia.com\/fr\/#organization","name":"Coolturalia","url":"https:\/\/www.coolturalia.com\/fr\/","logo":{"@type":"ImageObject","inLanguage":"fr-FR","@id":"https:\/\/www.coolturalia.com\/fr\/#\/schema\/logo\/image\/","url":"https:\/\/www.coolturalia.com\/wp-content\/uploads\/2024\/04\/Logo-coolturalia.svg","contentUrl":"https:\/\/www.coolturalia.com\/wp-content\/uploads\/2024\/04\/Logo-coolturalia.svg","width":1312,"height":193,"caption":"Coolturalia"},"image":{"@id":"https:\/\/www.coolturalia.com\/fr\/#\/schema\/logo\/image\/"},"sameAs":["https:\/\/www.instagram.com\/coolturalia_geneva\/"]}]}</script>
<!-- / Yoast SEO plugin. -->

Mis en scène par Alexandre Faitrouni, Monte-Cristo – le spectacle musical propose une adaptation lyrique d&rsquo;Alexandre Dumas où scénographie grandiose et mélodies émouvantes se conjuguent. Stéphane Laporte et Yann Guillon signent le texte, tandis que Benoît Poher (Kyo) et Franklin Ferrand composent les chansons, apportant une couleur contemporaine. La mise en scène explore trahison, vengeance [&hellip;]
