{"id":188419,"date":"2026-04-28T15:14:57","date_gmt":"2026-04-28T14:14:57","guid":{"rendered":"https:\/\/www.coolturalia.com\/event\/laura-pausini-io-canto-yo-canto-world-tour-2\/"},"modified":"2026-04-28T15:14:57","modified_gmt":"2026-04-28T14:14:57","slug":"laura-pausini-io-canto-yo-canto-world-tour-2","status":"publish","type":"event","link":"https:\/\/www.coolturalia.com\/fr\/event\/laura-pausini-io-canto-yo-canto-world-tour-2\/","title":{"rendered":"Laura Pausini \u2014 Io Canto \u2022 Yo Canto World Tour"},"content":{"rendered":"<p>Laura Pausini revient sur sc\u00e8ne pour pr\u00e9senter son nouveau single \u00ab La Mia Storia Tra Le Dita \u00bb et l&rsquo;album de reprises Io Canto 2 \/ Yo Canto 2. Sa prestation m\u00eale ballades italiennes intimes et arrangements puissants, mettant en valeur son timbre expressif et son lien avec le public. On retrouve une narration vocale riche, un groupe live et une mise en sc\u00e8ne cin\u00e9matographique qui explore la m\u00e9moire, l&rsquo;amour et la r\u00e9silience.<\/p>\n","protected":false},"excerpt":{"rendered":"<p>Laura Pausini revient sur sc\u00e8ne pour pr\u00e9senter son nouveau single \u00ab La Mia Storia Tra Le Dita \u00bb et l&rsquo;album de reprises Io Canto 2 \/ Yo Canto 2. Sa prestation m\u00eale ballades italiennes intimes et arrangements puissants, mettant en valeur son timbre expressif et son lien avec le public. On retrouve une narration vocale [&hellip;]<\/p>\n","protected":false},"featured_media":188417,"parent":0,"menu_order":0,"template":"","format":"standard","meta":{"_acf_changed":false,"footnotes":""},"tags":[996],"event-category":[444],"event-venue":[582],"class_list":["post-188419","event","type-event","status-publish","format-standard","has-post-thumbnail","hentry","tag-portrait-image","event-category-spectacles","event-venue-arena-fr"],"acf":{"price":"Sur r\u00e9servation","date":"Dimanche 1 novembre, 19:00","start_date":"2026-11-01 20:00:00","end_date":"2026-11-01 22:00:00","website_link":"https:\/\/www.geneva-arena.ch\/fr\/events\/laura-pausini-1","link_buy_tickets":"","highlighted":false,"photo_credit":"","timings":[{"timing_start_date":"2026-11-01 20:00:00","timing_end_date":"2026-11-01 22:00:00"}],"external_id":""},"yoast_head":"<!-- This site is optimized with the Yoast SEO plugin v27.5 - https:\/\/yoast.com\/product\/yoast-seo-wordpress\/ -->\n<title>Laura Pausini \u2014 Io Canto \u2022 Yo Canto World Tour - Coolturalia<\/title>\n<meta name=\"robots\" content=\"index, follow, max-snippet:-1, max-image-preview:large, max-video-preview:-1\" \/>\n<link rel=\"canonical\" href=\"https:\/\/www.coolturalia.com\/fr\/event\/laura-pausini-io-canto-yo-canto-world-tour-2\/\" \/>\n<meta property=\"og:locale\" content=\"fr_FR\" \/>\n<meta property=\"og:type\" content=\"article\" \/>\n<meta property=\"og:title\" content=\"Laura Pausini \u2014 Io Canto \u2022 Yo Canto World Tour - Coolturalia\" \/>\n<meta property=\"og:description\" content=\"Laura Pausini revient sur sc\u00e8ne pour pr\u00e9senter son nouveau single \u00ab La Mia Storia Tra Le Dita \u00bb et l&rsquo;album de reprises Io Canto 2 \/ Yo Canto 2. Sa prestation m\u00eale ballades italiennes intimes et arrangements puissants, mettant en valeur son timbre expressif et son lien avec le public. On retrouve une narration vocale [&hellip;]\" \/>\n<meta property=\"og:url\" content=\"https:\/\/www.coolturalia.com\/fr\/event\/laura-pausini-io-canto-yo-canto-world-tour-2\/\" \/>\n<meta property=\"og:site_name\" content=\"Coolturalia\" \/>\n<meta property=\"og:image\" content=\"https:\/\/www.coolturalia.com\/wp-content\/uploads\/2024\/04\/favicon-coolturalia-2.png\" \/>\n\t<meta property=\"og:image:width\" content=\"150\" \/>\n\t<meta property=\"og:image:height\" content=\"150\" \/>\n\t<meta property=\"og:image:type\" content=\"image\/png\" \/>\n<meta name=\"twitter:card\" content=\"summary_large_image\" \/>\n<script type=\"application\/ld+json\" class=\"yoast-schema-graph\">{\"@context\":\"https:\\\/\\\/schema.org\",\"@graph\":[{\"@type\":\"WebPage\",\"@id\":\"https:\\\/\\\/www.coolturalia.com\\\/fr\\\/event\\\/laura-pausini-io-canto-yo-canto-world-tour-2\\\/\",\"url\":\"https:\\\/\\\/www.coolturalia.com\\\/fr\\\/event\\\/laura-pausini-io-canto-yo-canto-world-tour-2\\\/\",\"name\":\"Laura Pausini \u2014 Io Canto \u2022 Yo Canto World Tour - Coolturalia\",\"isPartOf\":{\"@id\":\"https:\\\/\\\/www.coolturalia.com\\\/fr\\\/#website\"},\"primaryImageOfPage\":{\"@id\":\"https:\\\/\\\/www.coolturalia.com\\\/fr\\\/event\\\/laura-pausini-io-canto-yo-canto-world-tour-2\\\/#primaryimage\"},\"image\":{\"@id\":\"https:\\\/\\\/www.coolturalia.com\\\/fr\\\/event\\\/laura-pausini-io-canto-yo-canto-world-tour-2\\\/#primaryimage\"},\"thumbnailUrl\":\"https:\\\/\\\/www.coolturalia.com\\\/wp-content\\\/uploads\\\/2026\\\/04\\\/Laura-Pausini-Io-Canto-Yo-Canto-World-Tour.webp\",\"datePublished\":\"2026-04-28T14:14:57+00:00\",\"breadcrumb\":{\"@id\":\"https:\\\/\\\/www.coolturalia.com\\\/fr\\\/event\\\/laura-pausini-io-canto-yo-canto-world-tour-2\\\/#breadcrumb\"},\"inLanguage\":\"fr-FR\",\"potentialAction\":[{\"@type\":\"ReadAction\",\"target\":[\"https:\\\/\\\/www.coolturalia.com\\\/fr\\\/event\\\/laura-pausini-io-canto-yo-canto-world-tour-2\\\/\"]}]},{\"@type\":\"ImageObject\",\"inLanguage\":\"fr-FR\",\"@id\":\"https:\\\/\\\/www.coolturalia.com\\\/fr\\\/event\\\/laura-pausini-io-canto-yo-canto-world-tour-2\\\/#primaryimage\",\"url\":\"https:\\\/\\\/www.coolturalia.com\\\/wp-content\\\/uploads\\\/2026\\\/04\\\/Laura-Pausini-Io-Canto-Yo-Canto-World-Tour.webp\",\"contentUrl\":\"https:\\\/\\\/www.coolturalia.com\\\/wp-content\\\/uploads\\\/2026\\\/04\\\/Laura-Pausini-Io-Canto-Yo-Canto-World-Tour.webp\",\"width\":189,\"height\":267,\"caption\":\"undefined\"},{\"@type\":\"BreadcrumbList\",\"@id\":\"https:\\\/\\\/www.coolturalia.com\\\/fr\\\/event\\\/laura-pausini-io-canto-yo-canto-world-tour-2\\\/#breadcrumb\",\"itemListElement\":[{\"@type\":\"ListItem\",\"position\":1,\"name\":\"Home\",\"item\":\"https:\\\/\\\/www.coolturalia.com\\\/fr\\\/\"},{\"@type\":\"ListItem\",\"position\":2,\"name\":\"Events\",\"item\":\"https:\\\/\\\/www.coolturalia.com\\\/fr\\\/events\\\/\"},{\"@type\":\"ListItem\",\"position\":3,\"name\":\"Laura Pausini \u2014 Io Canto \u2022 Yo Canto World Tour\"}]},{\"@type\":\"WebSite\",\"@id\":\"https:\\\/\\\/www.coolturalia.com\\\/fr\\\/#website\",\"url\":\"https:\\\/\\\/www.coolturalia.com\\\/fr\\\/\",\"name\":\"Coolturalia\",\"description\":\"\",\"publisher\":{\"@id\":\"https:\\\/\\\/www.coolturalia.com\\\/fr\\\/#organization\"},\"potentialAction\":[{\"@type\":\"SearchAction\",\"target\":{\"@type\":\"EntryPoint\",\"urlTemplate\":\"https:\\\/\\\/www.coolturalia.com\\\/fr\\\/?s={search_term_string}\"},\"query-input\":{\"@type\":\"PropertyValueSpecification\",\"valueRequired\":true,\"valueName\":\"search_term_string\"}}],\"inLanguage\":\"fr-FR\"},{\"@type\":\"Organization\",\"@id\":\"https:\\\/\\\/www.coolturalia.com\\\/fr\\\/#organization\",\"name\":\"Coolturalia\",\"url\":\"https:\\\/\\\/www.coolturalia.com\\\/fr\\\/\",\"logo\":{\"@type\":\"ImageObject\",\"inLanguage\":\"fr-FR\",\"@id\":\"https:\\\/\\\/www.coolturalia.com\\\/fr\\\/#\\\/schema\\\/logo\\\/image\\\/\",\"url\":\"https:\\\/\\\/www.coolturalia.com\\\/wp-content\\\/uploads\\\/2024\\\/04\\\/Logo-coolturalia.svg\",\"contentUrl\":\"https:\\\/\\\/www.coolturalia.com\\\/wp-content\\\/uploads\\\/2024\\\/04\\\/Logo-coolturalia.svg\",\"width\":1312,\"height\":193,\"caption\":\"Coolturalia\"},\"image\":{\"@id\":\"https:\\\/\\\/www.coolturalia.com\\\/fr\\\/#\\\/schema\\\/logo\\\/image\\\/\"},\"sameAs\":[\"https:\\\/\\\/www.instagram.com\\\/coolturalia_geneva\\\/\"]}]}<\/script>\n<!-- \/ Yoast SEO plugin. -->","yoast_head_json":{"title":"Laura Pausini \u2014 Io Canto \u2022 Yo Canto World Tour - Coolturalia","robots":{"index":"index","follow":"follow","max-snippet":"max-snippet:-1","max-image-preview":"max-image-preview:large","max-video-preview":"max-video-preview:-1"},"canonical":"https:\/\/www.coolturalia.com\/fr\/event\/laura-pausini-io-canto-yo-canto-world-tour-2\/","og_locale":"fr_FR","og_type":"article","og_title":"Laura Pausini \u2014 Io Canto \u2022 Yo Canto World Tour - Coolturalia","og_description":"Laura Pausini revient sur sc\u00e8ne pour pr\u00e9senter son nouveau single \u00ab La Mia Storia Tra Le Dita \u00bb et l&rsquo;album de reprises Io Canto 2 \/ Yo Canto 2. Sa prestation m\u00eale ballades italiennes intimes et arrangements puissants, mettant en valeur son timbre expressif et son lien avec le public. On retrouve une narration vocale [&hellip;]","og_url":"https:\/\/www.coolturalia.com\/fr\/event\/laura-pausini-io-canto-yo-canto-world-tour-2\/","og_site_name":"Coolturalia","og_image":[{"width":150,"height":150,"url":"https:\/\/www.coolturalia.com\/wp-content\/uploads\/2024\/04\/favicon-coolturalia-2.png","type":"image\/png"}],"twitter_card":"summary_large_image","schema":{"@context":"https:\/\/schema.org","@graph":[{"@type":"WebPage","@id":"https:\/\/www.coolturalia.com\/fr\/event\/laura-pausini-io-canto-yo-canto-world-tour-2\/","url":"https:\/\/www.coolturalia.com\/fr\/event\/laura-pausini-io-canto-yo-canto-world-tour-2\/","name":"Laura Pausini \u2014 Io Canto \u2022 Yo Canto World Tour - Coolturalia","isPartOf":{"@id":"https:\/\/www.coolturalia.com\/fr\/#website"},"primaryImageOfPage":{"@id":"https:\/\/www.coolturalia.com\/fr\/event\/laura-pausini-io-canto-yo-canto-world-tour-2\/#primaryimage"},"image":{"@id":"https:\/\/www.coolturalia.com\/fr\/event\/laura-pausini-io-canto-yo-canto-world-tour-2\/#primaryimage"},"thumbnailUrl":"https:\/\/www.coolturalia.com\/wp-content\/uploads\/2026\/04\/Laura-Pausini-Io-Canto-Yo-Canto-World-Tour.webp","datePublished":"2026-04-28T14:14:57+00:00","breadcrumb":{"@id":"https:\/\/www.coolturalia.com\/fr\/event\/laura-pausini-io-canto-yo-canto-world-tour-2\/#breadcrumb"},"inLanguage":"fr-FR","potentialAction":[{"@type":"ReadAction","target":["https:\/\/www.coolturalia.com\/fr\/event\/laura-pausini-io-canto-yo-canto-world-tour-2\/"]}]},{"@type":"ImageObject","inLanguage":"fr-FR","@id":"https:\/\/www.coolturalia.com\/fr\/event\/laura-pausini-io-canto-yo-canto-world-tour-2\/#primaryimage","url":"https:\/\/www.coolturalia.com\/wp-content\/uploads\/2026\/04\/Laura-Pausini-Io-Canto-Yo-Canto-World-Tour.webp","contentUrl":"https:\/\/www.coolturalia.com\/wp-content\/uploads\/2026\/04\/Laura-Pausini-Io-Canto-Yo-Canto-World-Tour.webp","width":189,"height":267,"caption":"undefined"},{"@type":"BreadcrumbList","@id":"https:\/\/www.coolturalia.com\/fr\/event\/laura-pausini-io-canto-yo-canto-world-tour-2\/#breadcrumb","itemListElement":[{"@type":"ListItem","position":1,"name":"Home","item":"https:\/\/www.coolturalia.com\/fr\/"},{"@type":"ListItem","position":2,"name":"Events","item":"https:\/\/www.coolturalia.com\/fr\/events\/"},{"@type":"ListItem","position":3,"name":"Laura Pausini \u2014 Io Canto \u2022 Yo Canto World Tour"}]},{"@type":"WebSite","@id":"https:\/\/www.coolturalia.com\/fr\/#website","url":"https:\/\/www.coolturalia.com\/fr\/","name":"Coolturalia","description":"","publisher":{"@id":"https:\/\/www.coolturalia.com\/fr\/#organization"},"potentialAction":[{"@type":"SearchAction","target":{"@type":"EntryPoint","urlTemplate":"https:\/\/www.coolturalia.com\/fr\/?s={search_term_string}"},"query-input":{"@type":"PropertyValueSpecification","valueRequired":true,"valueName":"search_term_string"}}],"inLanguage":"fr-FR"},{"@type":"Organization","@id":"https:\/\/www.coolturalia.com\/fr\/#organization","name":"Coolturalia","url":"https:\/\/www.coolturalia.com\/fr\/","logo":{"@type":"ImageObject","inLanguage":"fr-FR","@id":"https:\/\/www.coolturalia.com\/fr\/#\/schema\/logo\/image\/","url":"https:\/\/www.coolturalia.com\/wp-content\/uploads\/2024\/04\/Logo-coolturalia.svg","contentUrl":"https:\/\/www.coolturalia.com\/wp-content\/uploads\/2024\/04\/Logo-coolturalia.svg","width":1312,"height":193,"caption":"Coolturalia"},"image":{"@id":"https:\/\/www.coolturalia.com\/fr\/#\/schema\/logo\/image\/"},"sameAs":["https:\/\/www.instagram.com\/coolturalia_geneva\/"]}]}},"translations":{"translations":{"en":"188418","fr":"188419"},"language":{"code":"fr"},"date":{"dateRange":"Dimanche 1 novembre, 19:00"}},"language":{"code":"fr"},"_links":{"self":[{"href":"https:\/\/www.coolturalia.com\/fr\/wp-json\/wp\/v2\/event\/188419","targetHints":{"allow":["GET"]}}],"collection":[{"href":"https:\/\/www.coolturalia.com\/fr\/wp-json\/wp\/v2\/event"}],"about":[{"href":"https:\/\/www.coolturalia.com\/fr\/wp-json\/wp\/v2\/types\/event"}],"version-history":[{"count":0,"href":"https:\/\/www.coolturalia.com\/fr\/wp-json\/wp\/v2\/event\/188419\/revisions"}],"wp:featuredmedia":[{"embeddable":true,"href":"https:\/\/www.coolturalia.com\/fr\/wp-json\/wp\/v2\/media\/188417"}],"wp:attachment":[{"href":"https:\/\/www.coolturalia.com\/fr\/wp-json\/wp\/v2\/media?parent=188419"}],"wp:term":[{"taxonomy":"post_tag","embeddable":true,"href":"https:\/\/www.coolturalia.com\/fr\/wp-json\/wp\/v2\/tags?post=188419"},{"taxonomy":"event-category","embeddable":true,"href":"https:\/\/www.coolturalia.com\/fr\/wp-json\/wp\/v2\/event-category?post=188419"},{"taxonomy":"event-venue","embeddable":true,"href":"https:\/\/www.coolturalia.com\/fr\/wp-json\/wp\/v2\/event-venue?post=188419"}],"curies":[{"name":"wp","href":"https:\/\/api.w.org\/{rel}","templated":true}]}}

<p>Laura Pausini revient sur scène pour présenter son nouveau single « La Mia Storia Tra Le Dita » et l&rsquo;album de reprises Io Canto 2 / Yo Canto 2. Sa prestation mêle ballades italiennes intimes et arrangements puissants, mettant en valeur son timbre expressif et son lien avec le public. On retrouve une narration vocale riche, un groupe live et une mise en scène cinématographique qui explore la mémoire, l&rsquo;amour et la résilience.</p>

<p>Laura Pausini revient sur scène pour présenter son nouveau single « La Mia Storia Tra Le Dita » et l&rsquo;album de reprises Io Canto 2 / Yo Canto 2. Sa prestation mêle ballades italiennes intimes et arrangements puissants, mettant en valeur son timbre expressif et son lien avec le public. On retrouve une narration vocale [&hellip;]</p>

Sur réservation

<!-- This site is optimized with the Yoast SEO plugin v27.5 - https://yoast.com/product/yoast-seo-wordpress/ -->
<title>Laura Pausini — Io Canto • Yo Canto World Tour - Coolturalia</title>
<meta name="robots" content="index, follow, max-snippet:-1, max-image-preview:large, max-video-preview:-1" />
<link rel="canonical" href="https://www.coolturalia.com/fr/event/laura-pausini-io-canto-yo-canto-world-tour-2/" />
<meta property="og:locale" content="fr_FR" />
<meta property="og:type" content="article" />
<meta property="og:title" content="Laura Pausini — Io Canto • Yo Canto World Tour - Coolturalia" />
<meta property="og:description" content="Laura Pausini revient sur scène pour présenter son nouveau single « La Mia Storia Tra Le Dita » et l&rsquo;album de reprises Io Canto 2 / Yo Canto 2. Sa prestation mêle ballades italiennes intimes et arrangements puissants, mettant en valeur son timbre expressif et son lien avec le public. On retrouve une narration vocale [&hellip;]" />
<meta property="og:url" content="https://www.coolturalia.com/fr/event/laura-pausini-io-canto-yo-canto-world-tour-2/" />
<meta property="og:site_name" content="Coolturalia" />
<meta property="og:image" content="https://www.coolturalia.com/wp-content/uploads/2024/04/favicon-coolturalia-2.png" />
	<meta property="og:image:width" content="150" />
	<meta property="og:image:height" content="150" />
	<meta property="og:image:type" content="image/png" />
<meta name="twitter:card" content="summary_large_image" />
<script type="application/ld+json" class="yoast-schema-graph">{"@context":"https:\/\/schema.org","@graph":[{"@type":"WebPage","@id":"https:\/\/www.coolturalia.com\/fr\/event\/laura-pausini-io-canto-yo-canto-world-tour-2\/","url":"https:\/\/www.coolturalia.com\/fr\/event\/laura-pausini-io-canto-yo-canto-world-tour-2\/","name":"Laura Pausini — Io Canto • Yo Canto World Tour - Coolturalia","isPartOf":{"@id":"https:\/\/www.coolturalia.com\/fr\/#website"},"primaryImageOfPage":{"@id":"https:\/\/www.coolturalia.com\/fr\/event\/laura-pausini-io-canto-yo-canto-world-tour-2\/#primaryimage"},"image":{"@id":"https:\/\/www.coolturalia.com\/fr\/event\/laura-pausini-io-canto-yo-canto-world-tour-2\/#primaryimage"},"thumbnailUrl":"https:\/\/www.coolturalia.com\/wp-content\/uploads\/2026\/04\/Laura-Pausini-Io-Canto-Yo-Canto-World-Tour.webp","datePublished":"2026-04-28T14:14:57+00:00","breadcrumb":{"@id":"https:\/\/www.coolturalia.com\/fr\/event\/laura-pausini-io-canto-yo-canto-world-tour-2\/#breadcrumb"},"inLanguage":"fr-FR","potentialAction":[{"@type":"ReadAction","target":["https:\/\/www.coolturalia.com\/fr\/event\/laura-pausini-io-canto-yo-canto-world-tour-2\/"]}]},{"@type":"ImageObject","inLanguage":"fr-FR","@id":"https:\/\/www.coolturalia.com\/fr\/event\/laura-pausini-io-canto-yo-canto-world-tour-2\/#primaryimage","url":"https:\/\/www.coolturalia.com\/wp-content\/uploads\/2026\/04\/Laura-Pausini-Io-Canto-Yo-Canto-World-Tour.webp","contentUrl":"https:\/\/www.coolturalia.com\/wp-content\/uploads\/2026\/04\/Laura-Pausini-Io-Canto-Yo-Canto-World-Tour.webp","width":189,"height":267,"caption":"undefined"},{"@type":"BreadcrumbList","@id":"https:\/\/www.coolturalia.com\/fr\/event\/laura-pausini-io-canto-yo-canto-world-tour-2\/#breadcrumb","itemListElement":[{"@type":"ListItem","position":1,"name":"Home","item":"https:\/\/www.coolturalia.com\/fr\/"},{"@type":"ListItem","position":2,"name":"Events","item":"https:\/\/www.coolturalia.com\/fr\/events\/"},{"@type":"ListItem","position":3,"name":"Laura Pausini — Io Canto • Yo Canto World Tour"}]},{"@type":"WebSite","@id":"https:\/\/www.coolturalia.com\/fr\/#website","url":"https:\/\/www.coolturalia.com\/fr\/","name":"Coolturalia","description":"","publisher":{"@id":"https:\/\/www.coolturalia.com\/fr\/#organization"},"potentialAction":[{"@type":"SearchAction","target":{"@type":"EntryPoint","urlTemplate":"https:\/\/www.coolturalia.com\/fr\/?s={search_term_string}"},"query-input":{"@type":"PropertyValueSpecification","valueRequired":true,"valueName":"search_term_string"}}],"inLanguage":"fr-FR"},{"@type":"Organization","@id":"https:\/\/www.coolturalia.com\/fr\/#organization","name":"Coolturalia","url":"https:\/\/www.coolturalia.com\/fr\/","logo":{"@type":"ImageObject","inLanguage":"fr-FR","@id":"https:\/\/www.coolturalia.com\/fr\/#\/schema\/logo\/image\/","url":"https:\/\/www.coolturalia.com\/wp-content\/uploads\/2024\/04\/Logo-coolturalia.svg","contentUrl":"https:\/\/www.coolturalia.com\/wp-content\/uploads\/2024\/04\/Logo-coolturalia.svg","width":1312,"height":193,"caption":"Coolturalia"},"image":{"@id":"https:\/\/www.coolturalia.com\/fr\/#\/schema\/logo\/image\/"},"sameAs":["https:\/\/www.instagram.com\/coolturalia_geneva\/"]}]}</script>
<!-- / Yoast SEO plugin. -->

Laura Pausini revient sur scène pour présenter son nouveau single « La Mia Storia Tra Le Dita » et l&rsquo;album de reprises Io Canto 2 / Yo Canto 2. Sa prestation mêle ballades italiennes intimes et arrangements puissants, mettant en valeur son timbre expressif et son lien avec le public. On retrouve une narration vocale [&hellip;]
