{"id":188407,"date":"2026-04-28T15:14:10","date_gmt":"2026-04-28T14:14:10","guid":{"rendered":"https:\/\/www.coolturalia.com\/event\/disiz-on-sen-rappellera-2\/"},"modified":"2026-04-28T15:14:10","modified_gmt":"2026-04-28T14:14:10","slug":"disiz-on-sen-rappellera-2","status":"publish","type":"event","link":"https:\/\/www.coolturalia.com\/fr\/event\/disiz-on-sen-rappellera-2\/","title":{"rendered":"Disiz \u2014 on s&rsquo;en rappellera"},"content":{"rendered":"<p>Disiz revient avec un spectacle sc\u00e9nique ambitieux port\u00e9 par un groupe de six musiciens, r\u00e9v\u00e9lant un univers musical riche et nuanc\u00e9. Le concert m\u00eale moments d&rsquo;intimit\u00e9 et instants puissants, tissant tension \u00e9motionnelle, sensibilit\u00e9 raffin\u00e9e et explosions d&rsquo;\u00e9nergie. \u00c0 travers un r\u00e9pertoire traversant \u00e9poques et influences, l&rsquo;artiste revisite ses titres avec sinc\u00e9rit\u00e9 et renouveau cr\u00e9atif. La mise en sc\u00e8ne privil\u00e9gie les dynamiques atmosph\u00e9riques et une grande profondeur musicale, pour une exp\u00e9rience g\u00e9n\u00e9reuse et vivante.<\/p>\n","protected":false},"excerpt":{"rendered":"<p>Disiz revient avec un spectacle sc\u00e9nique ambitieux port\u00e9 par un groupe de six musiciens, r\u00e9v\u00e9lant un univers musical riche et nuanc\u00e9. Le concert m\u00eale moments d&rsquo;intimit\u00e9 et instants puissants, tissant tension \u00e9motionnelle, sensibilit\u00e9 raffin\u00e9e et explosions d&rsquo;\u00e9nergie. \u00c0 travers un r\u00e9pertoire traversant \u00e9poques et influences, l&rsquo;artiste revisite ses titres avec sinc\u00e9rit\u00e9 et renouveau cr\u00e9atif. La [&hellip;]<\/p>\n","protected":false},"featured_media":188405,"parent":0,"menu_order":0,"template":"","format":"standard","meta":{"_acf_changed":false,"footnotes":""},"tags":[996],"event-category":[444],"event-venue":[582],"class_list":["post-188407","event","type-event","status-publish","format-standard","has-post-thumbnail","hentry","tag-portrait-image","event-category-spectacles","event-venue-arena-fr"],"acf":{"price":"Sur r\u00e9servation","date":"Vendredi 18 d\u00e9cembre, 20:00","start_date":"2026-12-18 21:00:00","end_date":"2026-12-18 23:00:00","website_link":"https:\/\/www.geneva-arena.ch\/fr\/events\/disiz","link_buy_tickets":"","highlighted":false,"photo_credit":"","timings":[{"timing_start_date":"2026-12-18 21:00:00","timing_end_date":"2026-12-18 23:00:00"}],"external_id":""},"yoast_head":"<!-- This site is optimized with the Yoast SEO plugin v27.5 - https:\/\/yoast.com\/product\/yoast-seo-wordpress\/ -->\n<title>Disiz \u2014 on s&#039;en rappellera - Coolturalia<\/title>\n<meta name=\"robots\" content=\"index, follow, max-snippet:-1, max-image-preview:large, max-video-preview:-1\" \/>\n<link rel=\"canonical\" href=\"https:\/\/www.coolturalia.com\/fr\/event\/disiz-on-sen-rappellera-2\/\" \/>\n<meta property=\"og:locale\" content=\"fr_FR\" \/>\n<meta property=\"og:type\" content=\"article\" \/>\n<meta property=\"og:title\" content=\"Disiz \u2014 on s&#039;en rappellera - Coolturalia\" \/>\n<meta property=\"og:description\" content=\"Disiz revient avec un spectacle sc\u00e9nique ambitieux port\u00e9 par un groupe de six musiciens, r\u00e9v\u00e9lant un univers musical riche et nuanc\u00e9. Le concert m\u00eale moments d&rsquo;intimit\u00e9 et instants puissants, tissant tension \u00e9motionnelle, sensibilit\u00e9 raffin\u00e9e et explosions d&rsquo;\u00e9nergie. \u00c0 travers un r\u00e9pertoire traversant \u00e9poques et influences, l&rsquo;artiste revisite ses titres avec sinc\u00e9rit\u00e9 et renouveau cr\u00e9atif. La [&hellip;]\" \/>\n<meta property=\"og:url\" content=\"https:\/\/www.coolturalia.com\/fr\/event\/disiz-on-sen-rappellera-2\/\" \/>\n<meta property=\"og:site_name\" content=\"Coolturalia\" \/>\n<meta property=\"og:image\" content=\"https:\/\/www.coolturalia.com\/wp-content\/uploads\/2024\/04\/favicon-coolturalia-2.png\" \/>\n\t<meta property=\"og:image:width\" content=\"150\" \/>\n\t<meta property=\"og:image:height\" content=\"150\" \/>\n\t<meta property=\"og:image:type\" content=\"image\/png\" \/>\n<meta name=\"twitter:card\" content=\"summary_large_image\" \/>\n<script type=\"application\/ld+json\" class=\"yoast-schema-graph\">{\"@context\":\"https:\\\/\\\/schema.org\",\"@graph\":[{\"@type\":\"WebPage\",\"@id\":\"https:\\\/\\\/www.coolturalia.com\\\/fr\\\/event\\\/disiz-on-sen-rappellera-2\\\/\",\"url\":\"https:\\\/\\\/www.coolturalia.com\\\/fr\\\/event\\\/disiz-on-sen-rappellera-2\\\/\",\"name\":\"Disiz \u2014 on s'en rappellera - Coolturalia\",\"isPartOf\":{\"@id\":\"https:\\\/\\\/www.coolturalia.com\\\/fr\\\/#website\"},\"primaryImageOfPage\":{\"@id\":\"https:\\\/\\\/www.coolturalia.com\\\/fr\\\/event\\\/disiz-on-sen-rappellera-2\\\/#primaryimage\"},\"image\":{\"@id\":\"https:\\\/\\\/www.coolturalia.com\\\/fr\\\/event\\\/disiz-on-sen-rappellera-2\\\/#primaryimage\"},\"thumbnailUrl\":\"https:\\\/\\\/www.coolturalia.com\\\/wp-content\\\/uploads\\\/2026\\\/04\\\/Disiz-On-S-En-Rappellera.webp\",\"datePublished\":\"2026-04-28T14:14:10+00:00\",\"breadcrumb\":{\"@id\":\"https:\\\/\\\/www.coolturalia.com\\\/fr\\\/event\\\/disiz-on-sen-rappellera-2\\\/#breadcrumb\"},\"inLanguage\":\"fr-FR\",\"potentialAction\":[{\"@type\":\"ReadAction\",\"target\":[\"https:\\\/\\\/www.coolturalia.com\\\/fr\\\/event\\\/disiz-on-sen-rappellera-2\\\/\"]}]},{\"@type\":\"ImageObject\",\"inLanguage\":\"fr-FR\",\"@id\":\"https:\\\/\\\/www.coolturalia.com\\\/fr\\\/event\\\/disiz-on-sen-rappellera-2\\\/#primaryimage\",\"url\":\"https:\\\/\\\/www.coolturalia.com\\\/wp-content\\\/uploads\\\/2026\\\/04\\\/Disiz-On-S-En-Rappellera.webp\",\"contentUrl\":\"https:\\\/\\\/www.coolturalia.com\\\/wp-content\\\/uploads\\\/2026\\\/04\\\/Disiz-On-S-En-Rappellera.webp\",\"width\":335,\"height\":461,\"caption\":\"undefined\"},{\"@type\":\"BreadcrumbList\",\"@id\":\"https:\\\/\\\/www.coolturalia.com\\\/fr\\\/event\\\/disiz-on-sen-rappellera-2\\\/#breadcrumb\",\"itemListElement\":[{\"@type\":\"ListItem\",\"position\":1,\"name\":\"Home\",\"item\":\"https:\\\/\\\/www.coolturalia.com\\\/fr\\\/\"},{\"@type\":\"ListItem\",\"position\":2,\"name\":\"Events\",\"item\":\"https:\\\/\\\/www.coolturalia.com\\\/fr\\\/events\\\/\"},{\"@type\":\"ListItem\",\"position\":3,\"name\":\"Disiz \u2014 on s&rsquo;en rappellera\"}]},{\"@type\":\"WebSite\",\"@id\":\"https:\\\/\\\/www.coolturalia.com\\\/fr\\\/#website\",\"url\":\"https:\\\/\\\/www.coolturalia.com\\\/fr\\\/\",\"name\":\"Coolturalia\",\"description\":\"\",\"publisher\":{\"@id\":\"https:\\\/\\\/www.coolturalia.com\\\/fr\\\/#organization\"},\"potentialAction\":[{\"@type\":\"SearchAction\",\"target\":{\"@type\":\"EntryPoint\",\"urlTemplate\":\"https:\\\/\\\/www.coolturalia.com\\\/fr\\\/?s={search_term_string}\"},\"query-input\":{\"@type\":\"PropertyValueSpecification\",\"valueRequired\":true,\"valueName\":\"search_term_string\"}}],\"inLanguage\":\"fr-FR\"},{\"@type\":\"Organization\",\"@id\":\"https:\\\/\\\/www.coolturalia.com\\\/fr\\\/#organization\",\"name\":\"Coolturalia\",\"url\":\"https:\\\/\\\/www.coolturalia.com\\\/fr\\\/\",\"logo\":{\"@type\":\"ImageObject\",\"inLanguage\":\"fr-FR\",\"@id\":\"https:\\\/\\\/www.coolturalia.com\\\/fr\\\/#\\\/schema\\\/logo\\\/image\\\/\",\"url\":\"https:\\\/\\\/www.coolturalia.com\\\/wp-content\\\/uploads\\\/2024\\\/04\\\/Logo-coolturalia.svg\",\"contentUrl\":\"https:\\\/\\\/www.coolturalia.com\\\/wp-content\\\/uploads\\\/2024\\\/04\\\/Logo-coolturalia.svg\",\"width\":1312,\"height\":193,\"caption\":\"Coolturalia\"},\"image\":{\"@id\":\"https:\\\/\\\/www.coolturalia.com\\\/fr\\\/#\\\/schema\\\/logo\\\/image\\\/\"},\"sameAs\":[\"https:\\\/\\\/www.instagram.com\\\/coolturalia_geneva\\\/\"]}]}<\/script>\n<!-- \/ Yoast SEO plugin. -->","yoast_head_json":{"title":"Disiz \u2014 on s'en rappellera - Coolturalia","robots":{"index":"index","follow":"follow","max-snippet":"max-snippet:-1","max-image-preview":"max-image-preview:large","max-video-preview":"max-video-preview:-1"},"canonical":"https:\/\/www.coolturalia.com\/fr\/event\/disiz-on-sen-rappellera-2\/","og_locale":"fr_FR","og_type":"article","og_title":"Disiz \u2014 on s'en rappellera - Coolturalia","og_description":"Disiz revient avec un spectacle sc\u00e9nique ambitieux port\u00e9 par un groupe de six musiciens, r\u00e9v\u00e9lant un univers musical riche et nuanc\u00e9. Le concert m\u00eale moments d&rsquo;intimit\u00e9 et instants puissants, tissant tension \u00e9motionnelle, sensibilit\u00e9 raffin\u00e9e et explosions d&rsquo;\u00e9nergie. \u00c0 travers un r\u00e9pertoire traversant \u00e9poques et influences, l&rsquo;artiste revisite ses titres avec sinc\u00e9rit\u00e9 et renouveau cr\u00e9atif. La [&hellip;]","og_url":"https:\/\/www.coolturalia.com\/fr\/event\/disiz-on-sen-rappellera-2\/","og_site_name":"Coolturalia","og_image":[{"width":150,"height":150,"url":"https:\/\/www.coolturalia.com\/wp-content\/uploads\/2024\/04\/favicon-coolturalia-2.png","type":"image\/png"}],"twitter_card":"summary_large_image","schema":{"@context":"https:\/\/schema.org","@graph":[{"@type":"WebPage","@id":"https:\/\/www.coolturalia.com\/fr\/event\/disiz-on-sen-rappellera-2\/","url":"https:\/\/www.coolturalia.com\/fr\/event\/disiz-on-sen-rappellera-2\/","name":"Disiz \u2014 on s'en rappellera - Coolturalia","isPartOf":{"@id":"https:\/\/www.coolturalia.com\/fr\/#website"},"primaryImageOfPage":{"@id":"https:\/\/www.coolturalia.com\/fr\/event\/disiz-on-sen-rappellera-2\/#primaryimage"},"image":{"@id":"https:\/\/www.coolturalia.com\/fr\/event\/disiz-on-sen-rappellera-2\/#primaryimage"},"thumbnailUrl":"https:\/\/www.coolturalia.com\/wp-content\/uploads\/2026\/04\/Disiz-On-S-En-Rappellera.webp","datePublished":"2026-04-28T14:14:10+00:00","breadcrumb":{"@id":"https:\/\/www.coolturalia.com\/fr\/event\/disiz-on-sen-rappellera-2\/#breadcrumb"},"inLanguage":"fr-FR","potentialAction":[{"@type":"ReadAction","target":["https:\/\/www.coolturalia.com\/fr\/event\/disiz-on-sen-rappellera-2\/"]}]},{"@type":"ImageObject","inLanguage":"fr-FR","@id":"https:\/\/www.coolturalia.com\/fr\/event\/disiz-on-sen-rappellera-2\/#primaryimage","url":"https:\/\/www.coolturalia.com\/wp-content\/uploads\/2026\/04\/Disiz-On-S-En-Rappellera.webp","contentUrl":"https:\/\/www.coolturalia.com\/wp-content\/uploads\/2026\/04\/Disiz-On-S-En-Rappellera.webp","width":335,"height":461,"caption":"undefined"},{"@type":"BreadcrumbList","@id":"https:\/\/www.coolturalia.com\/fr\/event\/disiz-on-sen-rappellera-2\/#breadcrumb","itemListElement":[{"@type":"ListItem","position":1,"name":"Home","item":"https:\/\/www.coolturalia.com\/fr\/"},{"@type":"ListItem","position":2,"name":"Events","item":"https:\/\/www.coolturalia.com\/fr\/events\/"},{"@type":"ListItem","position":3,"name":"Disiz \u2014 on s&rsquo;en rappellera"}]},{"@type":"WebSite","@id":"https:\/\/www.coolturalia.com\/fr\/#website","url":"https:\/\/www.coolturalia.com\/fr\/","name":"Coolturalia","description":"","publisher":{"@id":"https:\/\/www.coolturalia.com\/fr\/#organization"},"potentialAction":[{"@type":"SearchAction","target":{"@type":"EntryPoint","urlTemplate":"https:\/\/www.coolturalia.com\/fr\/?s={search_term_string}"},"query-input":{"@type":"PropertyValueSpecification","valueRequired":true,"valueName":"search_term_string"}}],"inLanguage":"fr-FR"},{"@type":"Organization","@id":"https:\/\/www.coolturalia.com\/fr\/#organization","name":"Coolturalia","url":"https:\/\/www.coolturalia.com\/fr\/","logo":{"@type":"ImageObject","inLanguage":"fr-FR","@id":"https:\/\/www.coolturalia.com\/fr\/#\/schema\/logo\/image\/","url":"https:\/\/www.coolturalia.com\/wp-content\/uploads\/2024\/04\/Logo-coolturalia.svg","contentUrl":"https:\/\/www.coolturalia.com\/wp-content\/uploads\/2024\/04\/Logo-coolturalia.svg","width":1312,"height":193,"caption":"Coolturalia"},"image":{"@id":"https:\/\/www.coolturalia.com\/fr\/#\/schema\/logo\/image\/"},"sameAs":["https:\/\/www.instagram.com\/coolturalia_geneva\/"]}]}},"translations":{"translations":{"en":"188406","fr":"188407"},"language":{"code":"fr"},"date":{"dateRange":"Vendredi 18 d\u00e9cembre, 20:00"}},"language":{"code":"fr"},"_links":{"self":[{"href":"https:\/\/www.coolturalia.com\/fr\/wp-json\/wp\/v2\/event\/188407","targetHints":{"allow":["GET"]}}],"collection":[{"href":"https:\/\/www.coolturalia.com\/fr\/wp-json\/wp\/v2\/event"}],"about":[{"href":"https:\/\/www.coolturalia.com\/fr\/wp-json\/wp\/v2\/types\/event"}],"version-history":[{"count":0,"href":"https:\/\/www.coolturalia.com\/fr\/wp-json\/wp\/v2\/event\/188407\/revisions"}],"wp:featuredmedia":[{"embeddable":true,"href":"https:\/\/www.coolturalia.com\/fr\/wp-json\/wp\/v2\/media\/188405"}],"wp:attachment":[{"href":"https:\/\/www.coolturalia.com\/fr\/wp-json\/wp\/v2\/media?parent=188407"}],"wp:term":[{"taxonomy":"post_tag","embeddable":true,"href":"https:\/\/www.coolturalia.com\/fr\/wp-json\/wp\/v2\/tags?post=188407"},{"taxonomy":"event-category","embeddable":true,"href":"https:\/\/www.coolturalia.com\/fr\/wp-json\/wp\/v2\/event-category?post=188407"},{"taxonomy":"event-venue","embeddable":true,"href":"https:\/\/www.coolturalia.com\/fr\/wp-json\/wp\/v2\/event-venue?post=188407"}],"curies":[{"name":"wp","href":"https:\/\/api.w.org\/{rel}","templated":true}]}}

<p>Disiz revient avec un spectacle scénique ambitieux porté par un groupe de six musiciens, révélant un univers musical riche et nuancé. Le concert mêle moments d&rsquo;intimité et instants puissants, tissant tension émotionnelle, sensibilité raffinée et explosions d&rsquo;énergie. À travers un répertoire traversant époques et influences, l&rsquo;artiste revisite ses titres avec sincérité et renouveau créatif. La mise en scène privilégie les dynamiques atmosphériques et une grande profondeur musicale, pour une expérience généreuse et vivante.</p>

<p>Disiz revient avec un spectacle scénique ambitieux porté par un groupe de six musiciens, révélant un univers musical riche et nuancé. Le concert mêle moments d&rsquo;intimité et instants puissants, tissant tension émotionnelle, sensibilité raffinée et explosions d&rsquo;énergie. À travers un répertoire traversant époques et influences, l&rsquo;artiste revisite ses titres avec sincérité et renouveau créatif. La [&hellip;]</p>

Sur réservation

Vendredi 18 décembre, 20:00

<!-- This site is optimized with the Yoast SEO plugin v27.5 - https://yoast.com/product/yoast-seo-wordpress/ -->
<title>Disiz — on s&#039;en rappellera - Coolturalia</title>
<meta name="robots" content="index, follow, max-snippet:-1, max-image-preview:large, max-video-preview:-1" />
<link rel="canonical" href="https://www.coolturalia.com/fr/event/disiz-on-sen-rappellera-2/" />
<meta property="og:locale" content="fr_FR" />
<meta property="og:type" content="article" />
<meta property="og:title" content="Disiz — on s&#039;en rappellera - Coolturalia" />
<meta property="og:description" content="Disiz revient avec un spectacle scénique ambitieux porté par un groupe de six musiciens, révélant un univers musical riche et nuancé. Le concert mêle moments d&rsquo;intimité et instants puissants, tissant tension émotionnelle, sensibilité raffinée et explosions d&rsquo;énergie. À travers un répertoire traversant époques et influences, l&rsquo;artiste revisite ses titres avec sincérité et renouveau créatif. La [&hellip;]" />
<meta property="og:url" content="https://www.coolturalia.com/fr/event/disiz-on-sen-rappellera-2/" />
<meta property="og:site_name" content="Coolturalia" />
<meta property="og:image" content="https://www.coolturalia.com/wp-content/uploads/2024/04/favicon-coolturalia-2.png" />
	<meta property="og:image:width" content="150" />
	<meta property="og:image:height" content="150" />
	<meta property="og:image:type" content="image/png" />
<meta name="twitter:card" content="summary_large_image" />
<script type="application/ld+json" class="yoast-schema-graph">{"@context":"https:\/\/schema.org","@graph":[{"@type":"WebPage","@id":"https:\/\/www.coolturalia.com\/fr\/event\/disiz-on-sen-rappellera-2\/","url":"https:\/\/www.coolturalia.com\/fr\/event\/disiz-on-sen-rappellera-2\/","name":"Disiz — on s'en rappellera - Coolturalia","isPartOf":{"@id":"https:\/\/www.coolturalia.com\/fr\/#website"},"primaryImageOfPage":{"@id":"https:\/\/www.coolturalia.com\/fr\/event\/disiz-on-sen-rappellera-2\/#primaryimage"},"image":{"@id":"https:\/\/www.coolturalia.com\/fr\/event\/disiz-on-sen-rappellera-2\/#primaryimage"},"thumbnailUrl":"https:\/\/www.coolturalia.com\/wp-content\/uploads\/2026\/04\/Disiz-On-S-En-Rappellera.webp","datePublished":"2026-04-28T14:14:10+00:00","breadcrumb":{"@id":"https:\/\/www.coolturalia.com\/fr\/event\/disiz-on-sen-rappellera-2\/#breadcrumb"},"inLanguage":"fr-FR","potentialAction":[{"@type":"ReadAction","target":["https:\/\/www.coolturalia.com\/fr\/event\/disiz-on-sen-rappellera-2\/"]}]},{"@type":"ImageObject","inLanguage":"fr-FR","@id":"https:\/\/www.coolturalia.com\/fr\/event\/disiz-on-sen-rappellera-2\/#primaryimage","url":"https:\/\/www.coolturalia.com\/wp-content\/uploads\/2026\/04\/Disiz-On-S-En-Rappellera.webp","contentUrl":"https:\/\/www.coolturalia.com\/wp-content\/uploads\/2026\/04\/Disiz-On-S-En-Rappellera.webp","width":335,"height":461,"caption":"undefined"},{"@type":"BreadcrumbList","@id":"https:\/\/www.coolturalia.com\/fr\/event\/disiz-on-sen-rappellera-2\/#breadcrumb","itemListElement":[{"@type":"ListItem","position":1,"name":"Home","item":"https:\/\/www.coolturalia.com\/fr\/"},{"@type":"ListItem","position":2,"name":"Events","item":"https:\/\/www.coolturalia.com\/fr\/events\/"},{"@type":"ListItem","position":3,"name":"Disiz — on s&rsquo;en rappellera"}]},{"@type":"WebSite","@id":"https:\/\/www.coolturalia.com\/fr\/#website","url":"https:\/\/www.coolturalia.com\/fr\/","name":"Coolturalia","description":"","publisher":{"@id":"https:\/\/www.coolturalia.com\/fr\/#organization"},"potentialAction":[{"@type":"SearchAction","target":{"@type":"EntryPoint","urlTemplate":"https:\/\/www.coolturalia.com\/fr\/?s={search_term_string}"},"query-input":{"@type":"PropertyValueSpecification","valueRequired":true,"valueName":"search_term_string"}}],"inLanguage":"fr-FR"},{"@type":"Organization","@id":"https:\/\/www.coolturalia.com\/fr\/#organization","name":"Coolturalia","url":"https:\/\/www.coolturalia.com\/fr\/","logo":{"@type":"ImageObject","inLanguage":"fr-FR","@id":"https:\/\/www.coolturalia.com\/fr\/#\/schema\/logo\/image\/","url":"https:\/\/www.coolturalia.com\/wp-content\/uploads\/2024\/04\/Logo-coolturalia.svg","contentUrl":"https:\/\/www.coolturalia.com\/wp-content\/uploads\/2024\/04\/Logo-coolturalia.svg","width":1312,"height":193,"caption":"Coolturalia"},"image":{"@id":"https:\/\/www.coolturalia.com\/fr\/#\/schema\/logo\/image\/"},"sameAs":["https:\/\/www.instagram.com\/coolturalia_geneva\/"]}]}</script>
<!-- / Yoast SEO plugin. -->

Disiz revient avec un spectacle scénique ambitieux porté par un groupe de six musiciens, révélant un univers musical riche et nuancé. Le concert mêle moments d&rsquo;intimité et instants puissants, tissant tension émotionnelle, sensibilité raffinée et explosions d&rsquo;énergie. À travers un répertoire traversant époques et influences, l&rsquo;artiste revisite ses titres avec sincérité et renouveau créatif. La [&hellip;]
