{"id":188383,"date":"2026-04-28T14:25:59","date_gmt":"2026-04-28T13:25:59","guid":{"rendered":"https:\/\/www.coolturalia.com\/event\/verino-rodeo-2\/"},"modified":"2026-04-28T14:25:59","modified_gmt":"2026-04-28T13:25:59","slug":"verino-rodeo-2","status":"publish","type":"event","link":"https:\/\/www.coolturalia.com\/fr\/event\/verino-rodeo-2\/","title":{"rendered":"Verino \u2013 Rod\u00e9o"},"content":{"rendered":"<p>Verino pr\u00e9sente Rod\u00e9o, un solo incisif qui explore les tensions complexes qui nous traversent. Ancr\u00e9 mais les pieds dans le vide, le spectacle navigue les turbulences contemporaines avec agilit\u00e9 physique et \u00e9criture pr\u00e9cise. Textes : Verino, en collaboration avec Marion Balestriero, Aude Galliou et Greg Vacher, mise en sc\u00e8ne de Thibaut Evrard. L&rsquo;ensemble m\u00eale observation aigu\u00eb et moments po\u00e9tiques pour tenter de trouver un fragile \u00e9quilibre.<\/p>\n<p><strong>En fran\u00e7ais.<\/strong><\/p>\n","protected":false},"excerpt":{"rendered":"<p>Verino pr\u00e9sente Rod\u00e9o, un solo incisif qui explore les tensions complexes qui nous traversent. Ancr\u00e9 mais les pieds dans le vide, le spectacle navigue les turbulences contemporaines avec agilit\u00e9 physique et \u00e9criture pr\u00e9cise. Textes : Verino, en collaboration avec Marion Balestriero, Aude Galliou et Greg Vacher, mise en sc\u00e8ne de Thibaut Evrard. L&rsquo;ensemble m\u00eale observation [&hellip;]<\/p>\n","protected":false},"featured_media":188381,"parent":0,"menu_order":0,"template":"","format":"standard","meta":{"_acf_changed":false,"footnotes":""},"tags":[996],"event-category":[444],"event-venue":[632],"class_list":["post-188383","event","type-event","status-publish","format-standard","has-post-thumbnail","hentry","tag-portrait-image","event-category-spectacles","event-venue-bfm-batiment-des-forces-motrices-fr"],"acf":{"price":"Sur r\u00e9servation","date":"Vendredi 1 mai, 20:00","start_date":"2026-05-01 22:00:00","end_date":"2026-05-02 00:00:00","website_link":"https:\/\/www.bfm.ch\/fr\/programme\/verino-rodeo?date=2026-05-01","link_buy_tickets":"","highlighted":false,"photo_credit":"","timings":[{"timing_start_date":"2026-05-01 22:00:00","timing_end_date":"2026-05-02 00:00:00"}],"external_id":""},"yoast_head":"<!-- This site is optimized with the Yoast SEO plugin v27.5 - https:\/\/yoast.com\/product\/yoast-seo-wordpress\/ -->\n<title>Verino \u2013 Rod\u00e9o - Coolturalia<\/title>\n<meta name=\"robots\" content=\"index, follow, max-snippet:-1, max-image-preview:large, max-video-preview:-1\" \/>\n<link rel=\"canonical\" href=\"https:\/\/www.coolturalia.com\/fr\/event\/verino-rodeo-2\/\" \/>\n<meta property=\"og:locale\" content=\"fr_FR\" \/>\n<meta property=\"og:type\" content=\"article\" \/>\n<meta property=\"og:title\" content=\"Verino \u2013 Rod\u00e9o - Coolturalia\" \/>\n<meta property=\"og:description\" content=\"Verino pr\u00e9sente Rod\u00e9o, un solo incisif qui explore les tensions complexes qui nous traversent. Ancr\u00e9 mais les pieds dans le vide, le spectacle navigue les turbulences contemporaines avec agilit\u00e9 physique et \u00e9criture pr\u00e9cise. Textes : Verino, en collaboration avec Marion Balestriero, Aude Galliou et Greg Vacher, mise en sc\u00e8ne de Thibaut Evrard. L&rsquo;ensemble m\u00eale observation [&hellip;]\" \/>\n<meta property=\"og:url\" content=\"https:\/\/www.coolturalia.com\/fr\/event\/verino-rodeo-2\/\" \/>\n<meta property=\"og:site_name\" content=\"Coolturalia\" \/>\n<meta property=\"og:image\" content=\"https:\/\/www.coolturalia.com\/wp-content\/uploads\/2024\/04\/favicon-coolturalia-2.png\" \/>\n\t<meta property=\"og:image:width\" content=\"150\" \/>\n\t<meta property=\"og:image:height\" content=\"150\" \/>\n\t<meta property=\"og:image:type\" content=\"image\/png\" \/>\n<meta name=\"twitter:card\" content=\"summary_large_image\" \/>\n<script type=\"application\/ld+json\" class=\"yoast-schema-graph\">{\"@context\":\"https:\\\/\\\/schema.org\",\"@graph\":[{\"@type\":\"WebPage\",\"@id\":\"https:\\\/\\\/www.coolturalia.com\\\/fr\\\/event\\\/verino-rodeo-2\\\/\",\"url\":\"https:\\\/\\\/www.coolturalia.com\\\/fr\\\/event\\\/verino-rodeo-2\\\/\",\"name\":\"Verino \u2013 Rod\u00e9o - Coolturalia\",\"isPartOf\":{\"@id\":\"https:\\\/\\\/www.coolturalia.com\\\/fr\\\/#website\"},\"primaryImageOfPage\":{\"@id\":\"https:\\\/\\\/www.coolturalia.com\\\/fr\\\/event\\\/verino-rodeo-2\\\/#primaryimage\"},\"image\":{\"@id\":\"https:\\\/\\\/www.coolturalia.com\\\/fr\\\/event\\\/verino-rodeo-2\\\/#primaryimage\"},\"thumbnailUrl\":\"https:\\\/\\\/www.coolturalia.com\\\/wp-content\\\/uploads\\\/2026\\\/04\\\/Verino-Rodeo.webp\",\"datePublished\":\"2026-04-28T13:25:59+00:00\",\"breadcrumb\":{\"@id\":\"https:\\\/\\\/www.coolturalia.com\\\/fr\\\/event\\\/verino-rodeo-2\\\/#breadcrumb\"},\"inLanguage\":\"fr-FR\",\"potentialAction\":[{\"@type\":\"ReadAction\",\"target\":[\"https:\\\/\\\/www.coolturalia.com\\\/fr\\\/event\\\/verino-rodeo-2\\\/\"]}]},{\"@type\":\"ImageObject\",\"inLanguage\":\"fr-FR\",\"@id\":\"https:\\\/\\\/www.coolturalia.com\\\/fr\\\/event\\\/verino-rodeo-2\\\/#primaryimage\",\"url\":\"https:\\\/\\\/www.coolturalia.com\\\/wp-content\\\/uploads\\\/2026\\\/04\\\/Verino-Rodeo.webp\",\"contentUrl\":\"https:\\\/\\\/www.coolturalia.com\\\/wp-content\\\/uploads\\\/2026\\\/04\\\/Verino-Rodeo.webp\",\"width\":900,\"height\":1350,\"caption\":\"undefined\"},{\"@type\":\"BreadcrumbList\",\"@id\":\"https:\\\/\\\/www.coolturalia.com\\\/fr\\\/event\\\/verino-rodeo-2\\\/#breadcrumb\",\"itemListElement\":[{\"@type\":\"ListItem\",\"position\":1,\"name\":\"Home\",\"item\":\"https:\\\/\\\/www.coolturalia.com\\\/fr\\\/\"},{\"@type\":\"ListItem\",\"position\":2,\"name\":\"Events\",\"item\":\"https:\\\/\\\/www.coolturalia.com\\\/fr\\\/events\\\/\"},{\"@type\":\"ListItem\",\"position\":3,\"name\":\"Verino \u2013 Rod\u00e9o\"}]},{\"@type\":\"WebSite\",\"@id\":\"https:\\\/\\\/www.coolturalia.com\\\/fr\\\/#website\",\"url\":\"https:\\\/\\\/www.coolturalia.com\\\/fr\\\/\",\"name\":\"Coolturalia\",\"description\":\"\",\"publisher\":{\"@id\":\"https:\\\/\\\/www.coolturalia.com\\\/fr\\\/#organization\"},\"potentialAction\":[{\"@type\":\"SearchAction\",\"target\":{\"@type\":\"EntryPoint\",\"urlTemplate\":\"https:\\\/\\\/www.coolturalia.com\\\/fr\\\/?s={search_term_string}\"},\"query-input\":{\"@type\":\"PropertyValueSpecification\",\"valueRequired\":true,\"valueName\":\"search_term_string\"}}],\"inLanguage\":\"fr-FR\"},{\"@type\":\"Organization\",\"@id\":\"https:\\\/\\\/www.coolturalia.com\\\/fr\\\/#organization\",\"name\":\"Coolturalia\",\"url\":\"https:\\\/\\\/www.coolturalia.com\\\/fr\\\/\",\"logo\":{\"@type\":\"ImageObject\",\"inLanguage\":\"fr-FR\",\"@id\":\"https:\\\/\\\/www.coolturalia.com\\\/fr\\\/#\\\/schema\\\/logo\\\/image\\\/\",\"url\":\"https:\\\/\\\/www.coolturalia.com\\\/wp-content\\\/uploads\\\/2024\\\/04\\\/Logo-coolturalia.svg\",\"contentUrl\":\"https:\\\/\\\/www.coolturalia.com\\\/wp-content\\\/uploads\\\/2024\\\/04\\\/Logo-coolturalia.svg\",\"width\":1312,\"height\":193,\"caption\":\"Coolturalia\"},\"image\":{\"@id\":\"https:\\\/\\\/www.coolturalia.com\\\/fr\\\/#\\\/schema\\\/logo\\\/image\\\/\"},\"sameAs\":[\"https:\\\/\\\/www.instagram.com\\\/coolturalia_geneva\\\/\"]}]}<\/script>\n<!-- \/ Yoast SEO plugin. -->","yoast_head_json":{"title":"Verino \u2013 Rod\u00e9o - Coolturalia","robots":{"index":"index","follow":"follow","max-snippet":"max-snippet:-1","max-image-preview":"max-image-preview:large","max-video-preview":"max-video-preview:-1"},"canonical":"https:\/\/www.coolturalia.com\/fr\/event\/verino-rodeo-2\/","og_locale":"fr_FR","og_type":"article","og_title":"Verino \u2013 Rod\u00e9o - Coolturalia","og_description":"Verino pr\u00e9sente Rod\u00e9o, un solo incisif qui explore les tensions complexes qui nous traversent. Ancr\u00e9 mais les pieds dans le vide, le spectacle navigue les turbulences contemporaines avec agilit\u00e9 physique et \u00e9criture pr\u00e9cise. Textes : Verino, en collaboration avec Marion Balestriero, Aude Galliou et Greg Vacher, mise en sc\u00e8ne de Thibaut Evrard. L&rsquo;ensemble m\u00eale observation [&hellip;]","og_url":"https:\/\/www.coolturalia.com\/fr\/event\/verino-rodeo-2\/","og_site_name":"Coolturalia","og_image":[{"width":150,"height":150,"url":"https:\/\/www.coolturalia.com\/wp-content\/uploads\/2024\/04\/favicon-coolturalia-2.png","type":"image\/png"}],"twitter_card":"summary_large_image","schema":{"@context":"https:\/\/schema.org","@graph":[{"@type":"WebPage","@id":"https:\/\/www.coolturalia.com\/fr\/event\/verino-rodeo-2\/","url":"https:\/\/www.coolturalia.com\/fr\/event\/verino-rodeo-2\/","name":"Verino \u2013 Rod\u00e9o - Coolturalia","isPartOf":{"@id":"https:\/\/www.coolturalia.com\/fr\/#website"},"primaryImageOfPage":{"@id":"https:\/\/www.coolturalia.com\/fr\/event\/verino-rodeo-2\/#primaryimage"},"image":{"@id":"https:\/\/www.coolturalia.com\/fr\/event\/verino-rodeo-2\/#primaryimage"},"thumbnailUrl":"https:\/\/www.coolturalia.com\/wp-content\/uploads\/2026\/04\/Verino-Rodeo.webp","datePublished":"2026-04-28T13:25:59+00:00","breadcrumb":{"@id":"https:\/\/www.coolturalia.com\/fr\/event\/verino-rodeo-2\/#breadcrumb"},"inLanguage":"fr-FR","potentialAction":[{"@type":"ReadAction","target":["https:\/\/www.coolturalia.com\/fr\/event\/verino-rodeo-2\/"]}]},{"@type":"ImageObject","inLanguage":"fr-FR","@id":"https:\/\/www.coolturalia.com\/fr\/event\/verino-rodeo-2\/#primaryimage","url":"https:\/\/www.coolturalia.com\/wp-content\/uploads\/2026\/04\/Verino-Rodeo.webp","contentUrl":"https:\/\/www.coolturalia.com\/wp-content\/uploads\/2026\/04\/Verino-Rodeo.webp","width":900,"height":1350,"caption":"undefined"},{"@type":"BreadcrumbList","@id":"https:\/\/www.coolturalia.com\/fr\/event\/verino-rodeo-2\/#breadcrumb","itemListElement":[{"@type":"ListItem","position":1,"name":"Home","item":"https:\/\/www.coolturalia.com\/fr\/"},{"@type":"ListItem","position":2,"name":"Events","item":"https:\/\/www.coolturalia.com\/fr\/events\/"},{"@type":"ListItem","position":3,"name":"Verino \u2013 Rod\u00e9o"}]},{"@type":"WebSite","@id":"https:\/\/www.coolturalia.com\/fr\/#website","url":"https:\/\/www.coolturalia.com\/fr\/","name":"Coolturalia","description":"","publisher":{"@id":"https:\/\/www.coolturalia.com\/fr\/#organization"},"potentialAction":[{"@type":"SearchAction","target":{"@type":"EntryPoint","urlTemplate":"https:\/\/www.coolturalia.com\/fr\/?s={search_term_string}"},"query-input":{"@type":"PropertyValueSpecification","valueRequired":true,"valueName":"search_term_string"}}],"inLanguage":"fr-FR"},{"@type":"Organization","@id":"https:\/\/www.coolturalia.com\/fr\/#organization","name":"Coolturalia","url":"https:\/\/www.coolturalia.com\/fr\/","logo":{"@type":"ImageObject","inLanguage":"fr-FR","@id":"https:\/\/www.coolturalia.com\/fr\/#\/schema\/logo\/image\/","url":"https:\/\/www.coolturalia.com\/wp-content\/uploads\/2024\/04\/Logo-coolturalia.svg","contentUrl":"https:\/\/www.coolturalia.com\/wp-content\/uploads\/2024\/04\/Logo-coolturalia.svg","width":1312,"height":193,"caption":"Coolturalia"},"image":{"@id":"https:\/\/www.coolturalia.com\/fr\/#\/schema\/logo\/image\/"},"sameAs":["https:\/\/www.instagram.com\/coolturalia_geneva\/"]}]}},"translations":{"translations":{"en":"188382","fr":"188383"},"language":{"code":"fr"},"date":{"dateRange":"Vendredi 1 mai, 20:00"}},"language":{"code":"fr"},"_links":{"self":[{"href":"https:\/\/www.coolturalia.com\/fr\/wp-json\/wp\/v2\/event\/188383","targetHints":{"allow":["GET"]}}],"collection":[{"href":"https:\/\/www.coolturalia.com\/fr\/wp-json\/wp\/v2\/event"}],"about":[{"href":"https:\/\/www.coolturalia.com\/fr\/wp-json\/wp\/v2\/types\/event"}],"version-history":[{"count":0,"href":"https:\/\/www.coolturalia.com\/fr\/wp-json\/wp\/v2\/event\/188383\/revisions"}],"wp:featuredmedia":[{"embeddable":true,"href":"https:\/\/www.coolturalia.com\/fr\/wp-json\/wp\/v2\/media\/188381"}],"wp:attachment":[{"href":"https:\/\/www.coolturalia.com\/fr\/wp-json\/wp\/v2\/media?parent=188383"}],"wp:term":[{"taxonomy":"post_tag","embeddable":true,"href":"https:\/\/www.coolturalia.com\/fr\/wp-json\/wp\/v2\/tags?post=188383"},{"taxonomy":"event-category","embeddable":true,"href":"https:\/\/www.coolturalia.com\/fr\/wp-json\/wp\/v2\/event-category?post=188383"},{"taxonomy":"event-venue","embeddable":true,"href":"https:\/\/www.coolturalia.com\/fr\/wp-json\/wp\/v2\/event-venue?post=188383"}],"curies":[{"name":"wp","href":"https:\/\/api.w.org\/{rel}","templated":true}]}}

Verino – Rodéo

<p>Verino présente Rodéo, un solo incisif qui explore les tensions complexes qui nous traversent. Ancré mais les pieds dans le vide, le spectacle navigue les turbulences contemporaines avec agilité physique et écriture précise. Textes : Verino, en collaboration avec Marion Balestriero, Aude Galliou et Greg Vacher, mise en scène de Thibaut Evrard. L&rsquo;ensemble mêle observation aiguë et moments poétiques pour tenter de trouver un fragile équilibre.</p>
<p><strong>En français.</strong></p>

<p>Verino présente Rodéo, un solo incisif qui explore les tensions complexes qui nous traversent. Ancré mais les pieds dans le vide, le spectacle navigue les turbulences contemporaines avec agilité physique et écriture précise. Textes : Verino, en collaboration avec Marion Balestriero, Aude Galliou et Greg Vacher, mise en scène de Thibaut Evrard. L&rsquo;ensemble mêle observation [&hellip;]</p>

Sur réservation

<!-- This site is optimized with the Yoast SEO plugin v27.5 - https://yoast.com/product/yoast-seo-wordpress/ -->
<title>Verino – Rodéo - Coolturalia</title>
<meta name="robots" content="index, follow, max-snippet:-1, max-image-preview:large, max-video-preview:-1" />
<link rel="canonical" href="https://www.coolturalia.com/fr/event/verino-rodeo-2/" />
<meta property="og:locale" content="fr_FR" />
<meta property="og:type" content="article" />
<meta property="og:title" content="Verino – Rodéo - Coolturalia" />
<meta property="og:description" content="Verino présente Rodéo, un solo incisif qui explore les tensions complexes qui nous traversent. Ancré mais les pieds dans le vide, le spectacle navigue les turbulences contemporaines avec agilité physique et écriture précise. Textes : Verino, en collaboration avec Marion Balestriero, Aude Galliou et Greg Vacher, mise en scène de Thibaut Evrard. L&rsquo;ensemble mêle observation [&hellip;]" />
<meta property="og:url" content="https://www.coolturalia.com/fr/event/verino-rodeo-2/" />
<meta property="og:site_name" content="Coolturalia" />
<meta property="og:image" content="https://www.coolturalia.com/wp-content/uploads/2024/04/favicon-coolturalia-2.png" />
	<meta property="og:image:width" content="150" />
	<meta property="og:image:height" content="150" />
	<meta property="og:image:type" content="image/png" />
<meta name="twitter:card" content="summary_large_image" />
<script type="application/ld+json" class="yoast-schema-graph">{"@context":"https:\/\/schema.org","@graph":[{"@type":"WebPage","@id":"https:\/\/www.coolturalia.com\/fr\/event\/verino-rodeo-2\/","url":"https:\/\/www.coolturalia.com\/fr\/event\/verino-rodeo-2\/","name":"Verino – Rodéo - Coolturalia","isPartOf":{"@id":"https:\/\/www.coolturalia.com\/fr\/#website"},"primaryImageOfPage":{"@id":"https:\/\/www.coolturalia.com\/fr\/event\/verino-rodeo-2\/#primaryimage"},"image":{"@id":"https:\/\/www.coolturalia.com\/fr\/event\/verino-rodeo-2\/#primaryimage"},"thumbnailUrl":"https:\/\/www.coolturalia.com\/wp-content\/uploads\/2026\/04\/Verino-Rodeo.webp","datePublished":"2026-04-28T13:25:59+00:00","breadcrumb":{"@id":"https:\/\/www.coolturalia.com\/fr\/event\/verino-rodeo-2\/#breadcrumb"},"inLanguage":"fr-FR","potentialAction":[{"@type":"ReadAction","target":["https:\/\/www.coolturalia.com\/fr\/event\/verino-rodeo-2\/"]}]},{"@type":"ImageObject","inLanguage":"fr-FR","@id":"https:\/\/www.coolturalia.com\/fr\/event\/verino-rodeo-2\/#primaryimage","url":"https:\/\/www.coolturalia.com\/wp-content\/uploads\/2026\/04\/Verino-Rodeo.webp","contentUrl":"https:\/\/www.coolturalia.com\/wp-content\/uploads\/2026\/04\/Verino-Rodeo.webp","width":900,"height":1350,"caption":"undefined"},{"@type":"BreadcrumbList","@id":"https:\/\/www.coolturalia.com\/fr\/event\/verino-rodeo-2\/#breadcrumb","itemListElement":[{"@type":"ListItem","position":1,"name":"Home","item":"https:\/\/www.coolturalia.com\/fr\/"},{"@type":"ListItem","position":2,"name":"Events","item":"https:\/\/www.coolturalia.com\/fr\/events\/"},{"@type":"ListItem","position":3,"name":"Verino – Rodéo"}]},{"@type":"WebSite","@id":"https:\/\/www.coolturalia.com\/fr\/#website","url":"https:\/\/www.coolturalia.com\/fr\/","name":"Coolturalia","description":"","publisher":{"@id":"https:\/\/www.coolturalia.com\/fr\/#organization"},"potentialAction":[{"@type":"SearchAction","target":{"@type":"EntryPoint","urlTemplate":"https:\/\/www.coolturalia.com\/fr\/?s={search_term_string}"},"query-input":{"@type":"PropertyValueSpecification","valueRequired":true,"valueName":"search_term_string"}}],"inLanguage":"fr-FR"},{"@type":"Organization","@id":"https:\/\/www.coolturalia.com\/fr\/#organization","name":"Coolturalia","url":"https:\/\/www.coolturalia.com\/fr\/","logo":{"@type":"ImageObject","inLanguage":"fr-FR","@id":"https:\/\/www.coolturalia.com\/fr\/#\/schema\/logo\/image\/","url":"https:\/\/www.coolturalia.com\/wp-content\/uploads\/2024\/04\/Logo-coolturalia.svg","contentUrl":"https:\/\/www.coolturalia.com\/wp-content\/uploads\/2024\/04\/Logo-coolturalia.svg","width":1312,"height":193,"caption":"Coolturalia"},"image":{"@id":"https:\/\/www.coolturalia.com\/fr\/#\/schema\/logo\/image\/"},"sameAs":["https:\/\/www.instagram.com\/coolturalia_geneva\/"]}]}</script>
<!-- / Yoast SEO plugin. -->

Verino – Rodéo - Coolturalia

Verino présente Rodéo, un solo incisif qui explore les tensions complexes qui nous traversent. Ancré mais les pieds dans le vide, le spectacle navigue les turbulences contemporaines avec agilité physique et écriture précise. Textes : Verino, en collaboration avec Marion Balestriero, Aude Galliou et Greg Vacher, mise en scène de Thibaut Evrard. L&rsquo;ensemble mêle observation [&hellip;]
