{"id":188348,"date":"2026-04-28T13:55:47","date_gmt":"2026-04-28T12:55:47","guid":{"rendered":"https:\/\/www.coolturalia.com\/event\/les-verbes-de-lecriture-wajdi-mouawad-2\/"},"modified":"2026-04-28T13:55:47","modified_gmt":"2026-04-28T12:55:47","slug":"les-verbes-de-lecriture-wajdi-mouawad-2","status":"publish","type":"event","link":"https:\/\/www.coolturalia.com\/fr\/event\/les-verbes-de-lecriture-wajdi-mouawad-2\/","title":{"rendered":"Les verbes de l&rsquo;\u00e9criture \u2014 Wajdi Mouawad"},"content":{"rendered":"<p>Wajdi Mouawad propose une travers\u00e9e visc\u00e9rale et po\u00e9tique des neuf cours qu&rsquo;il a donn\u00e9s au Coll\u00e8ge de France. \u00c0 mi-chemin entre conf\u00e9rence et performance, il explore son rapport intime et charnel \u00e0 l\u2019\u00e9criture, la langue, le silence et les ombres. L\u2019\u0153uvre se d\u00e9ploie en trois parties autonomes, chacune n\u00e9cessitant un billet distinct, et invite \u00e0 une \u00e9coute attentive ainsi qu\u2019\u00e0 une r\u00e9flexion sur la pratique cr\u00e9ative et l\u2019art du r\u00e9cit.<\/p>\n<p>2 mai \u00e0 10:00, 14:30 et 19:00<\/p>\n","protected":false},"excerpt":{"rendered":"<p>Wajdi Mouawad propose une travers\u00e9e visc\u00e9rale et po\u00e9tique des neuf cours qu&rsquo;il a donn\u00e9s au Coll\u00e8ge de France. \u00c0 mi-chemin entre conf\u00e9rence et performance, il explore son rapport intime et charnel \u00e0 l\u2019\u00e9criture, la langue, le silence et les ombres. L\u2019\u0153uvre se d\u00e9ploie en trois parties autonomes, chacune n\u00e9cessitant un billet distinct, et invite \u00e0 [&hellip;]<\/p>\n","protected":false},"featured_media":188346,"parent":0,"menu_order":0,"template":"","format":"standard","meta":{"_acf_changed":false,"footnotes":""},"tags":[],"event-category":[448],"event-venue":[799],"class_list":["post-188348","event","type-event","status-publish","format-standard","has-post-thumbnail","hentry","event-category-conferences","event-venue-la-comedie-de-geneve-fr"],"acf":{"price":"Sur r\u00e9servation","date":"Vendredi 2 mai, 10:00","start_date":"2026-05-02 12:00:00","end_date":"2026-05-02 23:00:00","website_link":"https:\/\/www.comedie.ch\/fr\/les-verbes-de-l-ecriture","link_buy_tickets":"","highlighted":false,"photo_credit":"","timings":[{"timing_start_date":"2026-05-02 12:00:00","timing_end_date":"2026-05-02 23:00:00"}],"external_id":""},"yoast_head":"<!-- This site is optimized with the Yoast SEO plugin v27.5 - https:\/\/yoast.com\/product\/yoast-seo-wordpress\/ -->\n<title>Les verbes de l&#039;\u00e9criture \u2014 Wajdi Mouawad - Coolturalia<\/title>\n<meta name=\"robots\" content=\"index, follow, max-snippet:-1, max-image-preview:large, max-video-preview:-1\" \/>\n<link rel=\"canonical\" href=\"https:\/\/www.coolturalia.com\/fr\/event\/les-verbes-de-lecriture-wajdi-mouawad-2\/\" \/>\n<meta property=\"og:locale\" content=\"fr_FR\" \/>\n<meta property=\"og:type\" content=\"article\" \/>\n<meta property=\"og:title\" content=\"Les verbes de l&#039;\u00e9criture \u2014 Wajdi Mouawad - Coolturalia\" \/>\n<meta property=\"og:description\" content=\"Wajdi Mouawad propose une travers\u00e9e visc\u00e9rale et po\u00e9tique des neuf cours qu&rsquo;il a donn\u00e9s au Coll\u00e8ge de France. \u00c0 mi-chemin entre conf\u00e9rence et performance, il explore son rapport intime et charnel \u00e0 l\u2019\u00e9criture, la langue, le silence et les ombres. L\u2019\u0153uvre se d\u00e9ploie en trois parties autonomes, chacune n\u00e9cessitant un billet distinct, et invite \u00e0 [&hellip;]\" \/>\n<meta property=\"og:url\" content=\"https:\/\/www.coolturalia.com\/fr\/event\/les-verbes-de-lecriture-wajdi-mouawad-2\/\" \/>\n<meta property=\"og:site_name\" content=\"Coolturalia\" \/>\n<meta property=\"og:image\" content=\"https:\/\/www.coolturalia.com\/wp-content\/uploads\/2024\/04\/favicon-coolturalia-2.png\" \/>\n\t<meta property=\"og:image:width\" content=\"150\" \/>\n\t<meta property=\"og:image:height\" content=\"150\" \/>\n\t<meta property=\"og:image:type\" content=\"image\/png\" \/>\n<meta name=\"twitter:card\" content=\"summary_large_image\" \/>\n<script type=\"application\/ld+json\" class=\"yoast-schema-graph\">{\"@context\":\"https:\\\/\\\/schema.org\",\"@graph\":[{\"@type\":\"WebPage\",\"@id\":\"https:\\\/\\\/www.coolturalia.com\\\/fr\\\/event\\\/les-verbes-de-lecriture-wajdi-mouawad-2\\\/\",\"url\":\"https:\\\/\\\/www.coolturalia.com\\\/fr\\\/event\\\/les-verbes-de-lecriture-wajdi-mouawad-2\\\/\",\"name\":\"Les verbes de l'\u00e9criture \u2014 Wajdi Mouawad - Coolturalia\",\"isPartOf\":{\"@id\":\"https:\\\/\\\/www.coolturalia.com\\\/fr\\\/#website\"},\"primaryImageOfPage\":{\"@id\":\"https:\\\/\\\/www.coolturalia.com\\\/fr\\\/event\\\/les-verbes-de-lecriture-wajdi-mouawad-2\\\/#primaryimage\"},\"image\":{\"@id\":\"https:\\\/\\\/www.coolturalia.com\\\/fr\\\/event\\\/les-verbes-de-lecriture-wajdi-mouawad-2\\\/#primaryimage\"},\"thumbnailUrl\":\"https:\\\/\\\/www.coolturalia.com\\\/wp-content\\\/uploads\\\/2026\\\/04\\\/Les-verbes-de-l-ecriture-Wajdi-Mouawad.webp\",\"datePublished\":\"2026-04-28T12:55:47+00:00\",\"breadcrumb\":{\"@id\":\"https:\\\/\\\/www.coolturalia.com\\\/fr\\\/event\\\/les-verbes-de-lecriture-wajdi-mouawad-2\\\/#breadcrumb\"},\"inLanguage\":\"fr-FR\",\"potentialAction\":[{\"@type\":\"ReadAction\",\"target\":[\"https:\\\/\\\/www.coolturalia.com\\\/fr\\\/event\\\/les-verbes-de-lecriture-wajdi-mouawad-2\\\/\"]}]},{\"@type\":\"ImageObject\",\"inLanguage\":\"fr-FR\",\"@id\":\"https:\\\/\\\/www.coolturalia.com\\\/fr\\\/event\\\/les-verbes-de-lecriture-wajdi-mouawad-2\\\/#primaryimage\",\"url\":\"https:\\\/\\\/www.coolturalia.com\\\/wp-content\\\/uploads\\\/2026\\\/04\\\/Les-verbes-de-l-ecriture-Wajdi-Mouawad.webp\",\"contentUrl\":\"https:\\\/\\\/www.coolturalia.com\\\/wp-content\\\/uploads\\\/2026\\\/04\\\/Les-verbes-de-l-ecriture-Wajdi-Mouawad.webp\",\"width\":2000,\"height\":1500,\"caption\":\"undefined\"},{\"@type\":\"BreadcrumbList\",\"@id\":\"https:\\\/\\\/www.coolturalia.com\\\/fr\\\/event\\\/les-verbes-de-lecriture-wajdi-mouawad-2\\\/#breadcrumb\",\"itemListElement\":[{\"@type\":\"ListItem\",\"position\":1,\"name\":\"Home\",\"item\":\"https:\\\/\\\/www.coolturalia.com\\\/fr\\\/\"},{\"@type\":\"ListItem\",\"position\":2,\"name\":\"Events\",\"item\":\"https:\\\/\\\/www.coolturalia.com\\\/fr\\\/events\\\/\"},{\"@type\":\"ListItem\",\"position\":3,\"name\":\"Les verbes de l&rsquo;\u00e9criture \u2014 Wajdi Mouawad\"}]},{\"@type\":\"WebSite\",\"@id\":\"https:\\\/\\\/www.coolturalia.com\\\/fr\\\/#website\",\"url\":\"https:\\\/\\\/www.coolturalia.com\\\/fr\\\/\",\"name\":\"Coolturalia\",\"description\":\"\",\"publisher\":{\"@id\":\"https:\\\/\\\/www.coolturalia.com\\\/fr\\\/#organization\"},\"potentialAction\":[{\"@type\":\"SearchAction\",\"target\":{\"@type\":\"EntryPoint\",\"urlTemplate\":\"https:\\\/\\\/www.coolturalia.com\\\/fr\\\/?s={search_term_string}\"},\"query-input\":{\"@type\":\"PropertyValueSpecification\",\"valueRequired\":true,\"valueName\":\"search_term_string\"}}],\"inLanguage\":\"fr-FR\"},{\"@type\":\"Organization\",\"@id\":\"https:\\\/\\\/www.coolturalia.com\\\/fr\\\/#organization\",\"name\":\"Coolturalia\",\"url\":\"https:\\\/\\\/www.coolturalia.com\\\/fr\\\/\",\"logo\":{\"@type\":\"ImageObject\",\"inLanguage\":\"fr-FR\",\"@id\":\"https:\\\/\\\/www.coolturalia.com\\\/fr\\\/#\\\/schema\\\/logo\\\/image\\\/\",\"url\":\"https:\\\/\\\/www.coolturalia.com\\\/wp-content\\\/uploads\\\/2024\\\/04\\\/Logo-coolturalia.svg\",\"contentUrl\":\"https:\\\/\\\/www.coolturalia.com\\\/wp-content\\\/uploads\\\/2024\\\/04\\\/Logo-coolturalia.svg\",\"width\":1312,\"height\":193,\"caption\":\"Coolturalia\"},\"image\":{\"@id\":\"https:\\\/\\\/www.coolturalia.com\\\/fr\\\/#\\\/schema\\\/logo\\\/image\\\/\"},\"sameAs\":[\"https:\\\/\\\/www.instagram.com\\\/coolturalia_geneva\\\/\"]}]}<\/script>\n<!-- \/ Yoast SEO plugin. -->","yoast_head_json":{"title":"Les verbes de l'\u00e9criture \u2014 Wajdi Mouawad - Coolturalia","robots":{"index":"index","follow":"follow","max-snippet":"max-snippet:-1","max-image-preview":"max-image-preview:large","max-video-preview":"max-video-preview:-1"},"canonical":"https:\/\/www.coolturalia.com\/fr\/event\/les-verbes-de-lecriture-wajdi-mouawad-2\/","og_locale":"fr_FR","og_type":"article","og_title":"Les verbes de l'\u00e9criture \u2014 Wajdi Mouawad - Coolturalia","og_description":"Wajdi Mouawad propose une travers\u00e9e visc\u00e9rale et po\u00e9tique des neuf cours qu&rsquo;il a donn\u00e9s au Coll\u00e8ge de France. \u00c0 mi-chemin entre conf\u00e9rence et performance, il explore son rapport intime et charnel \u00e0 l\u2019\u00e9criture, la langue, le silence et les ombres. L\u2019\u0153uvre se d\u00e9ploie en trois parties autonomes, chacune n\u00e9cessitant un billet distinct, et invite \u00e0 [&hellip;]","og_url":"https:\/\/www.coolturalia.com\/fr\/event\/les-verbes-de-lecriture-wajdi-mouawad-2\/","og_site_name":"Coolturalia","og_image":[{"width":150,"height":150,"url":"https:\/\/www.coolturalia.com\/wp-content\/uploads\/2024\/04\/favicon-coolturalia-2.png","type":"image\/png"}],"twitter_card":"summary_large_image","schema":{"@context":"https:\/\/schema.org","@graph":[{"@type":"WebPage","@id":"https:\/\/www.coolturalia.com\/fr\/event\/les-verbes-de-lecriture-wajdi-mouawad-2\/","url":"https:\/\/www.coolturalia.com\/fr\/event\/les-verbes-de-lecriture-wajdi-mouawad-2\/","name":"Les verbes de l'\u00e9criture \u2014 Wajdi Mouawad - Coolturalia","isPartOf":{"@id":"https:\/\/www.coolturalia.com\/fr\/#website"},"primaryImageOfPage":{"@id":"https:\/\/www.coolturalia.com\/fr\/event\/les-verbes-de-lecriture-wajdi-mouawad-2\/#primaryimage"},"image":{"@id":"https:\/\/www.coolturalia.com\/fr\/event\/les-verbes-de-lecriture-wajdi-mouawad-2\/#primaryimage"},"thumbnailUrl":"https:\/\/www.coolturalia.com\/wp-content\/uploads\/2026\/04\/Les-verbes-de-l-ecriture-Wajdi-Mouawad.webp","datePublished":"2026-04-28T12:55:47+00:00","breadcrumb":{"@id":"https:\/\/www.coolturalia.com\/fr\/event\/les-verbes-de-lecriture-wajdi-mouawad-2\/#breadcrumb"},"inLanguage":"fr-FR","potentialAction":[{"@type":"ReadAction","target":["https:\/\/www.coolturalia.com\/fr\/event\/les-verbes-de-lecriture-wajdi-mouawad-2\/"]}]},{"@type":"ImageObject","inLanguage":"fr-FR","@id":"https:\/\/www.coolturalia.com\/fr\/event\/les-verbes-de-lecriture-wajdi-mouawad-2\/#primaryimage","url":"https:\/\/www.coolturalia.com\/wp-content\/uploads\/2026\/04\/Les-verbes-de-l-ecriture-Wajdi-Mouawad.webp","contentUrl":"https:\/\/www.coolturalia.com\/wp-content\/uploads\/2026\/04\/Les-verbes-de-l-ecriture-Wajdi-Mouawad.webp","width":2000,"height":1500,"caption":"undefined"},{"@type":"BreadcrumbList","@id":"https:\/\/www.coolturalia.com\/fr\/event\/les-verbes-de-lecriture-wajdi-mouawad-2\/#breadcrumb","itemListElement":[{"@type":"ListItem","position":1,"name":"Home","item":"https:\/\/www.coolturalia.com\/fr\/"},{"@type":"ListItem","position":2,"name":"Events","item":"https:\/\/www.coolturalia.com\/fr\/events\/"},{"@type":"ListItem","position":3,"name":"Les verbes de l&rsquo;\u00e9criture \u2014 Wajdi Mouawad"}]},{"@type":"WebSite","@id":"https:\/\/www.coolturalia.com\/fr\/#website","url":"https:\/\/www.coolturalia.com\/fr\/","name":"Coolturalia","description":"","publisher":{"@id":"https:\/\/www.coolturalia.com\/fr\/#organization"},"potentialAction":[{"@type":"SearchAction","target":{"@type":"EntryPoint","urlTemplate":"https:\/\/www.coolturalia.com\/fr\/?s={search_term_string}"},"query-input":{"@type":"PropertyValueSpecification","valueRequired":true,"valueName":"search_term_string"}}],"inLanguage":"fr-FR"},{"@type":"Organization","@id":"https:\/\/www.coolturalia.com\/fr\/#organization","name":"Coolturalia","url":"https:\/\/www.coolturalia.com\/fr\/","logo":{"@type":"ImageObject","inLanguage":"fr-FR","@id":"https:\/\/www.coolturalia.com\/fr\/#\/schema\/logo\/image\/","url":"https:\/\/www.coolturalia.com\/wp-content\/uploads\/2024\/04\/Logo-coolturalia.svg","contentUrl":"https:\/\/www.coolturalia.com\/wp-content\/uploads\/2024\/04\/Logo-coolturalia.svg","width":1312,"height":193,"caption":"Coolturalia"},"image":{"@id":"https:\/\/www.coolturalia.com\/fr\/#\/schema\/logo\/image\/"},"sameAs":["https:\/\/www.instagram.com\/coolturalia_geneva\/"]}]}},"translations":{"translations":{"en":"188347","fr":"188348"},"language":{"code":"fr"},"date":{"dateRange":"Vendredi 2 mai, 10:00"}},"language":{"code":"fr"},"_links":{"self":[{"href":"https:\/\/www.coolturalia.com\/fr\/wp-json\/wp\/v2\/event\/188348","targetHints":{"allow":["GET"]}}],"collection":[{"href":"https:\/\/www.coolturalia.com\/fr\/wp-json\/wp\/v2\/event"}],"about":[{"href":"https:\/\/www.coolturalia.com\/fr\/wp-json\/wp\/v2\/types\/event"}],"version-history":[{"count":0,"href":"https:\/\/www.coolturalia.com\/fr\/wp-json\/wp\/v2\/event\/188348\/revisions"}],"wp:featuredmedia":[{"embeddable":true,"href":"https:\/\/www.coolturalia.com\/fr\/wp-json\/wp\/v2\/media\/188346"}],"wp:attachment":[{"href":"https:\/\/www.coolturalia.com\/fr\/wp-json\/wp\/v2\/media?parent=188348"}],"wp:term":[{"taxonomy":"post_tag","embeddable":true,"href":"https:\/\/www.coolturalia.com\/fr\/wp-json\/wp\/v2\/tags?post=188348"},{"taxonomy":"event-category","embeddable":true,"href":"https:\/\/www.coolturalia.com\/fr\/wp-json\/wp\/v2\/event-category?post=188348"},{"taxonomy":"event-venue","embeddable":true,"href":"https:\/\/www.coolturalia.com\/fr\/wp-json\/wp\/v2\/event-venue?post=188348"}],"curies":[{"name":"wp","href":"https:\/\/api.w.org\/{rel}","templated":true}]}}

Les verbes de l&rsquo;écriture — Wajdi Mouawad

<p>Wajdi Mouawad propose une traversée viscérale et poétique des neuf cours qu&rsquo;il a donnés au Collège de France. À mi-chemin entre conférence et performance, il explore son rapport intime et charnel à l’écriture, la langue, le silence et les ombres. L’œuvre se déploie en trois parties autonomes, chacune nécessitant un billet distinct, et invite à une écoute attentive ainsi qu’à une réflexion sur la pratique créative et l’art du récit.</p>
<p>2 mai à 10:00, 14:30 et 19:00</p>

<p>Wajdi Mouawad propose une traversée viscérale et poétique des neuf cours qu&rsquo;il a donnés au Collège de France. À mi-chemin entre conférence et performance, il explore son rapport intime et charnel à l’écriture, la langue, le silence et les ombres. L’œuvre se déploie en trois parties autonomes, chacune nécessitant un billet distinct, et invite à [&hellip;]</p>

Sur réservation

<!-- This site is optimized with the Yoast SEO plugin v27.5 - https://yoast.com/product/yoast-seo-wordpress/ -->
<title>Les verbes de l&#039;écriture — Wajdi Mouawad - Coolturalia</title>
<meta name="robots" content="index, follow, max-snippet:-1, max-image-preview:large, max-video-preview:-1" />
<link rel="canonical" href="https://www.coolturalia.com/fr/event/les-verbes-de-lecriture-wajdi-mouawad-2/" />
<meta property="og:locale" content="fr_FR" />
<meta property="og:type" content="article" />
<meta property="og:title" content="Les verbes de l&#039;écriture — Wajdi Mouawad - Coolturalia" />
<meta property="og:description" content="Wajdi Mouawad propose une traversée viscérale et poétique des neuf cours qu&rsquo;il a donnés au Collège de France. À mi-chemin entre conférence et performance, il explore son rapport intime et charnel à l’écriture, la langue, le silence et les ombres. L’œuvre se déploie en trois parties autonomes, chacune nécessitant un billet distinct, et invite à [&hellip;]" />
<meta property="og:url" content="https://www.coolturalia.com/fr/event/les-verbes-de-lecriture-wajdi-mouawad-2/" />
<meta property="og:site_name" content="Coolturalia" />
<meta property="og:image" content="https://www.coolturalia.com/wp-content/uploads/2024/04/favicon-coolturalia-2.png" />
	<meta property="og:image:width" content="150" />
	<meta property="og:image:height" content="150" />
	<meta property="og:image:type" content="image/png" />
<meta name="twitter:card" content="summary_large_image" />
<script type="application/ld+json" class="yoast-schema-graph">{"@context":"https:\/\/schema.org","@graph":[{"@type":"WebPage","@id":"https:\/\/www.coolturalia.com\/fr\/event\/les-verbes-de-lecriture-wajdi-mouawad-2\/","url":"https:\/\/www.coolturalia.com\/fr\/event\/les-verbes-de-lecriture-wajdi-mouawad-2\/","name":"Les verbes de l'écriture — Wajdi Mouawad - Coolturalia","isPartOf":{"@id":"https:\/\/www.coolturalia.com\/fr\/#website"},"primaryImageOfPage":{"@id":"https:\/\/www.coolturalia.com\/fr\/event\/les-verbes-de-lecriture-wajdi-mouawad-2\/#primaryimage"},"image":{"@id":"https:\/\/www.coolturalia.com\/fr\/event\/les-verbes-de-lecriture-wajdi-mouawad-2\/#primaryimage"},"thumbnailUrl":"https:\/\/www.coolturalia.com\/wp-content\/uploads\/2026\/04\/Les-verbes-de-l-ecriture-Wajdi-Mouawad.webp","datePublished":"2026-04-28T12:55:47+00:00","breadcrumb":{"@id":"https:\/\/www.coolturalia.com\/fr\/event\/les-verbes-de-lecriture-wajdi-mouawad-2\/#breadcrumb"},"inLanguage":"fr-FR","potentialAction":[{"@type":"ReadAction","target":["https:\/\/www.coolturalia.com\/fr\/event\/les-verbes-de-lecriture-wajdi-mouawad-2\/"]}]},{"@type":"ImageObject","inLanguage":"fr-FR","@id":"https:\/\/www.coolturalia.com\/fr\/event\/les-verbes-de-lecriture-wajdi-mouawad-2\/#primaryimage","url":"https:\/\/www.coolturalia.com\/wp-content\/uploads\/2026\/04\/Les-verbes-de-l-ecriture-Wajdi-Mouawad.webp","contentUrl":"https:\/\/www.coolturalia.com\/wp-content\/uploads\/2026\/04\/Les-verbes-de-l-ecriture-Wajdi-Mouawad.webp","width":2000,"height":1500,"caption":"undefined"},{"@type":"BreadcrumbList","@id":"https:\/\/www.coolturalia.com\/fr\/event\/les-verbes-de-lecriture-wajdi-mouawad-2\/#breadcrumb","itemListElement":[{"@type":"ListItem","position":1,"name":"Home","item":"https:\/\/www.coolturalia.com\/fr\/"},{"@type":"ListItem","position":2,"name":"Events","item":"https:\/\/www.coolturalia.com\/fr\/events\/"},{"@type":"ListItem","position":3,"name":"Les verbes de l&rsquo;écriture — Wajdi Mouawad"}]},{"@type":"WebSite","@id":"https:\/\/www.coolturalia.com\/fr\/#website","url":"https:\/\/www.coolturalia.com\/fr\/","name":"Coolturalia","description":"","publisher":{"@id":"https:\/\/www.coolturalia.com\/fr\/#organization"},"potentialAction":[{"@type":"SearchAction","target":{"@type":"EntryPoint","urlTemplate":"https:\/\/www.coolturalia.com\/fr\/?s={search_term_string}"},"query-input":{"@type":"PropertyValueSpecification","valueRequired":true,"valueName":"search_term_string"}}],"inLanguage":"fr-FR"},{"@type":"Organization","@id":"https:\/\/www.coolturalia.com\/fr\/#organization","name":"Coolturalia","url":"https:\/\/www.coolturalia.com\/fr\/","logo":{"@type":"ImageObject","inLanguage":"fr-FR","@id":"https:\/\/www.coolturalia.com\/fr\/#\/schema\/logo\/image\/","url":"https:\/\/www.coolturalia.com\/wp-content\/uploads\/2024\/04\/Logo-coolturalia.svg","contentUrl":"https:\/\/www.coolturalia.com\/wp-content\/uploads\/2024\/04\/Logo-coolturalia.svg","width":1312,"height":193,"caption":"Coolturalia"},"image":{"@id":"https:\/\/www.coolturalia.com\/fr\/#\/schema\/logo\/image\/"},"sameAs":["https:\/\/www.instagram.com\/coolturalia_geneva\/"]}]}</script>
<!-- / Yoast SEO plugin. -->

Les verbes de l'écriture — Wajdi Mouawad - Coolturalia

Wajdi Mouawad propose une traversée viscérale et poétique des neuf cours qu&rsquo;il a donnés au Collège de France. À mi-chemin entre conférence et performance, il explore son rapport intime et charnel à l’écriture, la langue, le silence et les ombres. L’œuvre se déploie en trois parties autonomes, chacune nécessitant un billet distinct, et invite à [&hellip;]
