{"id":188173,"date":"2026-04-28T07:06:55","date_gmt":"2026-04-28T06:06:55","guid":{"rendered":"https:\/\/www.coolturalia.com\/event\/la-joconde-parle-enfin-2\/"},"modified":"2026-04-28T07:06:55","modified_gmt":"2026-04-28T06:06:55","slug":"la-joconde-parle-enfin-2","status":"publish","type":"event","link":"https:\/\/www.coolturalia.com\/fr\/event\/la-joconde-parle-enfin-2\/","title":{"rendered":"La Joconde parle enfin"},"content":{"rendered":"<p>Sous la plume de Laurent Ruquier, La Joconde prend la parole dans un portrait th\u00e9\u00e2tral intime. Karina Marimon incarne l&rsquo;ic\u00f4ne et raconte sa vie, depuis l&rsquo;atelier de L\u00e9onard de Vinci jusqu&rsquo;\u00e0 sa pr\u00e9sence au Louvre. La mise en sc\u00e8ne de Rodolphe Sand, la sc\u00e9nographie de Lucie Joliot, la musique de Romain Trouillet, les lumi\u00e8res de Denis Schlepp et les costumes de Fleur Demery composent un spectacle \u00e0 la fois r\u00e9fl\u00e9chi, dr\u00f4le et poignant. Production Opus One \/ RUQ Spectacles.<\/p>\n","protected":false},"excerpt":{"rendered":"<p>Sous la plume de Laurent Ruquier, La Joconde prend la parole dans un portrait th\u00e9\u00e2tral intime. Karina Marimon incarne l&rsquo;ic\u00f4ne et raconte sa vie, depuis l&rsquo;atelier de L\u00e9onard de Vinci jusqu&rsquo;\u00e0 sa pr\u00e9sence au Louvre. La mise en sc\u00e8ne de Rodolphe Sand, la sc\u00e9nographie de Lucie Joliot, la musique de Romain Trouillet, les lumi\u00e8res de [&hellip;]<\/p>\n","protected":false},"featured_media":188171,"parent":0,"menu_order":0,"template":"","format":"standard","meta":{"_acf_changed":false,"footnotes":""},"tags":[1014],"event-category":[444],"event-venue":[1187],"class_list":["post-188173","event","type-event","status-publish","format-standard","has-post-thumbnail","hentry","tag-portrait-image-fr","event-category-spectacles","event-venue-uptown-geneva-comedie-de-la-gare"],"acf":{"price":"Sur r\u00e9servation","date":"Samedi 23 janvier, 20:00","start_date":"2027-01-23 21:00:00","end_date":"2027-01-23 23:00:00","website_link":"https:\/\/www.ticketcorner.ch\/noapp\/event\/la-joconde-parle-enfin-uptown-geneva-21566878\/?affiliate=OOS&utm_campaign=Opus+One&utm_source=OOs&utm_medium=dp","link_buy_tickets":"","highlighted":false,"photo_credit":"","timings":[{"timing_start_date":"2027-01-23 21:00:00","timing_end_date":"2027-01-23 23:00:00"}],"external_id":""},"yoast_head":"<!-- This site is optimized with the Yoast SEO plugin v27.5 - https:\/\/yoast.com\/product\/yoast-seo-wordpress\/ -->\n<title>La Joconde parle enfin - Coolturalia<\/title>\n<meta name=\"robots\" content=\"index, follow, max-snippet:-1, max-image-preview:large, max-video-preview:-1\" \/>\n<link rel=\"canonical\" href=\"https:\/\/www.coolturalia.com\/fr\/event\/la-joconde-parle-enfin-2\/\" \/>\n<meta property=\"og:locale\" content=\"fr_FR\" \/>\n<meta property=\"og:type\" content=\"article\" \/>\n<meta property=\"og:title\" content=\"La Joconde parle enfin - Coolturalia\" \/>\n<meta property=\"og:description\" content=\"Sous la plume de Laurent Ruquier, La Joconde prend la parole dans un portrait th\u00e9\u00e2tral intime. Karina Marimon incarne l&rsquo;ic\u00f4ne et raconte sa vie, depuis l&rsquo;atelier de L\u00e9onard de Vinci jusqu&rsquo;\u00e0 sa pr\u00e9sence au Louvre. La mise en sc\u00e8ne de Rodolphe Sand, la sc\u00e9nographie de Lucie Joliot, la musique de Romain Trouillet, les lumi\u00e8res de [&hellip;]\" \/>\n<meta property=\"og:url\" content=\"https:\/\/www.coolturalia.com\/fr\/event\/la-joconde-parle-enfin-2\/\" \/>\n<meta property=\"og:site_name\" content=\"Coolturalia\" \/>\n<meta property=\"og:image\" content=\"https:\/\/www.coolturalia.com\/wp-content\/uploads\/2024\/04\/favicon-coolturalia-2.png\" \/>\n\t<meta property=\"og:image:width\" content=\"150\" \/>\n\t<meta property=\"og:image:height\" content=\"150\" \/>\n\t<meta property=\"og:image:type\" content=\"image\/png\" \/>\n<meta name=\"twitter:card\" content=\"summary_large_image\" \/>\n<script type=\"application\/ld+json\" class=\"yoast-schema-graph\">{\"@context\":\"https:\\\/\\\/schema.org\",\"@graph\":[{\"@type\":\"WebPage\",\"@id\":\"https:\\\/\\\/www.coolturalia.com\\\/fr\\\/event\\\/la-joconde-parle-enfin-2\\\/\",\"url\":\"https:\\\/\\\/www.coolturalia.com\\\/fr\\\/event\\\/la-joconde-parle-enfin-2\\\/\",\"name\":\"La Joconde parle enfin - Coolturalia\",\"isPartOf\":{\"@id\":\"https:\\\/\\\/www.coolturalia.com\\\/fr\\\/#website\"},\"primaryImageOfPage\":{\"@id\":\"https:\\\/\\\/www.coolturalia.com\\\/fr\\\/event\\\/la-joconde-parle-enfin-2\\\/#primaryimage\"},\"image\":{\"@id\":\"https:\\\/\\\/www.coolturalia.com\\\/fr\\\/event\\\/la-joconde-parle-enfin-2\\\/#primaryimage\"},\"thumbnailUrl\":\"https:\\\/\\\/www.coolturalia.com\\\/wp-content\\\/uploads\\\/2026\\\/04\\\/La-Joconde-parle-enfin.webp\",\"datePublished\":\"2026-04-28T06:06:55+00:00\",\"breadcrumb\":{\"@id\":\"https:\\\/\\\/www.coolturalia.com\\\/fr\\\/event\\\/la-joconde-parle-enfin-2\\\/#breadcrumb\"},\"inLanguage\":\"fr-FR\",\"potentialAction\":[{\"@type\":\"ReadAction\",\"target\":[\"https:\\\/\\\/www.coolturalia.com\\\/fr\\\/event\\\/la-joconde-parle-enfin-2\\\/\"]}]},{\"@type\":\"ImageObject\",\"inLanguage\":\"fr-FR\",\"@id\":\"https:\\\/\\\/www.coolturalia.com\\\/fr\\\/event\\\/la-joconde-parle-enfin-2\\\/#primaryimage\",\"url\":\"https:\\\/\\\/www.coolturalia.com\\\/wp-content\\\/uploads\\\/2026\\\/04\\\/La-Joconde-parle-enfin.webp\",\"contentUrl\":\"https:\\\/\\\/www.coolturalia.com\\\/wp-content\\\/uploads\\\/2026\\\/04\\\/La-Joconde-parle-enfin.webp\",\"width\":343,\"height\":430,\"caption\":\"undefined\"},{\"@type\":\"BreadcrumbList\",\"@id\":\"https:\\\/\\\/www.coolturalia.com\\\/fr\\\/event\\\/la-joconde-parle-enfin-2\\\/#breadcrumb\",\"itemListElement\":[{\"@type\":\"ListItem\",\"position\":1,\"name\":\"Home\",\"item\":\"https:\\\/\\\/www.coolturalia.com\\\/fr\\\/\"},{\"@type\":\"ListItem\",\"position\":2,\"name\":\"Events\",\"item\":\"https:\\\/\\\/www.coolturalia.com\\\/fr\\\/events\\\/\"},{\"@type\":\"ListItem\",\"position\":3,\"name\":\"La Joconde parle enfin\"}]},{\"@type\":\"WebSite\",\"@id\":\"https:\\\/\\\/www.coolturalia.com\\\/fr\\\/#website\",\"url\":\"https:\\\/\\\/www.coolturalia.com\\\/fr\\\/\",\"name\":\"Coolturalia\",\"description\":\"\",\"publisher\":{\"@id\":\"https:\\\/\\\/www.coolturalia.com\\\/fr\\\/#organization\"},\"potentialAction\":[{\"@type\":\"SearchAction\",\"target\":{\"@type\":\"EntryPoint\",\"urlTemplate\":\"https:\\\/\\\/www.coolturalia.com\\\/fr\\\/?s={search_term_string}\"},\"query-input\":{\"@type\":\"PropertyValueSpecification\",\"valueRequired\":true,\"valueName\":\"search_term_string\"}}],\"inLanguage\":\"fr-FR\"},{\"@type\":\"Organization\",\"@id\":\"https:\\\/\\\/www.coolturalia.com\\\/fr\\\/#organization\",\"name\":\"Coolturalia\",\"url\":\"https:\\\/\\\/www.coolturalia.com\\\/fr\\\/\",\"logo\":{\"@type\":\"ImageObject\",\"inLanguage\":\"fr-FR\",\"@id\":\"https:\\\/\\\/www.coolturalia.com\\\/fr\\\/#\\\/schema\\\/logo\\\/image\\\/\",\"url\":\"https:\\\/\\\/www.coolturalia.com\\\/wp-content\\\/uploads\\\/2024\\\/04\\\/Logo-coolturalia.svg\",\"contentUrl\":\"https:\\\/\\\/www.coolturalia.com\\\/wp-content\\\/uploads\\\/2024\\\/04\\\/Logo-coolturalia.svg\",\"width\":1312,\"height\":193,\"caption\":\"Coolturalia\"},\"image\":{\"@id\":\"https:\\\/\\\/www.coolturalia.com\\\/fr\\\/#\\\/schema\\\/logo\\\/image\\\/\"},\"sameAs\":[\"https:\\\/\\\/www.instagram.com\\\/coolturalia_geneva\\\/\"]}]}<\/script>\n<!-- \/ Yoast SEO plugin. -->","yoast_head_json":{"title":"La Joconde parle enfin - Coolturalia","robots":{"index":"index","follow":"follow","max-snippet":"max-snippet:-1","max-image-preview":"max-image-preview:large","max-video-preview":"max-video-preview:-1"},"canonical":"https:\/\/www.coolturalia.com\/fr\/event\/la-joconde-parle-enfin-2\/","og_locale":"fr_FR","og_type":"article","og_title":"La Joconde parle enfin - Coolturalia","og_description":"Sous la plume de Laurent Ruquier, La Joconde prend la parole dans un portrait th\u00e9\u00e2tral intime. Karina Marimon incarne l&rsquo;ic\u00f4ne et raconte sa vie, depuis l&rsquo;atelier de L\u00e9onard de Vinci jusqu&rsquo;\u00e0 sa pr\u00e9sence au Louvre. La mise en sc\u00e8ne de Rodolphe Sand, la sc\u00e9nographie de Lucie Joliot, la musique de Romain Trouillet, les lumi\u00e8res de [&hellip;]","og_url":"https:\/\/www.coolturalia.com\/fr\/event\/la-joconde-parle-enfin-2\/","og_site_name":"Coolturalia","og_image":[{"width":150,"height":150,"url":"https:\/\/www.coolturalia.com\/wp-content\/uploads\/2024\/04\/favicon-coolturalia-2.png","type":"image\/png"}],"twitter_card":"summary_large_image","schema":{"@context":"https:\/\/schema.org","@graph":[{"@type":"WebPage","@id":"https:\/\/www.coolturalia.com\/fr\/event\/la-joconde-parle-enfin-2\/","url":"https:\/\/www.coolturalia.com\/fr\/event\/la-joconde-parle-enfin-2\/","name":"La Joconde parle enfin - Coolturalia","isPartOf":{"@id":"https:\/\/www.coolturalia.com\/fr\/#website"},"primaryImageOfPage":{"@id":"https:\/\/www.coolturalia.com\/fr\/event\/la-joconde-parle-enfin-2\/#primaryimage"},"image":{"@id":"https:\/\/www.coolturalia.com\/fr\/event\/la-joconde-parle-enfin-2\/#primaryimage"},"thumbnailUrl":"https:\/\/www.coolturalia.com\/wp-content\/uploads\/2026\/04\/La-Joconde-parle-enfin.webp","datePublished":"2026-04-28T06:06:55+00:00","breadcrumb":{"@id":"https:\/\/www.coolturalia.com\/fr\/event\/la-joconde-parle-enfin-2\/#breadcrumb"},"inLanguage":"fr-FR","potentialAction":[{"@type":"ReadAction","target":["https:\/\/www.coolturalia.com\/fr\/event\/la-joconde-parle-enfin-2\/"]}]},{"@type":"ImageObject","inLanguage":"fr-FR","@id":"https:\/\/www.coolturalia.com\/fr\/event\/la-joconde-parle-enfin-2\/#primaryimage","url":"https:\/\/www.coolturalia.com\/wp-content\/uploads\/2026\/04\/La-Joconde-parle-enfin.webp","contentUrl":"https:\/\/www.coolturalia.com\/wp-content\/uploads\/2026\/04\/La-Joconde-parle-enfin.webp","width":343,"height":430,"caption":"undefined"},{"@type":"BreadcrumbList","@id":"https:\/\/www.coolturalia.com\/fr\/event\/la-joconde-parle-enfin-2\/#breadcrumb","itemListElement":[{"@type":"ListItem","position":1,"name":"Home","item":"https:\/\/www.coolturalia.com\/fr\/"},{"@type":"ListItem","position":2,"name":"Events","item":"https:\/\/www.coolturalia.com\/fr\/events\/"},{"@type":"ListItem","position":3,"name":"La Joconde parle enfin"}]},{"@type":"WebSite","@id":"https:\/\/www.coolturalia.com\/fr\/#website","url":"https:\/\/www.coolturalia.com\/fr\/","name":"Coolturalia","description":"","publisher":{"@id":"https:\/\/www.coolturalia.com\/fr\/#organization"},"potentialAction":[{"@type":"SearchAction","target":{"@type":"EntryPoint","urlTemplate":"https:\/\/www.coolturalia.com\/fr\/?s={search_term_string}"},"query-input":{"@type":"PropertyValueSpecification","valueRequired":true,"valueName":"search_term_string"}}],"inLanguage":"fr-FR"},{"@type":"Organization","@id":"https:\/\/www.coolturalia.com\/fr\/#organization","name":"Coolturalia","url":"https:\/\/www.coolturalia.com\/fr\/","logo":{"@type":"ImageObject","inLanguage":"fr-FR","@id":"https:\/\/www.coolturalia.com\/fr\/#\/schema\/logo\/image\/","url":"https:\/\/www.coolturalia.com\/wp-content\/uploads\/2024\/04\/Logo-coolturalia.svg","contentUrl":"https:\/\/www.coolturalia.com\/wp-content\/uploads\/2024\/04\/Logo-coolturalia.svg","width":1312,"height":193,"caption":"Coolturalia"},"image":{"@id":"https:\/\/www.coolturalia.com\/fr\/#\/schema\/logo\/image\/"},"sameAs":["https:\/\/www.instagram.com\/coolturalia_geneva\/"]}]}},"translations":{"translations":{"en":"188172","fr":"188173"},"language":{"code":"fr"},"date":{"dateRange":"Samedi 23 janvier, 20:00"}},"language":{"code":"fr"},"_links":{"self":[{"href":"https:\/\/www.coolturalia.com\/fr\/wp-json\/wp\/v2\/event\/188173","targetHints":{"allow":["GET"]}}],"collection":[{"href":"https:\/\/www.coolturalia.com\/fr\/wp-json\/wp\/v2\/event"}],"about":[{"href":"https:\/\/www.coolturalia.com\/fr\/wp-json\/wp\/v2\/types\/event"}],"version-history":[{"count":0,"href":"https:\/\/www.coolturalia.com\/fr\/wp-json\/wp\/v2\/event\/188173\/revisions"}],"wp:featuredmedia":[{"embeddable":true,"href":"https:\/\/www.coolturalia.com\/fr\/wp-json\/wp\/v2\/media\/188171"}],"wp:attachment":[{"href":"https:\/\/www.coolturalia.com\/fr\/wp-json\/wp\/v2\/media?parent=188173"}],"wp:term":[{"taxonomy":"post_tag","embeddable":true,"href":"https:\/\/www.coolturalia.com\/fr\/wp-json\/wp\/v2\/tags?post=188173"},{"taxonomy":"event-category","embeddable":true,"href":"https:\/\/www.coolturalia.com\/fr\/wp-json\/wp\/v2\/event-category?post=188173"},{"taxonomy":"event-venue","embeddable":true,"href":"https:\/\/www.coolturalia.com\/fr\/wp-json\/wp\/v2\/event-venue?post=188173"}],"curies":[{"name":"wp","href":"https:\/\/api.w.org\/{rel}","templated":true}]}}

<p>Sous la plume de Laurent Ruquier, La Joconde prend la parole dans un portrait théâtral intime. Karina Marimon incarne l&rsquo;icône et raconte sa vie, depuis l&rsquo;atelier de Léonard de Vinci jusqu&rsquo;à sa présence au Louvre. La mise en scène de Rodolphe Sand, la scénographie de Lucie Joliot, la musique de Romain Trouillet, les lumières de Denis Schlepp et les costumes de Fleur Demery composent un spectacle à la fois réfléchi, drôle et poignant. Production Opus One / RUQ Spectacles.</p>

<p>Sous la plume de Laurent Ruquier, La Joconde prend la parole dans un portrait théâtral intime. Karina Marimon incarne l&rsquo;icône et raconte sa vie, depuis l&rsquo;atelier de Léonard de Vinci jusqu&rsquo;à sa présence au Louvre. La mise en scène de Rodolphe Sand, la scénographie de Lucie Joliot, la musique de Romain Trouillet, les lumières de [&hellip;]</p>

Sur réservation

<!-- This site is optimized with the Yoast SEO plugin v27.5 - https://yoast.com/product/yoast-seo-wordpress/ -->
<title>La Joconde parle enfin - Coolturalia</title>
<meta name="robots" content="index, follow, max-snippet:-1, max-image-preview:large, max-video-preview:-1" />
<link rel="canonical" href="https://www.coolturalia.com/fr/event/la-joconde-parle-enfin-2/" />
<meta property="og:locale" content="fr_FR" />
<meta property="og:type" content="article" />
<meta property="og:title" content="La Joconde parle enfin - Coolturalia" />
<meta property="og:description" content="Sous la plume de Laurent Ruquier, La Joconde prend la parole dans un portrait théâtral intime. Karina Marimon incarne l&rsquo;icône et raconte sa vie, depuis l&rsquo;atelier de Léonard de Vinci jusqu&rsquo;à sa présence au Louvre. La mise en scène de Rodolphe Sand, la scénographie de Lucie Joliot, la musique de Romain Trouillet, les lumières de [&hellip;]" />
<meta property="og:url" content="https://www.coolturalia.com/fr/event/la-joconde-parle-enfin-2/" />
<meta property="og:site_name" content="Coolturalia" />
<meta property="og:image" content="https://www.coolturalia.com/wp-content/uploads/2024/04/favicon-coolturalia-2.png" />
	<meta property="og:image:width" content="150" />
	<meta property="og:image:height" content="150" />
	<meta property="og:image:type" content="image/png" />
<meta name="twitter:card" content="summary_large_image" />
<script type="application/ld+json" class="yoast-schema-graph">{"@context":"https:\/\/schema.org","@graph":[{"@type":"WebPage","@id":"https:\/\/www.coolturalia.com\/fr\/event\/la-joconde-parle-enfin-2\/","url":"https:\/\/www.coolturalia.com\/fr\/event\/la-joconde-parle-enfin-2\/","name":"La Joconde parle enfin - Coolturalia","isPartOf":{"@id":"https:\/\/www.coolturalia.com\/fr\/#website"},"primaryImageOfPage":{"@id":"https:\/\/www.coolturalia.com\/fr\/event\/la-joconde-parle-enfin-2\/#primaryimage"},"image":{"@id":"https:\/\/www.coolturalia.com\/fr\/event\/la-joconde-parle-enfin-2\/#primaryimage"},"thumbnailUrl":"https:\/\/www.coolturalia.com\/wp-content\/uploads\/2026\/04\/La-Joconde-parle-enfin.webp","datePublished":"2026-04-28T06:06:55+00:00","breadcrumb":{"@id":"https:\/\/www.coolturalia.com\/fr\/event\/la-joconde-parle-enfin-2\/#breadcrumb"},"inLanguage":"fr-FR","potentialAction":[{"@type":"ReadAction","target":["https:\/\/www.coolturalia.com\/fr\/event\/la-joconde-parle-enfin-2\/"]}]},{"@type":"ImageObject","inLanguage":"fr-FR","@id":"https:\/\/www.coolturalia.com\/fr\/event\/la-joconde-parle-enfin-2\/#primaryimage","url":"https:\/\/www.coolturalia.com\/wp-content\/uploads\/2026\/04\/La-Joconde-parle-enfin.webp","contentUrl":"https:\/\/www.coolturalia.com\/wp-content\/uploads\/2026\/04\/La-Joconde-parle-enfin.webp","width":343,"height":430,"caption":"undefined"},{"@type":"BreadcrumbList","@id":"https:\/\/www.coolturalia.com\/fr\/event\/la-joconde-parle-enfin-2\/#breadcrumb","itemListElement":[{"@type":"ListItem","position":1,"name":"Home","item":"https:\/\/www.coolturalia.com\/fr\/"},{"@type":"ListItem","position":2,"name":"Events","item":"https:\/\/www.coolturalia.com\/fr\/events\/"},{"@type":"ListItem","position":3,"name":"La Joconde parle enfin"}]},{"@type":"WebSite","@id":"https:\/\/www.coolturalia.com\/fr\/#website","url":"https:\/\/www.coolturalia.com\/fr\/","name":"Coolturalia","description":"","publisher":{"@id":"https:\/\/www.coolturalia.com\/fr\/#organization"},"potentialAction":[{"@type":"SearchAction","target":{"@type":"EntryPoint","urlTemplate":"https:\/\/www.coolturalia.com\/fr\/?s={search_term_string}"},"query-input":{"@type":"PropertyValueSpecification","valueRequired":true,"valueName":"search_term_string"}}],"inLanguage":"fr-FR"},{"@type":"Organization","@id":"https:\/\/www.coolturalia.com\/fr\/#organization","name":"Coolturalia","url":"https:\/\/www.coolturalia.com\/fr\/","logo":{"@type":"ImageObject","inLanguage":"fr-FR","@id":"https:\/\/www.coolturalia.com\/fr\/#\/schema\/logo\/image\/","url":"https:\/\/www.coolturalia.com\/wp-content\/uploads\/2024\/04\/Logo-coolturalia.svg","contentUrl":"https:\/\/www.coolturalia.com\/wp-content\/uploads\/2024\/04\/Logo-coolturalia.svg","width":1312,"height":193,"caption":"Coolturalia"},"image":{"@id":"https:\/\/www.coolturalia.com\/fr\/#\/schema\/logo\/image\/"},"sameAs":["https:\/\/www.instagram.com\/coolturalia_geneva\/"]}]}</script>
<!-- / Yoast SEO plugin. -->

Sous la plume de Laurent Ruquier, La Joconde prend la parole dans un portrait théâtral intime. Karina Marimon incarne l&rsquo;icône et raconte sa vie, depuis l&rsquo;atelier de Léonard de Vinci jusqu&rsquo;à sa présence au Louvre. La mise en scène de Rodolphe Sand, la scénographie de Lucie Joliot, la musique de Romain Trouillet, les lumières de [&hellip;]
