{"id":188122,"date":"2026-04-27T12:33:21","date_gmt":"2026-04-27T11:33:21","guid":{"rendered":"https:\/\/www.coolturalia.com\/event\/les-combattantes-une-histoire-des-violences-sexistes-et-sexuelles\/"},"modified":"2026-04-27T12:33:21","modified_gmt":"2026-04-27T11:33:21","slug":"les-combattantes-une-histoire-des-violences-sexistes-et-sexuelles","status":"publish","type":"event","link":"https:\/\/www.coolturalia.com\/fr\/event\/les-combattantes-une-histoire-des-violences-sexistes-et-sexuelles\/","title":{"rendered":"Les combattantes &#8211; une histoire des violences sexistes et sexuelles"},"content":{"rendered":"<p>G\u00e9raldine Grenet et Cristina Oddone (Centre Max Weber) pr\u00e9sentent Les Combattantes, une enqu\u00eate historique sur les violences sexistes et sexuelles qui mobilise archives et approches f\u00e9ministes. Anim\u00e9e par Maryl\u00e8ne Lieber (\u00e9tudes genre, UNIGE), la rencontre explore les dimensions juridiques, sociales et culturelles de ces violences, les enjeux m\u00e9thodologiques et les r\u00e9percussions pour les d\u00e9bats contemporains sur le genre. Les autrices proposent des perspectives interdisciplinaires pour comprendre continuit\u00e9s et ruptures dans la documentation et l&rsquo;interpr\u00e9tation de ces ph\u00e9nom\u00e8nes.<\/p>\n","protected":false},"excerpt":{"rendered":"<p>G\u00e9raldine Grenet et Cristina Oddone (Centre Max Weber) pr\u00e9sentent Les Combattantes, une enqu\u00eate historique sur les violences sexistes et sexuelles qui mobilise archives et approches f\u00e9ministes. Anim\u00e9e par Maryl\u00e8ne Lieber (\u00e9tudes genre, UNIGE), la rencontre explore les dimensions juridiques, sociales et culturelles de ces violences, les enjeux m\u00e9thodologiques et les r\u00e9percussions pour les d\u00e9bats contemporains [&hellip;]<\/p>\n","protected":false},"featured_media":188120,"parent":0,"menu_order":0,"template":"","format":"standard","meta":{"_acf_changed":false,"footnotes":""},"tags":[996],"event-category":[448],"event-venue":[1012],"class_list":["post-188122","event","type-event","status-publish","format-standard","has-post-thumbnail","hentry","tag-portrait-image","event-category-conferences","event-venue-payot-rive-gauche-fr"],"acf":{"price":"Gratuit","date":"Jeudi 30 avril, 17:30","start_date":"2026-04-30 19:30:00","end_date":"2026-04-30 21:30:00","website_link":"https:\/\/www.unige.ch\/rectorat\/maison-histoire\/actualites","link_buy_tickets":"","highlighted":false,"photo_credit":"","timings":[{"timing_start_date":"2026-04-30 19:30:00","timing_end_date":"2026-04-30 21:30:00"}],"external_id":""},"yoast_head":"<!-- This site is optimized with the Yoast SEO plugin v27.5 - https:\/\/yoast.com\/product\/yoast-seo-wordpress\/ -->\n<title>Les combattantes - une histoire des violences sexistes et sexuelles - Coolturalia<\/title>\n<meta name=\"robots\" content=\"index, follow, max-snippet:-1, max-image-preview:large, max-video-preview:-1\" \/>\n<link rel=\"canonical\" href=\"https:\/\/www.coolturalia.com\/fr\/event\/les-combattantes-une-histoire-des-violences-sexistes-et-sexuelles\/\" \/>\n<meta property=\"og:locale\" content=\"fr_FR\" \/>\n<meta property=\"og:type\" content=\"article\" \/>\n<meta property=\"og:title\" content=\"Les combattantes - une histoire des violences sexistes et sexuelles - Coolturalia\" \/>\n<meta property=\"og:description\" content=\"G\u00e9raldine Grenet et Cristina Oddone (Centre Max Weber) pr\u00e9sentent Les Combattantes, une enqu\u00eate historique sur les violences sexistes et sexuelles qui mobilise archives et approches f\u00e9ministes. Anim\u00e9e par Maryl\u00e8ne Lieber (\u00e9tudes genre, UNIGE), la rencontre explore les dimensions juridiques, sociales et culturelles de ces violences, les enjeux m\u00e9thodologiques et les r\u00e9percussions pour les d\u00e9bats contemporains [&hellip;]\" \/>\n<meta property=\"og:url\" content=\"https:\/\/www.coolturalia.com\/fr\/event\/les-combattantes-une-histoire-des-violences-sexistes-et-sexuelles\/\" \/>\n<meta property=\"og:site_name\" content=\"Coolturalia\" \/>\n<meta property=\"og:image\" content=\"https:\/\/www.coolturalia.com\/wp-content\/uploads\/2024\/04\/favicon-coolturalia-2.png\" \/>\n\t<meta property=\"og:image:width\" content=\"150\" \/>\n\t<meta property=\"og:image:height\" content=\"150\" \/>\n\t<meta property=\"og:image:type\" content=\"image\/png\" \/>\n<meta name=\"twitter:card\" content=\"summary_large_image\" \/>\n<script type=\"application\/ld+json\" class=\"yoast-schema-graph\">{\"@context\":\"https:\\\/\\\/schema.org\",\"@graph\":[{\"@type\":\"WebPage\",\"@id\":\"https:\\\/\\\/www.coolturalia.com\\\/fr\\\/event\\\/les-combattantes-une-histoire-des-violences-sexistes-et-sexuelles\\\/\",\"url\":\"https:\\\/\\\/www.coolturalia.com\\\/fr\\\/event\\\/les-combattantes-une-histoire-des-violences-sexistes-et-sexuelles\\\/\",\"name\":\"Les combattantes - une histoire des violences sexistes et sexuelles - Coolturalia\",\"isPartOf\":{\"@id\":\"https:\\\/\\\/www.coolturalia.com\\\/fr\\\/#website\"},\"primaryImageOfPage\":{\"@id\":\"https:\\\/\\\/www.coolturalia.com\\\/fr\\\/event\\\/les-combattantes-une-histoire-des-violences-sexistes-et-sexuelles\\\/#primaryimage\"},\"image\":{\"@id\":\"https:\\\/\\\/www.coolturalia.com\\\/fr\\\/event\\\/les-combattantes-une-histoire-des-violences-sexistes-et-sexuelles\\\/#primaryimage\"},\"thumbnailUrl\":\"https:\\\/\\\/www.coolturalia.com\\\/wp-content\\\/uploads\\\/2026\\\/04\\\/Les-Combattantes-A-History-of-Sexist-and-Sexual-Violence.webp\",\"datePublished\":\"2026-04-27T11:33:21+00:00\",\"breadcrumb\":{\"@id\":\"https:\\\/\\\/www.coolturalia.com\\\/fr\\\/event\\\/les-combattantes-une-histoire-des-violences-sexistes-et-sexuelles\\\/#breadcrumb\"},\"inLanguage\":\"fr-FR\",\"potentialAction\":[{\"@type\":\"ReadAction\",\"target\":[\"https:\\\/\\\/www.coolturalia.com\\\/fr\\\/event\\\/les-combattantes-une-histoire-des-violences-sexistes-et-sexuelles\\\/\"]}]},{\"@type\":\"ImageObject\",\"inLanguage\":\"fr-FR\",\"@id\":\"https:\\\/\\\/www.coolturalia.com\\\/fr\\\/event\\\/les-combattantes-une-histoire-des-violences-sexistes-et-sexuelles\\\/#primaryimage\",\"url\":\"https:\\\/\\\/www.coolturalia.com\\\/wp-content\\\/uploads\\\/2026\\\/04\\\/Les-Combattantes-A-History-of-Sexist-and-Sexual-Violence.webp\",\"contentUrl\":\"https:\\\/\\\/www.coolturalia.com\\\/wp-content\\\/uploads\\\/2026\\\/04\\\/Les-Combattantes-A-History-of-Sexist-and-Sexual-Violence.webp\",\"width\":512,\"height\":733,\"caption\":\"undefined\"},{\"@type\":\"BreadcrumbList\",\"@id\":\"https:\\\/\\\/www.coolturalia.com\\\/fr\\\/event\\\/les-combattantes-une-histoire-des-violences-sexistes-et-sexuelles\\\/#breadcrumb\",\"itemListElement\":[{\"@type\":\"ListItem\",\"position\":1,\"name\":\"Home\",\"item\":\"https:\\\/\\\/www.coolturalia.com\\\/fr\\\/\"},{\"@type\":\"ListItem\",\"position\":2,\"name\":\"Events\",\"item\":\"https:\\\/\\\/www.coolturalia.com\\\/fr\\\/events\\\/\"},{\"@type\":\"ListItem\",\"position\":3,\"name\":\"Les combattantes &#8211; une histoire des violences sexistes et sexuelles\"}]},{\"@type\":\"WebSite\",\"@id\":\"https:\\\/\\\/www.coolturalia.com\\\/fr\\\/#website\",\"url\":\"https:\\\/\\\/www.coolturalia.com\\\/fr\\\/\",\"name\":\"Coolturalia\",\"description\":\"\",\"publisher\":{\"@id\":\"https:\\\/\\\/www.coolturalia.com\\\/fr\\\/#organization\"},\"potentialAction\":[{\"@type\":\"SearchAction\",\"target\":{\"@type\":\"EntryPoint\",\"urlTemplate\":\"https:\\\/\\\/www.coolturalia.com\\\/fr\\\/?s={search_term_string}\"},\"query-input\":{\"@type\":\"PropertyValueSpecification\",\"valueRequired\":true,\"valueName\":\"search_term_string\"}}],\"inLanguage\":\"fr-FR\"},{\"@type\":\"Organization\",\"@id\":\"https:\\\/\\\/www.coolturalia.com\\\/fr\\\/#organization\",\"name\":\"Coolturalia\",\"url\":\"https:\\\/\\\/www.coolturalia.com\\\/fr\\\/\",\"logo\":{\"@type\":\"ImageObject\",\"inLanguage\":\"fr-FR\",\"@id\":\"https:\\\/\\\/www.coolturalia.com\\\/fr\\\/#\\\/schema\\\/logo\\\/image\\\/\",\"url\":\"https:\\\/\\\/www.coolturalia.com\\\/wp-content\\\/uploads\\\/2024\\\/04\\\/Logo-coolturalia.svg\",\"contentUrl\":\"https:\\\/\\\/www.coolturalia.com\\\/wp-content\\\/uploads\\\/2024\\\/04\\\/Logo-coolturalia.svg\",\"width\":1312,\"height\":193,\"caption\":\"Coolturalia\"},\"image\":{\"@id\":\"https:\\\/\\\/www.coolturalia.com\\\/fr\\\/#\\\/schema\\\/logo\\\/image\\\/\"},\"sameAs\":[\"https:\\\/\\\/www.instagram.com\\\/coolturalia_geneva\\\/\"]}]}<\/script>\n<!-- \/ Yoast SEO plugin. -->","yoast_head_json":{"title":"Les combattantes - une histoire des violences sexistes et sexuelles - Coolturalia","robots":{"index":"index","follow":"follow","max-snippet":"max-snippet:-1","max-image-preview":"max-image-preview:large","max-video-preview":"max-video-preview:-1"},"canonical":"https:\/\/www.coolturalia.com\/fr\/event\/les-combattantes-une-histoire-des-violences-sexistes-et-sexuelles\/","og_locale":"fr_FR","og_type":"article","og_title":"Les combattantes - une histoire des violences sexistes et sexuelles - Coolturalia","og_description":"G\u00e9raldine Grenet et Cristina Oddone (Centre Max Weber) pr\u00e9sentent Les Combattantes, une enqu\u00eate historique sur les violences sexistes et sexuelles qui mobilise archives et approches f\u00e9ministes. Anim\u00e9e par Maryl\u00e8ne Lieber (\u00e9tudes genre, UNIGE), la rencontre explore les dimensions juridiques, sociales et culturelles de ces violences, les enjeux m\u00e9thodologiques et les r\u00e9percussions pour les d\u00e9bats contemporains [&hellip;]","og_url":"https:\/\/www.coolturalia.com\/fr\/event\/les-combattantes-une-histoire-des-violences-sexistes-et-sexuelles\/","og_site_name":"Coolturalia","og_image":[{"width":150,"height":150,"url":"https:\/\/www.coolturalia.com\/wp-content\/uploads\/2024\/04\/favicon-coolturalia-2.png","type":"image\/png"}],"twitter_card":"summary_large_image","schema":{"@context":"https:\/\/schema.org","@graph":[{"@type":"WebPage","@id":"https:\/\/www.coolturalia.com\/fr\/event\/les-combattantes-une-histoire-des-violences-sexistes-et-sexuelles\/","url":"https:\/\/www.coolturalia.com\/fr\/event\/les-combattantes-une-histoire-des-violences-sexistes-et-sexuelles\/","name":"Les combattantes - une histoire des violences sexistes et sexuelles - Coolturalia","isPartOf":{"@id":"https:\/\/www.coolturalia.com\/fr\/#website"},"primaryImageOfPage":{"@id":"https:\/\/www.coolturalia.com\/fr\/event\/les-combattantes-une-histoire-des-violences-sexistes-et-sexuelles\/#primaryimage"},"image":{"@id":"https:\/\/www.coolturalia.com\/fr\/event\/les-combattantes-une-histoire-des-violences-sexistes-et-sexuelles\/#primaryimage"},"thumbnailUrl":"https:\/\/www.coolturalia.com\/wp-content\/uploads\/2026\/04\/Les-Combattantes-A-History-of-Sexist-and-Sexual-Violence.webp","datePublished":"2026-04-27T11:33:21+00:00","breadcrumb":{"@id":"https:\/\/www.coolturalia.com\/fr\/event\/les-combattantes-une-histoire-des-violences-sexistes-et-sexuelles\/#breadcrumb"},"inLanguage":"fr-FR","potentialAction":[{"@type":"ReadAction","target":["https:\/\/www.coolturalia.com\/fr\/event\/les-combattantes-une-histoire-des-violences-sexistes-et-sexuelles\/"]}]},{"@type":"ImageObject","inLanguage":"fr-FR","@id":"https:\/\/www.coolturalia.com\/fr\/event\/les-combattantes-une-histoire-des-violences-sexistes-et-sexuelles\/#primaryimage","url":"https:\/\/www.coolturalia.com\/wp-content\/uploads\/2026\/04\/Les-Combattantes-A-History-of-Sexist-and-Sexual-Violence.webp","contentUrl":"https:\/\/www.coolturalia.com\/wp-content\/uploads\/2026\/04\/Les-Combattantes-A-History-of-Sexist-and-Sexual-Violence.webp","width":512,"height":733,"caption":"undefined"},{"@type":"BreadcrumbList","@id":"https:\/\/www.coolturalia.com\/fr\/event\/les-combattantes-une-histoire-des-violences-sexistes-et-sexuelles\/#breadcrumb","itemListElement":[{"@type":"ListItem","position":1,"name":"Home","item":"https:\/\/www.coolturalia.com\/fr\/"},{"@type":"ListItem","position":2,"name":"Events","item":"https:\/\/www.coolturalia.com\/fr\/events\/"},{"@type":"ListItem","position":3,"name":"Les combattantes &#8211; une histoire des violences sexistes et sexuelles"}]},{"@type":"WebSite","@id":"https:\/\/www.coolturalia.com\/fr\/#website","url":"https:\/\/www.coolturalia.com\/fr\/","name":"Coolturalia","description":"","publisher":{"@id":"https:\/\/www.coolturalia.com\/fr\/#organization"},"potentialAction":[{"@type":"SearchAction","target":{"@type":"EntryPoint","urlTemplate":"https:\/\/www.coolturalia.com\/fr\/?s={search_term_string}"},"query-input":{"@type":"PropertyValueSpecification","valueRequired":true,"valueName":"search_term_string"}}],"inLanguage":"fr-FR"},{"@type":"Organization","@id":"https:\/\/www.coolturalia.com\/fr\/#organization","name":"Coolturalia","url":"https:\/\/www.coolturalia.com\/fr\/","logo":{"@type":"ImageObject","inLanguage":"fr-FR","@id":"https:\/\/www.coolturalia.com\/fr\/#\/schema\/logo\/image\/","url":"https:\/\/www.coolturalia.com\/wp-content\/uploads\/2024\/04\/Logo-coolturalia.svg","contentUrl":"https:\/\/www.coolturalia.com\/wp-content\/uploads\/2024\/04\/Logo-coolturalia.svg","width":1312,"height":193,"caption":"Coolturalia"},"image":{"@id":"https:\/\/www.coolturalia.com\/fr\/#\/schema\/logo\/image\/"},"sameAs":["https:\/\/www.instagram.com\/coolturalia_geneva\/"]}]}},"translations":{"translations":{"en":"188121","fr":"188122"},"language":{"code":"fr"},"date":{"dateRange":"Jeudi 30 avril, 17:30"}},"language":{"code":"fr"},"_links":{"self":[{"href":"https:\/\/www.coolturalia.com\/fr\/wp-json\/wp\/v2\/event\/188122","targetHints":{"allow":["GET"]}}],"collection":[{"href":"https:\/\/www.coolturalia.com\/fr\/wp-json\/wp\/v2\/event"}],"about":[{"href":"https:\/\/www.coolturalia.com\/fr\/wp-json\/wp\/v2\/types\/event"}],"version-history":[{"count":0,"href":"https:\/\/www.coolturalia.com\/fr\/wp-json\/wp\/v2\/event\/188122\/revisions"}],"wp:featuredmedia":[{"embeddable":true,"href":"https:\/\/www.coolturalia.com\/fr\/wp-json\/wp\/v2\/media\/188120"}],"wp:attachment":[{"href":"https:\/\/www.coolturalia.com\/fr\/wp-json\/wp\/v2\/media?parent=188122"}],"wp:term":[{"taxonomy":"post_tag","embeddable":true,"href":"https:\/\/www.coolturalia.com\/fr\/wp-json\/wp\/v2\/tags?post=188122"},{"taxonomy":"event-category","embeddable":true,"href":"https:\/\/www.coolturalia.com\/fr\/wp-json\/wp\/v2\/event-category?post=188122"},{"taxonomy":"event-venue","embeddable":true,"href":"https:\/\/www.coolturalia.com\/fr\/wp-json\/wp\/v2\/event-venue?post=188122"}],"curies":[{"name":"wp","href":"https:\/\/api.w.org\/{rel}","templated":true}]}}

<p>Géraldine Grenet et Cristina Oddone (Centre Max Weber) présentent Les Combattantes, une enquête historique sur les violences sexistes et sexuelles qui mobilise archives et approches féministes. Animée par Marylène Lieber (études genre, UNIGE), la rencontre explore les dimensions juridiques, sociales et culturelles de ces violences, les enjeux méthodologiques et les répercussions pour les débats contemporains sur le genre. Les autrices proposent des perspectives interdisciplinaires pour comprendre continuités et ruptures dans la documentation et l&rsquo;interprétation de ces phénomènes.</p>

<p>Géraldine Grenet et Cristina Oddone (Centre Max Weber) présentent Les Combattantes, une enquête historique sur les violences sexistes et sexuelles qui mobilise archives et approches féministes. Animée par Marylène Lieber (études genre, UNIGE), la rencontre explore les dimensions juridiques, sociales et culturelles de ces violences, les enjeux méthodologiques et les répercussions pour les débats contemporains [&hellip;]</p>

<!-- This site is optimized with the Yoast SEO plugin v27.5 - https://yoast.com/product/yoast-seo-wordpress/ -->
<title>Les combattantes - une histoire des violences sexistes et sexuelles - Coolturalia</title>
<meta name="robots" content="index, follow, max-snippet:-1, max-image-preview:large, max-video-preview:-1" />
<link rel="canonical" href="https://www.coolturalia.com/fr/event/les-combattantes-une-histoire-des-violences-sexistes-et-sexuelles/" />
<meta property="og:locale" content="fr_FR" />
<meta property="og:type" content="article" />
<meta property="og:title" content="Les combattantes - une histoire des violences sexistes et sexuelles - Coolturalia" />
<meta property="og:description" content="Géraldine Grenet et Cristina Oddone (Centre Max Weber) présentent Les Combattantes, une enquête historique sur les violences sexistes et sexuelles qui mobilise archives et approches féministes. Animée par Marylène Lieber (études genre, UNIGE), la rencontre explore les dimensions juridiques, sociales et culturelles de ces violences, les enjeux méthodologiques et les répercussions pour les débats contemporains [&hellip;]" />
<meta property="og:url" content="https://www.coolturalia.com/fr/event/les-combattantes-une-histoire-des-violences-sexistes-et-sexuelles/" />
<meta property="og:site_name" content="Coolturalia" />
<meta property="og:image" content="https://www.coolturalia.com/wp-content/uploads/2024/04/favicon-coolturalia-2.png" />
	<meta property="og:image:width" content="150" />
	<meta property="og:image:height" content="150" />
	<meta property="og:image:type" content="image/png" />
<meta name="twitter:card" content="summary_large_image" />
<script type="application/ld+json" class="yoast-schema-graph">{"@context":"https:\/\/schema.org","@graph":[{"@type":"WebPage","@id":"https:\/\/www.coolturalia.com\/fr\/event\/les-combattantes-une-histoire-des-violences-sexistes-et-sexuelles\/","url":"https:\/\/www.coolturalia.com\/fr\/event\/les-combattantes-une-histoire-des-violences-sexistes-et-sexuelles\/","name":"Les combattantes - une histoire des violences sexistes et sexuelles - Coolturalia","isPartOf":{"@id":"https:\/\/www.coolturalia.com\/fr\/#website"},"primaryImageOfPage":{"@id":"https:\/\/www.coolturalia.com\/fr\/event\/les-combattantes-une-histoire-des-violences-sexistes-et-sexuelles\/#primaryimage"},"image":{"@id":"https:\/\/www.coolturalia.com\/fr\/event\/les-combattantes-une-histoire-des-violences-sexistes-et-sexuelles\/#primaryimage"},"thumbnailUrl":"https:\/\/www.coolturalia.com\/wp-content\/uploads\/2026\/04\/Les-Combattantes-A-History-of-Sexist-and-Sexual-Violence.webp","datePublished":"2026-04-27T11:33:21+00:00","breadcrumb":{"@id":"https:\/\/www.coolturalia.com\/fr\/event\/les-combattantes-une-histoire-des-violences-sexistes-et-sexuelles\/#breadcrumb"},"inLanguage":"fr-FR","potentialAction":[{"@type":"ReadAction","target":["https:\/\/www.coolturalia.com\/fr\/event\/les-combattantes-une-histoire-des-violences-sexistes-et-sexuelles\/"]}]},{"@type":"ImageObject","inLanguage":"fr-FR","@id":"https:\/\/www.coolturalia.com\/fr\/event\/les-combattantes-une-histoire-des-violences-sexistes-et-sexuelles\/#primaryimage","url":"https:\/\/www.coolturalia.com\/wp-content\/uploads\/2026\/04\/Les-Combattantes-A-History-of-Sexist-and-Sexual-Violence.webp","contentUrl":"https:\/\/www.coolturalia.com\/wp-content\/uploads\/2026\/04\/Les-Combattantes-A-History-of-Sexist-and-Sexual-Violence.webp","width":512,"height":733,"caption":"undefined"},{"@type":"BreadcrumbList","@id":"https:\/\/www.coolturalia.com\/fr\/event\/les-combattantes-une-histoire-des-violences-sexistes-et-sexuelles\/#breadcrumb","itemListElement":[{"@type":"ListItem","position":1,"name":"Home","item":"https:\/\/www.coolturalia.com\/fr\/"},{"@type":"ListItem","position":2,"name":"Events","item":"https:\/\/www.coolturalia.com\/fr\/events\/"},{"@type":"ListItem","position":3,"name":"Les combattantes &#8211; une histoire des violences sexistes et sexuelles"}]},{"@type":"WebSite","@id":"https:\/\/www.coolturalia.com\/fr\/#website","url":"https:\/\/www.coolturalia.com\/fr\/","name":"Coolturalia","description":"","publisher":{"@id":"https:\/\/www.coolturalia.com\/fr\/#organization"},"potentialAction":[{"@type":"SearchAction","target":{"@type":"EntryPoint","urlTemplate":"https:\/\/www.coolturalia.com\/fr\/?s={search_term_string}"},"query-input":{"@type":"PropertyValueSpecification","valueRequired":true,"valueName":"search_term_string"}}],"inLanguage":"fr-FR"},{"@type":"Organization","@id":"https:\/\/www.coolturalia.com\/fr\/#organization","name":"Coolturalia","url":"https:\/\/www.coolturalia.com\/fr\/","logo":{"@type":"ImageObject","inLanguage":"fr-FR","@id":"https:\/\/www.coolturalia.com\/fr\/#\/schema\/logo\/image\/","url":"https:\/\/www.coolturalia.com\/wp-content\/uploads\/2024\/04\/Logo-coolturalia.svg","contentUrl":"https:\/\/www.coolturalia.com\/wp-content\/uploads\/2024\/04\/Logo-coolturalia.svg","width":1312,"height":193,"caption":"Coolturalia"},"image":{"@id":"https:\/\/www.coolturalia.com\/fr\/#\/schema\/logo\/image\/"},"sameAs":["https:\/\/www.instagram.com\/coolturalia_geneva\/"]}]}</script>
<!-- / Yoast SEO plugin. -->

Géraldine Grenet et Cristina Oddone (Centre Max Weber) présentent Les Combattantes, une enquête historique sur les violences sexistes et sexuelles qui mobilise archives et approches féministes. Animée par Marylène Lieber (études genre, UNIGE), la rencontre explore les dimensions juridiques, sociales et culturelles de ces violences, les enjeux méthodologiques et les répercussions pour les débats contemporains [&hellip;]
