{"id":187797,"date":"2026-04-21T07:31:32","date_gmt":"2026-04-21T06:31:32","guid":{"rendered":"https:\/\/www.coolturalia.com\/event\/mode-et-la-ville-bonnes-pratiques-pour-soutenir-la-mode-durable\/"},"modified":"2026-04-21T07:31:32","modified_gmt":"2026-04-21T06:31:32","slug":"mode-et-la-ville-bonnes-pratiques-pour-soutenir-la-mode-durable","status":"publish","type":"event","link":"https:\/\/www.coolturalia.com\/fr\/event\/mode-et-la-ville-bonnes-pratiques-pour-soutenir-la-mode-durable\/","title":{"rendered":"Mode et la ville : Bonnes pratiques pour soutenir la mode durable"},"content":{"rendered":"<p>Dre Katia Dayan, chercheuse sp\u00e9cialis\u00e9e dans la mode durable, poss\u00e8de quinze ans d\u2019exp\u00e9rience et a travaill\u00e9 sur l\u2019action locale \u00e0 l\u2019\u00e9chelle mondiale, y compris des projets men\u00e9s \u00e0 Gen\u00e8ve.<\/p>\n<p>Elle pr\u00e9sente des exemples concrets d\u2019initiatives locales, de partenariats et de politiques visant \u00e0 soutenir la consommation durable en milieu urbain. La conf\u00e9rence examine les pratiques de consommation, les syst\u00e8mes circulaires et la gestion des d\u00e9chets textiles, montrant comment le partage de bonnes pratiques peut transformer les modes de consommation en ville.<\/p>\n","protected":false},"excerpt":{"rendered":"<p>Dre Katia Dayan, chercheuse sp\u00e9cialis\u00e9e dans la mode durable, poss\u00e8de quinze ans d\u2019exp\u00e9rience et a travaill\u00e9 sur l\u2019action locale \u00e0 l\u2019\u00e9chelle mondiale, y compris des projets men\u00e9s \u00e0 Gen\u00e8ve. Elle pr\u00e9sente des exemples concrets d\u2019initiatives locales, de partenariats et de politiques visant \u00e0 soutenir la consommation durable en milieu urbain. La conf\u00e9rence examine les pratiques [&hellip;]<\/p>\n","protected":false},"featured_media":187795,"parent":0,"menu_order":0,"template":"","format":"standard","meta":{"_acf_changed":false,"footnotes":""},"tags":[996],"event-category":[448],"event-venue":[1731],"class_list":["post-187797","event","type-event","status-publish","format-standard","has-post-thumbnail","hentry","tag-portrait-image","event-category-conferences","event-venue-maison-de-lavenir-fr"],"acf":{"price":"Gratuit","date":"Mardi 19 mai, 18:00","start_date":"2026-05-19 20:00:00","end_date":"2026-05-19 22:00:00","website_link":"https:\/\/www.geneve.ch\/agenda\/mode-ville-bonnes-pratiques-soutenir-mode-durable","link_buy_tickets":"","highlighted":false,"photo_credit":"Katia Dayan","timings":[{"timing_start_date":"2026-05-19 20:00:00","timing_end_date":"2026-05-19 22:00:00"}],"external_id":"38559155"},"yoast_head":"<!-- This site is optimized with the Yoast SEO plugin v26.5 - https:\/\/yoast.com\/wordpress\/plugins\/seo\/ -->\n<title>Mode et la ville : Bonnes pratiques pour soutenir la mode durable - Coolturalia<\/title>\n<meta name=\"robots\" content=\"index, follow, max-snippet:-1, max-image-preview:large, max-video-preview:-1\" \/>\n<link rel=\"canonical\" href=\"https:\/\/www.coolturalia.com\/fr\/event\/mode-et-la-ville-bonnes-pratiques-pour-soutenir-la-mode-durable\/\" \/>\n<meta property=\"og:locale\" content=\"fr_FR\" \/>\n<meta property=\"og:type\" content=\"article\" \/>\n<meta property=\"og:title\" content=\"Mode et la ville : Bonnes pratiques pour soutenir la mode durable - Coolturalia\" \/>\n<meta property=\"og:description\" content=\"Dre Katia Dayan, chercheuse sp\u00e9cialis\u00e9e dans la mode durable, poss\u00e8de quinze ans d\u2019exp\u00e9rience et a travaill\u00e9 sur l\u2019action locale \u00e0 l\u2019\u00e9chelle mondiale, y compris des projets men\u00e9s \u00e0 Gen\u00e8ve. Elle pr\u00e9sente des exemples concrets d\u2019initiatives locales, de partenariats et de politiques visant \u00e0 soutenir la consommation durable en milieu urbain. La conf\u00e9rence examine les pratiques [&hellip;]\" \/>\n<meta property=\"og:url\" content=\"https:\/\/www.coolturalia.com\/fr\/event\/mode-et-la-ville-bonnes-pratiques-pour-soutenir-la-mode-durable\/\" \/>\n<meta property=\"og:site_name\" content=\"Coolturalia\" \/>\n<meta property=\"og:image\" content=\"https:\/\/www.coolturalia.com\/wp-content\/uploads\/2024\/04\/favicon-coolturalia-2.png\" \/>\n\t<meta property=\"og:image:width\" content=\"150\" \/>\n\t<meta property=\"og:image:height\" content=\"150\" \/>\n\t<meta property=\"og:image:type\" content=\"image\/png\" \/>\n<meta name=\"twitter:card\" content=\"summary_large_image\" \/>\n<script type=\"application\/ld+json\" class=\"yoast-schema-graph\">{\"@context\":\"https:\/\/schema.org\",\"@graph\":[{\"@type\":\"WebPage\",\"@id\":\"https:\/\/www.coolturalia.com\/fr\/event\/mode-et-la-ville-bonnes-pratiques-pour-soutenir-la-mode-durable\/\",\"url\":\"https:\/\/www.coolturalia.com\/fr\/event\/mode-et-la-ville-bonnes-pratiques-pour-soutenir-la-mode-durable\/\",\"name\":\"Mode et la ville : Bonnes pratiques pour soutenir la mode durable - Coolturalia\",\"isPartOf\":{\"@id\":\"https:\/\/www.coolturalia.com\/fr\/#website\"},\"primaryImageOfPage\":{\"@id\":\"https:\/\/www.coolturalia.com\/fr\/event\/mode-et-la-ville-bonnes-pratiques-pour-soutenir-la-mode-durable\/#primaryimage\"},\"image\":{\"@id\":\"https:\/\/www.coolturalia.com\/fr\/event\/mode-et-la-ville-bonnes-pratiques-pour-soutenir-la-mode-durable\/#primaryimage\"},\"thumbnailUrl\":\"https:\/\/www.coolturalia.com\/wp-content\/uploads\/2026\/04\/Fashion-and-the-City-Best-Practices-for-Sustainable-Fashion.webp\",\"datePublished\":\"2026-04-21T06:31:32+00:00\",\"breadcrumb\":{\"@id\":\"https:\/\/www.coolturalia.com\/fr\/event\/mode-et-la-ville-bonnes-pratiques-pour-soutenir-la-mode-durable\/#breadcrumb\"},\"inLanguage\":\"fr-FR\",\"potentialAction\":[{\"@type\":\"ReadAction\",\"target\":[\"https:\/\/www.coolturalia.com\/fr\/event\/mode-et-la-ville-bonnes-pratiques-pour-soutenir-la-mode-durable\/\"]}]},{\"@type\":\"ImageObject\",\"inLanguage\":\"fr-FR\",\"@id\":\"https:\/\/www.coolturalia.com\/fr\/event\/mode-et-la-ville-bonnes-pratiques-pour-soutenir-la-mode-durable\/#primaryimage\",\"url\":\"https:\/\/www.coolturalia.com\/wp-content\/uploads\/2026\/04\/Fashion-and-the-City-Best-Practices-for-Sustainable-Fashion.webp\",\"contentUrl\":\"https:\/\/www.coolturalia.com\/wp-content\/uploads\/2026\/04\/Fashion-and-the-City-Best-Practices-for-Sustainable-Fashion.webp\",\"width\":700,\"height\":701,\"caption\":\"undefined\"},{\"@type\":\"BreadcrumbList\",\"@id\":\"https:\/\/www.coolturalia.com\/fr\/event\/mode-et-la-ville-bonnes-pratiques-pour-soutenir-la-mode-durable\/#breadcrumb\",\"itemListElement\":[{\"@type\":\"ListItem\",\"position\":1,\"name\":\"Home\",\"item\":\"https:\/\/www.coolturalia.com\/fr\/\"},{\"@type\":\"ListItem\",\"position\":2,\"name\":\"Events\",\"item\":\"https:\/\/www.coolturalia.com\/fr\/events\/\"},{\"@type\":\"ListItem\",\"position\":3,\"name\":\"Mode et la ville : Bonnes pratiques pour soutenir la mode durable\"}]},{\"@type\":\"WebSite\",\"@id\":\"https:\/\/www.coolturalia.com\/fr\/#website\",\"url\":\"https:\/\/www.coolturalia.com\/fr\/\",\"name\":\"Coolturalia\",\"description\":\"\",\"publisher\":{\"@id\":\"https:\/\/www.coolturalia.com\/fr\/#organization\"},\"potentialAction\":[{\"@type\":\"SearchAction\",\"target\":{\"@type\":\"EntryPoint\",\"urlTemplate\":\"https:\/\/www.coolturalia.com\/fr\/?s={search_term_string}\"},\"query-input\":{\"@type\":\"PropertyValueSpecification\",\"valueRequired\":true,\"valueName\":\"search_term_string\"}}],\"inLanguage\":\"fr-FR\"},{\"@type\":\"Organization\",\"@id\":\"https:\/\/www.coolturalia.com\/fr\/#organization\",\"name\":\"Coolturalia\",\"url\":\"https:\/\/www.coolturalia.com\/fr\/\",\"logo\":{\"@type\":\"ImageObject\",\"inLanguage\":\"fr-FR\",\"@id\":\"https:\/\/www.coolturalia.com\/fr\/#\/schema\/logo\/image\/\",\"url\":\"https:\/\/www.coolturalia.com\/wp-content\/uploads\/2024\/04\/Logo-coolturalia.svg\",\"contentUrl\":\"https:\/\/www.coolturalia.com\/wp-content\/uploads\/2024\/04\/Logo-coolturalia.svg\",\"width\":1312,\"height\":193,\"caption\":\"Coolturalia\"},\"image\":{\"@id\":\"https:\/\/www.coolturalia.com\/fr\/#\/schema\/logo\/image\/\"},\"sameAs\":[\"https:\/\/www.instagram.com\/coolturalia_geneva\/\"]}]}<\/script>\n<!-- \/ Yoast SEO plugin. -->","yoast_head_json":{"title":"Mode et la ville : Bonnes pratiques pour soutenir la mode durable - Coolturalia","robots":{"index":"index","follow":"follow","max-snippet":"max-snippet:-1","max-image-preview":"max-image-preview:large","max-video-preview":"max-video-preview:-1"},"canonical":"https:\/\/www.coolturalia.com\/fr\/event\/mode-et-la-ville-bonnes-pratiques-pour-soutenir-la-mode-durable\/","og_locale":"fr_FR","og_type":"article","og_title":"Mode et la ville : Bonnes pratiques pour soutenir la mode durable - Coolturalia","og_description":"Dre Katia Dayan, chercheuse sp\u00e9cialis\u00e9e dans la mode durable, poss\u00e8de quinze ans d\u2019exp\u00e9rience et a travaill\u00e9 sur l\u2019action locale \u00e0 l\u2019\u00e9chelle mondiale, y compris des projets men\u00e9s \u00e0 Gen\u00e8ve. Elle pr\u00e9sente des exemples concrets d\u2019initiatives locales, de partenariats et de politiques visant \u00e0 soutenir la consommation durable en milieu urbain. La conf\u00e9rence examine les pratiques [&hellip;]","og_url":"https:\/\/www.coolturalia.com\/fr\/event\/mode-et-la-ville-bonnes-pratiques-pour-soutenir-la-mode-durable\/","og_site_name":"Coolturalia","og_image":[{"width":150,"height":150,"url":"https:\/\/www.coolturalia.com\/wp-content\/uploads\/2024\/04\/favicon-coolturalia-2.png","type":"image\/png"}],"twitter_card":"summary_large_image","schema":{"@context":"https:\/\/schema.org","@graph":[{"@type":"WebPage","@id":"https:\/\/www.coolturalia.com\/fr\/event\/mode-et-la-ville-bonnes-pratiques-pour-soutenir-la-mode-durable\/","url":"https:\/\/www.coolturalia.com\/fr\/event\/mode-et-la-ville-bonnes-pratiques-pour-soutenir-la-mode-durable\/","name":"Mode et la ville : Bonnes pratiques pour soutenir la mode durable - Coolturalia","isPartOf":{"@id":"https:\/\/www.coolturalia.com\/fr\/#website"},"primaryImageOfPage":{"@id":"https:\/\/www.coolturalia.com\/fr\/event\/mode-et-la-ville-bonnes-pratiques-pour-soutenir-la-mode-durable\/#primaryimage"},"image":{"@id":"https:\/\/www.coolturalia.com\/fr\/event\/mode-et-la-ville-bonnes-pratiques-pour-soutenir-la-mode-durable\/#primaryimage"},"thumbnailUrl":"https:\/\/www.coolturalia.com\/wp-content\/uploads\/2026\/04\/Fashion-and-the-City-Best-Practices-for-Sustainable-Fashion.webp","datePublished":"2026-04-21T06:31:32+00:00","breadcrumb":{"@id":"https:\/\/www.coolturalia.com\/fr\/event\/mode-et-la-ville-bonnes-pratiques-pour-soutenir-la-mode-durable\/#breadcrumb"},"inLanguage":"fr-FR","potentialAction":[{"@type":"ReadAction","target":["https:\/\/www.coolturalia.com\/fr\/event\/mode-et-la-ville-bonnes-pratiques-pour-soutenir-la-mode-durable\/"]}]},{"@type":"ImageObject","inLanguage":"fr-FR","@id":"https:\/\/www.coolturalia.com\/fr\/event\/mode-et-la-ville-bonnes-pratiques-pour-soutenir-la-mode-durable\/#primaryimage","url":"https:\/\/www.coolturalia.com\/wp-content\/uploads\/2026\/04\/Fashion-and-the-City-Best-Practices-for-Sustainable-Fashion.webp","contentUrl":"https:\/\/www.coolturalia.com\/wp-content\/uploads\/2026\/04\/Fashion-and-the-City-Best-Practices-for-Sustainable-Fashion.webp","width":700,"height":701,"caption":"undefined"},{"@type":"BreadcrumbList","@id":"https:\/\/www.coolturalia.com\/fr\/event\/mode-et-la-ville-bonnes-pratiques-pour-soutenir-la-mode-durable\/#breadcrumb","itemListElement":[{"@type":"ListItem","position":1,"name":"Home","item":"https:\/\/www.coolturalia.com\/fr\/"},{"@type":"ListItem","position":2,"name":"Events","item":"https:\/\/www.coolturalia.com\/fr\/events\/"},{"@type":"ListItem","position":3,"name":"Mode et la ville : Bonnes pratiques pour soutenir la mode durable"}]},{"@type":"WebSite","@id":"https:\/\/www.coolturalia.com\/fr\/#website","url":"https:\/\/www.coolturalia.com\/fr\/","name":"Coolturalia","description":"","publisher":{"@id":"https:\/\/www.coolturalia.com\/fr\/#organization"},"potentialAction":[{"@type":"SearchAction","target":{"@type":"EntryPoint","urlTemplate":"https:\/\/www.coolturalia.com\/fr\/?s={search_term_string}"},"query-input":{"@type":"PropertyValueSpecification","valueRequired":true,"valueName":"search_term_string"}}],"inLanguage":"fr-FR"},{"@type":"Organization","@id":"https:\/\/www.coolturalia.com\/fr\/#organization","name":"Coolturalia","url":"https:\/\/www.coolturalia.com\/fr\/","logo":{"@type":"ImageObject","inLanguage":"fr-FR","@id":"https:\/\/www.coolturalia.com\/fr\/#\/schema\/logo\/image\/","url":"https:\/\/www.coolturalia.com\/wp-content\/uploads\/2024\/04\/Logo-coolturalia.svg","contentUrl":"https:\/\/www.coolturalia.com\/wp-content\/uploads\/2024\/04\/Logo-coolturalia.svg","width":1312,"height":193,"caption":"Coolturalia"},"image":{"@id":"https:\/\/www.coolturalia.com\/fr\/#\/schema\/logo\/image\/"},"sameAs":["https:\/\/www.instagram.com\/coolturalia_geneva\/"]}]}},"translations":{"translations":{"en":"187796","fr":"187797"},"language":{"code":"fr"},"date":{"dateRange":"Mardi 19 mai, 18:00"}},"language":{"code":"fr"},"_links":{"self":[{"href":"https:\/\/www.coolturalia.com\/fr\/wp-json\/wp\/v2\/event\/187797","targetHints":{"allow":["GET"]}}],"collection":[{"href":"https:\/\/www.coolturalia.com\/fr\/wp-json\/wp\/v2\/event"}],"about":[{"href":"https:\/\/www.coolturalia.com\/fr\/wp-json\/wp\/v2\/types\/event"}],"version-history":[{"count":0,"href":"https:\/\/www.coolturalia.com\/fr\/wp-json\/wp\/v2\/event\/187797\/revisions"}],"wp:featuredmedia":[{"embeddable":true,"href":"https:\/\/www.coolturalia.com\/fr\/wp-json\/wp\/v2\/media\/187795"}],"wp:attachment":[{"href":"https:\/\/www.coolturalia.com\/fr\/wp-json\/wp\/v2\/media?parent=187797"}],"wp:term":[{"taxonomy":"post_tag","embeddable":true,"href":"https:\/\/www.coolturalia.com\/fr\/wp-json\/wp\/v2\/tags?post=187797"},{"taxonomy":"event-category","embeddable":true,"href":"https:\/\/www.coolturalia.com\/fr\/wp-json\/wp\/v2\/event-category?post=187797"},{"taxonomy":"event-venue","embeddable":true,"href":"https:\/\/www.coolturalia.com\/fr\/wp-json\/wp\/v2\/event-venue?post=187797"}],"curies":[{"name":"wp","href":"https:\/\/api.w.org\/{rel}","templated":true}]}}

<p>Dre Katia Dayan, chercheuse spécialisée dans la mode durable, possède quinze ans d’expérience et a travaillé sur l’action locale à l’échelle mondiale, y compris des projets menés à Genève.</p>
<p>Elle présente des exemples concrets d’initiatives locales, de partenariats et de politiques visant à soutenir la consommation durable en milieu urbain. La conférence examine les pratiques de consommation, les systèmes circulaires et la gestion des déchets textiles, montrant comment le partage de bonnes pratiques peut transformer les modes de consommation en ville.</p>

<p>Dre Katia Dayan, chercheuse spécialisée dans la mode durable, possède quinze ans d’expérience et a travaillé sur l’action locale à l’échelle mondiale, y compris des projets menés à Genève. Elle présente des exemples concrets d’initiatives locales, de partenariats et de politiques visant à soutenir la consommation durable en milieu urbain. La conférence examine les pratiques [&hellip;]</p>

<!-- This site is optimized with the Yoast SEO plugin v26.5 - https://yoast.com/wordpress/plugins/seo/ -->
<title>Mode et la ville : Bonnes pratiques pour soutenir la mode durable - Coolturalia</title>
<meta name="robots" content="index, follow, max-snippet:-1, max-image-preview:large, max-video-preview:-1" />
<link rel="canonical" href="https://www.coolturalia.com/fr/event/mode-et-la-ville-bonnes-pratiques-pour-soutenir-la-mode-durable/" />
<meta property="og:locale" content="fr_FR" />
<meta property="og:type" content="article" />
<meta property="og:title" content="Mode et la ville : Bonnes pratiques pour soutenir la mode durable - Coolturalia" />
<meta property="og:description" content="Dre Katia Dayan, chercheuse spécialisée dans la mode durable, possède quinze ans d’expérience et a travaillé sur l’action locale à l’échelle mondiale, y compris des projets menés à Genève. Elle présente des exemples concrets d’initiatives locales, de partenariats et de politiques visant à soutenir la consommation durable en milieu urbain. La conférence examine les pratiques [&hellip;]" />
<meta property="og:url" content="https://www.coolturalia.com/fr/event/mode-et-la-ville-bonnes-pratiques-pour-soutenir-la-mode-durable/" />
<meta property="og:site_name" content="Coolturalia" />
<meta property="og:image" content="https://www.coolturalia.com/wp-content/uploads/2024/04/favicon-coolturalia-2.png" />
	<meta property="og:image:width" content="150" />
	<meta property="og:image:height" content="150" />
	<meta property="og:image:type" content="image/png" />
<meta name="twitter:card" content="summary_large_image" />
<script type="application/ld+json" class="yoast-schema-graph">{"@context":"https://schema.org","@graph":[{"@type":"WebPage","@id":"https://www.coolturalia.com/fr/event/mode-et-la-ville-bonnes-pratiques-pour-soutenir-la-mode-durable/","url":"https://www.coolturalia.com/fr/event/mode-et-la-ville-bonnes-pratiques-pour-soutenir-la-mode-durable/","name":"Mode et la ville : Bonnes pratiques pour soutenir la mode durable - Coolturalia","isPartOf":{"@id":"https://www.coolturalia.com/fr/#website"},"primaryImageOfPage":{"@id":"https://www.coolturalia.com/fr/event/mode-et-la-ville-bonnes-pratiques-pour-soutenir-la-mode-durable/#primaryimage"},"image":{"@id":"https://www.coolturalia.com/fr/event/mode-et-la-ville-bonnes-pratiques-pour-soutenir-la-mode-durable/#primaryimage"},"thumbnailUrl":"https://www.coolturalia.com/wp-content/uploads/2026/04/Fashion-and-the-City-Best-Practices-for-Sustainable-Fashion.webp","datePublished":"2026-04-21T06:31:32+00:00","breadcrumb":{"@id":"https://www.coolturalia.com/fr/event/mode-et-la-ville-bonnes-pratiques-pour-soutenir-la-mode-durable/#breadcrumb"},"inLanguage":"fr-FR","potentialAction":[{"@type":"ReadAction","target":["https://www.coolturalia.com/fr/event/mode-et-la-ville-bonnes-pratiques-pour-soutenir-la-mode-durable/"]}]},{"@type":"ImageObject","inLanguage":"fr-FR","@id":"https://www.coolturalia.com/fr/event/mode-et-la-ville-bonnes-pratiques-pour-soutenir-la-mode-durable/#primaryimage","url":"https://www.coolturalia.com/wp-content/uploads/2026/04/Fashion-and-the-City-Best-Practices-for-Sustainable-Fashion.webp","contentUrl":"https://www.coolturalia.com/wp-content/uploads/2026/04/Fashion-and-the-City-Best-Practices-for-Sustainable-Fashion.webp","width":700,"height":701,"caption":"undefined"},{"@type":"BreadcrumbList","@id":"https://www.coolturalia.com/fr/event/mode-et-la-ville-bonnes-pratiques-pour-soutenir-la-mode-durable/#breadcrumb","itemListElement":[{"@type":"ListItem","position":1,"name":"Home","item":"https://www.coolturalia.com/fr/"},{"@type":"ListItem","position":2,"name":"Events","item":"https://www.coolturalia.com/fr/events/"},{"@type":"ListItem","position":3,"name":"Mode et la ville : Bonnes pratiques pour soutenir la mode durable"}]},{"@type":"WebSite","@id":"https://www.coolturalia.com/fr/#website","url":"https://www.coolturalia.com/fr/","name":"Coolturalia","description":"","publisher":{"@id":"https://www.coolturalia.com/fr/#organization"},"potentialAction":[{"@type":"SearchAction","target":{"@type":"EntryPoint","urlTemplate":"https://www.coolturalia.com/fr/?s={search_term_string}"},"query-input":{"@type":"PropertyValueSpecification","valueRequired":true,"valueName":"search_term_string"}}],"inLanguage":"fr-FR"},{"@type":"Organization","@id":"https://www.coolturalia.com/fr/#organization","name":"Coolturalia","url":"https://www.coolturalia.com/fr/","logo":{"@type":"ImageObject","inLanguage":"fr-FR","@id":"https://www.coolturalia.com/fr/#/schema/logo/image/","url":"https://www.coolturalia.com/wp-content/uploads/2024/04/Logo-coolturalia.svg","contentUrl":"https://www.coolturalia.com/wp-content/uploads/2024/04/Logo-coolturalia.svg","width":1312,"height":193,"caption":"Coolturalia"},"image":{"@id":"https://www.coolturalia.com/fr/#/schema/logo/image/"},"sameAs":["https://www.instagram.com/coolturalia_geneva/"]}]}</script>
<!-- / Yoast SEO plugin. -->

Dre Katia Dayan, chercheuse spécialisée dans la mode durable, possède quinze ans d’expérience et a travaillé sur l’action locale à l’échelle mondiale, y compris des projets menés à Genève. Elle présente des exemples concrets d’initiatives locales, de partenariats et de politiques visant à soutenir la consommation durable en milieu urbain. La conférence examine les pratiques [&hellip;]
