{"id":187758,"date":"2026-04-20T15:57:05","date_gmt":"2026-04-20T14:57:05","guid":{"rendered":"https:\/\/www.coolturalia.com\/event\/table-ronde-tuning-in-acoustique-de-lemotion\/"},"modified":"2026-04-20T15:57:05","modified_gmt":"2026-04-20T14:57:05","slug":"table-ronde-tuning-in-acoustique-de-lemotion","status":"publish","type":"event","link":"https:\/\/www.coolturalia.com\/fr\/event\/table-ronde-tuning-in-acoustique-de-lemotion\/","title":{"rendered":"Table ronde \u2013 Tuning In \u2014 acoustique de l\u2019\u00e9motion"},"content":{"rendered":"<p>Natacha Farina Groux mod\u00e8re une table ronde r\u00e9unissant chercheurs et praticiens pour interroger le son et l\u2019\u00e9motion dans les contextes humanitaires. La discussion examine quels sons de l\u2019action humanitaire se conservent, comment une voix transmet une \u00e9motion, qui a le droit d\u2019\u00eatre entendu et le r\u00f4le de la musique dans les pratiques humanitaires. Sont pr\u00e9sents Alain Dufaux, Didier Grandjean, Paul-Henri Arni, Manuela Filippa, Sarah-Joy Maddeaux, Alain Vincent Chardonnens et Elisa Rusca. La conversation accompagne le livre Tuning In, Acoustics of Emotion.<\/p>\n","protected":false},"excerpt":{"rendered":"<p>Natacha Farina Groux mod\u00e8re une table ronde r\u00e9unissant chercheurs et praticiens pour interroger le son et l\u2019\u00e9motion dans les contextes humanitaires. La discussion examine quels sons de l\u2019action humanitaire se conservent, comment une voix transmet une \u00e9motion, qui a le droit d\u2019\u00eatre entendu et le r\u00f4le de la musique dans les pratiques humanitaires. Sont pr\u00e9sents [&hellip;]<\/p>\n","protected":false},"featured_media":187756,"parent":0,"menu_order":0,"template":"","format":"standard","meta":{"_acf_changed":false,"footnotes":""},"tags":[686],"event-category":[448],"event-venue":[609],"class_list":["post-187758","event","type-event","status-publish","format-standard","has-post-thumbnail","hentry","tag-evenement-passe","event-category-conferences","event-venue-musee-international-de-la-croix-rouge-et-du-croissant-rouge-fr"],"acf":{"price":"Gratuit","date":"Jeudi 23 avril, 18:00","start_date":"2026-04-23 20:00:00","end_date":"2026-04-23 21:30:00","website_link":"https:\/\/redcrossmuseum.ch\/fr\/evenements\/table-ronde-tuning-in\/","link_buy_tickets":"","highlighted":false,"photo_credit":"","timings":[{"timing_start_date":"2026-04-23 20:00:00","timing_end_date":"2026-04-23 21:30:00"}],"external_id":""},"yoast_head":"<!-- This site is optimized with the Yoast SEO plugin v26.5 - https:\/\/yoast.com\/wordpress\/plugins\/seo\/ -->\n<title>Table ronde \u2013 Tuning In \u2014 acoustique de l\u2019\u00e9motion - Coolturalia<\/title>\n<meta name=\"robots\" content=\"index, follow, max-snippet:-1, max-image-preview:large, max-video-preview:-1\" \/>\n<link rel=\"canonical\" href=\"https:\/\/www.coolturalia.com\/fr\/event\/table-ronde-tuning-in-acoustique-de-lemotion\/\" \/>\n<meta property=\"og:locale\" content=\"fr_FR\" \/>\n<meta property=\"og:type\" content=\"article\" \/>\n<meta property=\"og:title\" content=\"Table ronde \u2013 Tuning In \u2014 acoustique de l\u2019\u00e9motion - Coolturalia\" \/>\n<meta property=\"og:description\" content=\"Natacha Farina Groux mod\u00e8re une table ronde r\u00e9unissant chercheurs et praticiens pour interroger le son et l\u2019\u00e9motion dans les contextes humanitaires. La discussion examine quels sons de l\u2019action humanitaire se conservent, comment une voix transmet une \u00e9motion, qui a le droit d\u2019\u00eatre entendu et le r\u00f4le de la musique dans les pratiques humanitaires. Sont pr\u00e9sents [&hellip;]\" \/>\n<meta property=\"og:url\" content=\"https:\/\/www.coolturalia.com\/fr\/event\/table-ronde-tuning-in-acoustique-de-lemotion\/\" \/>\n<meta property=\"og:site_name\" content=\"Coolturalia\" \/>\n<meta property=\"og:image\" content=\"https:\/\/www.coolturalia.com\/wp-content\/uploads\/2024\/04\/favicon-coolturalia-2.png\" \/>\n\t<meta property=\"og:image:width\" content=\"150\" \/>\n\t<meta property=\"og:image:height\" content=\"150\" \/>\n\t<meta property=\"og:image:type\" content=\"image\/png\" \/>\n<meta name=\"twitter:card\" content=\"summary_large_image\" \/>\n<script type=\"application\/ld+json\" class=\"yoast-schema-graph\">{\"@context\":\"https:\/\/schema.org\",\"@graph\":[{\"@type\":\"WebPage\",\"@id\":\"https:\/\/www.coolturalia.com\/fr\/event\/table-ronde-tuning-in-acoustique-de-lemotion\/\",\"url\":\"https:\/\/www.coolturalia.com\/fr\/event\/table-ronde-tuning-in-acoustique-de-lemotion\/\",\"name\":\"Table ronde \u2013 Tuning In \u2014 acoustique de l\u2019\u00e9motion - Coolturalia\",\"isPartOf\":{\"@id\":\"https:\/\/www.coolturalia.com\/fr\/#website\"},\"primaryImageOfPage\":{\"@id\":\"https:\/\/www.coolturalia.com\/fr\/event\/table-ronde-tuning-in-acoustique-de-lemotion\/#primaryimage\"},\"image\":{\"@id\":\"https:\/\/www.coolturalia.com\/fr\/event\/table-ronde-tuning-in-acoustique-de-lemotion\/#primaryimage\"},\"thumbnailUrl\":\"https:\/\/www.coolturalia.com\/wp-content\/uploads\/2026\/04\/Roundtable-Tuning-In-Acoustics-of-Emotion.webp\",\"datePublished\":\"2026-04-20T14:57:05+00:00\",\"breadcrumb\":{\"@id\":\"https:\/\/www.coolturalia.com\/fr\/event\/table-ronde-tuning-in-acoustique-de-lemotion\/#breadcrumb\"},\"inLanguage\":\"fr-FR\",\"potentialAction\":[{\"@type\":\"ReadAction\",\"target\":[\"https:\/\/www.coolturalia.com\/fr\/event\/table-ronde-tuning-in-acoustique-de-lemotion\/\"]}]},{\"@type\":\"ImageObject\",\"inLanguage\":\"fr-FR\",\"@id\":\"https:\/\/www.coolturalia.com\/fr\/event\/table-ronde-tuning-in-acoustique-de-lemotion\/#primaryimage\",\"url\":\"https:\/\/www.coolturalia.com\/wp-content\/uploads\/2026\/04\/Roundtable-Tuning-In-Acoustics-of-Emotion.webp\",\"contentUrl\":\"https:\/\/www.coolturalia.com\/wp-content\/uploads\/2026\/04\/Roundtable-Tuning-In-Acoustics-of-Emotion.webp\",\"width\":683,\"height\":512,\"caption\":\"undefined\"},{\"@type\":\"BreadcrumbList\",\"@id\":\"https:\/\/www.coolturalia.com\/fr\/event\/table-ronde-tuning-in-acoustique-de-lemotion\/#breadcrumb\",\"itemListElement\":[{\"@type\":\"ListItem\",\"position\":1,\"name\":\"Home\",\"item\":\"https:\/\/www.coolturalia.com\/fr\/\"},{\"@type\":\"ListItem\",\"position\":2,\"name\":\"Events\",\"item\":\"https:\/\/www.coolturalia.com\/fr\/events\/\"},{\"@type\":\"ListItem\",\"position\":3,\"name\":\"Table ronde \u2013 Tuning In \u2014 acoustique de l\u2019\u00e9motion\"}]},{\"@type\":\"WebSite\",\"@id\":\"https:\/\/www.coolturalia.com\/fr\/#website\",\"url\":\"https:\/\/www.coolturalia.com\/fr\/\",\"name\":\"Coolturalia\",\"description\":\"\",\"publisher\":{\"@id\":\"https:\/\/www.coolturalia.com\/fr\/#organization\"},\"potentialAction\":[{\"@type\":\"SearchAction\",\"target\":{\"@type\":\"EntryPoint\",\"urlTemplate\":\"https:\/\/www.coolturalia.com\/fr\/?s={search_term_string}\"},\"query-input\":{\"@type\":\"PropertyValueSpecification\",\"valueRequired\":true,\"valueName\":\"search_term_string\"}}],\"inLanguage\":\"fr-FR\"},{\"@type\":\"Organization\",\"@id\":\"https:\/\/www.coolturalia.com\/fr\/#organization\",\"name\":\"Coolturalia\",\"url\":\"https:\/\/www.coolturalia.com\/fr\/\",\"logo\":{\"@type\":\"ImageObject\",\"inLanguage\":\"fr-FR\",\"@id\":\"https:\/\/www.coolturalia.com\/fr\/#\/schema\/logo\/image\/\",\"url\":\"https:\/\/www.coolturalia.com\/wp-content\/uploads\/2024\/04\/Logo-coolturalia.svg\",\"contentUrl\":\"https:\/\/www.coolturalia.com\/wp-content\/uploads\/2024\/04\/Logo-coolturalia.svg\",\"width\":1312,\"height\":193,\"caption\":\"Coolturalia\"},\"image\":{\"@id\":\"https:\/\/www.coolturalia.com\/fr\/#\/schema\/logo\/image\/\"},\"sameAs\":[\"https:\/\/www.instagram.com\/coolturalia_geneva\/\"]}]}<\/script>\n<!-- \/ Yoast SEO plugin. -->","yoast_head_json":{"title":"Table ronde \u2013 Tuning In \u2014 acoustique de l\u2019\u00e9motion - Coolturalia","robots":{"index":"index","follow":"follow","max-snippet":"max-snippet:-1","max-image-preview":"max-image-preview:large","max-video-preview":"max-video-preview:-1"},"canonical":"https:\/\/www.coolturalia.com\/fr\/event\/table-ronde-tuning-in-acoustique-de-lemotion\/","og_locale":"fr_FR","og_type":"article","og_title":"Table ronde \u2013 Tuning In \u2014 acoustique de l\u2019\u00e9motion - Coolturalia","og_description":"Natacha Farina Groux mod\u00e8re une table ronde r\u00e9unissant chercheurs et praticiens pour interroger le son et l\u2019\u00e9motion dans les contextes humanitaires. La discussion examine quels sons de l\u2019action humanitaire se conservent, comment une voix transmet une \u00e9motion, qui a le droit d\u2019\u00eatre entendu et le r\u00f4le de la musique dans les pratiques humanitaires. Sont pr\u00e9sents [&hellip;]","og_url":"https:\/\/www.coolturalia.com\/fr\/event\/table-ronde-tuning-in-acoustique-de-lemotion\/","og_site_name":"Coolturalia","og_image":[{"width":150,"height":150,"url":"https:\/\/www.coolturalia.com\/wp-content\/uploads\/2024\/04\/favicon-coolturalia-2.png","type":"image\/png"}],"twitter_card":"summary_large_image","schema":{"@context":"https:\/\/schema.org","@graph":[{"@type":"WebPage","@id":"https:\/\/www.coolturalia.com\/fr\/event\/table-ronde-tuning-in-acoustique-de-lemotion\/","url":"https:\/\/www.coolturalia.com\/fr\/event\/table-ronde-tuning-in-acoustique-de-lemotion\/","name":"Table ronde \u2013 Tuning In \u2014 acoustique de l\u2019\u00e9motion - Coolturalia","isPartOf":{"@id":"https:\/\/www.coolturalia.com\/fr\/#website"},"primaryImageOfPage":{"@id":"https:\/\/www.coolturalia.com\/fr\/event\/table-ronde-tuning-in-acoustique-de-lemotion\/#primaryimage"},"image":{"@id":"https:\/\/www.coolturalia.com\/fr\/event\/table-ronde-tuning-in-acoustique-de-lemotion\/#primaryimage"},"thumbnailUrl":"https:\/\/www.coolturalia.com\/wp-content\/uploads\/2026\/04\/Roundtable-Tuning-In-Acoustics-of-Emotion.webp","datePublished":"2026-04-20T14:57:05+00:00","breadcrumb":{"@id":"https:\/\/www.coolturalia.com\/fr\/event\/table-ronde-tuning-in-acoustique-de-lemotion\/#breadcrumb"},"inLanguage":"fr-FR","potentialAction":[{"@type":"ReadAction","target":["https:\/\/www.coolturalia.com\/fr\/event\/table-ronde-tuning-in-acoustique-de-lemotion\/"]}]},{"@type":"ImageObject","inLanguage":"fr-FR","@id":"https:\/\/www.coolturalia.com\/fr\/event\/table-ronde-tuning-in-acoustique-de-lemotion\/#primaryimage","url":"https:\/\/www.coolturalia.com\/wp-content\/uploads\/2026\/04\/Roundtable-Tuning-In-Acoustics-of-Emotion.webp","contentUrl":"https:\/\/www.coolturalia.com\/wp-content\/uploads\/2026\/04\/Roundtable-Tuning-In-Acoustics-of-Emotion.webp","width":683,"height":512,"caption":"undefined"},{"@type":"BreadcrumbList","@id":"https:\/\/www.coolturalia.com\/fr\/event\/table-ronde-tuning-in-acoustique-de-lemotion\/#breadcrumb","itemListElement":[{"@type":"ListItem","position":1,"name":"Home","item":"https:\/\/www.coolturalia.com\/fr\/"},{"@type":"ListItem","position":2,"name":"Events","item":"https:\/\/www.coolturalia.com\/fr\/events\/"},{"@type":"ListItem","position":3,"name":"Table ronde \u2013 Tuning In \u2014 acoustique de l\u2019\u00e9motion"}]},{"@type":"WebSite","@id":"https:\/\/www.coolturalia.com\/fr\/#website","url":"https:\/\/www.coolturalia.com\/fr\/","name":"Coolturalia","description":"","publisher":{"@id":"https:\/\/www.coolturalia.com\/fr\/#organization"},"potentialAction":[{"@type":"SearchAction","target":{"@type":"EntryPoint","urlTemplate":"https:\/\/www.coolturalia.com\/fr\/?s={search_term_string}"},"query-input":{"@type":"PropertyValueSpecification","valueRequired":true,"valueName":"search_term_string"}}],"inLanguage":"fr-FR"},{"@type":"Organization","@id":"https:\/\/www.coolturalia.com\/fr\/#organization","name":"Coolturalia","url":"https:\/\/www.coolturalia.com\/fr\/","logo":{"@type":"ImageObject","inLanguage":"fr-FR","@id":"https:\/\/www.coolturalia.com\/fr\/#\/schema\/logo\/image\/","url":"https:\/\/www.coolturalia.com\/wp-content\/uploads\/2024\/04\/Logo-coolturalia.svg","contentUrl":"https:\/\/www.coolturalia.com\/wp-content\/uploads\/2024\/04\/Logo-coolturalia.svg","width":1312,"height":193,"caption":"Coolturalia"},"image":{"@id":"https:\/\/www.coolturalia.com\/fr\/#\/schema\/logo\/image\/"},"sameAs":["https:\/\/www.instagram.com\/coolturalia_geneva\/"]}]}},"translations":{"translations":{"en":"187757","fr":"187758"},"language":{"code":"fr"},"date":{"dateRange":"Jeudi 23 avril, 18:00"}},"language":{"code":"fr"},"_links":{"self":[{"href":"https:\/\/www.coolturalia.com\/fr\/wp-json\/wp\/v2\/event\/187758","targetHints":{"allow":["GET"]}}],"collection":[{"href":"https:\/\/www.coolturalia.com\/fr\/wp-json\/wp\/v2\/event"}],"about":[{"href":"https:\/\/www.coolturalia.com\/fr\/wp-json\/wp\/v2\/types\/event"}],"version-history":[{"count":0,"href":"https:\/\/www.coolturalia.com\/fr\/wp-json\/wp\/v2\/event\/187758\/revisions"}],"wp:featuredmedia":[{"embeddable":true,"href":"https:\/\/www.coolturalia.com\/fr\/wp-json\/wp\/v2\/media\/187756"}],"wp:attachment":[{"href":"https:\/\/www.coolturalia.com\/fr\/wp-json\/wp\/v2\/media?parent=187758"}],"wp:term":[{"taxonomy":"post_tag","embeddable":true,"href":"https:\/\/www.coolturalia.com\/fr\/wp-json\/wp\/v2\/tags?post=187758"},{"taxonomy":"event-category","embeddable":true,"href":"https:\/\/www.coolturalia.com\/fr\/wp-json\/wp\/v2\/event-category?post=187758"},{"taxonomy":"event-venue","embeddable":true,"href":"https:\/\/www.coolturalia.com\/fr\/wp-json\/wp\/v2\/event-venue?post=187758"}],"curies":[{"name":"wp","href":"https:\/\/api.w.org\/{rel}","templated":true}]}}

Table ronde – Tuning In — acoustique de l’émotion

<p>Natacha Farina Groux modère une table ronde réunissant chercheurs et praticiens pour interroger le son et l’émotion dans les contextes humanitaires. La discussion examine quels sons de l’action humanitaire se conservent, comment une voix transmet une émotion, qui a le droit d’être entendu et le rôle de la musique dans les pratiques humanitaires. Sont présents Alain Dufaux, Didier Grandjean, Paul-Henri Arni, Manuela Filippa, Sarah-Joy Maddeaux, Alain Vincent Chardonnens et Elisa Rusca. La conversation accompagne le livre Tuning In, Acoustics of Emotion.</p>

<p>Natacha Farina Groux modère une table ronde réunissant chercheurs et praticiens pour interroger le son et l’émotion dans les contextes humanitaires. La discussion examine quels sons de l’action humanitaire se conservent, comment une voix transmet une émotion, qui a le droit d’être entendu et le rôle de la musique dans les pratiques humanitaires. Sont présents [&hellip;]</p>

<!-- This site is optimized with the Yoast SEO plugin v26.5 - https://yoast.com/wordpress/plugins/seo/ -->
<title>Table ronde – Tuning In — acoustique de l’émotion - Coolturalia</title>
<meta name="robots" content="index, follow, max-snippet:-1, max-image-preview:large, max-video-preview:-1" />
<link rel="canonical" href="https://www.coolturalia.com/fr/event/table-ronde-tuning-in-acoustique-de-lemotion/" />
<meta property="og:locale" content="fr_FR" />
<meta property="og:type" content="article" />
<meta property="og:title" content="Table ronde – Tuning In — acoustique de l’émotion - Coolturalia" />
<meta property="og:description" content="Natacha Farina Groux modère une table ronde réunissant chercheurs et praticiens pour interroger le son et l’émotion dans les contextes humanitaires. La discussion examine quels sons de l’action humanitaire se conservent, comment une voix transmet une émotion, qui a le droit d’être entendu et le rôle de la musique dans les pratiques humanitaires. Sont présents [&hellip;]" />
<meta property="og:url" content="https://www.coolturalia.com/fr/event/table-ronde-tuning-in-acoustique-de-lemotion/" />
<meta property="og:site_name" content="Coolturalia" />
<meta property="og:image" content="https://www.coolturalia.com/wp-content/uploads/2024/04/favicon-coolturalia-2.png" />
	<meta property="og:image:width" content="150" />
	<meta property="og:image:height" content="150" />
	<meta property="og:image:type" content="image/png" />
<meta name="twitter:card" content="summary_large_image" />
<script type="application/ld+json" class="yoast-schema-graph">{"@context":"https://schema.org","@graph":[{"@type":"WebPage","@id":"https://www.coolturalia.com/fr/event/table-ronde-tuning-in-acoustique-de-lemotion/","url":"https://www.coolturalia.com/fr/event/table-ronde-tuning-in-acoustique-de-lemotion/","name":"Table ronde – Tuning In — acoustique de l’émotion - Coolturalia","isPartOf":{"@id":"https://www.coolturalia.com/fr/#website"},"primaryImageOfPage":{"@id":"https://www.coolturalia.com/fr/event/table-ronde-tuning-in-acoustique-de-lemotion/#primaryimage"},"image":{"@id":"https://www.coolturalia.com/fr/event/table-ronde-tuning-in-acoustique-de-lemotion/#primaryimage"},"thumbnailUrl":"https://www.coolturalia.com/wp-content/uploads/2026/04/Roundtable-Tuning-In-Acoustics-of-Emotion.webp","datePublished":"2026-04-20T14:57:05+00:00","breadcrumb":{"@id":"https://www.coolturalia.com/fr/event/table-ronde-tuning-in-acoustique-de-lemotion/#breadcrumb"},"inLanguage":"fr-FR","potentialAction":[{"@type":"ReadAction","target":["https://www.coolturalia.com/fr/event/table-ronde-tuning-in-acoustique-de-lemotion/"]}]},{"@type":"ImageObject","inLanguage":"fr-FR","@id":"https://www.coolturalia.com/fr/event/table-ronde-tuning-in-acoustique-de-lemotion/#primaryimage","url":"https://www.coolturalia.com/wp-content/uploads/2026/04/Roundtable-Tuning-In-Acoustics-of-Emotion.webp","contentUrl":"https://www.coolturalia.com/wp-content/uploads/2026/04/Roundtable-Tuning-In-Acoustics-of-Emotion.webp","width":683,"height":512,"caption":"undefined"},{"@type":"BreadcrumbList","@id":"https://www.coolturalia.com/fr/event/table-ronde-tuning-in-acoustique-de-lemotion/#breadcrumb","itemListElement":[{"@type":"ListItem","position":1,"name":"Home","item":"https://www.coolturalia.com/fr/"},{"@type":"ListItem","position":2,"name":"Events","item":"https://www.coolturalia.com/fr/events/"},{"@type":"ListItem","position":3,"name":"Table ronde – Tuning In — acoustique de l’émotion"}]},{"@type":"WebSite","@id":"https://www.coolturalia.com/fr/#website","url":"https://www.coolturalia.com/fr/","name":"Coolturalia","description":"","publisher":{"@id":"https://www.coolturalia.com/fr/#organization"},"potentialAction":[{"@type":"SearchAction","target":{"@type":"EntryPoint","urlTemplate":"https://www.coolturalia.com/fr/?s={search_term_string}"},"query-input":{"@type":"PropertyValueSpecification","valueRequired":true,"valueName":"search_term_string"}}],"inLanguage":"fr-FR"},{"@type":"Organization","@id":"https://www.coolturalia.com/fr/#organization","name":"Coolturalia","url":"https://www.coolturalia.com/fr/","logo":{"@type":"ImageObject","inLanguage":"fr-FR","@id":"https://www.coolturalia.com/fr/#/schema/logo/image/","url":"https://www.coolturalia.com/wp-content/uploads/2024/04/Logo-coolturalia.svg","contentUrl":"https://www.coolturalia.com/wp-content/uploads/2024/04/Logo-coolturalia.svg","width":1312,"height":193,"caption":"Coolturalia"},"image":{"@id":"https://www.coolturalia.com/fr/#/schema/logo/image/"},"sameAs":["https://www.instagram.com/coolturalia_geneva/"]}]}</script>
<!-- / Yoast SEO plugin. -->

Table ronde – Tuning In — acoustique de l’émotion - Coolturalia

Natacha Farina Groux modère une table ronde réunissant chercheurs et praticiens pour interroger le son et l’émotion dans les contextes humanitaires. La discussion examine quels sons de l’action humanitaire se conservent, comment une voix transmet une émotion, qui a le droit d’être entendu et le rôle de la musique dans les pratiques humanitaires. Sont présents [&hellip;]
