{"id":187609,"date":"2026-04-17T13:42:40","date_gmt":"2026-04-17T12:42:40","guid":{"rendered":"https:\/\/www.coolturalia.com\/event\/dominique-pifarely-francois-couturier-2\/"},"modified":"2026-04-17T13:42:40","modified_gmt":"2026-04-17T12:42:40","slug":"dominique-pifarely-francois-couturier-2","status":"publish","type":"event","link":"https:\/\/www.coolturalia.com\/fr\/event\/dominique-pifarely-francois-couturier-2\/","title":{"rendered":"Dominique Pifar\u00e9ly &#038; Fran\u00e7ois Couturier"},"content":{"rendered":"<p>Le violoniste Dominique Pifar\u00e9ly et le pianiste Fran\u00e7ois Couturier se retrouvent en duo tendre autour de l&rsquo;album Pr\u00e9ludes et Chansons. Pr\u00e8s de trente ans apr\u00e8s Poros, le programme creuse le dialogue musical attentif, o\u00f9 improvisation, lyrisme et silences b\u00e2tissent un \u00e9change poreux. Les interpr\u00e8tes s&rsquo;\u00e9coutent et r\u00e9pondent, respectant leurs parcours tout en fa\u00e7onnant un langage commun. Textures lumineuses et intensit\u00e9s soudaines engendrent intimit\u00e9 et nostalgie, emmenant l&rsquo;auditeur dans des instants de r\u00e9flexion et de d\u00e9couverte improvis\u00e9e.<\/p>\n","protected":false},"excerpt":{"rendered":"<p>Le violoniste Dominique Pifar\u00e9ly et le pianiste Fran\u00e7ois Couturier se retrouvent en duo tendre autour de l&rsquo;album Pr\u00e9ludes et Chansons. Pr\u00e8s de trente ans apr\u00e8s Poros, le programme creuse le dialogue musical attentif, o\u00f9 improvisation, lyrisme et silences b\u00e2tissent un \u00e9change poreux. Les interpr\u00e8tes s&rsquo;\u00e9coutent et r\u00e9pondent, respectant leurs parcours tout en fa\u00e7onnant un langage [&hellip;]<\/p>\n","protected":false},"featured_media":187607,"parent":0,"menu_order":0,"template":"","format":"standard","meta":{"_acf_changed":false,"footnotes":""},"tags":[],"event-category":[444],"event-venue":[575],"class_list":["post-187609","event","type-event","status-publish","format-standard","has-post-thumbnail","hentry","event-category-spectacles","event-venue-amr-sud-des-alpes-fr"],"acf":{"price":"Sur r\u00e9servation","date":"Samedi 30 mai, 21:00","start_date":"2026-05-30 23:00:00","end_date":"2026-05-31 01:00:00","website_link":"https:\/\/www.amr-geneve.ch\/performance?id=5529","link_buy_tickets":"","highlighted":false,"photo_credit":"Jean-Baptiste Millot","timings":[{"timing_start_date":"2026-05-30 23:00:00","timing_end_date":"2026-05-31 01:00:00"}],"external_id":"12548817"},"yoast_head":"<!-- This site is optimized with the Yoast SEO plugin v27.5 - https:\/\/yoast.com\/product\/yoast-seo-wordpress\/ -->\n<title>Dominique Pifar\u00e9ly &amp; Fran\u00e7ois Couturier - Coolturalia<\/title>\n<meta name=\"robots\" content=\"index, follow, max-snippet:-1, max-image-preview:large, max-video-preview:-1\" \/>\n<link rel=\"canonical\" href=\"https:\/\/www.coolturalia.com\/fr\/event\/dominique-pifarely-francois-couturier-2\/\" \/>\n<meta property=\"og:locale\" content=\"fr_FR\" \/>\n<meta property=\"og:type\" content=\"article\" \/>\n<meta property=\"og:title\" content=\"Dominique Pifar\u00e9ly &amp; Fran\u00e7ois Couturier - Coolturalia\" \/>\n<meta property=\"og:description\" content=\"Le violoniste Dominique Pifar\u00e9ly et le pianiste Fran\u00e7ois Couturier se retrouvent en duo tendre autour de l&rsquo;album Pr\u00e9ludes et Chansons. Pr\u00e8s de trente ans apr\u00e8s Poros, le programme creuse le dialogue musical attentif, o\u00f9 improvisation, lyrisme et silences b\u00e2tissent un \u00e9change poreux. Les interpr\u00e8tes s&rsquo;\u00e9coutent et r\u00e9pondent, respectant leurs parcours tout en fa\u00e7onnant un langage [&hellip;]\" \/>\n<meta property=\"og:url\" content=\"https:\/\/www.coolturalia.com\/fr\/event\/dominique-pifarely-francois-couturier-2\/\" \/>\n<meta property=\"og:site_name\" content=\"Coolturalia\" \/>\n<meta property=\"og:image\" content=\"https:\/\/www.coolturalia.com\/wp-content\/uploads\/2024\/04\/favicon-coolturalia-2.png\" \/>\n\t<meta property=\"og:image:width\" content=\"150\" \/>\n\t<meta property=\"og:image:height\" content=\"150\" \/>\n\t<meta property=\"og:image:type\" content=\"image\/png\" \/>\n<meta name=\"twitter:card\" content=\"summary_large_image\" \/>\n<script type=\"application\/ld+json\" class=\"yoast-schema-graph\">{\"@context\":\"https:\\\/\\\/schema.org\",\"@graph\":[{\"@type\":\"WebPage\",\"@id\":\"https:\\\/\\\/www.coolturalia.com\\\/fr\\\/event\\\/dominique-pifarely-francois-couturier-2\\\/\",\"url\":\"https:\\\/\\\/www.coolturalia.com\\\/fr\\\/event\\\/dominique-pifarely-francois-couturier-2\\\/\",\"name\":\"Dominique Pifar\u00e9ly & Fran\u00e7ois Couturier - Coolturalia\",\"isPartOf\":{\"@id\":\"https:\\\/\\\/www.coolturalia.com\\\/fr\\\/#website\"},\"primaryImageOfPage\":{\"@id\":\"https:\\\/\\\/www.coolturalia.com\\\/fr\\\/event\\\/dominique-pifarely-francois-couturier-2\\\/#primaryimage\"},\"image\":{\"@id\":\"https:\\\/\\\/www.coolturalia.com\\\/fr\\\/event\\\/dominique-pifarely-francois-couturier-2\\\/#primaryimage\"},\"thumbnailUrl\":\"https:\\\/\\\/www.coolturalia.com\\\/wp-content\\\/uploads\\\/2026\\\/04\\\/Dominique-Pifarely-Francois-Couturier.webp\",\"datePublished\":\"2026-04-17T12:42:40+00:00\",\"breadcrumb\":{\"@id\":\"https:\\\/\\\/www.coolturalia.com\\\/fr\\\/event\\\/dominique-pifarely-francois-couturier-2\\\/#breadcrumb\"},\"inLanguage\":\"fr-FR\",\"potentialAction\":[{\"@type\":\"ReadAction\",\"target\":[\"https:\\\/\\\/www.coolturalia.com\\\/fr\\\/event\\\/dominique-pifarely-francois-couturier-2\\\/\"]}]},{\"@type\":\"ImageObject\",\"inLanguage\":\"fr-FR\",\"@id\":\"https:\\\/\\\/www.coolturalia.com\\\/fr\\\/event\\\/dominique-pifarely-francois-couturier-2\\\/#primaryimage\",\"url\":\"https:\\\/\\\/www.coolturalia.com\\\/wp-content\\\/uploads\\\/2026\\\/04\\\/Dominique-Pifarely-Francois-Couturier.webp\",\"contentUrl\":\"https:\\\/\\\/www.coolturalia.com\\\/wp-content\\\/uploads\\\/2026\\\/04\\\/Dominique-Pifarely-Francois-Couturier.webp\",\"width\":700,\"height\":466,\"caption\":\"undefined\"},{\"@type\":\"BreadcrumbList\",\"@id\":\"https:\\\/\\\/www.coolturalia.com\\\/fr\\\/event\\\/dominique-pifarely-francois-couturier-2\\\/#breadcrumb\",\"itemListElement\":[{\"@type\":\"ListItem\",\"position\":1,\"name\":\"Home\",\"item\":\"https:\\\/\\\/www.coolturalia.com\\\/fr\\\/\"},{\"@type\":\"ListItem\",\"position\":2,\"name\":\"Events\",\"item\":\"https:\\\/\\\/www.coolturalia.com\\\/fr\\\/events\\\/\"},{\"@type\":\"ListItem\",\"position\":3,\"name\":\"Dominique Pifar\u00e9ly &#038; Fran\u00e7ois Couturier\"}]},{\"@type\":\"WebSite\",\"@id\":\"https:\\\/\\\/www.coolturalia.com\\\/fr\\\/#website\",\"url\":\"https:\\\/\\\/www.coolturalia.com\\\/fr\\\/\",\"name\":\"Coolturalia\",\"description\":\"\",\"publisher\":{\"@id\":\"https:\\\/\\\/www.coolturalia.com\\\/fr\\\/#organization\"},\"potentialAction\":[{\"@type\":\"SearchAction\",\"target\":{\"@type\":\"EntryPoint\",\"urlTemplate\":\"https:\\\/\\\/www.coolturalia.com\\\/fr\\\/?s={search_term_string}\"},\"query-input\":{\"@type\":\"PropertyValueSpecification\",\"valueRequired\":true,\"valueName\":\"search_term_string\"}}],\"inLanguage\":\"fr-FR\"},{\"@type\":\"Organization\",\"@id\":\"https:\\\/\\\/www.coolturalia.com\\\/fr\\\/#organization\",\"name\":\"Coolturalia\",\"url\":\"https:\\\/\\\/www.coolturalia.com\\\/fr\\\/\",\"logo\":{\"@type\":\"ImageObject\",\"inLanguage\":\"fr-FR\",\"@id\":\"https:\\\/\\\/www.coolturalia.com\\\/fr\\\/#\\\/schema\\\/logo\\\/image\\\/\",\"url\":\"https:\\\/\\\/www.coolturalia.com\\\/wp-content\\\/uploads\\\/2024\\\/04\\\/Logo-coolturalia.svg\",\"contentUrl\":\"https:\\\/\\\/www.coolturalia.com\\\/wp-content\\\/uploads\\\/2024\\\/04\\\/Logo-coolturalia.svg\",\"width\":1312,\"height\":193,\"caption\":\"Coolturalia\"},\"image\":{\"@id\":\"https:\\\/\\\/www.coolturalia.com\\\/fr\\\/#\\\/schema\\\/logo\\\/image\\\/\"},\"sameAs\":[\"https:\\\/\\\/www.instagram.com\\\/coolturalia_geneva\\\/\"]}]}<\/script>\n<!-- \/ Yoast SEO plugin. -->","yoast_head_json":{"title":"Dominique Pifar\u00e9ly & Fran\u00e7ois Couturier - Coolturalia","robots":{"index":"index","follow":"follow","max-snippet":"max-snippet:-1","max-image-preview":"max-image-preview:large","max-video-preview":"max-video-preview:-1"},"canonical":"https:\/\/www.coolturalia.com\/fr\/event\/dominique-pifarely-francois-couturier-2\/","og_locale":"fr_FR","og_type":"article","og_title":"Dominique Pifar\u00e9ly & Fran\u00e7ois Couturier - Coolturalia","og_description":"Le violoniste Dominique Pifar\u00e9ly et le pianiste Fran\u00e7ois Couturier se retrouvent en duo tendre autour de l&rsquo;album Pr\u00e9ludes et Chansons. Pr\u00e8s de trente ans apr\u00e8s Poros, le programme creuse le dialogue musical attentif, o\u00f9 improvisation, lyrisme et silences b\u00e2tissent un \u00e9change poreux. Les interpr\u00e8tes s&rsquo;\u00e9coutent et r\u00e9pondent, respectant leurs parcours tout en fa\u00e7onnant un langage [&hellip;]","og_url":"https:\/\/www.coolturalia.com\/fr\/event\/dominique-pifarely-francois-couturier-2\/","og_site_name":"Coolturalia","og_image":[{"width":150,"height":150,"url":"https:\/\/www.coolturalia.com\/wp-content\/uploads\/2024\/04\/favicon-coolturalia-2.png","type":"image\/png"}],"twitter_card":"summary_large_image","schema":{"@context":"https:\/\/schema.org","@graph":[{"@type":"WebPage","@id":"https:\/\/www.coolturalia.com\/fr\/event\/dominique-pifarely-francois-couturier-2\/","url":"https:\/\/www.coolturalia.com\/fr\/event\/dominique-pifarely-francois-couturier-2\/","name":"Dominique Pifar\u00e9ly & Fran\u00e7ois Couturier - Coolturalia","isPartOf":{"@id":"https:\/\/www.coolturalia.com\/fr\/#website"},"primaryImageOfPage":{"@id":"https:\/\/www.coolturalia.com\/fr\/event\/dominique-pifarely-francois-couturier-2\/#primaryimage"},"image":{"@id":"https:\/\/www.coolturalia.com\/fr\/event\/dominique-pifarely-francois-couturier-2\/#primaryimage"},"thumbnailUrl":"https:\/\/www.coolturalia.com\/wp-content\/uploads\/2026\/04\/Dominique-Pifarely-Francois-Couturier.webp","datePublished":"2026-04-17T12:42:40+00:00","breadcrumb":{"@id":"https:\/\/www.coolturalia.com\/fr\/event\/dominique-pifarely-francois-couturier-2\/#breadcrumb"},"inLanguage":"fr-FR","potentialAction":[{"@type":"ReadAction","target":["https:\/\/www.coolturalia.com\/fr\/event\/dominique-pifarely-francois-couturier-2\/"]}]},{"@type":"ImageObject","inLanguage":"fr-FR","@id":"https:\/\/www.coolturalia.com\/fr\/event\/dominique-pifarely-francois-couturier-2\/#primaryimage","url":"https:\/\/www.coolturalia.com\/wp-content\/uploads\/2026\/04\/Dominique-Pifarely-Francois-Couturier.webp","contentUrl":"https:\/\/www.coolturalia.com\/wp-content\/uploads\/2026\/04\/Dominique-Pifarely-Francois-Couturier.webp","width":700,"height":466,"caption":"undefined"},{"@type":"BreadcrumbList","@id":"https:\/\/www.coolturalia.com\/fr\/event\/dominique-pifarely-francois-couturier-2\/#breadcrumb","itemListElement":[{"@type":"ListItem","position":1,"name":"Home","item":"https:\/\/www.coolturalia.com\/fr\/"},{"@type":"ListItem","position":2,"name":"Events","item":"https:\/\/www.coolturalia.com\/fr\/events\/"},{"@type":"ListItem","position":3,"name":"Dominique Pifar\u00e9ly &#038; Fran\u00e7ois Couturier"}]},{"@type":"WebSite","@id":"https:\/\/www.coolturalia.com\/fr\/#website","url":"https:\/\/www.coolturalia.com\/fr\/","name":"Coolturalia","description":"","publisher":{"@id":"https:\/\/www.coolturalia.com\/fr\/#organization"},"potentialAction":[{"@type":"SearchAction","target":{"@type":"EntryPoint","urlTemplate":"https:\/\/www.coolturalia.com\/fr\/?s={search_term_string}"},"query-input":{"@type":"PropertyValueSpecification","valueRequired":true,"valueName":"search_term_string"}}],"inLanguage":"fr-FR"},{"@type":"Organization","@id":"https:\/\/www.coolturalia.com\/fr\/#organization","name":"Coolturalia","url":"https:\/\/www.coolturalia.com\/fr\/","logo":{"@type":"ImageObject","inLanguage":"fr-FR","@id":"https:\/\/www.coolturalia.com\/fr\/#\/schema\/logo\/image\/","url":"https:\/\/www.coolturalia.com\/wp-content\/uploads\/2024\/04\/Logo-coolturalia.svg","contentUrl":"https:\/\/www.coolturalia.com\/wp-content\/uploads\/2024\/04\/Logo-coolturalia.svg","width":1312,"height":193,"caption":"Coolturalia"},"image":{"@id":"https:\/\/www.coolturalia.com\/fr\/#\/schema\/logo\/image\/"},"sameAs":["https:\/\/www.instagram.com\/coolturalia_geneva\/"]}]}},"translations":{"translations":{"en":"187608","fr":"187609"},"language":{"code":"fr"},"date":{"dateRange":"Samedi 30 mai, 21:00"}},"language":{"code":"fr"},"_links":{"self":[{"href":"https:\/\/www.coolturalia.com\/fr\/wp-json\/wp\/v2\/event\/187609","targetHints":{"allow":["GET"]}}],"collection":[{"href":"https:\/\/www.coolturalia.com\/fr\/wp-json\/wp\/v2\/event"}],"about":[{"href":"https:\/\/www.coolturalia.com\/fr\/wp-json\/wp\/v2\/types\/event"}],"version-history":[{"count":0,"href":"https:\/\/www.coolturalia.com\/fr\/wp-json\/wp\/v2\/event\/187609\/revisions"}],"wp:featuredmedia":[{"embeddable":true,"href":"https:\/\/www.coolturalia.com\/fr\/wp-json\/wp\/v2\/media\/187607"}],"wp:attachment":[{"href":"https:\/\/www.coolturalia.com\/fr\/wp-json\/wp\/v2\/media?parent=187609"}],"wp:term":[{"taxonomy":"post_tag","embeddable":true,"href":"https:\/\/www.coolturalia.com\/fr\/wp-json\/wp\/v2\/tags?post=187609"},{"taxonomy":"event-category","embeddable":true,"href":"https:\/\/www.coolturalia.com\/fr\/wp-json\/wp\/v2\/event-category?post=187609"},{"taxonomy":"event-venue","embeddable":true,"href":"https:\/\/www.coolturalia.com\/fr\/wp-json\/wp\/v2\/event-venue?post=187609"}],"curies":[{"name":"wp","href":"https:\/\/api.w.org\/{rel}","templated":true}]}}

Dominique Pifarély &#038; François Couturier

<p>Le violoniste Dominique Pifarély et le pianiste François Couturier se retrouvent en duo tendre autour de l&rsquo;album Préludes et Chansons. Près de trente ans après Poros, le programme creuse le dialogue musical attentif, où improvisation, lyrisme et silences bâtissent un échange poreux. Les interprètes s&rsquo;écoutent et répondent, respectant leurs parcours tout en façonnant un langage commun. Textures lumineuses et intensités soudaines engendrent intimité et nostalgie, emmenant l&rsquo;auditeur dans des instants de réflexion et de découverte improvisée.</p>

<p>Le violoniste Dominique Pifarély et le pianiste François Couturier se retrouvent en duo tendre autour de l&rsquo;album Préludes et Chansons. Près de trente ans après Poros, le programme creuse le dialogue musical attentif, où improvisation, lyrisme et silences bâtissent un échange poreux. Les interprètes s&rsquo;écoutent et répondent, respectant leurs parcours tout en façonnant un langage [&hellip;]</p>

Sur réservation

<!-- This site is optimized with the Yoast SEO plugin v27.5 - https://yoast.com/product/yoast-seo-wordpress/ -->
<title>Dominique Pifarély &amp; François Couturier - Coolturalia</title>
<meta name="robots" content="index, follow, max-snippet:-1, max-image-preview:large, max-video-preview:-1" />
<link rel="canonical" href="https://www.coolturalia.com/fr/event/dominique-pifarely-francois-couturier-2/" />
<meta property="og:locale" content="fr_FR" />
<meta property="og:type" content="article" />
<meta property="og:title" content="Dominique Pifarély &amp; François Couturier - Coolturalia" />
<meta property="og:description" content="Le violoniste Dominique Pifarély et le pianiste François Couturier se retrouvent en duo tendre autour de l&rsquo;album Préludes et Chansons. Près de trente ans après Poros, le programme creuse le dialogue musical attentif, où improvisation, lyrisme et silences bâtissent un échange poreux. Les interprètes s&rsquo;écoutent et répondent, respectant leurs parcours tout en façonnant un langage [&hellip;]" />
<meta property="og:url" content="https://www.coolturalia.com/fr/event/dominique-pifarely-francois-couturier-2/" />
<meta property="og:site_name" content="Coolturalia" />
<meta property="og:image" content="https://www.coolturalia.com/wp-content/uploads/2024/04/favicon-coolturalia-2.png" />
	<meta property="og:image:width" content="150" />
	<meta property="og:image:height" content="150" />
	<meta property="og:image:type" content="image/png" />
<meta name="twitter:card" content="summary_large_image" />
<script type="application/ld+json" class="yoast-schema-graph">{"@context":"https:\/\/schema.org","@graph":[{"@type":"WebPage","@id":"https:\/\/www.coolturalia.com\/fr\/event\/dominique-pifarely-francois-couturier-2\/","url":"https:\/\/www.coolturalia.com\/fr\/event\/dominique-pifarely-francois-couturier-2\/","name":"Dominique Pifarély & François Couturier - Coolturalia","isPartOf":{"@id":"https:\/\/www.coolturalia.com\/fr\/#website"},"primaryImageOfPage":{"@id":"https:\/\/www.coolturalia.com\/fr\/event\/dominique-pifarely-francois-couturier-2\/#primaryimage"},"image":{"@id":"https:\/\/www.coolturalia.com\/fr\/event\/dominique-pifarely-francois-couturier-2\/#primaryimage"},"thumbnailUrl":"https:\/\/www.coolturalia.com\/wp-content\/uploads\/2026\/04\/Dominique-Pifarely-Francois-Couturier.webp","datePublished":"2026-04-17T12:42:40+00:00","breadcrumb":{"@id":"https:\/\/www.coolturalia.com\/fr\/event\/dominique-pifarely-francois-couturier-2\/#breadcrumb"},"inLanguage":"fr-FR","potentialAction":[{"@type":"ReadAction","target":["https:\/\/www.coolturalia.com\/fr\/event\/dominique-pifarely-francois-couturier-2\/"]}]},{"@type":"ImageObject","inLanguage":"fr-FR","@id":"https:\/\/www.coolturalia.com\/fr\/event\/dominique-pifarely-francois-couturier-2\/#primaryimage","url":"https:\/\/www.coolturalia.com\/wp-content\/uploads\/2026\/04\/Dominique-Pifarely-Francois-Couturier.webp","contentUrl":"https:\/\/www.coolturalia.com\/wp-content\/uploads\/2026\/04\/Dominique-Pifarely-Francois-Couturier.webp","width":700,"height":466,"caption":"undefined"},{"@type":"BreadcrumbList","@id":"https:\/\/www.coolturalia.com\/fr\/event\/dominique-pifarely-francois-couturier-2\/#breadcrumb","itemListElement":[{"@type":"ListItem","position":1,"name":"Home","item":"https:\/\/www.coolturalia.com\/fr\/"},{"@type":"ListItem","position":2,"name":"Events","item":"https:\/\/www.coolturalia.com\/fr\/events\/"},{"@type":"ListItem","position":3,"name":"Dominique Pifarély &#038; François Couturier"}]},{"@type":"WebSite","@id":"https:\/\/www.coolturalia.com\/fr\/#website","url":"https:\/\/www.coolturalia.com\/fr\/","name":"Coolturalia","description":"","publisher":{"@id":"https:\/\/www.coolturalia.com\/fr\/#organization"},"potentialAction":[{"@type":"SearchAction","target":{"@type":"EntryPoint","urlTemplate":"https:\/\/www.coolturalia.com\/fr\/?s={search_term_string}"},"query-input":{"@type":"PropertyValueSpecification","valueRequired":true,"valueName":"search_term_string"}}],"inLanguage":"fr-FR"},{"@type":"Organization","@id":"https:\/\/www.coolturalia.com\/fr\/#organization","name":"Coolturalia","url":"https:\/\/www.coolturalia.com\/fr\/","logo":{"@type":"ImageObject","inLanguage":"fr-FR","@id":"https:\/\/www.coolturalia.com\/fr\/#\/schema\/logo\/image\/","url":"https:\/\/www.coolturalia.com\/wp-content\/uploads\/2024\/04\/Logo-coolturalia.svg","contentUrl":"https:\/\/www.coolturalia.com\/wp-content\/uploads\/2024\/04\/Logo-coolturalia.svg","width":1312,"height":193,"caption":"Coolturalia"},"image":{"@id":"https:\/\/www.coolturalia.com\/fr\/#\/schema\/logo\/image\/"},"sameAs":["https:\/\/www.instagram.com\/coolturalia_geneva\/"]}]}</script>
<!-- / Yoast SEO plugin. -->

Dominique Pifarély & François Couturier - Coolturalia

Le violoniste Dominique Pifarély et le pianiste François Couturier se retrouvent en duo tendre autour de l&rsquo;album Préludes et Chansons. Près de trente ans après Poros, le programme creuse le dialogue musical attentif, où improvisation, lyrisme et silences bâtissent un échange poreux. Les interprètes s&rsquo;écoutent et répondent, respectant leurs parcours tout en façonnant un langage [&hellip;]
