{"id":187564,"date":"2026-04-17T12:59:17","date_gmt":"2026-04-17T11:59:17","guid":{"rendered":"https:\/\/www.coolturalia.com\/event\/la-culture-et-la-construction-du-territoire\/"},"modified":"2026-04-17T12:59:17","modified_gmt":"2026-04-17T11:59:17","slug":"la-culture-et-la-construction-du-territoire","status":"publish","type":"event","link":"https:\/\/www.coolturalia.com\/fr\/event\/la-culture-et-la-construction-du-territoire\/","title":{"rendered":"La culture et la construction du territoire"},"content":{"rendered":"<p>Alex Hanimann et St\u00e9phane Malfettes, directeur du Festival La B\u00e2tie, apportent des perspectives issues des programmations mus\u00e9ales et festivali\u00e8res sur le r\u00f4le de la culture en milieu urbain.<\/p>\n<p>Cette rencontre examine comment pratiques culturelles, institutions, cr\u00e9ations et m\u00e9diation contribuent \u00e0 construire un territoire commun, en explorant de quelle mani\u00e8re la culture cr\u00e9e du lien social, rend un quartier lisible et transforme des lieux en exp\u00e9riences partag\u00e9es.<\/p>\n","protected":false},"excerpt":{"rendered":"<p>Alex Hanimann et St\u00e9phane Malfettes, directeur du Festival La B\u00e2tie, apportent des perspectives issues des programmations mus\u00e9ales et festivali\u00e8res sur le r\u00f4le de la culture en milieu urbain. Cette rencontre examine comment pratiques culturelles, institutions, cr\u00e9ations et m\u00e9diation contribuent \u00e0 construire un territoire commun, en explorant de quelle mani\u00e8re la culture cr\u00e9e du lien social, [&hellip;]<\/p>\n","protected":false},"featured_media":187562,"parent":0,"menu_order":0,"template":"","format":"standard","meta":{"_acf_changed":false,"footnotes":""},"tags":[686],"event-category":[448],"event-venue":[609],"class_list":["post-187564","event","type-event","status-publish","format-standard","has-post-thumbnail","hentry","tag-evenement-passe","event-category-conferences","event-venue-musee-international-de-la-croix-rouge-et-du-croissant-rouge-fr"],"acf":{"price":"Gratuit, sur r\u00e9servation","date":"Jeudi 23 avril, 12:00","start_date":"2026-04-23 14:00:00","end_date":"2026-04-23 16:30:00","website_link":"https:\/\/www.ge.ch\/evenement\/chroniques-nations-5-culture-faire-territoire","link_buy_tickets":"","highlighted":false,"photo_credit":"DR","timings":[{"timing_start_date":"2026-04-23 14:00:00","timing_end_date":"2026-04-23 16:30:00"}],"external_id":"25324181"},"yoast_head":"<!-- This site is optimized with the Yoast SEO plugin v26.5 - https:\/\/yoast.com\/wordpress\/plugins\/seo\/ -->\n<title>La culture et la construction du territoire - Coolturalia<\/title>\n<meta name=\"robots\" content=\"index, follow, max-snippet:-1, max-image-preview:large, max-video-preview:-1\" \/>\n<link rel=\"canonical\" href=\"https:\/\/www.coolturalia.com\/fr\/event\/la-culture-et-la-construction-du-territoire\/\" \/>\n<meta property=\"og:locale\" content=\"fr_FR\" \/>\n<meta property=\"og:type\" content=\"article\" \/>\n<meta property=\"og:title\" content=\"La culture et la construction du territoire - Coolturalia\" \/>\n<meta property=\"og:description\" content=\"Alex Hanimann et St\u00e9phane Malfettes, directeur du Festival La B\u00e2tie, apportent des perspectives issues des programmations mus\u00e9ales et festivali\u00e8res sur le r\u00f4le de la culture en milieu urbain. Cette rencontre examine comment pratiques culturelles, institutions, cr\u00e9ations et m\u00e9diation contribuent \u00e0 construire un territoire commun, en explorant de quelle mani\u00e8re la culture cr\u00e9e du lien social, [&hellip;]\" \/>\n<meta property=\"og:url\" content=\"https:\/\/www.coolturalia.com\/fr\/event\/la-culture-et-la-construction-du-territoire\/\" \/>\n<meta property=\"og:site_name\" content=\"Coolturalia\" \/>\n<meta property=\"og:image\" content=\"https:\/\/www.coolturalia.com\/wp-content\/uploads\/2024\/04\/favicon-coolturalia-2.png\" \/>\n\t<meta property=\"og:image:width\" content=\"150\" \/>\n\t<meta property=\"og:image:height\" content=\"150\" \/>\n\t<meta property=\"og:image:type\" content=\"image\/png\" \/>\n<meta name=\"twitter:card\" content=\"summary_large_image\" \/>\n<script type=\"application\/ld+json\" class=\"yoast-schema-graph\">{\"@context\":\"https:\/\/schema.org\",\"@graph\":[{\"@type\":\"WebPage\",\"@id\":\"https:\/\/www.coolturalia.com\/fr\/event\/la-culture-et-la-construction-du-territoire\/\",\"url\":\"https:\/\/www.coolturalia.com\/fr\/event\/la-culture-et-la-construction-du-territoire\/\",\"name\":\"La culture et la construction du territoire - Coolturalia\",\"isPartOf\":{\"@id\":\"https:\/\/www.coolturalia.com\/fr\/#website\"},\"primaryImageOfPage\":{\"@id\":\"https:\/\/www.coolturalia.com\/fr\/event\/la-culture-et-la-construction-du-territoire\/#primaryimage\"},\"image\":{\"@id\":\"https:\/\/www.coolturalia.com\/fr\/event\/la-culture-et-la-construction-du-territoire\/#primaryimage\"},\"thumbnailUrl\":\"https:\/\/www.coolturalia.com\/wp-content\/uploads\/2026\/04\/Culture-and-the-Making-of-Territory.webp\",\"datePublished\":\"2026-04-17T11:59:17+00:00\",\"breadcrumb\":{\"@id\":\"https:\/\/www.coolturalia.com\/fr\/event\/la-culture-et-la-construction-du-territoire\/#breadcrumb\"},\"inLanguage\":\"fr-FR\",\"potentialAction\":[{\"@type\":\"ReadAction\",\"target\":[\"https:\/\/www.coolturalia.com\/fr\/event\/la-culture-et-la-construction-du-territoire\/\"]}]},{\"@type\":\"ImageObject\",\"inLanguage\":\"fr-FR\",\"@id\":\"https:\/\/www.coolturalia.com\/fr\/event\/la-culture-et-la-construction-du-territoire\/#primaryimage\",\"url\":\"https:\/\/www.coolturalia.com\/wp-content\/uploads\/2026\/04\/Culture-and-the-Making-of-Territory.webp\",\"contentUrl\":\"https:\/\/www.coolturalia.com\/wp-content\/uploads\/2026\/04\/Culture-and-the-Making-of-Territory.webp\",\"width\":700,\"height\":350,\"caption\":\"undefined\"},{\"@type\":\"BreadcrumbList\",\"@id\":\"https:\/\/www.coolturalia.com\/fr\/event\/la-culture-et-la-construction-du-territoire\/#breadcrumb\",\"itemListElement\":[{\"@type\":\"ListItem\",\"position\":1,\"name\":\"Home\",\"item\":\"https:\/\/www.coolturalia.com\/fr\/\"},{\"@type\":\"ListItem\",\"position\":2,\"name\":\"Events\",\"item\":\"https:\/\/www.coolturalia.com\/fr\/events\/\"},{\"@type\":\"ListItem\",\"position\":3,\"name\":\"La culture et la construction du territoire\"}]},{\"@type\":\"WebSite\",\"@id\":\"https:\/\/www.coolturalia.com\/fr\/#website\",\"url\":\"https:\/\/www.coolturalia.com\/fr\/\",\"name\":\"Coolturalia\",\"description\":\"\",\"publisher\":{\"@id\":\"https:\/\/www.coolturalia.com\/fr\/#organization\"},\"potentialAction\":[{\"@type\":\"SearchAction\",\"target\":{\"@type\":\"EntryPoint\",\"urlTemplate\":\"https:\/\/www.coolturalia.com\/fr\/?s={search_term_string}\"},\"query-input\":{\"@type\":\"PropertyValueSpecification\",\"valueRequired\":true,\"valueName\":\"search_term_string\"}}],\"inLanguage\":\"fr-FR\"},{\"@type\":\"Organization\",\"@id\":\"https:\/\/www.coolturalia.com\/fr\/#organization\",\"name\":\"Coolturalia\",\"url\":\"https:\/\/www.coolturalia.com\/fr\/\",\"logo\":{\"@type\":\"ImageObject\",\"inLanguage\":\"fr-FR\",\"@id\":\"https:\/\/www.coolturalia.com\/fr\/#\/schema\/logo\/image\/\",\"url\":\"https:\/\/www.coolturalia.com\/wp-content\/uploads\/2024\/04\/Logo-coolturalia.svg\",\"contentUrl\":\"https:\/\/www.coolturalia.com\/wp-content\/uploads\/2024\/04\/Logo-coolturalia.svg\",\"width\":1312,\"height\":193,\"caption\":\"Coolturalia\"},\"image\":{\"@id\":\"https:\/\/www.coolturalia.com\/fr\/#\/schema\/logo\/image\/\"},\"sameAs\":[\"https:\/\/www.instagram.com\/coolturalia_geneva\/\"]}]}<\/script>\n<!-- \/ Yoast SEO plugin. -->","yoast_head_json":{"title":"La culture et la construction du territoire - Coolturalia","robots":{"index":"index","follow":"follow","max-snippet":"max-snippet:-1","max-image-preview":"max-image-preview:large","max-video-preview":"max-video-preview:-1"},"canonical":"https:\/\/www.coolturalia.com\/fr\/event\/la-culture-et-la-construction-du-territoire\/","og_locale":"fr_FR","og_type":"article","og_title":"La culture et la construction du territoire - Coolturalia","og_description":"Alex Hanimann et St\u00e9phane Malfettes, directeur du Festival La B\u00e2tie, apportent des perspectives issues des programmations mus\u00e9ales et festivali\u00e8res sur le r\u00f4le de la culture en milieu urbain. Cette rencontre examine comment pratiques culturelles, institutions, cr\u00e9ations et m\u00e9diation contribuent \u00e0 construire un territoire commun, en explorant de quelle mani\u00e8re la culture cr\u00e9e du lien social, [&hellip;]","og_url":"https:\/\/www.coolturalia.com\/fr\/event\/la-culture-et-la-construction-du-territoire\/","og_site_name":"Coolturalia","og_image":[{"width":150,"height":150,"url":"https:\/\/www.coolturalia.com\/wp-content\/uploads\/2024\/04\/favicon-coolturalia-2.png","type":"image\/png"}],"twitter_card":"summary_large_image","schema":{"@context":"https:\/\/schema.org","@graph":[{"@type":"WebPage","@id":"https:\/\/www.coolturalia.com\/fr\/event\/la-culture-et-la-construction-du-territoire\/","url":"https:\/\/www.coolturalia.com\/fr\/event\/la-culture-et-la-construction-du-territoire\/","name":"La culture et la construction du territoire - Coolturalia","isPartOf":{"@id":"https:\/\/www.coolturalia.com\/fr\/#website"},"primaryImageOfPage":{"@id":"https:\/\/www.coolturalia.com\/fr\/event\/la-culture-et-la-construction-du-territoire\/#primaryimage"},"image":{"@id":"https:\/\/www.coolturalia.com\/fr\/event\/la-culture-et-la-construction-du-territoire\/#primaryimage"},"thumbnailUrl":"https:\/\/www.coolturalia.com\/wp-content\/uploads\/2026\/04\/Culture-and-the-Making-of-Territory.webp","datePublished":"2026-04-17T11:59:17+00:00","breadcrumb":{"@id":"https:\/\/www.coolturalia.com\/fr\/event\/la-culture-et-la-construction-du-territoire\/#breadcrumb"},"inLanguage":"fr-FR","potentialAction":[{"@type":"ReadAction","target":["https:\/\/www.coolturalia.com\/fr\/event\/la-culture-et-la-construction-du-territoire\/"]}]},{"@type":"ImageObject","inLanguage":"fr-FR","@id":"https:\/\/www.coolturalia.com\/fr\/event\/la-culture-et-la-construction-du-territoire\/#primaryimage","url":"https:\/\/www.coolturalia.com\/wp-content\/uploads\/2026\/04\/Culture-and-the-Making-of-Territory.webp","contentUrl":"https:\/\/www.coolturalia.com\/wp-content\/uploads\/2026\/04\/Culture-and-the-Making-of-Territory.webp","width":700,"height":350,"caption":"undefined"},{"@type":"BreadcrumbList","@id":"https:\/\/www.coolturalia.com\/fr\/event\/la-culture-et-la-construction-du-territoire\/#breadcrumb","itemListElement":[{"@type":"ListItem","position":1,"name":"Home","item":"https:\/\/www.coolturalia.com\/fr\/"},{"@type":"ListItem","position":2,"name":"Events","item":"https:\/\/www.coolturalia.com\/fr\/events\/"},{"@type":"ListItem","position":3,"name":"La culture et la construction du territoire"}]},{"@type":"WebSite","@id":"https:\/\/www.coolturalia.com\/fr\/#website","url":"https:\/\/www.coolturalia.com\/fr\/","name":"Coolturalia","description":"","publisher":{"@id":"https:\/\/www.coolturalia.com\/fr\/#organization"},"potentialAction":[{"@type":"SearchAction","target":{"@type":"EntryPoint","urlTemplate":"https:\/\/www.coolturalia.com\/fr\/?s={search_term_string}"},"query-input":{"@type":"PropertyValueSpecification","valueRequired":true,"valueName":"search_term_string"}}],"inLanguage":"fr-FR"},{"@type":"Organization","@id":"https:\/\/www.coolturalia.com\/fr\/#organization","name":"Coolturalia","url":"https:\/\/www.coolturalia.com\/fr\/","logo":{"@type":"ImageObject","inLanguage":"fr-FR","@id":"https:\/\/www.coolturalia.com\/fr\/#\/schema\/logo\/image\/","url":"https:\/\/www.coolturalia.com\/wp-content\/uploads\/2024\/04\/Logo-coolturalia.svg","contentUrl":"https:\/\/www.coolturalia.com\/wp-content\/uploads\/2024\/04\/Logo-coolturalia.svg","width":1312,"height":193,"caption":"Coolturalia"},"image":{"@id":"https:\/\/www.coolturalia.com\/fr\/#\/schema\/logo\/image\/"},"sameAs":["https:\/\/www.instagram.com\/coolturalia_geneva\/"]}]}},"translations":{"translations":{"en":"187563","fr":"187564"},"language":{"code":"fr"},"date":{"dateRange":"Jeudi 23 avril, 12:00"}},"language":{"code":"fr"},"_links":{"self":[{"href":"https:\/\/www.coolturalia.com\/fr\/wp-json\/wp\/v2\/event\/187564","targetHints":{"allow":["GET"]}}],"collection":[{"href":"https:\/\/www.coolturalia.com\/fr\/wp-json\/wp\/v2\/event"}],"about":[{"href":"https:\/\/www.coolturalia.com\/fr\/wp-json\/wp\/v2\/types\/event"}],"version-history":[{"count":0,"href":"https:\/\/www.coolturalia.com\/fr\/wp-json\/wp\/v2\/event\/187564\/revisions"}],"wp:featuredmedia":[{"embeddable":true,"href":"https:\/\/www.coolturalia.com\/fr\/wp-json\/wp\/v2\/media\/187562"}],"wp:attachment":[{"href":"https:\/\/www.coolturalia.com\/fr\/wp-json\/wp\/v2\/media?parent=187564"}],"wp:term":[{"taxonomy":"post_tag","embeddable":true,"href":"https:\/\/www.coolturalia.com\/fr\/wp-json\/wp\/v2\/tags?post=187564"},{"taxonomy":"event-category","embeddable":true,"href":"https:\/\/www.coolturalia.com\/fr\/wp-json\/wp\/v2\/event-category?post=187564"},{"taxonomy":"event-venue","embeddable":true,"href":"https:\/\/www.coolturalia.com\/fr\/wp-json\/wp\/v2\/event-venue?post=187564"}],"curies":[{"name":"wp","href":"https:\/\/api.w.org\/{rel}","templated":true}]}}

<p>Alex Hanimann et Stéphane Malfettes, directeur du Festival La Bâtie, apportent des perspectives issues des programmations muséales et festivalières sur le rôle de la culture en milieu urbain.</p>
<p>Cette rencontre examine comment pratiques culturelles, institutions, créations et médiation contribuent à construire un territoire commun, en explorant de quelle manière la culture crée du lien social, rend un quartier lisible et transforme des lieux en expériences partagées.</p>

<p>Alex Hanimann et Stéphane Malfettes, directeur du Festival La Bâtie, apportent des perspectives issues des programmations muséales et festivalières sur le rôle de la culture en milieu urbain. Cette rencontre examine comment pratiques culturelles, institutions, créations et médiation contribuent à construire un territoire commun, en explorant de quelle manière la culture crée du lien social, [&hellip;]</p>

Gratuit, sur réservation

<!-- This site is optimized with the Yoast SEO plugin v26.5 - https://yoast.com/wordpress/plugins/seo/ -->
<title>La culture et la construction du territoire - Coolturalia</title>
<meta name="robots" content="index, follow, max-snippet:-1, max-image-preview:large, max-video-preview:-1" />
<link rel="canonical" href="https://www.coolturalia.com/fr/event/la-culture-et-la-construction-du-territoire/" />
<meta property="og:locale" content="fr_FR" />
<meta property="og:type" content="article" />
<meta property="og:title" content="La culture et la construction du territoire - Coolturalia" />
<meta property="og:description" content="Alex Hanimann et Stéphane Malfettes, directeur du Festival La Bâtie, apportent des perspectives issues des programmations muséales et festivalières sur le rôle de la culture en milieu urbain. Cette rencontre examine comment pratiques culturelles, institutions, créations et médiation contribuent à construire un territoire commun, en explorant de quelle manière la culture crée du lien social, [&hellip;]" />
<meta property="og:url" content="https://www.coolturalia.com/fr/event/la-culture-et-la-construction-du-territoire/" />
<meta property="og:site_name" content="Coolturalia" />
<meta property="og:image" content="https://www.coolturalia.com/wp-content/uploads/2024/04/favicon-coolturalia-2.png" />
	<meta property="og:image:width" content="150" />
	<meta property="og:image:height" content="150" />
	<meta property="og:image:type" content="image/png" />
<meta name="twitter:card" content="summary_large_image" />
<script type="application/ld+json" class="yoast-schema-graph">{"@context":"https://schema.org","@graph":[{"@type":"WebPage","@id":"https://www.coolturalia.com/fr/event/la-culture-et-la-construction-du-territoire/","url":"https://www.coolturalia.com/fr/event/la-culture-et-la-construction-du-territoire/","name":"La culture et la construction du territoire - Coolturalia","isPartOf":{"@id":"https://www.coolturalia.com/fr/#website"},"primaryImageOfPage":{"@id":"https://www.coolturalia.com/fr/event/la-culture-et-la-construction-du-territoire/#primaryimage"},"image":{"@id":"https://www.coolturalia.com/fr/event/la-culture-et-la-construction-du-territoire/#primaryimage"},"thumbnailUrl":"https://www.coolturalia.com/wp-content/uploads/2026/04/Culture-and-the-Making-of-Territory.webp","datePublished":"2026-04-17T11:59:17+00:00","breadcrumb":{"@id":"https://www.coolturalia.com/fr/event/la-culture-et-la-construction-du-territoire/#breadcrumb"},"inLanguage":"fr-FR","potentialAction":[{"@type":"ReadAction","target":["https://www.coolturalia.com/fr/event/la-culture-et-la-construction-du-territoire/"]}]},{"@type":"ImageObject","inLanguage":"fr-FR","@id":"https://www.coolturalia.com/fr/event/la-culture-et-la-construction-du-territoire/#primaryimage","url":"https://www.coolturalia.com/wp-content/uploads/2026/04/Culture-and-the-Making-of-Territory.webp","contentUrl":"https://www.coolturalia.com/wp-content/uploads/2026/04/Culture-and-the-Making-of-Territory.webp","width":700,"height":350,"caption":"undefined"},{"@type":"BreadcrumbList","@id":"https://www.coolturalia.com/fr/event/la-culture-et-la-construction-du-territoire/#breadcrumb","itemListElement":[{"@type":"ListItem","position":1,"name":"Home","item":"https://www.coolturalia.com/fr/"},{"@type":"ListItem","position":2,"name":"Events","item":"https://www.coolturalia.com/fr/events/"},{"@type":"ListItem","position":3,"name":"La culture et la construction du territoire"}]},{"@type":"WebSite","@id":"https://www.coolturalia.com/fr/#website","url":"https://www.coolturalia.com/fr/","name":"Coolturalia","description":"","publisher":{"@id":"https://www.coolturalia.com/fr/#organization"},"potentialAction":[{"@type":"SearchAction","target":{"@type":"EntryPoint","urlTemplate":"https://www.coolturalia.com/fr/?s={search_term_string}"},"query-input":{"@type":"PropertyValueSpecification","valueRequired":true,"valueName":"search_term_string"}}],"inLanguage":"fr-FR"},{"@type":"Organization","@id":"https://www.coolturalia.com/fr/#organization","name":"Coolturalia","url":"https://www.coolturalia.com/fr/","logo":{"@type":"ImageObject","inLanguage":"fr-FR","@id":"https://www.coolturalia.com/fr/#/schema/logo/image/","url":"https://www.coolturalia.com/wp-content/uploads/2024/04/Logo-coolturalia.svg","contentUrl":"https://www.coolturalia.com/wp-content/uploads/2024/04/Logo-coolturalia.svg","width":1312,"height":193,"caption":"Coolturalia"},"image":{"@id":"https://www.coolturalia.com/fr/#/schema/logo/image/"},"sameAs":["https://www.instagram.com/coolturalia_geneva/"]}]}</script>
<!-- / Yoast SEO plugin. -->

Alex Hanimann et Stéphane Malfettes, directeur du Festival La Bâtie, apportent des perspectives issues des programmations muséales et festivalières sur le rôle de la culture en milieu urbain. Cette rencontre examine comment pratiques culturelles, institutions, créations et médiation contribuent à construire un territoire commun, en explorant de quelle manière la culture crée du lien social, [&hellip;]
