{"id":187527,"date":"2026-04-17T12:56:10","date_gmt":"2026-04-17T11:56:10","guid":{"rendered":"https:\/\/www.coolturalia.com\/event\/chroniques-des-nations-5-la-culture-pour-faire-territoire\/"},"modified":"2026-04-17T12:56:10","modified_gmt":"2026-04-17T11:56:10","slug":"chroniques-des-nations-5-la-culture-pour-faire-territoire","status":"publish","type":"event","link":"https:\/\/www.coolturalia.com\/fr\/event\/chroniques-des-nations-5-la-culture-pour-faire-territoire\/","title":{"rendered":"Chroniques des Nations #5 \u2013 la culture pour faire territoire"},"content":{"rendered":"<p>Pascal Hufschmid, directeur de mus\u00e9e, rejoint Alex Hanimann et Bertrand Mazeirat, \u00e9galement directeurs et intervenants culturels, pour interroger le r\u00f4le de la culture dans la construction d\u2019un territoire commun. La rencontre examine comment pratiques, institutions, cr\u00e9ations et m\u00e9diation contribuent au lien social, \u00e0 la lisibilit\u00e9 d\u2019un quartier et \u00e0 la transformation de lieux en exp\u00e9riences partag\u00e9es. Pr\u00e9sentations et \u00e9changes apporteront des perspectives curatoriales et festivali\u00e8res sur l\u2019ancrage culturel et l\u2019engagement communautaire.<\/p>\n","protected":false},"excerpt":{"rendered":"<p>Pascal Hufschmid, directeur de mus\u00e9e, rejoint Alex Hanimann et Bertrand Mazeirat, \u00e9galement directeurs et intervenants culturels, pour interroger le r\u00f4le de la culture dans la construction d\u2019un territoire commun. La rencontre examine comment pratiques, institutions, cr\u00e9ations et m\u00e9diation contribuent au lien social, \u00e0 la lisibilit\u00e9 d\u2019un quartier et \u00e0 la transformation de lieux en exp\u00e9riences [&hellip;]<\/p>\n","protected":false},"featured_media":187525,"parent":0,"menu_order":0,"template":"","format":"standard","meta":{"_acf_changed":false,"footnotes":""},"tags":[686],"event-category":[448],"event-venue":[609],"class_list":["post-187527","event","type-event","status-publish","format-standard","has-post-thumbnail","hentry","tag-evenement-passe","event-category-conferences","event-venue-musee-international-de-la-croix-rouge-et-du-croissant-rouge-fr"],"acf":{"price":"Gratuit, sur r\u00e9servation","date":"Jeudi 23 avril, 12:00","start_date":"2026-04-23 14:00:00","end_date":"2026-04-23 16:15:00","website_link":"https:\/\/www.ge.ch\/evenement\/chroniques-nations-5-culture-faire-territoire#main-content","link_buy_tickets":"","highlighted":false,"photo_credit":"","timings":[{"timing_start_date":"2026-04-23 14:00:00","timing_end_date":"2026-04-23 16:15:00"}],"external_id":""},"yoast_head":"<!-- This site is optimized with the Yoast SEO plugin v26.5 - https:\/\/yoast.com\/wordpress\/plugins\/seo\/ -->\n<title>Chroniques des Nations #5 \u2013 la culture pour faire territoire - Coolturalia<\/title>\n<meta name=\"robots\" content=\"index, follow, max-snippet:-1, max-image-preview:large, max-video-preview:-1\" \/>\n<link rel=\"canonical\" href=\"https:\/\/www.coolturalia.com\/fr\/event\/chroniques-des-nations-5-la-culture-pour-faire-territoire\/\" \/>\n<meta property=\"og:locale\" content=\"fr_FR\" \/>\n<meta property=\"og:type\" content=\"article\" \/>\n<meta property=\"og:title\" content=\"Chroniques des Nations #5 \u2013 la culture pour faire territoire - Coolturalia\" \/>\n<meta property=\"og:description\" content=\"Pascal Hufschmid, directeur de mus\u00e9e, rejoint Alex Hanimann et Bertrand Mazeirat, \u00e9galement directeurs et intervenants culturels, pour interroger le r\u00f4le de la culture dans la construction d\u2019un territoire commun. La rencontre examine comment pratiques, institutions, cr\u00e9ations et m\u00e9diation contribuent au lien social, \u00e0 la lisibilit\u00e9 d\u2019un quartier et \u00e0 la transformation de lieux en exp\u00e9riences [&hellip;]\" \/>\n<meta property=\"og:url\" content=\"https:\/\/www.coolturalia.com\/fr\/event\/chroniques-des-nations-5-la-culture-pour-faire-territoire\/\" \/>\n<meta property=\"og:site_name\" content=\"Coolturalia\" \/>\n<meta property=\"og:image\" content=\"https:\/\/www.coolturalia.com\/wp-content\/uploads\/2024\/04\/favicon-coolturalia-2.png\" \/>\n\t<meta property=\"og:image:width\" content=\"150\" \/>\n\t<meta property=\"og:image:height\" content=\"150\" \/>\n\t<meta property=\"og:image:type\" content=\"image\/png\" \/>\n<meta name=\"twitter:card\" content=\"summary_large_image\" \/>\n<script type=\"application\/ld+json\" class=\"yoast-schema-graph\">{\"@context\":\"https:\/\/schema.org\",\"@graph\":[{\"@type\":\"WebPage\",\"@id\":\"https:\/\/www.coolturalia.com\/fr\/event\/chroniques-des-nations-5-la-culture-pour-faire-territoire\/\",\"url\":\"https:\/\/www.coolturalia.com\/fr\/event\/chroniques-des-nations-5-la-culture-pour-faire-territoire\/\",\"name\":\"Chroniques des Nations #5 \u2013 la culture pour faire territoire - Coolturalia\",\"isPartOf\":{\"@id\":\"https:\/\/www.coolturalia.com\/fr\/#website\"},\"primaryImageOfPage\":{\"@id\":\"https:\/\/www.coolturalia.com\/fr\/event\/chroniques-des-nations-5-la-culture-pour-faire-territoire\/#primaryimage\"},\"image\":{\"@id\":\"https:\/\/www.coolturalia.com\/fr\/event\/chroniques-des-nations-5-la-culture-pour-faire-territoire\/#primaryimage\"},\"thumbnailUrl\":\"https:\/\/www.coolturalia.com\/wp-content\/uploads\/2026\/04\/Chronicles-of-the-Nations-5-Culture-for-Building-Territory.webp\",\"datePublished\":\"2026-04-17T11:56:10+00:00\",\"breadcrumb\":{\"@id\":\"https:\/\/www.coolturalia.com\/fr\/event\/chroniques-des-nations-5-la-culture-pour-faire-territoire\/#breadcrumb\"},\"inLanguage\":\"fr-FR\",\"potentialAction\":[{\"@type\":\"ReadAction\",\"target\":[\"https:\/\/www.coolturalia.com\/fr\/event\/chroniques-des-nations-5-la-culture-pour-faire-territoire\/\"]}]},{\"@type\":\"ImageObject\",\"inLanguage\":\"fr-FR\",\"@id\":\"https:\/\/www.coolturalia.com\/fr\/event\/chroniques-des-nations-5-la-culture-pour-faire-territoire\/#primaryimage\",\"url\":\"https:\/\/www.coolturalia.com\/wp-content\/uploads\/2026\/04\/Chronicles-of-the-Nations-5-Culture-for-Building-Territory.webp\",\"contentUrl\":\"https:\/\/www.coolturalia.com\/wp-content\/uploads\/2026\/04\/Chronicles-of-the-Nations-5-Culture-for-Building-Territory.webp\",\"width\":730,\"height\":411,\"caption\":\"undefined\"},{\"@type\":\"BreadcrumbList\",\"@id\":\"https:\/\/www.coolturalia.com\/fr\/event\/chroniques-des-nations-5-la-culture-pour-faire-territoire\/#breadcrumb\",\"itemListElement\":[{\"@type\":\"ListItem\",\"position\":1,\"name\":\"Home\",\"item\":\"https:\/\/www.coolturalia.com\/fr\/\"},{\"@type\":\"ListItem\",\"position\":2,\"name\":\"Events\",\"item\":\"https:\/\/www.coolturalia.com\/fr\/events\/\"},{\"@type\":\"ListItem\",\"position\":3,\"name\":\"Chroniques des Nations #5 \u2013 la culture pour faire territoire\"}]},{\"@type\":\"WebSite\",\"@id\":\"https:\/\/www.coolturalia.com\/fr\/#website\",\"url\":\"https:\/\/www.coolturalia.com\/fr\/\",\"name\":\"Coolturalia\",\"description\":\"\",\"publisher\":{\"@id\":\"https:\/\/www.coolturalia.com\/fr\/#organization\"},\"potentialAction\":[{\"@type\":\"SearchAction\",\"target\":{\"@type\":\"EntryPoint\",\"urlTemplate\":\"https:\/\/www.coolturalia.com\/fr\/?s={search_term_string}\"},\"query-input\":{\"@type\":\"PropertyValueSpecification\",\"valueRequired\":true,\"valueName\":\"search_term_string\"}}],\"inLanguage\":\"fr-FR\"},{\"@type\":\"Organization\",\"@id\":\"https:\/\/www.coolturalia.com\/fr\/#organization\",\"name\":\"Coolturalia\",\"url\":\"https:\/\/www.coolturalia.com\/fr\/\",\"logo\":{\"@type\":\"ImageObject\",\"inLanguage\":\"fr-FR\",\"@id\":\"https:\/\/www.coolturalia.com\/fr\/#\/schema\/logo\/image\/\",\"url\":\"https:\/\/www.coolturalia.com\/wp-content\/uploads\/2024\/04\/Logo-coolturalia.svg\",\"contentUrl\":\"https:\/\/www.coolturalia.com\/wp-content\/uploads\/2024\/04\/Logo-coolturalia.svg\",\"width\":1312,\"height\":193,\"caption\":\"Coolturalia\"},\"image\":{\"@id\":\"https:\/\/www.coolturalia.com\/fr\/#\/schema\/logo\/image\/\"},\"sameAs\":[\"https:\/\/www.instagram.com\/coolturalia_geneva\/\"]}]}<\/script>\n<!-- \/ Yoast SEO plugin. -->","yoast_head_json":{"title":"Chroniques des Nations #5 \u2013 la culture pour faire territoire - Coolturalia","robots":{"index":"index","follow":"follow","max-snippet":"max-snippet:-1","max-image-preview":"max-image-preview:large","max-video-preview":"max-video-preview:-1"},"canonical":"https:\/\/www.coolturalia.com\/fr\/event\/chroniques-des-nations-5-la-culture-pour-faire-territoire\/","og_locale":"fr_FR","og_type":"article","og_title":"Chroniques des Nations #5 \u2013 la culture pour faire territoire - Coolturalia","og_description":"Pascal Hufschmid, directeur de mus\u00e9e, rejoint Alex Hanimann et Bertrand Mazeirat, \u00e9galement directeurs et intervenants culturels, pour interroger le r\u00f4le de la culture dans la construction d\u2019un territoire commun. La rencontre examine comment pratiques, institutions, cr\u00e9ations et m\u00e9diation contribuent au lien social, \u00e0 la lisibilit\u00e9 d\u2019un quartier et \u00e0 la transformation de lieux en exp\u00e9riences [&hellip;]","og_url":"https:\/\/www.coolturalia.com\/fr\/event\/chroniques-des-nations-5-la-culture-pour-faire-territoire\/","og_site_name":"Coolturalia","og_image":[{"width":150,"height":150,"url":"https:\/\/www.coolturalia.com\/wp-content\/uploads\/2024\/04\/favicon-coolturalia-2.png","type":"image\/png"}],"twitter_card":"summary_large_image","schema":{"@context":"https:\/\/schema.org","@graph":[{"@type":"WebPage","@id":"https:\/\/www.coolturalia.com\/fr\/event\/chroniques-des-nations-5-la-culture-pour-faire-territoire\/","url":"https:\/\/www.coolturalia.com\/fr\/event\/chroniques-des-nations-5-la-culture-pour-faire-territoire\/","name":"Chroniques des Nations #5 \u2013 la culture pour faire territoire - Coolturalia","isPartOf":{"@id":"https:\/\/www.coolturalia.com\/fr\/#website"},"primaryImageOfPage":{"@id":"https:\/\/www.coolturalia.com\/fr\/event\/chroniques-des-nations-5-la-culture-pour-faire-territoire\/#primaryimage"},"image":{"@id":"https:\/\/www.coolturalia.com\/fr\/event\/chroniques-des-nations-5-la-culture-pour-faire-territoire\/#primaryimage"},"thumbnailUrl":"https:\/\/www.coolturalia.com\/wp-content\/uploads\/2026\/04\/Chronicles-of-the-Nations-5-Culture-for-Building-Territory.webp","datePublished":"2026-04-17T11:56:10+00:00","breadcrumb":{"@id":"https:\/\/www.coolturalia.com\/fr\/event\/chroniques-des-nations-5-la-culture-pour-faire-territoire\/#breadcrumb"},"inLanguage":"fr-FR","potentialAction":[{"@type":"ReadAction","target":["https:\/\/www.coolturalia.com\/fr\/event\/chroniques-des-nations-5-la-culture-pour-faire-territoire\/"]}]},{"@type":"ImageObject","inLanguage":"fr-FR","@id":"https:\/\/www.coolturalia.com\/fr\/event\/chroniques-des-nations-5-la-culture-pour-faire-territoire\/#primaryimage","url":"https:\/\/www.coolturalia.com\/wp-content\/uploads\/2026\/04\/Chronicles-of-the-Nations-5-Culture-for-Building-Territory.webp","contentUrl":"https:\/\/www.coolturalia.com\/wp-content\/uploads\/2026\/04\/Chronicles-of-the-Nations-5-Culture-for-Building-Territory.webp","width":730,"height":411,"caption":"undefined"},{"@type":"BreadcrumbList","@id":"https:\/\/www.coolturalia.com\/fr\/event\/chroniques-des-nations-5-la-culture-pour-faire-territoire\/#breadcrumb","itemListElement":[{"@type":"ListItem","position":1,"name":"Home","item":"https:\/\/www.coolturalia.com\/fr\/"},{"@type":"ListItem","position":2,"name":"Events","item":"https:\/\/www.coolturalia.com\/fr\/events\/"},{"@type":"ListItem","position":3,"name":"Chroniques des Nations #5 \u2013 la culture pour faire territoire"}]},{"@type":"WebSite","@id":"https:\/\/www.coolturalia.com\/fr\/#website","url":"https:\/\/www.coolturalia.com\/fr\/","name":"Coolturalia","description":"","publisher":{"@id":"https:\/\/www.coolturalia.com\/fr\/#organization"},"potentialAction":[{"@type":"SearchAction","target":{"@type":"EntryPoint","urlTemplate":"https:\/\/www.coolturalia.com\/fr\/?s={search_term_string}"},"query-input":{"@type":"PropertyValueSpecification","valueRequired":true,"valueName":"search_term_string"}}],"inLanguage":"fr-FR"},{"@type":"Organization","@id":"https:\/\/www.coolturalia.com\/fr\/#organization","name":"Coolturalia","url":"https:\/\/www.coolturalia.com\/fr\/","logo":{"@type":"ImageObject","inLanguage":"fr-FR","@id":"https:\/\/www.coolturalia.com\/fr\/#\/schema\/logo\/image\/","url":"https:\/\/www.coolturalia.com\/wp-content\/uploads\/2024\/04\/Logo-coolturalia.svg","contentUrl":"https:\/\/www.coolturalia.com\/wp-content\/uploads\/2024\/04\/Logo-coolturalia.svg","width":1312,"height":193,"caption":"Coolturalia"},"image":{"@id":"https:\/\/www.coolturalia.com\/fr\/#\/schema\/logo\/image\/"},"sameAs":["https:\/\/www.instagram.com\/coolturalia_geneva\/"]}]}},"translations":{"translations":{"en":"187526","fr":"187527"},"language":{"code":"fr"},"date":{"dateRange":"Jeudi 23 avril, 12:00"}},"language":{"code":"fr"},"_links":{"self":[{"href":"https:\/\/www.coolturalia.com\/fr\/wp-json\/wp\/v2\/event\/187527","targetHints":{"allow":["GET"]}}],"collection":[{"href":"https:\/\/www.coolturalia.com\/fr\/wp-json\/wp\/v2\/event"}],"about":[{"href":"https:\/\/www.coolturalia.com\/fr\/wp-json\/wp\/v2\/types\/event"}],"version-history":[{"count":0,"href":"https:\/\/www.coolturalia.com\/fr\/wp-json\/wp\/v2\/event\/187527\/revisions"}],"wp:featuredmedia":[{"embeddable":true,"href":"https:\/\/www.coolturalia.com\/fr\/wp-json\/wp\/v2\/media\/187525"}],"wp:attachment":[{"href":"https:\/\/www.coolturalia.com\/fr\/wp-json\/wp\/v2\/media?parent=187527"}],"wp:term":[{"taxonomy":"post_tag","embeddable":true,"href":"https:\/\/www.coolturalia.com\/fr\/wp-json\/wp\/v2\/tags?post=187527"},{"taxonomy":"event-category","embeddable":true,"href":"https:\/\/www.coolturalia.com\/fr\/wp-json\/wp\/v2\/event-category?post=187527"},{"taxonomy":"event-venue","embeddable":true,"href":"https:\/\/www.coolturalia.com\/fr\/wp-json\/wp\/v2\/event-venue?post=187527"}],"curies":[{"name":"wp","href":"https:\/\/api.w.org\/{rel}","templated":true}]}}

<p>Pascal Hufschmid, directeur de musée, rejoint Alex Hanimann et Bertrand Mazeirat, également directeurs et intervenants culturels, pour interroger le rôle de la culture dans la construction d’un territoire commun. La rencontre examine comment pratiques, institutions, créations et médiation contribuent au lien social, à la lisibilité d’un quartier et à la transformation de lieux en expériences partagées. Présentations et échanges apporteront des perspectives curatoriales et festivalières sur l’ancrage culturel et l’engagement communautaire.</p>

<p>Pascal Hufschmid, directeur de musée, rejoint Alex Hanimann et Bertrand Mazeirat, également directeurs et intervenants culturels, pour interroger le rôle de la culture dans la construction d’un territoire commun. La rencontre examine comment pratiques, institutions, créations et médiation contribuent au lien social, à la lisibilité d’un quartier et à la transformation de lieux en expériences [&hellip;]</p>

Gratuit, sur réservation

<!-- This site is optimized with the Yoast SEO plugin v26.5 - https://yoast.com/wordpress/plugins/seo/ -->
<title>Chroniques des Nations #5 – la culture pour faire territoire - Coolturalia</title>
<meta name="robots" content="index, follow, max-snippet:-1, max-image-preview:large, max-video-preview:-1" />
<link rel="canonical" href="https://www.coolturalia.com/fr/event/chroniques-des-nations-5-la-culture-pour-faire-territoire/" />
<meta property="og:locale" content="fr_FR" />
<meta property="og:type" content="article" />
<meta property="og:title" content="Chroniques des Nations #5 – la culture pour faire territoire - Coolturalia" />
<meta property="og:description" content="Pascal Hufschmid, directeur de musée, rejoint Alex Hanimann et Bertrand Mazeirat, également directeurs et intervenants culturels, pour interroger le rôle de la culture dans la construction d’un territoire commun. La rencontre examine comment pratiques, institutions, créations et médiation contribuent au lien social, à la lisibilité d’un quartier et à la transformation de lieux en expériences [&hellip;]" />
<meta property="og:url" content="https://www.coolturalia.com/fr/event/chroniques-des-nations-5-la-culture-pour-faire-territoire/" />
<meta property="og:site_name" content="Coolturalia" />
<meta property="og:image" content="https://www.coolturalia.com/wp-content/uploads/2024/04/favicon-coolturalia-2.png" />
	<meta property="og:image:width" content="150" />
	<meta property="og:image:height" content="150" />
	<meta property="og:image:type" content="image/png" />
<meta name="twitter:card" content="summary_large_image" />
<script type="application/ld+json" class="yoast-schema-graph">{"@context":"https://schema.org","@graph":[{"@type":"WebPage","@id":"https://www.coolturalia.com/fr/event/chroniques-des-nations-5-la-culture-pour-faire-territoire/","url":"https://www.coolturalia.com/fr/event/chroniques-des-nations-5-la-culture-pour-faire-territoire/","name":"Chroniques des Nations #5 – la culture pour faire territoire - Coolturalia","isPartOf":{"@id":"https://www.coolturalia.com/fr/#website"},"primaryImageOfPage":{"@id":"https://www.coolturalia.com/fr/event/chroniques-des-nations-5-la-culture-pour-faire-territoire/#primaryimage"},"image":{"@id":"https://www.coolturalia.com/fr/event/chroniques-des-nations-5-la-culture-pour-faire-territoire/#primaryimage"},"thumbnailUrl":"https://www.coolturalia.com/wp-content/uploads/2026/04/Chronicles-of-the-Nations-5-Culture-for-Building-Territory.webp","datePublished":"2026-04-17T11:56:10+00:00","breadcrumb":{"@id":"https://www.coolturalia.com/fr/event/chroniques-des-nations-5-la-culture-pour-faire-territoire/#breadcrumb"},"inLanguage":"fr-FR","potentialAction":[{"@type":"ReadAction","target":["https://www.coolturalia.com/fr/event/chroniques-des-nations-5-la-culture-pour-faire-territoire/"]}]},{"@type":"ImageObject","inLanguage":"fr-FR","@id":"https://www.coolturalia.com/fr/event/chroniques-des-nations-5-la-culture-pour-faire-territoire/#primaryimage","url":"https://www.coolturalia.com/wp-content/uploads/2026/04/Chronicles-of-the-Nations-5-Culture-for-Building-Territory.webp","contentUrl":"https://www.coolturalia.com/wp-content/uploads/2026/04/Chronicles-of-the-Nations-5-Culture-for-Building-Territory.webp","width":730,"height":411,"caption":"undefined"},{"@type":"BreadcrumbList","@id":"https://www.coolturalia.com/fr/event/chroniques-des-nations-5-la-culture-pour-faire-territoire/#breadcrumb","itemListElement":[{"@type":"ListItem","position":1,"name":"Home","item":"https://www.coolturalia.com/fr/"},{"@type":"ListItem","position":2,"name":"Events","item":"https://www.coolturalia.com/fr/events/"},{"@type":"ListItem","position":3,"name":"Chroniques des Nations #5 – la culture pour faire territoire"}]},{"@type":"WebSite","@id":"https://www.coolturalia.com/fr/#website","url":"https://www.coolturalia.com/fr/","name":"Coolturalia","description":"","publisher":{"@id":"https://www.coolturalia.com/fr/#organization"},"potentialAction":[{"@type":"SearchAction","target":{"@type":"EntryPoint","urlTemplate":"https://www.coolturalia.com/fr/?s={search_term_string}"},"query-input":{"@type":"PropertyValueSpecification","valueRequired":true,"valueName":"search_term_string"}}],"inLanguage":"fr-FR"},{"@type":"Organization","@id":"https://www.coolturalia.com/fr/#organization","name":"Coolturalia","url":"https://www.coolturalia.com/fr/","logo":{"@type":"ImageObject","inLanguage":"fr-FR","@id":"https://www.coolturalia.com/fr/#/schema/logo/image/","url":"https://www.coolturalia.com/wp-content/uploads/2024/04/Logo-coolturalia.svg","contentUrl":"https://www.coolturalia.com/wp-content/uploads/2024/04/Logo-coolturalia.svg","width":1312,"height":193,"caption":"Coolturalia"},"image":{"@id":"https://www.coolturalia.com/fr/#/schema/logo/image/"},"sameAs":["https://www.instagram.com/coolturalia_geneva/"]}]}</script>
<!-- / Yoast SEO plugin. -->

Pascal Hufschmid, directeur de musée, rejoint Alex Hanimann et Bertrand Mazeirat, également directeurs et intervenants culturels, pour interroger le rôle de la culture dans la construction d’un territoire commun. La rencontre examine comment pratiques, institutions, créations et médiation contribuent au lien social, à la lisibilité d’un quartier et à la transformation de lieux en expériences [&hellip;]
