{"id":187415,"date":"2026-04-15T14:12:03","date_gmt":"2026-04-15T13:12:03","guid":{"rendered":"https:\/\/www.coolturalia.com\/event\/italian-lyric-in-the-age-of-the-global-renaissance-2\/"},"modified":"2026-04-15T14:12:03","modified_gmt":"2026-04-15T13:12:03","slug":"italian-lyric-in-the-age-of-the-global-renaissance-2","status":"publish","type":"event","link":"https:\/\/www.coolturalia.com\/fr\/event\/italian-lyric-in-the-age-of-the-global-renaissance-2\/","title":{"rendered":"Italian Lyric in the Age of the Global Renaissance"},"content":{"rendered":"<p>Professeure Virginia Cox, professeure au Trinity College de Cambridge, est sp\u00e9cialiste de la litt\u00e9rature italienne de la Renaissance. Elle pr\u00e9sente une \u00e9tude du lyrisme italien dans le contexte d\u2019une \u00ab Renaissance globale \u00bb, en examinant la circulation des po\u00e8mes, les traductions et les \u00e9changes interculturels qui ont transform\u00e9 formes et significations po\u00e9tiques. La conf\u00e9rence explore comment les contacts transnationaux ont influenc\u00e9 pratiques litt\u00e9raires et r\u00e9ception critique, offrant des perspectives renouvel\u00e9es sur les circulations culturelles.<\/p>\n<p><strong>En anglais.<\/strong><\/p>\n","protected":false},"excerpt":{"rendered":"<p>Professeure Virginia Cox, professeure au Trinity College de Cambridge, est sp\u00e9cialiste de la litt\u00e9rature italienne de la Renaissance. Elle pr\u00e9sente une \u00e9tude du lyrisme italien dans le contexte d\u2019une \u00ab Renaissance globale \u00bb, en examinant la circulation des po\u00e8mes, les traductions et les \u00e9changes interculturels qui ont transform\u00e9 formes et significations po\u00e9tiques. La conf\u00e9rence explore [&hellip;]<\/p>\n","protected":false},"featured_media":187413,"parent":0,"menu_order":0,"template":"","format":"standard","meta":{"_acf_changed":false,"footnotes":""},"tags":[1014],"event-category":[448],"event-venue":[1528],"class_list":["post-187415","event","type-event","status-publish","format-standard","has-post-thumbnail","hentry","tag-portrait-image-fr","event-category-conferences","event-venue-uni-philosophes-unige-fr"],"acf":{"price":"Gratuit","date":"Lundi 27 avril, 18:15","start_date":"2026-04-27 20:15:00","end_date":"2026-04-27 22:15:00","website_link":"https:\/\/www.sies-asso.org\/6420-pr-virginia-cox-italian-lyric-in-the-age-of-the-global-renaissance","link_buy_tickets":"","highlighted":false,"photo_credit":"","timings":[{"timing_start_date":"2026-04-27 20:15:00","timing_end_date":"2026-04-27 22:15:00"}],"external_id":""},"yoast_head":"<!-- This site is optimized with the Yoast SEO plugin v26.5 - https:\/\/yoast.com\/wordpress\/plugins\/seo\/ -->\n<title>Italian Lyric in the Age of the Global Renaissance - Coolturalia<\/title>\n<meta name=\"robots\" content=\"index, follow, max-snippet:-1, max-image-preview:large, max-video-preview:-1\" \/>\n<link rel=\"canonical\" href=\"https:\/\/www.coolturalia.com\/fr\/event\/italian-lyric-in-the-age-of-the-global-renaissance-2\/\" \/>\n<meta property=\"og:locale\" content=\"fr_FR\" \/>\n<meta property=\"og:type\" content=\"article\" \/>\n<meta property=\"og:title\" content=\"Italian Lyric in the Age of the Global Renaissance - Coolturalia\" \/>\n<meta property=\"og:description\" content=\"Professeure Virginia Cox, professeure au Trinity College de Cambridge, est sp\u00e9cialiste de la litt\u00e9rature italienne de la Renaissance. Elle pr\u00e9sente une \u00e9tude du lyrisme italien dans le contexte d\u2019une \u00ab Renaissance globale \u00bb, en examinant la circulation des po\u00e8mes, les traductions et les \u00e9changes interculturels qui ont transform\u00e9 formes et significations po\u00e9tiques. La conf\u00e9rence explore [&hellip;]\" \/>\n<meta property=\"og:url\" content=\"https:\/\/www.coolturalia.com\/fr\/event\/italian-lyric-in-the-age-of-the-global-renaissance-2\/\" \/>\n<meta property=\"og:site_name\" content=\"Coolturalia\" \/>\n<meta property=\"og:image\" content=\"https:\/\/www.coolturalia.com\/wp-content\/uploads\/2024\/04\/favicon-coolturalia-2.png\" \/>\n\t<meta property=\"og:image:width\" content=\"150\" \/>\n\t<meta property=\"og:image:height\" content=\"150\" \/>\n\t<meta property=\"og:image:type\" content=\"image\/png\" \/>\n<meta name=\"twitter:card\" content=\"summary_large_image\" \/>\n<script type=\"application\/ld+json\" class=\"yoast-schema-graph\">{\"@context\":\"https:\/\/schema.org\",\"@graph\":[{\"@type\":\"WebPage\",\"@id\":\"https:\/\/www.coolturalia.com\/fr\/event\/italian-lyric-in-the-age-of-the-global-renaissance-2\/\",\"url\":\"https:\/\/www.coolturalia.com\/fr\/event\/italian-lyric-in-the-age-of-the-global-renaissance-2\/\",\"name\":\"Italian Lyric in the Age of the Global Renaissance - Coolturalia\",\"isPartOf\":{\"@id\":\"https:\/\/www.coolturalia.com\/fr\/#website\"},\"primaryImageOfPage\":{\"@id\":\"https:\/\/www.coolturalia.com\/fr\/event\/italian-lyric-in-the-age-of-the-global-renaissance-2\/#primaryimage\"},\"image\":{\"@id\":\"https:\/\/www.coolturalia.com\/fr\/event\/italian-lyric-in-the-age-of-the-global-renaissance-2\/#primaryimage\"},\"thumbnailUrl\":\"https:\/\/www.coolturalia.com\/wp-content\/uploads\/2026\/04\/Italian-Lyric-in-the-Age-of-the-Global-Renaissance.webp\",\"datePublished\":\"2026-04-15T13:12:03+00:00\",\"breadcrumb\":{\"@id\":\"https:\/\/www.coolturalia.com\/fr\/event\/italian-lyric-in-the-age-of-the-global-renaissance-2\/#breadcrumb\"},\"inLanguage\":\"fr-FR\",\"potentialAction\":[{\"@type\":\"ReadAction\",\"target\":[\"https:\/\/www.coolturalia.com\/fr\/event\/italian-lyric-in-the-age-of-the-global-renaissance-2\/\"]}]},{\"@type\":\"ImageObject\",\"inLanguage\":\"fr-FR\",\"@id\":\"https:\/\/www.coolturalia.com\/fr\/event\/italian-lyric-in-the-age-of-the-global-renaissance-2\/#primaryimage\",\"url\":\"https:\/\/www.coolturalia.com\/wp-content\/uploads\/2026\/04\/Italian-Lyric-in-the-Age-of-the-Global-Renaissance.webp\",\"contentUrl\":\"https:\/\/www.coolturalia.com\/wp-content\/uploads\/2026\/04\/Italian-Lyric-in-the-Age-of-the-Global-Renaissance.webp\",\"width\":427,\"height\":608,\"caption\":\"undefined\"},{\"@type\":\"BreadcrumbList\",\"@id\":\"https:\/\/www.coolturalia.com\/fr\/event\/italian-lyric-in-the-age-of-the-global-renaissance-2\/#breadcrumb\",\"itemListElement\":[{\"@type\":\"ListItem\",\"position\":1,\"name\":\"Home\",\"item\":\"https:\/\/www.coolturalia.com\/fr\/\"},{\"@type\":\"ListItem\",\"position\":2,\"name\":\"Events\",\"item\":\"https:\/\/www.coolturalia.com\/fr\/events\/\"},{\"@type\":\"ListItem\",\"position\":3,\"name\":\"Italian Lyric in the Age of the Global Renaissance\"}]},{\"@type\":\"WebSite\",\"@id\":\"https:\/\/www.coolturalia.com\/fr\/#website\",\"url\":\"https:\/\/www.coolturalia.com\/fr\/\",\"name\":\"Coolturalia\",\"description\":\"\",\"publisher\":{\"@id\":\"https:\/\/www.coolturalia.com\/fr\/#organization\"},\"potentialAction\":[{\"@type\":\"SearchAction\",\"target\":{\"@type\":\"EntryPoint\",\"urlTemplate\":\"https:\/\/www.coolturalia.com\/fr\/?s={search_term_string}\"},\"query-input\":{\"@type\":\"PropertyValueSpecification\",\"valueRequired\":true,\"valueName\":\"search_term_string\"}}],\"inLanguage\":\"fr-FR\"},{\"@type\":\"Organization\",\"@id\":\"https:\/\/www.coolturalia.com\/fr\/#organization\",\"name\":\"Coolturalia\",\"url\":\"https:\/\/www.coolturalia.com\/fr\/\",\"logo\":{\"@type\":\"ImageObject\",\"inLanguage\":\"fr-FR\",\"@id\":\"https:\/\/www.coolturalia.com\/fr\/#\/schema\/logo\/image\/\",\"url\":\"https:\/\/www.coolturalia.com\/wp-content\/uploads\/2024\/04\/Logo-coolturalia.svg\",\"contentUrl\":\"https:\/\/www.coolturalia.com\/wp-content\/uploads\/2024\/04\/Logo-coolturalia.svg\",\"width\":1312,\"height\":193,\"caption\":\"Coolturalia\"},\"image\":{\"@id\":\"https:\/\/www.coolturalia.com\/fr\/#\/schema\/logo\/image\/\"},\"sameAs\":[\"https:\/\/www.instagram.com\/coolturalia_geneva\/\"]}]}<\/script>\n<!-- \/ Yoast SEO plugin. -->","yoast_head_json":{"title":"Italian Lyric in the Age of the Global Renaissance - Coolturalia","robots":{"index":"index","follow":"follow","max-snippet":"max-snippet:-1","max-image-preview":"max-image-preview:large","max-video-preview":"max-video-preview:-1"},"canonical":"https:\/\/www.coolturalia.com\/fr\/event\/italian-lyric-in-the-age-of-the-global-renaissance-2\/","og_locale":"fr_FR","og_type":"article","og_title":"Italian Lyric in the Age of the Global Renaissance - Coolturalia","og_description":"Professeure Virginia Cox, professeure au Trinity College de Cambridge, est sp\u00e9cialiste de la litt\u00e9rature italienne de la Renaissance. Elle pr\u00e9sente une \u00e9tude du lyrisme italien dans le contexte d\u2019une \u00ab Renaissance globale \u00bb, en examinant la circulation des po\u00e8mes, les traductions et les \u00e9changes interculturels qui ont transform\u00e9 formes et significations po\u00e9tiques. La conf\u00e9rence explore [&hellip;]","og_url":"https:\/\/www.coolturalia.com\/fr\/event\/italian-lyric-in-the-age-of-the-global-renaissance-2\/","og_site_name":"Coolturalia","og_image":[{"width":150,"height":150,"url":"https:\/\/www.coolturalia.com\/wp-content\/uploads\/2024\/04\/favicon-coolturalia-2.png","type":"image\/png"}],"twitter_card":"summary_large_image","schema":{"@context":"https:\/\/schema.org","@graph":[{"@type":"WebPage","@id":"https:\/\/www.coolturalia.com\/fr\/event\/italian-lyric-in-the-age-of-the-global-renaissance-2\/","url":"https:\/\/www.coolturalia.com\/fr\/event\/italian-lyric-in-the-age-of-the-global-renaissance-2\/","name":"Italian Lyric in the Age of the Global Renaissance - Coolturalia","isPartOf":{"@id":"https:\/\/www.coolturalia.com\/fr\/#website"},"primaryImageOfPage":{"@id":"https:\/\/www.coolturalia.com\/fr\/event\/italian-lyric-in-the-age-of-the-global-renaissance-2\/#primaryimage"},"image":{"@id":"https:\/\/www.coolturalia.com\/fr\/event\/italian-lyric-in-the-age-of-the-global-renaissance-2\/#primaryimage"},"thumbnailUrl":"https:\/\/www.coolturalia.com\/wp-content\/uploads\/2026\/04\/Italian-Lyric-in-the-Age-of-the-Global-Renaissance.webp","datePublished":"2026-04-15T13:12:03+00:00","breadcrumb":{"@id":"https:\/\/www.coolturalia.com\/fr\/event\/italian-lyric-in-the-age-of-the-global-renaissance-2\/#breadcrumb"},"inLanguage":"fr-FR","potentialAction":[{"@type":"ReadAction","target":["https:\/\/www.coolturalia.com\/fr\/event\/italian-lyric-in-the-age-of-the-global-renaissance-2\/"]}]},{"@type":"ImageObject","inLanguage":"fr-FR","@id":"https:\/\/www.coolturalia.com\/fr\/event\/italian-lyric-in-the-age-of-the-global-renaissance-2\/#primaryimage","url":"https:\/\/www.coolturalia.com\/wp-content\/uploads\/2026\/04\/Italian-Lyric-in-the-Age-of-the-Global-Renaissance.webp","contentUrl":"https:\/\/www.coolturalia.com\/wp-content\/uploads\/2026\/04\/Italian-Lyric-in-the-Age-of-the-Global-Renaissance.webp","width":427,"height":608,"caption":"undefined"},{"@type":"BreadcrumbList","@id":"https:\/\/www.coolturalia.com\/fr\/event\/italian-lyric-in-the-age-of-the-global-renaissance-2\/#breadcrumb","itemListElement":[{"@type":"ListItem","position":1,"name":"Home","item":"https:\/\/www.coolturalia.com\/fr\/"},{"@type":"ListItem","position":2,"name":"Events","item":"https:\/\/www.coolturalia.com\/fr\/events\/"},{"@type":"ListItem","position":3,"name":"Italian Lyric in the Age of the Global Renaissance"}]},{"@type":"WebSite","@id":"https:\/\/www.coolturalia.com\/fr\/#website","url":"https:\/\/www.coolturalia.com\/fr\/","name":"Coolturalia","description":"","publisher":{"@id":"https:\/\/www.coolturalia.com\/fr\/#organization"},"potentialAction":[{"@type":"SearchAction","target":{"@type":"EntryPoint","urlTemplate":"https:\/\/www.coolturalia.com\/fr\/?s={search_term_string}"},"query-input":{"@type":"PropertyValueSpecification","valueRequired":true,"valueName":"search_term_string"}}],"inLanguage":"fr-FR"},{"@type":"Organization","@id":"https:\/\/www.coolturalia.com\/fr\/#organization","name":"Coolturalia","url":"https:\/\/www.coolturalia.com\/fr\/","logo":{"@type":"ImageObject","inLanguage":"fr-FR","@id":"https:\/\/www.coolturalia.com\/fr\/#\/schema\/logo\/image\/","url":"https:\/\/www.coolturalia.com\/wp-content\/uploads\/2024\/04\/Logo-coolturalia.svg","contentUrl":"https:\/\/www.coolturalia.com\/wp-content\/uploads\/2024\/04\/Logo-coolturalia.svg","width":1312,"height":193,"caption":"Coolturalia"},"image":{"@id":"https:\/\/www.coolturalia.com\/fr\/#\/schema\/logo\/image\/"},"sameAs":["https:\/\/www.instagram.com\/coolturalia_geneva\/"]}]}},"translations":{"translations":{"en":"187414","fr":"187415"},"language":{"code":"fr"},"date":{"dateRange":"Lundi 27 avril, 18:15"}},"language":{"code":"fr"},"_links":{"self":[{"href":"https:\/\/www.coolturalia.com\/fr\/wp-json\/wp\/v2\/event\/187415","targetHints":{"allow":["GET"]}}],"collection":[{"href":"https:\/\/www.coolturalia.com\/fr\/wp-json\/wp\/v2\/event"}],"about":[{"href":"https:\/\/www.coolturalia.com\/fr\/wp-json\/wp\/v2\/types\/event"}],"version-history":[{"count":0,"href":"https:\/\/www.coolturalia.com\/fr\/wp-json\/wp\/v2\/event\/187415\/revisions"}],"wp:featuredmedia":[{"embeddable":true,"href":"https:\/\/www.coolturalia.com\/fr\/wp-json\/wp\/v2\/media\/187413"}],"wp:attachment":[{"href":"https:\/\/www.coolturalia.com\/fr\/wp-json\/wp\/v2\/media?parent=187415"}],"wp:term":[{"taxonomy":"post_tag","embeddable":true,"href":"https:\/\/www.coolturalia.com\/fr\/wp-json\/wp\/v2\/tags?post=187415"},{"taxonomy":"event-category","embeddable":true,"href":"https:\/\/www.coolturalia.com\/fr\/wp-json\/wp\/v2\/event-category?post=187415"},{"taxonomy":"event-venue","embeddable":true,"href":"https:\/\/www.coolturalia.com\/fr\/wp-json\/wp\/v2\/event-venue?post=187415"}],"curies":[{"name":"wp","href":"https:\/\/api.w.org\/{rel}","templated":true}]}}

<p>Professeure Virginia Cox, professeure au Trinity College de Cambridge, est spécialiste de la littérature italienne de la Renaissance. Elle présente une étude du lyrisme italien dans le contexte d’une « Renaissance globale », en examinant la circulation des poèmes, les traductions et les échanges interculturels qui ont transformé formes et significations poétiques. La conférence explore comment les contacts transnationaux ont influencé pratiques littéraires et réception critique, offrant des perspectives renouvelées sur les circulations culturelles.</p>
<p><strong>En anglais.</strong></p>

<p>Professeure Virginia Cox, professeure au Trinity College de Cambridge, est spécialiste de la littérature italienne de la Renaissance. Elle présente une étude du lyrisme italien dans le contexte d’une « Renaissance globale », en examinant la circulation des poèmes, les traductions et les échanges interculturels qui ont transformé formes et significations poétiques. La conférence explore [&hellip;]</p>

<!-- This site is optimized with the Yoast SEO plugin v26.5 - https://yoast.com/wordpress/plugins/seo/ -->
<title>Italian Lyric in the Age of the Global Renaissance - Coolturalia</title>
<meta name="robots" content="index, follow, max-snippet:-1, max-image-preview:large, max-video-preview:-1" />
<link rel="canonical" href="https://www.coolturalia.com/fr/event/italian-lyric-in-the-age-of-the-global-renaissance-2/" />
<meta property="og:locale" content="fr_FR" />
<meta property="og:type" content="article" />
<meta property="og:title" content="Italian Lyric in the Age of the Global Renaissance - Coolturalia" />
<meta property="og:description" content="Professeure Virginia Cox, professeure au Trinity College de Cambridge, est spécialiste de la littérature italienne de la Renaissance. Elle présente une étude du lyrisme italien dans le contexte d’une « Renaissance globale », en examinant la circulation des poèmes, les traductions et les échanges interculturels qui ont transformé formes et significations poétiques. La conférence explore [&hellip;]" />
<meta property="og:url" content="https://www.coolturalia.com/fr/event/italian-lyric-in-the-age-of-the-global-renaissance-2/" />
<meta property="og:site_name" content="Coolturalia" />
<meta property="og:image" content="https://www.coolturalia.com/wp-content/uploads/2024/04/favicon-coolturalia-2.png" />
	<meta property="og:image:width" content="150" />
	<meta property="og:image:height" content="150" />
	<meta property="og:image:type" content="image/png" />
<meta name="twitter:card" content="summary_large_image" />
<script type="application/ld+json" class="yoast-schema-graph">{"@context":"https://schema.org","@graph":[{"@type":"WebPage","@id":"https://www.coolturalia.com/fr/event/italian-lyric-in-the-age-of-the-global-renaissance-2/","url":"https://www.coolturalia.com/fr/event/italian-lyric-in-the-age-of-the-global-renaissance-2/","name":"Italian Lyric in the Age of the Global Renaissance - Coolturalia","isPartOf":{"@id":"https://www.coolturalia.com/fr/#website"},"primaryImageOfPage":{"@id":"https://www.coolturalia.com/fr/event/italian-lyric-in-the-age-of-the-global-renaissance-2/#primaryimage"},"image":{"@id":"https://www.coolturalia.com/fr/event/italian-lyric-in-the-age-of-the-global-renaissance-2/#primaryimage"},"thumbnailUrl":"https://www.coolturalia.com/wp-content/uploads/2026/04/Italian-Lyric-in-the-Age-of-the-Global-Renaissance.webp","datePublished":"2026-04-15T13:12:03+00:00","breadcrumb":{"@id":"https://www.coolturalia.com/fr/event/italian-lyric-in-the-age-of-the-global-renaissance-2/#breadcrumb"},"inLanguage":"fr-FR","potentialAction":[{"@type":"ReadAction","target":["https://www.coolturalia.com/fr/event/italian-lyric-in-the-age-of-the-global-renaissance-2/"]}]},{"@type":"ImageObject","inLanguage":"fr-FR","@id":"https://www.coolturalia.com/fr/event/italian-lyric-in-the-age-of-the-global-renaissance-2/#primaryimage","url":"https://www.coolturalia.com/wp-content/uploads/2026/04/Italian-Lyric-in-the-Age-of-the-Global-Renaissance.webp","contentUrl":"https://www.coolturalia.com/wp-content/uploads/2026/04/Italian-Lyric-in-the-Age-of-the-Global-Renaissance.webp","width":427,"height":608,"caption":"undefined"},{"@type":"BreadcrumbList","@id":"https://www.coolturalia.com/fr/event/italian-lyric-in-the-age-of-the-global-renaissance-2/#breadcrumb","itemListElement":[{"@type":"ListItem","position":1,"name":"Home","item":"https://www.coolturalia.com/fr/"},{"@type":"ListItem","position":2,"name":"Events","item":"https://www.coolturalia.com/fr/events/"},{"@type":"ListItem","position":3,"name":"Italian Lyric in the Age of the Global Renaissance"}]},{"@type":"WebSite","@id":"https://www.coolturalia.com/fr/#website","url":"https://www.coolturalia.com/fr/","name":"Coolturalia","description":"","publisher":{"@id":"https://www.coolturalia.com/fr/#organization"},"potentialAction":[{"@type":"SearchAction","target":{"@type":"EntryPoint","urlTemplate":"https://www.coolturalia.com/fr/?s={search_term_string}"},"query-input":{"@type":"PropertyValueSpecification","valueRequired":true,"valueName":"search_term_string"}}],"inLanguage":"fr-FR"},{"@type":"Organization","@id":"https://www.coolturalia.com/fr/#organization","name":"Coolturalia","url":"https://www.coolturalia.com/fr/","logo":{"@type":"ImageObject","inLanguage":"fr-FR","@id":"https://www.coolturalia.com/fr/#/schema/logo/image/","url":"https://www.coolturalia.com/wp-content/uploads/2024/04/Logo-coolturalia.svg","contentUrl":"https://www.coolturalia.com/wp-content/uploads/2024/04/Logo-coolturalia.svg","width":1312,"height":193,"caption":"Coolturalia"},"image":{"@id":"https://www.coolturalia.com/fr/#/schema/logo/image/"},"sameAs":["https://www.instagram.com/coolturalia_geneva/"]}]}</script>
<!-- / Yoast SEO plugin. -->

Professeure Virginia Cox, professeure au Trinity College de Cambridge, est spécialiste de la littérature italienne de la Renaissance. Elle présente une étude du lyrisme italien dans le contexte d’une « Renaissance globale », en examinant la circulation des poèmes, les traductions et les échanges interculturels qui ont transformé formes et significations poétiques. La conférence explore [&hellip;]
