{"id":187066,"date":"2026-04-09T12:50:14","date_gmt":"2026-04-09T11:50:14","guid":{"rendered":"https:\/\/www.coolturalia.com\/event\/ouvrir-les-archives-contestataires\/"},"modified":"2026-04-09T12:50:14","modified_gmt":"2026-04-09T11:50:14","slug":"ouvrir-les-archives-contestataires","status":"publish","type":"event","link":"https:\/\/www.coolturalia.com\/fr\/event\/ouvrir-les-archives-contestataires\/","title":{"rendered":"Ouvrir les archives contestataires"},"content":{"rendered":"<p>Un\u00b7e archiviste guidera les participant\u00b7e\u00b7s \u00e0 travers les fonds contestataires, apportant son expertise en conservation et en interpr\u00e9tation historique pour soutenir une recherche pratique et l&rsquo;analyse contextuelle.<\/p>\n<p>L&rsquo;atelier examine les luttes environnementales et de quartier \u00e0 la Jonction et \u00e0 Plainpalais en analysant affiches, tracts et documents originaux. En petits groupes, les participant\u00b7e\u00b7s confrontent leurs hypoth\u00e8ses et produisent une interpr\u00e9tation collective qui met en lumi\u00e8re les tactiques militantes, la m\u00e9moire sociale et les enjeux locaux.<\/p>\n","protected":false},"excerpt":{"rendered":"<p>Un\u00b7e archiviste guidera les participant\u00b7e\u00b7s \u00e0 travers les fonds contestataires, apportant son expertise en conservation et en interpr\u00e9tation historique pour soutenir une recherche pratique et l&rsquo;analyse contextuelle. L&rsquo;atelier examine les luttes environnementales et de quartier \u00e0 la Jonction et \u00e0 Plainpalais en analysant affiches, tracts et documents originaux. En petits groupes, les participant\u00b7e\u00b7s confrontent leurs [&hellip;]<\/p>\n","protected":false},"featured_media":187064,"parent":0,"menu_order":0,"template":"","format":"standard","meta":{"_acf_changed":false,"footnotes":""},"tags":[],"event-category":[448],"event-venue":[671],"class_list":["post-187066","event","type-event","status-publish","format-standard","has-post-thumbnail","hentry","event-category-conferences","event-venue-bibliotheque-de-la-jonction-fr"],"acf":{"price":"Gratuit, sur r\u00e9servation","date":"Samedi 2 mai, 14:00","start_date":"2026-05-02 16:00:00","end_date":"2026-05-02 18:30:00","website_link":"https:\/\/www.geneve.ch\/agenda\/ouvrir-archives-contestataires","link_buy_tickets":"","highlighted":false,"photo_credit":"Assembl\u00e9e des habitants de Plainpalais, \u00ab L'Etat abat - Nous reboisons \u00bb, affiche, 1972. Archives contestataires, fonds Andr\u00e9 Petitat.","timings":[{"timing_start_date":"2026-05-02 16:00:00","timing_end_date":"2026-05-02 18:30:00"}],"external_id":"7475694"},"yoast_head":"<!-- This site is optimized with the Yoast SEO plugin v27.5 - https:\/\/yoast.com\/product\/yoast-seo-wordpress\/ -->\n<title>Ouvrir les archives contestataires - Coolturalia<\/title>\n<meta name=\"robots\" content=\"index, follow, max-snippet:-1, max-image-preview:large, max-video-preview:-1\" \/>\n<link rel=\"canonical\" href=\"https:\/\/www.coolturalia.com\/fr\/event\/ouvrir-les-archives-contestataires\/\" \/>\n<meta property=\"og:locale\" content=\"fr_FR\" \/>\n<meta property=\"og:type\" content=\"article\" \/>\n<meta property=\"og:title\" content=\"Ouvrir les archives contestataires - Coolturalia\" \/>\n<meta property=\"og:description\" content=\"Un\u00b7e archiviste guidera les participant\u00b7e\u00b7s \u00e0 travers les fonds contestataires, apportant son expertise en conservation et en interpr\u00e9tation historique pour soutenir une recherche pratique et l&rsquo;analyse contextuelle. L&rsquo;atelier examine les luttes environnementales et de quartier \u00e0 la Jonction et \u00e0 Plainpalais en analysant affiches, tracts et documents originaux. En petits groupes, les participant\u00b7e\u00b7s confrontent leurs [&hellip;]\" \/>\n<meta property=\"og:url\" content=\"https:\/\/www.coolturalia.com\/fr\/event\/ouvrir-les-archives-contestataires\/\" \/>\n<meta property=\"og:site_name\" content=\"Coolturalia\" \/>\n<meta property=\"og:image\" content=\"https:\/\/www.coolturalia.com\/wp-content\/uploads\/2024\/04\/favicon-coolturalia-2.png\" \/>\n\t<meta property=\"og:image:width\" content=\"150\" \/>\n\t<meta property=\"og:image:height\" content=\"150\" \/>\n\t<meta property=\"og:image:type\" content=\"image\/png\" \/>\n<meta name=\"twitter:card\" content=\"summary_large_image\" \/>\n<script type=\"application\/ld+json\" class=\"yoast-schema-graph\">{\"@context\":\"https:\\\/\\\/schema.org\",\"@graph\":[{\"@type\":\"WebPage\",\"@id\":\"https:\\\/\\\/www.coolturalia.com\\\/fr\\\/event\\\/ouvrir-les-archives-contestataires\\\/\",\"url\":\"https:\\\/\\\/www.coolturalia.com\\\/fr\\\/event\\\/ouvrir-les-archives-contestataires\\\/\",\"name\":\"Ouvrir les archives contestataires - Coolturalia\",\"isPartOf\":{\"@id\":\"https:\\\/\\\/www.coolturalia.com\\\/fr\\\/#website\"},\"primaryImageOfPage\":{\"@id\":\"https:\\\/\\\/www.coolturalia.com\\\/fr\\\/event\\\/ouvrir-les-archives-contestataires\\\/#primaryimage\"},\"image\":{\"@id\":\"https:\\\/\\\/www.coolturalia.com\\\/fr\\\/event\\\/ouvrir-les-archives-contestataires\\\/#primaryimage\"},\"thumbnailUrl\":\"https:\\\/\\\/www.coolturalia.com\\\/wp-content\\\/uploads\\\/2026\\\/04\\\/Exploring-Protest-Archives.webp\",\"datePublished\":\"2026-04-09T11:50:14+00:00\",\"breadcrumb\":{\"@id\":\"https:\\\/\\\/www.coolturalia.com\\\/fr\\\/event\\\/ouvrir-les-archives-contestataires\\\/#breadcrumb\"},\"inLanguage\":\"fr-FR\",\"potentialAction\":[{\"@type\":\"ReadAction\",\"target\":[\"https:\\\/\\\/www.coolturalia.com\\\/fr\\\/event\\\/ouvrir-les-archives-contestataires\\\/\"]}]},{\"@type\":\"ImageObject\",\"inLanguage\":\"fr-FR\",\"@id\":\"https:\\\/\\\/www.coolturalia.com\\\/fr\\\/event\\\/ouvrir-les-archives-contestataires\\\/#primaryimage\",\"url\":\"https:\\\/\\\/www.coolturalia.com\\\/wp-content\\\/uploads\\\/2026\\\/04\\\/Exploring-Protest-Archives.webp\",\"contentUrl\":\"https:\\\/\\\/www.coolturalia.com\\\/wp-content\\\/uploads\\\/2026\\\/04\\\/Exploring-Protest-Archives.webp\",\"width\":700,\"height\":1027,\"caption\":\"undefined\"},{\"@type\":\"BreadcrumbList\",\"@id\":\"https:\\\/\\\/www.coolturalia.com\\\/fr\\\/event\\\/ouvrir-les-archives-contestataires\\\/#breadcrumb\",\"itemListElement\":[{\"@type\":\"ListItem\",\"position\":1,\"name\":\"Home\",\"item\":\"https:\\\/\\\/www.coolturalia.com\\\/fr\\\/\"},{\"@type\":\"ListItem\",\"position\":2,\"name\":\"Events\",\"item\":\"https:\\\/\\\/www.coolturalia.com\\\/fr\\\/events\\\/\"},{\"@type\":\"ListItem\",\"position\":3,\"name\":\"Ouvrir les archives contestataires\"}]},{\"@type\":\"WebSite\",\"@id\":\"https:\\\/\\\/www.coolturalia.com\\\/fr\\\/#website\",\"url\":\"https:\\\/\\\/www.coolturalia.com\\\/fr\\\/\",\"name\":\"Coolturalia\",\"description\":\"\",\"publisher\":{\"@id\":\"https:\\\/\\\/www.coolturalia.com\\\/fr\\\/#organization\"},\"potentialAction\":[{\"@type\":\"SearchAction\",\"target\":{\"@type\":\"EntryPoint\",\"urlTemplate\":\"https:\\\/\\\/www.coolturalia.com\\\/fr\\\/?s={search_term_string}\"},\"query-input\":{\"@type\":\"PropertyValueSpecification\",\"valueRequired\":true,\"valueName\":\"search_term_string\"}}],\"inLanguage\":\"fr-FR\"},{\"@type\":\"Organization\",\"@id\":\"https:\\\/\\\/www.coolturalia.com\\\/fr\\\/#organization\",\"name\":\"Coolturalia\",\"url\":\"https:\\\/\\\/www.coolturalia.com\\\/fr\\\/\",\"logo\":{\"@type\":\"ImageObject\",\"inLanguage\":\"fr-FR\",\"@id\":\"https:\\\/\\\/www.coolturalia.com\\\/fr\\\/#\\\/schema\\\/logo\\\/image\\\/\",\"url\":\"https:\\\/\\\/www.coolturalia.com\\\/wp-content\\\/uploads\\\/2024\\\/04\\\/Logo-coolturalia.svg\",\"contentUrl\":\"https:\\\/\\\/www.coolturalia.com\\\/wp-content\\\/uploads\\\/2024\\\/04\\\/Logo-coolturalia.svg\",\"width\":1312,\"height\":193,\"caption\":\"Coolturalia\"},\"image\":{\"@id\":\"https:\\\/\\\/www.coolturalia.com\\\/fr\\\/#\\\/schema\\\/logo\\\/image\\\/\"},\"sameAs\":[\"https:\\\/\\\/www.instagram.com\\\/coolturalia_geneva\\\/\"]}]}<\/script>\n<!-- \/ Yoast SEO plugin. -->","yoast_head_json":{"title":"Ouvrir les archives contestataires - Coolturalia","robots":{"index":"index","follow":"follow","max-snippet":"max-snippet:-1","max-image-preview":"max-image-preview:large","max-video-preview":"max-video-preview:-1"},"canonical":"https:\/\/www.coolturalia.com\/fr\/event\/ouvrir-les-archives-contestataires\/","og_locale":"fr_FR","og_type":"article","og_title":"Ouvrir les archives contestataires - Coolturalia","og_description":"Un\u00b7e archiviste guidera les participant\u00b7e\u00b7s \u00e0 travers les fonds contestataires, apportant son expertise en conservation et en interpr\u00e9tation historique pour soutenir une recherche pratique et l&rsquo;analyse contextuelle. L&rsquo;atelier examine les luttes environnementales et de quartier \u00e0 la Jonction et \u00e0 Plainpalais en analysant affiches, tracts et documents originaux. En petits groupes, les participant\u00b7e\u00b7s confrontent leurs [&hellip;]","og_url":"https:\/\/www.coolturalia.com\/fr\/event\/ouvrir-les-archives-contestataires\/","og_site_name":"Coolturalia","og_image":[{"width":150,"height":150,"url":"https:\/\/www.coolturalia.com\/wp-content\/uploads\/2024\/04\/favicon-coolturalia-2.png","type":"image\/png"}],"twitter_card":"summary_large_image","schema":{"@context":"https:\/\/schema.org","@graph":[{"@type":"WebPage","@id":"https:\/\/www.coolturalia.com\/fr\/event\/ouvrir-les-archives-contestataires\/","url":"https:\/\/www.coolturalia.com\/fr\/event\/ouvrir-les-archives-contestataires\/","name":"Ouvrir les archives contestataires - Coolturalia","isPartOf":{"@id":"https:\/\/www.coolturalia.com\/fr\/#website"},"primaryImageOfPage":{"@id":"https:\/\/www.coolturalia.com\/fr\/event\/ouvrir-les-archives-contestataires\/#primaryimage"},"image":{"@id":"https:\/\/www.coolturalia.com\/fr\/event\/ouvrir-les-archives-contestataires\/#primaryimage"},"thumbnailUrl":"https:\/\/www.coolturalia.com\/wp-content\/uploads\/2026\/04\/Exploring-Protest-Archives.webp","datePublished":"2026-04-09T11:50:14+00:00","breadcrumb":{"@id":"https:\/\/www.coolturalia.com\/fr\/event\/ouvrir-les-archives-contestataires\/#breadcrumb"},"inLanguage":"fr-FR","potentialAction":[{"@type":"ReadAction","target":["https:\/\/www.coolturalia.com\/fr\/event\/ouvrir-les-archives-contestataires\/"]}]},{"@type":"ImageObject","inLanguage":"fr-FR","@id":"https:\/\/www.coolturalia.com\/fr\/event\/ouvrir-les-archives-contestataires\/#primaryimage","url":"https:\/\/www.coolturalia.com\/wp-content\/uploads\/2026\/04\/Exploring-Protest-Archives.webp","contentUrl":"https:\/\/www.coolturalia.com\/wp-content\/uploads\/2026\/04\/Exploring-Protest-Archives.webp","width":700,"height":1027,"caption":"undefined"},{"@type":"BreadcrumbList","@id":"https:\/\/www.coolturalia.com\/fr\/event\/ouvrir-les-archives-contestataires\/#breadcrumb","itemListElement":[{"@type":"ListItem","position":1,"name":"Home","item":"https:\/\/www.coolturalia.com\/fr\/"},{"@type":"ListItem","position":2,"name":"Events","item":"https:\/\/www.coolturalia.com\/fr\/events\/"},{"@type":"ListItem","position":3,"name":"Ouvrir les archives contestataires"}]},{"@type":"WebSite","@id":"https:\/\/www.coolturalia.com\/fr\/#website","url":"https:\/\/www.coolturalia.com\/fr\/","name":"Coolturalia","description":"","publisher":{"@id":"https:\/\/www.coolturalia.com\/fr\/#organization"},"potentialAction":[{"@type":"SearchAction","target":{"@type":"EntryPoint","urlTemplate":"https:\/\/www.coolturalia.com\/fr\/?s={search_term_string}"},"query-input":{"@type":"PropertyValueSpecification","valueRequired":true,"valueName":"search_term_string"}}],"inLanguage":"fr-FR"},{"@type":"Organization","@id":"https:\/\/www.coolturalia.com\/fr\/#organization","name":"Coolturalia","url":"https:\/\/www.coolturalia.com\/fr\/","logo":{"@type":"ImageObject","inLanguage":"fr-FR","@id":"https:\/\/www.coolturalia.com\/fr\/#\/schema\/logo\/image\/","url":"https:\/\/www.coolturalia.com\/wp-content\/uploads\/2024\/04\/Logo-coolturalia.svg","contentUrl":"https:\/\/www.coolturalia.com\/wp-content\/uploads\/2024\/04\/Logo-coolturalia.svg","width":1312,"height":193,"caption":"Coolturalia"},"image":{"@id":"https:\/\/www.coolturalia.com\/fr\/#\/schema\/logo\/image\/"},"sameAs":["https:\/\/www.instagram.com\/coolturalia_geneva\/"]}]}},"translations":{"translations":{"en":"187065","fr":"187066"},"language":{"code":"fr"},"date":{"dateRange":"Samedi 2 mai, 14:00"}},"language":{"code":"fr"},"_links":{"self":[{"href":"https:\/\/www.coolturalia.com\/fr\/wp-json\/wp\/v2\/event\/187066","targetHints":{"allow":["GET"]}}],"collection":[{"href":"https:\/\/www.coolturalia.com\/fr\/wp-json\/wp\/v2\/event"}],"about":[{"href":"https:\/\/www.coolturalia.com\/fr\/wp-json\/wp\/v2\/types\/event"}],"version-history":[{"count":0,"href":"https:\/\/www.coolturalia.com\/fr\/wp-json\/wp\/v2\/event\/187066\/revisions"}],"wp:featuredmedia":[{"embeddable":true,"href":"https:\/\/www.coolturalia.com\/fr\/wp-json\/wp\/v2\/media\/187064"}],"wp:attachment":[{"href":"https:\/\/www.coolturalia.com\/fr\/wp-json\/wp\/v2\/media?parent=187066"}],"wp:term":[{"taxonomy":"post_tag","embeddable":true,"href":"https:\/\/www.coolturalia.com\/fr\/wp-json\/wp\/v2\/tags?post=187066"},{"taxonomy":"event-category","embeddable":true,"href":"https:\/\/www.coolturalia.com\/fr\/wp-json\/wp\/v2\/event-category?post=187066"},{"taxonomy":"event-venue","embeddable":true,"href":"https:\/\/www.coolturalia.com\/fr\/wp-json\/wp\/v2\/event-venue?post=187066"}],"curies":[{"name":"wp","href":"https:\/\/api.w.org\/{rel}","templated":true}]}}

<p>Un·e archiviste guidera les participant·e·s à travers les fonds contestataires, apportant son expertise en conservation et en interprétation historique pour soutenir une recherche pratique et l&rsquo;analyse contextuelle.</p>
<p>L&rsquo;atelier examine les luttes environnementales et de quartier à la Jonction et à Plainpalais en analysant affiches, tracts et documents originaux. En petits groupes, les participant·e·s confrontent leurs hypothèses et produisent une interprétation collective qui met en lumière les tactiques militantes, la mémoire sociale et les enjeux locaux.</p>

<p>Un·e archiviste guidera les participant·e·s à travers les fonds contestataires, apportant son expertise en conservation et en interprétation historique pour soutenir une recherche pratique et l&rsquo;analyse contextuelle. L&rsquo;atelier examine les luttes environnementales et de quartier à la Jonction et à Plainpalais en analysant affiches, tracts et documents originaux. En petits groupes, les participant·e·s confrontent leurs [&hellip;]</p>

Gratuit, sur réservation

Assemblée des habitants de Plainpalais, « L'Etat abat - Nous reboisons », affiche, 1972. Archives contestataires, fonds André Petitat.

<!-- This site is optimized with the Yoast SEO plugin v27.5 - https://yoast.com/product/yoast-seo-wordpress/ -->
<title>Ouvrir les archives contestataires - Coolturalia</title>
<meta name="robots" content="index, follow, max-snippet:-1, max-image-preview:large, max-video-preview:-1" />
<link rel="canonical" href="https://www.coolturalia.com/fr/event/ouvrir-les-archives-contestataires/" />
<meta property="og:locale" content="fr_FR" />
<meta property="og:type" content="article" />
<meta property="og:title" content="Ouvrir les archives contestataires - Coolturalia" />
<meta property="og:description" content="Un·e archiviste guidera les participant·e·s à travers les fonds contestataires, apportant son expertise en conservation et en interprétation historique pour soutenir une recherche pratique et l&rsquo;analyse contextuelle. L&rsquo;atelier examine les luttes environnementales et de quartier à la Jonction et à Plainpalais en analysant affiches, tracts et documents originaux. En petits groupes, les participant·e·s confrontent leurs [&hellip;]" />
<meta property="og:url" content="https://www.coolturalia.com/fr/event/ouvrir-les-archives-contestataires/" />
<meta property="og:site_name" content="Coolturalia" />
<meta property="og:image" content="https://www.coolturalia.com/wp-content/uploads/2024/04/favicon-coolturalia-2.png" />
	<meta property="og:image:width" content="150" />
	<meta property="og:image:height" content="150" />
	<meta property="og:image:type" content="image/png" />
<meta name="twitter:card" content="summary_large_image" />
<script type="application/ld+json" class="yoast-schema-graph">{"@context":"https:\/\/schema.org","@graph":[{"@type":"WebPage","@id":"https:\/\/www.coolturalia.com\/fr\/event\/ouvrir-les-archives-contestataires\/","url":"https:\/\/www.coolturalia.com\/fr\/event\/ouvrir-les-archives-contestataires\/","name":"Ouvrir les archives contestataires - Coolturalia","isPartOf":{"@id":"https:\/\/www.coolturalia.com\/fr\/#website"},"primaryImageOfPage":{"@id":"https:\/\/www.coolturalia.com\/fr\/event\/ouvrir-les-archives-contestataires\/#primaryimage"},"image":{"@id":"https:\/\/www.coolturalia.com\/fr\/event\/ouvrir-les-archives-contestataires\/#primaryimage"},"thumbnailUrl":"https:\/\/www.coolturalia.com\/wp-content\/uploads\/2026\/04\/Exploring-Protest-Archives.webp","datePublished":"2026-04-09T11:50:14+00:00","breadcrumb":{"@id":"https:\/\/www.coolturalia.com\/fr\/event\/ouvrir-les-archives-contestataires\/#breadcrumb"},"inLanguage":"fr-FR","potentialAction":[{"@type":"ReadAction","target":["https:\/\/www.coolturalia.com\/fr\/event\/ouvrir-les-archives-contestataires\/"]}]},{"@type":"ImageObject","inLanguage":"fr-FR","@id":"https:\/\/www.coolturalia.com\/fr\/event\/ouvrir-les-archives-contestataires\/#primaryimage","url":"https:\/\/www.coolturalia.com\/wp-content\/uploads\/2026\/04\/Exploring-Protest-Archives.webp","contentUrl":"https:\/\/www.coolturalia.com\/wp-content\/uploads\/2026\/04\/Exploring-Protest-Archives.webp","width":700,"height":1027,"caption":"undefined"},{"@type":"BreadcrumbList","@id":"https:\/\/www.coolturalia.com\/fr\/event\/ouvrir-les-archives-contestataires\/#breadcrumb","itemListElement":[{"@type":"ListItem","position":1,"name":"Home","item":"https:\/\/www.coolturalia.com\/fr\/"},{"@type":"ListItem","position":2,"name":"Events","item":"https:\/\/www.coolturalia.com\/fr\/events\/"},{"@type":"ListItem","position":3,"name":"Ouvrir les archives contestataires"}]},{"@type":"WebSite","@id":"https:\/\/www.coolturalia.com\/fr\/#website","url":"https:\/\/www.coolturalia.com\/fr\/","name":"Coolturalia","description":"","publisher":{"@id":"https:\/\/www.coolturalia.com\/fr\/#organization"},"potentialAction":[{"@type":"SearchAction","target":{"@type":"EntryPoint","urlTemplate":"https:\/\/www.coolturalia.com\/fr\/?s={search_term_string}"},"query-input":{"@type":"PropertyValueSpecification","valueRequired":true,"valueName":"search_term_string"}}],"inLanguage":"fr-FR"},{"@type":"Organization","@id":"https:\/\/www.coolturalia.com\/fr\/#organization","name":"Coolturalia","url":"https:\/\/www.coolturalia.com\/fr\/","logo":{"@type":"ImageObject","inLanguage":"fr-FR","@id":"https:\/\/www.coolturalia.com\/fr\/#\/schema\/logo\/image\/","url":"https:\/\/www.coolturalia.com\/wp-content\/uploads\/2024\/04\/Logo-coolturalia.svg","contentUrl":"https:\/\/www.coolturalia.com\/wp-content\/uploads\/2024\/04\/Logo-coolturalia.svg","width":1312,"height":193,"caption":"Coolturalia"},"image":{"@id":"https:\/\/www.coolturalia.com\/fr\/#\/schema\/logo\/image\/"},"sameAs":["https:\/\/www.instagram.com\/coolturalia_geneva\/"]}]}</script>
<!-- / Yoast SEO plugin. -->

Un·e archiviste guidera les participant·e·s à travers les fonds contestataires, apportant son expertise en conservation et en interprétation historique pour soutenir une recherche pratique et l&rsquo;analyse contextuelle. L&rsquo;atelier examine les luttes environnementales et de quartier à la Jonction et à Plainpalais en analysant affiches, tracts et documents originaux. En petits groupes, les participant·e·s confrontent leurs [&hellip;]
