{"id":186985,"date":"2026-04-09T12:44:29","date_gmt":"2026-04-09T11:44:29","guid":{"rendered":"https:\/\/www.coolturalia.com\/event\/chambre-0-les-confessions-du-directeur\/"},"modified":"2026-04-09T12:44:29","modified_gmt":"2026-04-09T11:44:29","slug":"chambre-0-les-confessions-du-directeur","status":"publish","type":"event","link":"https:\/\/www.coolturalia.com\/fr\/event\/chambre-0-les-confessions-du-directeur\/","title":{"rendered":"Chambre 0 : Les confessions du directeur"},"content":{"rendered":"<p>Spectacle d&rsquo;improvisation spirite qui se d\u00e9ploie comme une confession interdite. Dans une pi\u00e8ce nue \u00e9clair\u00e9e d&rsquo;une lumi\u00e8re blafarde, un ancien directeur d&rsquo;asile fait face \u00e0 la cam\u00e9ra et parle d&rsquo;une voix \u00e0 la fois calme et troublante. M\u00e9moire, culpabilit\u00e9 et hallucination s&rsquo;entrelacent tandis que des fragments d&rsquo;une histoire institutionnelle \u2014 dossiers effac\u00e9s, patients abandonn\u00e9s \u2014 refont surface et d\u00e9litent la coh\u00e9rence du r\u00e9cit. Une sc\u00e9nographie \u00e9pur\u00e9e et un \u00e9clairage cinglant installent une intimit\u00e9 claustrophobe, plongeant dans un malaise lent et persistant.<\/p>\n","protected":false},"excerpt":{"rendered":"<p>Spectacle d&rsquo;improvisation spirite qui se d\u00e9ploie comme une confession interdite. Dans une pi\u00e8ce nue \u00e9clair\u00e9e d&rsquo;une lumi\u00e8re blafarde, un ancien directeur d&rsquo;asile fait face \u00e0 la cam\u00e9ra et parle d&rsquo;une voix \u00e0 la fois calme et troublante. M\u00e9moire, culpabilit\u00e9 et hallucination s&rsquo;entrelacent tandis que des fragments d&rsquo;une histoire institutionnelle \u2014 dossiers effac\u00e9s, patients abandonn\u00e9s \u2014 [&hellip;]<\/p>\n","protected":false},"featured_media":186983,"parent":0,"menu_order":0,"template":"","format":"standard","meta":{"_acf_changed":false,"footnotes":""},"tags":[],"event-category":[444],"event-venue":[649],"class_list":["post-186985","event","type-event","status-publish","format-standard","has-post-thumbnail","hentry","event-category-spectacles","event-venue-theatre-des-grottes-fr"],"acf":{"price":"Sur r\u00e9servation","date":"Vendredi 1 mai, 20h30","start_date":"2026-05-01 22:30:00","end_date":"2026-05-01 23:30:00","website_link":"https:\/\/www.geneve.ch\/agenda\/chambre-0-confessions-directeur","link_buy_tickets":"","highlighted":false,"photo_credit":"Les Zimprocibles","timings":[{"timing_start_date":"2026-05-01 22:30:00","timing_end_date":"2026-05-01 23:30:00"}],"external_id":"30506126"},"yoast_head":"<!-- This site is optimized with the Yoast SEO plugin v27.5 - https:\/\/yoast.com\/product\/yoast-seo-wordpress\/ -->\n<title>Chambre 0 : Les confessions du directeur - Coolturalia<\/title>\n<meta name=\"robots\" content=\"index, follow, max-snippet:-1, max-image-preview:large, max-video-preview:-1\" \/>\n<link rel=\"canonical\" href=\"https:\/\/www.coolturalia.com\/fr\/event\/chambre-0-les-confessions-du-directeur\/\" \/>\n<meta property=\"og:locale\" content=\"fr_FR\" \/>\n<meta property=\"og:type\" content=\"article\" \/>\n<meta property=\"og:title\" content=\"Chambre 0 : Les confessions du directeur - Coolturalia\" \/>\n<meta property=\"og:description\" content=\"Spectacle d&rsquo;improvisation spirite qui se d\u00e9ploie comme une confession interdite. Dans une pi\u00e8ce nue \u00e9clair\u00e9e d&rsquo;une lumi\u00e8re blafarde, un ancien directeur d&rsquo;asile fait face \u00e0 la cam\u00e9ra et parle d&rsquo;une voix \u00e0 la fois calme et troublante. M\u00e9moire, culpabilit\u00e9 et hallucination s&rsquo;entrelacent tandis que des fragments d&rsquo;une histoire institutionnelle \u2014 dossiers effac\u00e9s, patients abandonn\u00e9s \u2014 [&hellip;]\" \/>\n<meta property=\"og:url\" content=\"https:\/\/www.coolturalia.com\/fr\/event\/chambre-0-les-confessions-du-directeur\/\" \/>\n<meta property=\"og:site_name\" content=\"Coolturalia\" \/>\n<meta property=\"og:image\" content=\"https:\/\/www.coolturalia.com\/wp-content\/uploads\/2024\/04\/favicon-coolturalia-2.png\" \/>\n\t<meta property=\"og:image:width\" content=\"150\" \/>\n\t<meta property=\"og:image:height\" content=\"150\" \/>\n\t<meta property=\"og:image:type\" content=\"image\/png\" \/>\n<meta name=\"twitter:card\" content=\"summary_large_image\" \/>\n<script type=\"application\/ld+json\" class=\"yoast-schema-graph\">{\"@context\":\"https:\\\/\\\/schema.org\",\"@graph\":[{\"@type\":\"WebPage\",\"@id\":\"https:\\\/\\\/www.coolturalia.com\\\/fr\\\/event\\\/chambre-0-les-confessions-du-directeur\\\/\",\"url\":\"https:\\\/\\\/www.coolturalia.com\\\/fr\\\/event\\\/chambre-0-les-confessions-du-directeur\\\/\",\"name\":\"Chambre 0 : Les confessions du directeur - Coolturalia\",\"isPartOf\":{\"@id\":\"https:\\\/\\\/www.coolturalia.com\\\/fr\\\/#website\"},\"primaryImageOfPage\":{\"@id\":\"https:\\\/\\\/www.coolturalia.com\\\/fr\\\/event\\\/chambre-0-les-confessions-du-directeur\\\/#primaryimage\"},\"image\":{\"@id\":\"https:\\\/\\\/www.coolturalia.com\\\/fr\\\/event\\\/chambre-0-les-confessions-du-directeur\\\/#primaryimage\"},\"thumbnailUrl\":\"https:\\\/\\\/www.coolturalia.com\\\/wp-content\\\/uploads\\\/2026\\\/04\\\/Room-0-The-Director-s-Confessions.webp\",\"datePublished\":\"2026-04-09T11:44:29+00:00\",\"breadcrumb\":{\"@id\":\"https:\\\/\\\/www.coolturalia.com\\\/fr\\\/event\\\/chambre-0-les-confessions-du-directeur\\\/#breadcrumb\"},\"inLanguage\":\"fr-FR\",\"potentialAction\":[{\"@type\":\"ReadAction\",\"target\":[\"https:\\\/\\\/www.coolturalia.com\\\/fr\\\/event\\\/chambre-0-les-confessions-du-directeur\\\/\"]}]},{\"@type\":\"ImageObject\",\"inLanguage\":\"fr-FR\",\"@id\":\"https:\\\/\\\/www.coolturalia.com\\\/fr\\\/event\\\/chambre-0-les-confessions-du-directeur\\\/#primaryimage\",\"url\":\"https:\\\/\\\/www.coolturalia.com\\\/wp-content\\\/uploads\\\/2026\\\/04\\\/Room-0-The-Director-s-Confessions.webp\",\"contentUrl\":\"https:\\\/\\\/www.coolturalia.com\\\/wp-content\\\/uploads\\\/2026\\\/04\\\/Room-0-The-Director-s-Confessions.webp\",\"width\":700,\"height\":394,\"caption\":\"undefined\"},{\"@type\":\"BreadcrumbList\",\"@id\":\"https:\\\/\\\/www.coolturalia.com\\\/fr\\\/event\\\/chambre-0-les-confessions-du-directeur\\\/#breadcrumb\",\"itemListElement\":[{\"@type\":\"ListItem\",\"position\":1,\"name\":\"Home\",\"item\":\"https:\\\/\\\/www.coolturalia.com\\\/fr\\\/\"},{\"@type\":\"ListItem\",\"position\":2,\"name\":\"Events\",\"item\":\"https:\\\/\\\/www.coolturalia.com\\\/fr\\\/events\\\/\"},{\"@type\":\"ListItem\",\"position\":3,\"name\":\"Chambre 0 : Les confessions du directeur\"}]},{\"@type\":\"WebSite\",\"@id\":\"https:\\\/\\\/www.coolturalia.com\\\/fr\\\/#website\",\"url\":\"https:\\\/\\\/www.coolturalia.com\\\/fr\\\/\",\"name\":\"Coolturalia\",\"description\":\"\",\"publisher\":{\"@id\":\"https:\\\/\\\/www.coolturalia.com\\\/fr\\\/#organization\"},\"potentialAction\":[{\"@type\":\"SearchAction\",\"target\":{\"@type\":\"EntryPoint\",\"urlTemplate\":\"https:\\\/\\\/www.coolturalia.com\\\/fr\\\/?s={search_term_string}\"},\"query-input\":{\"@type\":\"PropertyValueSpecification\",\"valueRequired\":true,\"valueName\":\"search_term_string\"}}],\"inLanguage\":\"fr-FR\"},{\"@type\":\"Organization\",\"@id\":\"https:\\\/\\\/www.coolturalia.com\\\/fr\\\/#organization\",\"name\":\"Coolturalia\",\"url\":\"https:\\\/\\\/www.coolturalia.com\\\/fr\\\/\",\"logo\":{\"@type\":\"ImageObject\",\"inLanguage\":\"fr-FR\",\"@id\":\"https:\\\/\\\/www.coolturalia.com\\\/fr\\\/#\\\/schema\\\/logo\\\/image\\\/\",\"url\":\"https:\\\/\\\/www.coolturalia.com\\\/wp-content\\\/uploads\\\/2024\\\/04\\\/Logo-coolturalia.svg\",\"contentUrl\":\"https:\\\/\\\/www.coolturalia.com\\\/wp-content\\\/uploads\\\/2024\\\/04\\\/Logo-coolturalia.svg\",\"width\":1312,\"height\":193,\"caption\":\"Coolturalia\"},\"image\":{\"@id\":\"https:\\\/\\\/www.coolturalia.com\\\/fr\\\/#\\\/schema\\\/logo\\\/image\\\/\"},\"sameAs\":[\"https:\\\/\\\/www.instagram.com\\\/coolturalia_geneva\\\/\"]}]}<\/script>\n<!-- \/ Yoast SEO plugin. -->","yoast_head_json":{"title":"Chambre 0 : Les confessions du directeur - Coolturalia","robots":{"index":"index","follow":"follow","max-snippet":"max-snippet:-1","max-image-preview":"max-image-preview:large","max-video-preview":"max-video-preview:-1"},"canonical":"https:\/\/www.coolturalia.com\/fr\/event\/chambre-0-les-confessions-du-directeur\/","og_locale":"fr_FR","og_type":"article","og_title":"Chambre 0 : Les confessions du directeur - Coolturalia","og_description":"Spectacle d&rsquo;improvisation spirite qui se d\u00e9ploie comme une confession interdite. Dans une pi\u00e8ce nue \u00e9clair\u00e9e d&rsquo;une lumi\u00e8re blafarde, un ancien directeur d&rsquo;asile fait face \u00e0 la cam\u00e9ra et parle d&rsquo;une voix \u00e0 la fois calme et troublante. M\u00e9moire, culpabilit\u00e9 et hallucination s&rsquo;entrelacent tandis que des fragments d&rsquo;une histoire institutionnelle \u2014 dossiers effac\u00e9s, patients abandonn\u00e9s \u2014 [&hellip;]","og_url":"https:\/\/www.coolturalia.com\/fr\/event\/chambre-0-les-confessions-du-directeur\/","og_site_name":"Coolturalia","og_image":[{"width":150,"height":150,"url":"https:\/\/www.coolturalia.com\/wp-content\/uploads\/2024\/04\/favicon-coolturalia-2.png","type":"image\/png"}],"twitter_card":"summary_large_image","schema":{"@context":"https:\/\/schema.org","@graph":[{"@type":"WebPage","@id":"https:\/\/www.coolturalia.com\/fr\/event\/chambre-0-les-confessions-du-directeur\/","url":"https:\/\/www.coolturalia.com\/fr\/event\/chambre-0-les-confessions-du-directeur\/","name":"Chambre 0 : Les confessions du directeur - Coolturalia","isPartOf":{"@id":"https:\/\/www.coolturalia.com\/fr\/#website"},"primaryImageOfPage":{"@id":"https:\/\/www.coolturalia.com\/fr\/event\/chambre-0-les-confessions-du-directeur\/#primaryimage"},"image":{"@id":"https:\/\/www.coolturalia.com\/fr\/event\/chambre-0-les-confessions-du-directeur\/#primaryimage"},"thumbnailUrl":"https:\/\/www.coolturalia.com\/wp-content\/uploads\/2026\/04\/Room-0-The-Director-s-Confessions.webp","datePublished":"2026-04-09T11:44:29+00:00","breadcrumb":{"@id":"https:\/\/www.coolturalia.com\/fr\/event\/chambre-0-les-confessions-du-directeur\/#breadcrumb"},"inLanguage":"fr-FR","potentialAction":[{"@type":"ReadAction","target":["https:\/\/www.coolturalia.com\/fr\/event\/chambre-0-les-confessions-du-directeur\/"]}]},{"@type":"ImageObject","inLanguage":"fr-FR","@id":"https:\/\/www.coolturalia.com\/fr\/event\/chambre-0-les-confessions-du-directeur\/#primaryimage","url":"https:\/\/www.coolturalia.com\/wp-content\/uploads\/2026\/04\/Room-0-The-Director-s-Confessions.webp","contentUrl":"https:\/\/www.coolturalia.com\/wp-content\/uploads\/2026\/04\/Room-0-The-Director-s-Confessions.webp","width":700,"height":394,"caption":"undefined"},{"@type":"BreadcrumbList","@id":"https:\/\/www.coolturalia.com\/fr\/event\/chambre-0-les-confessions-du-directeur\/#breadcrumb","itemListElement":[{"@type":"ListItem","position":1,"name":"Home","item":"https:\/\/www.coolturalia.com\/fr\/"},{"@type":"ListItem","position":2,"name":"Events","item":"https:\/\/www.coolturalia.com\/fr\/events\/"},{"@type":"ListItem","position":3,"name":"Chambre 0 : Les confessions du directeur"}]},{"@type":"WebSite","@id":"https:\/\/www.coolturalia.com\/fr\/#website","url":"https:\/\/www.coolturalia.com\/fr\/","name":"Coolturalia","description":"","publisher":{"@id":"https:\/\/www.coolturalia.com\/fr\/#organization"},"potentialAction":[{"@type":"SearchAction","target":{"@type":"EntryPoint","urlTemplate":"https:\/\/www.coolturalia.com\/fr\/?s={search_term_string}"},"query-input":{"@type":"PropertyValueSpecification","valueRequired":true,"valueName":"search_term_string"}}],"inLanguage":"fr-FR"},{"@type":"Organization","@id":"https:\/\/www.coolturalia.com\/fr\/#organization","name":"Coolturalia","url":"https:\/\/www.coolturalia.com\/fr\/","logo":{"@type":"ImageObject","inLanguage":"fr-FR","@id":"https:\/\/www.coolturalia.com\/fr\/#\/schema\/logo\/image\/","url":"https:\/\/www.coolturalia.com\/wp-content\/uploads\/2024\/04\/Logo-coolturalia.svg","contentUrl":"https:\/\/www.coolturalia.com\/wp-content\/uploads\/2024\/04\/Logo-coolturalia.svg","width":1312,"height":193,"caption":"Coolturalia"},"image":{"@id":"https:\/\/www.coolturalia.com\/fr\/#\/schema\/logo\/image\/"},"sameAs":["https:\/\/www.instagram.com\/coolturalia_geneva\/"]}]}},"translations":{"translations":{"en":"186984","fr":"186985"},"language":{"code":"fr"},"date":{"dateRange":"Vendredi 1 mai, 20h30"}},"language":{"code":"fr"},"_links":{"self":[{"href":"https:\/\/www.coolturalia.com\/fr\/wp-json\/wp\/v2\/event\/186985","targetHints":{"allow":["GET"]}}],"collection":[{"href":"https:\/\/www.coolturalia.com\/fr\/wp-json\/wp\/v2\/event"}],"about":[{"href":"https:\/\/www.coolturalia.com\/fr\/wp-json\/wp\/v2\/types\/event"}],"version-history":[{"count":0,"href":"https:\/\/www.coolturalia.com\/fr\/wp-json\/wp\/v2\/event\/186985\/revisions"}],"wp:featuredmedia":[{"embeddable":true,"href":"https:\/\/www.coolturalia.com\/fr\/wp-json\/wp\/v2\/media\/186983"}],"wp:attachment":[{"href":"https:\/\/www.coolturalia.com\/fr\/wp-json\/wp\/v2\/media?parent=186985"}],"wp:term":[{"taxonomy":"post_tag","embeddable":true,"href":"https:\/\/www.coolturalia.com\/fr\/wp-json\/wp\/v2\/tags?post=186985"},{"taxonomy":"event-category","embeddable":true,"href":"https:\/\/www.coolturalia.com\/fr\/wp-json\/wp\/v2\/event-category?post=186985"},{"taxonomy":"event-venue","embeddable":true,"href":"https:\/\/www.coolturalia.com\/fr\/wp-json\/wp\/v2\/event-venue?post=186985"}],"curies":[{"name":"wp","href":"https:\/\/api.w.org\/{rel}","templated":true}]}}

<p>Spectacle d&rsquo;improvisation spirite qui se déploie comme une confession interdite. Dans une pièce nue éclairée d&rsquo;une lumière blafarde, un ancien directeur d&rsquo;asile fait face à la caméra et parle d&rsquo;une voix à la fois calme et troublante. Mémoire, culpabilité et hallucination s&rsquo;entrelacent tandis que des fragments d&rsquo;une histoire institutionnelle — dossiers effacés, patients abandonnés — refont surface et délitent la cohérence du récit. Une scénographie épurée et un éclairage cinglant installent une intimité claustrophobe, plongeant dans un malaise lent et persistant.</p>

<p>Spectacle d&rsquo;improvisation spirite qui se déploie comme une confession interdite. Dans une pièce nue éclairée d&rsquo;une lumière blafarde, un ancien directeur d&rsquo;asile fait face à la caméra et parle d&rsquo;une voix à la fois calme et troublante. Mémoire, culpabilité et hallucination s&rsquo;entrelacent tandis que des fragments d&rsquo;une histoire institutionnelle — dossiers effacés, patients abandonnés — [&hellip;]</p>

Sur réservation

<!-- This site is optimized with the Yoast SEO plugin v27.5 - https://yoast.com/product/yoast-seo-wordpress/ -->
<title>Chambre 0 : Les confessions du directeur - Coolturalia</title>
<meta name="robots" content="index, follow, max-snippet:-1, max-image-preview:large, max-video-preview:-1" />
<link rel="canonical" href="https://www.coolturalia.com/fr/event/chambre-0-les-confessions-du-directeur/" />
<meta property="og:locale" content="fr_FR" />
<meta property="og:type" content="article" />
<meta property="og:title" content="Chambre 0 : Les confessions du directeur - Coolturalia" />
<meta property="og:description" content="Spectacle d&rsquo;improvisation spirite qui se déploie comme une confession interdite. Dans une pièce nue éclairée d&rsquo;une lumière blafarde, un ancien directeur d&rsquo;asile fait face à la caméra et parle d&rsquo;une voix à la fois calme et troublante. Mémoire, culpabilité et hallucination s&rsquo;entrelacent tandis que des fragments d&rsquo;une histoire institutionnelle — dossiers effacés, patients abandonnés — [&hellip;]" />
<meta property="og:url" content="https://www.coolturalia.com/fr/event/chambre-0-les-confessions-du-directeur/" />
<meta property="og:site_name" content="Coolturalia" />
<meta property="og:image" content="https://www.coolturalia.com/wp-content/uploads/2024/04/favicon-coolturalia-2.png" />
	<meta property="og:image:width" content="150" />
	<meta property="og:image:height" content="150" />
	<meta property="og:image:type" content="image/png" />
<meta name="twitter:card" content="summary_large_image" />
<script type="application/ld+json" class="yoast-schema-graph">{"@context":"https:\/\/schema.org","@graph":[{"@type":"WebPage","@id":"https:\/\/www.coolturalia.com\/fr\/event\/chambre-0-les-confessions-du-directeur\/","url":"https:\/\/www.coolturalia.com\/fr\/event\/chambre-0-les-confessions-du-directeur\/","name":"Chambre 0 : Les confessions du directeur - Coolturalia","isPartOf":{"@id":"https:\/\/www.coolturalia.com\/fr\/#website"},"primaryImageOfPage":{"@id":"https:\/\/www.coolturalia.com\/fr\/event\/chambre-0-les-confessions-du-directeur\/#primaryimage"},"image":{"@id":"https:\/\/www.coolturalia.com\/fr\/event\/chambre-0-les-confessions-du-directeur\/#primaryimage"},"thumbnailUrl":"https:\/\/www.coolturalia.com\/wp-content\/uploads\/2026\/04\/Room-0-The-Director-s-Confessions.webp","datePublished":"2026-04-09T11:44:29+00:00","breadcrumb":{"@id":"https:\/\/www.coolturalia.com\/fr\/event\/chambre-0-les-confessions-du-directeur\/#breadcrumb"},"inLanguage":"fr-FR","potentialAction":[{"@type":"ReadAction","target":["https:\/\/www.coolturalia.com\/fr\/event\/chambre-0-les-confessions-du-directeur\/"]}]},{"@type":"ImageObject","inLanguage":"fr-FR","@id":"https:\/\/www.coolturalia.com\/fr\/event\/chambre-0-les-confessions-du-directeur\/#primaryimage","url":"https:\/\/www.coolturalia.com\/wp-content\/uploads\/2026\/04\/Room-0-The-Director-s-Confessions.webp","contentUrl":"https:\/\/www.coolturalia.com\/wp-content\/uploads\/2026\/04\/Room-0-The-Director-s-Confessions.webp","width":700,"height":394,"caption":"undefined"},{"@type":"BreadcrumbList","@id":"https:\/\/www.coolturalia.com\/fr\/event\/chambre-0-les-confessions-du-directeur\/#breadcrumb","itemListElement":[{"@type":"ListItem","position":1,"name":"Home","item":"https:\/\/www.coolturalia.com\/fr\/"},{"@type":"ListItem","position":2,"name":"Events","item":"https:\/\/www.coolturalia.com\/fr\/events\/"},{"@type":"ListItem","position":3,"name":"Chambre 0 : Les confessions du directeur"}]},{"@type":"WebSite","@id":"https:\/\/www.coolturalia.com\/fr\/#website","url":"https:\/\/www.coolturalia.com\/fr\/","name":"Coolturalia","description":"","publisher":{"@id":"https:\/\/www.coolturalia.com\/fr\/#organization"},"potentialAction":[{"@type":"SearchAction","target":{"@type":"EntryPoint","urlTemplate":"https:\/\/www.coolturalia.com\/fr\/?s={search_term_string}"},"query-input":{"@type":"PropertyValueSpecification","valueRequired":true,"valueName":"search_term_string"}}],"inLanguage":"fr-FR"},{"@type":"Organization","@id":"https:\/\/www.coolturalia.com\/fr\/#organization","name":"Coolturalia","url":"https:\/\/www.coolturalia.com\/fr\/","logo":{"@type":"ImageObject","inLanguage":"fr-FR","@id":"https:\/\/www.coolturalia.com\/fr\/#\/schema\/logo\/image\/","url":"https:\/\/www.coolturalia.com\/wp-content\/uploads\/2024\/04\/Logo-coolturalia.svg","contentUrl":"https:\/\/www.coolturalia.com\/wp-content\/uploads\/2024\/04\/Logo-coolturalia.svg","width":1312,"height":193,"caption":"Coolturalia"},"image":{"@id":"https:\/\/www.coolturalia.com\/fr\/#\/schema\/logo\/image\/"},"sameAs":["https:\/\/www.instagram.com\/coolturalia_geneva\/"]}]}</script>
<!-- / Yoast SEO plugin. -->

Spectacle d&rsquo;improvisation spirite qui se déploie comme une confession interdite. Dans une pièce nue éclairée d&rsquo;une lumière blafarde, un ancien directeur d&rsquo;asile fait face à la caméra et parle d&rsquo;une voix à la fois calme et troublante. Mémoire, culpabilité et hallucination s&rsquo;entrelacent tandis que des fragments d&rsquo;une histoire institutionnelle — dossiers effacés, patients abandonnés — [&hellip;]
