{"id":186885,"date":"2026-04-09T08:48:02","date_gmt":"2026-04-09T07:48:02","guid":{"rendered":"https:\/\/www.coolturalia.com\/event\/apiculture-proche-de-la-nature-perspectives-europeennes-et-africaines\/"},"modified":"2026-04-09T08:48:02","modified_gmt":"2026-04-09T07:48:02","slug":"apiculture-proche-de-la-nature-perspectives-europeennes-et-africaines","status":"publish","type":"event","link":"https:\/\/www.coolturalia.com\/fr\/event\/apiculture-proche-de-la-nature-perspectives-europeennes-et-africaines\/","title":{"rendered":"Apiculture proche de la nature, perspectives europ\u00e9ennes et africaines"},"content":{"rendered":"<p>Roger Z\u00fcrcher, apiculteur et ancien directeur de projets chez FH Suisse, et le Dr Kiatoko Nkoba de l&rsquo;ICIPE apportent une expertise de terrain en apiculture et \u00e9cologie des insectes en Europe et en Afrique de l&rsquo;Est.<\/p>\n<p>La table ronde examine l&rsquo;apiculture proche de la nature et la m\u00e9liponiculture, montrant comment les abeilles sans dard pollinisent des plantes sp\u00e9cifiques, favorisent la biodiversit\u00e9 et produisent un miel th\u00e9rapeutique rare. Les \u00e9changes portent sur des pratiques agro\u00e9cologiques au Sud-Kivu qui int\u00e8grent conservation foresti\u00e8re et agriculture durable au b\u00e9n\u00e9fice des communaut\u00e9s.<\/p>\n","protected":false},"excerpt":{"rendered":"<p>Roger Z\u00fcrcher, apiculteur et ancien directeur de projets chez FH Suisse, et le Dr Kiatoko Nkoba de l&rsquo;ICIPE apportent une expertise de terrain en apiculture et \u00e9cologie des insectes en Europe et en Afrique de l&rsquo;Est. La table ronde examine l&rsquo;apiculture proche de la nature et la m\u00e9liponiculture, montrant comment les abeilles sans dard pollinisent [&hellip;]<\/p>\n","protected":false},"featured_media":186883,"parent":0,"menu_order":0,"template":"","format":"standard","meta":{"_acf_changed":false,"footnotes":""},"tags":[],"event-category":[448],"event-venue":[600],"class_list":["post-186885","event","type-event","status-publish","format-standard","has-post-thumbnail","hentry","event-category-conferences","event-venue-conservatoire-et-jardin-botaniques-fr"],"acf":{"price":"Gratuit, sur r\u00e9servation","date":"Mercredi 6 mai, 15:30","start_date":"2026-05-06 17:30:00","end_date":"2026-05-06 19:00:00","website_link":"https:\/\/www.jardinbotaniquegeneve.ch\/au-jardin\/decouvrir%23programme-dactivits\/apiculture-proche-nature-perspectives-europeennes-africaines\/94942261","link_buy_tickets":"","highlighted":false,"photo_credit":"FH Suisse","timings":[{"timing_start_date":"2026-05-06 17:30:00","timing_end_date":"2026-05-06 19:00:00"}],"external_id":"94942261"},"yoast_head":"<!-- This site is optimized with the Yoast SEO plugin v27.5 - https:\/\/yoast.com\/product\/yoast-seo-wordpress\/ -->\n<title>Apiculture proche de la nature, perspectives europ\u00e9ennes et africaines - Coolturalia<\/title>\n<meta name=\"robots\" content=\"index, follow, max-snippet:-1, max-image-preview:large, max-video-preview:-1\" \/>\n<link rel=\"canonical\" href=\"https:\/\/www.coolturalia.com\/fr\/event\/apiculture-proche-de-la-nature-perspectives-europeennes-et-africaines\/\" \/>\n<meta property=\"og:locale\" content=\"fr_FR\" \/>\n<meta property=\"og:type\" content=\"article\" \/>\n<meta property=\"og:title\" content=\"Apiculture proche de la nature, perspectives europ\u00e9ennes et africaines - Coolturalia\" \/>\n<meta property=\"og:description\" content=\"Roger Z\u00fcrcher, apiculteur et ancien directeur de projets chez FH Suisse, et le Dr Kiatoko Nkoba de l&rsquo;ICIPE apportent une expertise de terrain en apiculture et \u00e9cologie des insectes en Europe et en Afrique de l&rsquo;Est. La table ronde examine l&rsquo;apiculture proche de la nature et la m\u00e9liponiculture, montrant comment les abeilles sans dard pollinisent [&hellip;]\" \/>\n<meta property=\"og:url\" content=\"https:\/\/www.coolturalia.com\/fr\/event\/apiculture-proche-de-la-nature-perspectives-europeennes-et-africaines\/\" \/>\n<meta property=\"og:site_name\" content=\"Coolturalia\" \/>\n<meta property=\"og:image\" content=\"https:\/\/www.coolturalia.com\/wp-content\/uploads\/2024\/04\/favicon-coolturalia-2.png\" \/>\n\t<meta property=\"og:image:width\" content=\"150\" \/>\n\t<meta property=\"og:image:height\" content=\"150\" \/>\n\t<meta property=\"og:image:type\" content=\"image\/png\" \/>\n<meta name=\"twitter:card\" content=\"summary_large_image\" \/>\n<script type=\"application\/ld+json\" class=\"yoast-schema-graph\">{\"@context\":\"https:\\\/\\\/schema.org\",\"@graph\":[{\"@type\":\"WebPage\",\"@id\":\"https:\\\/\\\/www.coolturalia.com\\\/fr\\\/event\\\/apiculture-proche-de-la-nature-perspectives-europeennes-et-africaines\\\/\",\"url\":\"https:\\\/\\\/www.coolturalia.com\\\/fr\\\/event\\\/apiculture-proche-de-la-nature-perspectives-europeennes-et-africaines\\\/\",\"name\":\"Apiculture proche de la nature, perspectives europ\u00e9ennes et africaines - Coolturalia\",\"isPartOf\":{\"@id\":\"https:\\\/\\\/www.coolturalia.com\\\/fr\\\/#website\"},\"primaryImageOfPage\":{\"@id\":\"https:\\\/\\\/www.coolturalia.com\\\/fr\\\/event\\\/apiculture-proche-de-la-nature-perspectives-europeennes-et-africaines\\\/#primaryimage\"},\"image\":{\"@id\":\"https:\\\/\\\/www.coolturalia.com\\\/fr\\\/event\\\/apiculture-proche-de-la-nature-perspectives-europeennes-et-africaines\\\/#primaryimage\"},\"thumbnailUrl\":\"https:\\\/\\\/www.coolturalia.com\\\/wp-content\\\/uploads\\\/2026\\\/04\\\/Nature-friendly-beekeeping-European-and-African-perspectives.webp\",\"datePublished\":\"2026-04-09T07:48:02+00:00\",\"breadcrumb\":{\"@id\":\"https:\\\/\\\/www.coolturalia.com\\\/fr\\\/event\\\/apiculture-proche-de-la-nature-perspectives-europeennes-et-africaines\\\/#breadcrumb\"},\"inLanguage\":\"fr-FR\",\"potentialAction\":[{\"@type\":\"ReadAction\",\"target\":[\"https:\\\/\\\/www.coolturalia.com\\\/fr\\\/event\\\/apiculture-proche-de-la-nature-perspectives-europeennes-et-africaines\\\/\"]}]},{\"@type\":\"ImageObject\",\"inLanguage\":\"fr-FR\",\"@id\":\"https:\\\/\\\/www.coolturalia.com\\\/fr\\\/event\\\/apiculture-proche-de-la-nature-perspectives-europeennes-et-africaines\\\/#primaryimage\",\"url\":\"https:\\\/\\\/www.coolturalia.com\\\/wp-content\\\/uploads\\\/2026\\\/04\\\/Nature-friendly-beekeeping-European-and-African-perspectives.webp\",\"contentUrl\":\"https:\\\/\\\/www.coolturalia.com\\\/wp-content\\\/uploads\\\/2026\\\/04\\\/Nature-friendly-beekeeping-European-and-African-perspectives.webp\",\"width\":700,\"height\":467,\"caption\":\"undefined\"},{\"@type\":\"BreadcrumbList\",\"@id\":\"https:\\\/\\\/www.coolturalia.com\\\/fr\\\/event\\\/apiculture-proche-de-la-nature-perspectives-europeennes-et-africaines\\\/#breadcrumb\",\"itemListElement\":[{\"@type\":\"ListItem\",\"position\":1,\"name\":\"Home\",\"item\":\"https:\\\/\\\/www.coolturalia.com\\\/fr\\\/\"},{\"@type\":\"ListItem\",\"position\":2,\"name\":\"Events\",\"item\":\"https:\\\/\\\/www.coolturalia.com\\\/fr\\\/events\\\/\"},{\"@type\":\"ListItem\",\"position\":3,\"name\":\"Apiculture proche de la nature, perspectives europ\u00e9ennes et africaines\"}]},{\"@type\":\"WebSite\",\"@id\":\"https:\\\/\\\/www.coolturalia.com\\\/fr\\\/#website\",\"url\":\"https:\\\/\\\/www.coolturalia.com\\\/fr\\\/\",\"name\":\"Coolturalia\",\"description\":\"\",\"publisher\":{\"@id\":\"https:\\\/\\\/www.coolturalia.com\\\/fr\\\/#organization\"},\"potentialAction\":[{\"@type\":\"SearchAction\",\"target\":{\"@type\":\"EntryPoint\",\"urlTemplate\":\"https:\\\/\\\/www.coolturalia.com\\\/fr\\\/?s={search_term_string}\"},\"query-input\":{\"@type\":\"PropertyValueSpecification\",\"valueRequired\":true,\"valueName\":\"search_term_string\"}}],\"inLanguage\":\"fr-FR\"},{\"@type\":\"Organization\",\"@id\":\"https:\\\/\\\/www.coolturalia.com\\\/fr\\\/#organization\",\"name\":\"Coolturalia\",\"url\":\"https:\\\/\\\/www.coolturalia.com\\\/fr\\\/\",\"logo\":{\"@type\":\"ImageObject\",\"inLanguage\":\"fr-FR\",\"@id\":\"https:\\\/\\\/www.coolturalia.com\\\/fr\\\/#\\\/schema\\\/logo\\\/image\\\/\",\"url\":\"https:\\\/\\\/www.coolturalia.com\\\/wp-content\\\/uploads\\\/2024\\\/04\\\/Logo-coolturalia.svg\",\"contentUrl\":\"https:\\\/\\\/www.coolturalia.com\\\/wp-content\\\/uploads\\\/2024\\\/04\\\/Logo-coolturalia.svg\",\"width\":1312,\"height\":193,\"caption\":\"Coolturalia\"},\"image\":{\"@id\":\"https:\\\/\\\/www.coolturalia.com\\\/fr\\\/#\\\/schema\\\/logo\\\/image\\\/\"},\"sameAs\":[\"https:\\\/\\\/www.instagram.com\\\/coolturalia_geneva\\\/\"]}]}<\/script>\n<!-- \/ Yoast SEO plugin. -->","yoast_head_json":{"title":"Apiculture proche de la nature, perspectives europ\u00e9ennes et africaines - Coolturalia","robots":{"index":"index","follow":"follow","max-snippet":"max-snippet:-1","max-image-preview":"max-image-preview:large","max-video-preview":"max-video-preview:-1"},"canonical":"https:\/\/www.coolturalia.com\/fr\/event\/apiculture-proche-de-la-nature-perspectives-europeennes-et-africaines\/","og_locale":"fr_FR","og_type":"article","og_title":"Apiculture proche de la nature, perspectives europ\u00e9ennes et africaines - Coolturalia","og_description":"Roger Z\u00fcrcher, apiculteur et ancien directeur de projets chez FH Suisse, et le Dr Kiatoko Nkoba de l&rsquo;ICIPE apportent une expertise de terrain en apiculture et \u00e9cologie des insectes en Europe et en Afrique de l&rsquo;Est. La table ronde examine l&rsquo;apiculture proche de la nature et la m\u00e9liponiculture, montrant comment les abeilles sans dard pollinisent [&hellip;]","og_url":"https:\/\/www.coolturalia.com\/fr\/event\/apiculture-proche-de-la-nature-perspectives-europeennes-et-africaines\/","og_site_name":"Coolturalia","og_image":[{"width":150,"height":150,"url":"https:\/\/www.coolturalia.com\/wp-content\/uploads\/2024\/04\/favicon-coolturalia-2.png","type":"image\/png"}],"twitter_card":"summary_large_image","schema":{"@context":"https:\/\/schema.org","@graph":[{"@type":"WebPage","@id":"https:\/\/www.coolturalia.com\/fr\/event\/apiculture-proche-de-la-nature-perspectives-europeennes-et-africaines\/","url":"https:\/\/www.coolturalia.com\/fr\/event\/apiculture-proche-de-la-nature-perspectives-europeennes-et-africaines\/","name":"Apiculture proche de la nature, perspectives europ\u00e9ennes et africaines - Coolturalia","isPartOf":{"@id":"https:\/\/www.coolturalia.com\/fr\/#website"},"primaryImageOfPage":{"@id":"https:\/\/www.coolturalia.com\/fr\/event\/apiculture-proche-de-la-nature-perspectives-europeennes-et-africaines\/#primaryimage"},"image":{"@id":"https:\/\/www.coolturalia.com\/fr\/event\/apiculture-proche-de-la-nature-perspectives-europeennes-et-africaines\/#primaryimage"},"thumbnailUrl":"https:\/\/www.coolturalia.com\/wp-content\/uploads\/2026\/04\/Nature-friendly-beekeeping-European-and-African-perspectives.webp","datePublished":"2026-04-09T07:48:02+00:00","breadcrumb":{"@id":"https:\/\/www.coolturalia.com\/fr\/event\/apiculture-proche-de-la-nature-perspectives-europeennes-et-africaines\/#breadcrumb"},"inLanguage":"fr-FR","potentialAction":[{"@type":"ReadAction","target":["https:\/\/www.coolturalia.com\/fr\/event\/apiculture-proche-de-la-nature-perspectives-europeennes-et-africaines\/"]}]},{"@type":"ImageObject","inLanguage":"fr-FR","@id":"https:\/\/www.coolturalia.com\/fr\/event\/apiculture-proche-de-la-nature-perspectives-europeennes-et-africaines\/#primaryimage","url":"https:\/\/www.coolturalia.com\/wp-content\/uploads\/2026\/04\/Nature-friendly-beekeeping-European-and-African-perspectives.webp","contentUrl":"https:\/\/www.coolturalia.com\/wp-content\/uploads\/2026\/04\/Nature-friendly-beekeeping-European-and-African-perspectives.webp","width":700,"height":467,"caption":"undefined"},{"@type":"BreadcrumbList","@id":"https:\/\/www.coolturalia.com\/fr\/event\/apiculture-proche-de-la-nature-perspectives-europeennes-et-africaines\/#breadcrumb","itemListElement":[{"@type":"ListItem","position":1,"name":"Home","item":"https:\/\/www.coolturalia.com\/fr\/"},{"@type":"ListItem","position":2,"name":"Events","item":"https:\/\/www.coolturalia.com\/fr\/events\/"},{"@type":"ListItem","position":3,"name":"Apiculture proche de la nature, perspectives europ\u00e9ennes et africaines"}]},{"@type":"WebSite","@id":"https:\/\/www.coolturalia.com\/fr\/#website","url":"https:\/\/www.coolturalia.com\/fr\/","name":"Coolturalia","description":"","publisher":{"@id":"https:\/\/www.coolturalia.com\/fr\/#organization"},"potentialAction":[{"@type":"SearchAction","target":{"@type":"EntryPoint","urlTemplate":"https:\/\/www.coolturalia.com\/fr\/?s={search_term_string}"},"query-input":{"@type":"PropertyValueSpecification","valueRequired":true,"valueName":"search_term_string"}}],"inLanguage":"fr-FR"},{"@type":"Organization","@id":"https:\/\/www.coolturalia.com\/fr\/#organization","name":"Coolturalia","url":"https:\/\/www.coolturalia.com\/fr\/","logo":{"@type":"ImageObject","inLanguage":"fr-FR","@id":"https:\/\/www.coolturalia.com\/fr\/#\/schema\/logo\/image\/","url":"https:\/\/www.coolturalia.com\/wp-content\/uploads\/2024\/04\/Logo-coolturalia.svg","contentUrl":"https:\/\/www.coolturalia.com\/wp-content\/uploads\/2024\/04\/Logo-coolturalia.svg","width":1312,"height":193,"caption":"Coolturalia"},"image":{"@id":"https:\/\/www.coolturalia.com\/fr\/#\/schema\/logo\/image\/"},"sameAs":["https:\/\/www.instagram.com\/coolturalia_geneva\/"]}]}},"translations":{"translations":{"en":"186884","fr":"186885"},"language":{"code":"fr"},"date":{"dateRange":"Mercredi 6 mai, 15:30"}},"language":{"code":"fr"},"_links":{"self":[{"href":"https:\/\/www.coolturalia.com\/fr\/wp-json\/wp\/v2\/event\/186885","targetHints":{"allow":["GET"]}}],"collection":[{"href":"https:\/\/www.coolturalia.com\/fr\/wp-json\/wp\/v2\/event"}],"about":[{"href":"https:\/\/www.coolturalia.com\/fr\/wp-json\/wp\/v2\/types\/event"}],"version-history":[{"count":0,"href":"https:\/\/www.coolturalia.com\/fr\/wp-json\/wp\/v2\/event\/186885\/revisions"}],"wp:featuredmedia":[{"embeddable":true,"href":"https:\/\/www.coolturalia.com\/fr\/wp-json\/wp\/v2\/media\/186883"}],"wp:attachment":[{"href":"https:\/\/www.coolturalia.com\/fr\/wp-json\/wp\/v2\/media?parent=186885"}],"wp:term":[{"taxonomy":"post_tag","embeddable":true,"href":"https:\/\/www.coolturalia.com\/fr\/wp-json\/wp\/v2\/tags?post=186885"},{"taxonomy":"event-category","embeddable":true,"href":"https:\/\/www.coolturalia.com\/fr\/wp-json\/wp\/v2\/event-category?post=186885"},{"taxonomy":"event-venue","embeddable":true,"href":"https:\/\/www.coolturalia.com\/fr\/wp-json\/wp\/v2\/event-venue?post=186885"}],"curies":[{"name":"wp","href":"https:\/\/api.w.org\/{rel}","templated":true}]}}

Apiculture proche de la nature, perspectives européennes et africaines

<p>Roger Zürcher, apiculteur et ancien directeur de projets chez FH Suisse, et le Dr Kiatoko Nkoba de l&rsquo;ICIPE apportent une expertise de terrain en apiculture et écologie des insectes en Europe et en Afrique de l&rsquo;Est.</p>
<p>La table ronde examine l&rsquo;apiculture proche de la nature et la méliponiculture, montrant comment les abeilles sans dard pollinisent des plantes spécifiques, favorisent la biodiversité et produisent un miel thérapeutique rare. Les échanges portent sur des pratiques agroécologiques au Sud-Kivu qui intègrent conservation forestière et agriculture durable au bénéfice des communautés.</p>

<p>Roger Zürcher, apiculteur et ancien directeur de projets chez FH Suisse, et le Dr Kiatoko Nkoba de l&rsquo;ICIPE apportent une expertise de terrain en apiculture et écologie des insectes en Europe et en Afrique de l&rsquo;Est. La table ronde examine l&rsquo;apiculture proche de la nature et la méliponiculture, montrant comment les abeilles sans dard pollinisent [&hellip;]</p>

Gratuit, sur réservation

<!-- This site is optimized with the Yoast SEO plugin v27.5 - https://yoast.com/product/yoast-seo-wordpress/ -->
<title>Apiculture proche de la nature, perspectives européennes et africaines - Coolturalia</title>
<meta name="robots" content="index, follow, max-snippet:-1, max-image-preview:large, max-video-preview:-1" />
<link rel="canonical" href="https://www.coolturalia.com/fr/event/apiculture-proche-de-la-nature-perspectives-europeennes-et-africaines/" />
<meta property="og:locale" content="fr_FR" />
<meta property="og:type" content="article" />
<meta property="og:title" content="Apiculture proche de la nature, perspectives européennes et africaines - Coolturalia" />
<meta property="og:description" content="Roger Zürcher, apiculteur et ancien directeur de projets chez FH Suisse, et le Dr Kiatoko Nkoba de l&rsquo;ICIPE apportent une expertise de terrain en apiculture et écologie des insectes en Europe et en Afrique de l&rsquo;Est. La table ronde examine l&rsquo;apiculture proche de la nature et la méliponiculture, montrant comment les abeilles sans dard pollinisent [&hellip;]" />
<meta property="og:url" content="https://www.coolturalia.com/fr/event/apiculture-proche-de-la-nature-perspectives-europeennes-et-africaines/" />
<meta property="og:site_name" content="Coolturalia" />
<meta property="og:image" content="https://www.coolturalia.com/wp-content/uploads/2024/04/favicon-coolturalia-2.png" />
	<meta property="og:image:width" content="150" />
	<meta property="og:image:height" content="150" />
	<meta property="og:image:type" content="image/png" />
<meta name="twitter:card" content="summary_large_image" />
<script type="application/ld+json" class="yoast-schema-graph">{"@context":"https:\/\/schema.org","@graph":[{"@type":"WebPage","@id":"https:\/\/www.coolturalia.com\/fr\/event\/apiculture-proche-de-la-nature-perspectives-europeennes-et-africaines\/","url":"https:\/\/www.coolturalia.com\/fr\/event\/apiculture-proche-de-la-nature-perspectives-europeennes-et-africaines\/","name":"Apiculture proche de la nature, perspectives européennes et africaines - Coolturalia","isPartOf":{"@id":"https:\/\/www.coolturalia.com\/fr\/#website"},"primaryImageOfPage":{"@id":"https:\/\/www.coolturalia.com\/fr\/event\/apiculture-proche-de-la-nature-perspectives-europeennes-et-africaines\/#primaryimage"},"image":{"@id":"https:\/\/www.coolturalia.com\/fr\/event\/apiculture-proche-de-la-nature-perspectives-europeennes-et-africaines\/#primaryimage"},"thumbnailUrl":"https:\/\/www.coolturalia.com\/wp-content\/uploads\/2026\/04\/Nature-friendly-beekeeping-European-and-African-perspectives.webp","datePublished":"2026-04-09T07:48:02+00:00","breadcrumb":{"@id":"https:\/\/www.coolturalia.com\/fr\/event\/apiculture-proche-de-la-nature-perspectives-europeennes-et-africaines\/#breadcrumb"},"inLanguage":"fr-FR","potentialAction":[{"@type":"ReadAction","target":["https:\/\/www.coolturalia.com\/fr\/event\/apiculture-proche-de-la-nature-perspectives-europeennes-et-africaines\/"]}]},{"@type":"ImageObject","inLanguage":"fr-FR","@id":"https:\/\/www.coolturalia.com\/fr\/event\/apiculture-proche-de-la-nature-perspectives-europeennes-et-africaines\/#primaryimage","url":"https:\/\/www.coolturalia.com\/wp-content\/uploads\/2026\/04\/Nature-friendly-beekeeping-European-and-African-perspectives.webp","contentUrl":"https:\/\/www.coolturalia.com\/wp-content\/uploads\/2026\/04\/Nature-friendly-beekeeping-European-and-African-perspectives.webp","width":700,"height":467,"caption":"undefined"},{"@type":"BreadcrumbList","@id":"https:\/\/www.coolturalia.com\/fr\/event\/apiculture-proche-de-la-nature-perspectives-europeennes-et-africaines\/#breadcrumb","itemListElement":[{"@type":"ListItem","position":1,"name":"Home","item":"https:\/\/www.coolturalia.com\/fr\/"},{"@type":"ListItem","position":2,"name":"Events","item":"https:\/\/www.coolturalia.com\/fr\/events\/"},{"@type":"ListItem","position":3,"name":"Apiculture proche de la nature, perspectives européennes et africaines"}]},{"@type":"WebSite","@id":"https:\/\/www.coolturalia.com\/fr\/#website","url":"https:\/\/www.coolturalia.com\/fr\/","name":"Coolturalia","description":"","publisher":{"@id":"https:\/\/www.coolturalia.com\/fr\/#organization"},"potentialAction":[{"@type":"SearchAction","target":{"@type":"EntryPoint","urlTemplate":"https:\/\/www.coolturalia.com\/fr\/?s={search_term_string}"},"query-input":{"@type":"PropertyValueSpecification","valueRequired":true,"valueName":"search_term_string"}}],"inLanguage":"fr-FR"},{"@type":"Organization","@id":"https:\/\/www.coolturalia.com\/fr\/#organization","name":"Coolturalia","url":"https:\/\/www.coolturalia.com\/fr\/","logo":{"@type":"ImageObject","inLanguage":"fr-FR","@id":"https:\/\/www.coolturalia.com\/fr\/#\/schema\/logo\/image\/","url":"https:\/\/www.coolturalia.com\/wp-content\/uploads\/2024\/04\/Logo-coolturalia.svg","contentUrl":"https:\/\/www.coolturalia.com\/wp-content\/uploads\/2024\/04\/Logo-coolturalia.svg","width":1312,"height":193,"caption":"Coolturalia"},"image":{"@id":"https:\/\/www.coolturalia.com\/fr\/#\/schema\/logo\/image\/"},"sameAs":["https:\/\/www.instagram.com\/coolturalia_geneva\/"]}]}</script>
<!-- / Yoast SEO plugin. -->

Apiculture proche de la nature, perspectives européennes et africaines - Coolturalia

Roger Zürcher, apiculteur et ancien directeur de projets chez FH Suisse, et le Dr Kiatoko Nkoba de l&rsquo;ICIPE apportent une expertise de terrain en apiculture et écologie des insectes en Europe et en Afrique de l&rsquo;Est. La table ronde examine l&rsquo;apiculture proche de la nature et la méliponiculture, montrant comment les abeilles sans dard pollinisent [&hellip;]
