{"id":186411,"date":"2026-03-25T10:13:04","date_gmt":"2026-03-25T09:13:04","guid":{"rendered":"https:\/\/www.coolturalia.com\/event\/les-graines-du-passe-banques-de-semences-et-changement-climatique\/"},"modified":"2026-03-25T10:13:04","modified_gmt":"2026-03-25T09:13:04","slug":"les-graines-du-passe-banques-de-semences-et-changement-climatique","status":"publish","type":"event","link":"https:\/\/www.coolturalia.com\/fr\/event\/les-graines-du-passe-banques-de-semences-et-changement-climatique\/","title":{"rendered":"Les graines du pass\u00e9 : banques de semences et changement climatique"},"content":{"rendered":"<p>Andreas Ensslin, scientifique au Jardin botanique de Gen\u00e8ve, \u00e9tudie la conservation des semences et la diversit\u00e9 g\u00e9n\u00e9tique des esp\u00e8ces menac\u00e9es face aux changements climatiques.<\/p>\n<p>Cette visite guid\u00e9e examine les d\u00e9fis auxquels sont confront\u00e9es les banques de semences lorsque le climat \u00e9volue: viabilit\u00e9, inad\u00e9quation \u00e9volutive et limites du stockage \u00e0 long terme. Ensslin aborde les cons\u00e9quences pour la restauration et les strat\u00e9gies adaptatives afin que les semences restent utilisables pour les \u00e9cosyst\u00e8mes futurs.<\/p>\n<p>D\u00e8s 12 ans<\/p>\n","protected":false},"excerpt":{"rendered":"<p>Andreas Ensslin, scientifique au Jardin botanique de Gen\u00e8ve, \u00e9tudie la conservation des semences et la diversit\u00e9 g\u00e9n\u00e9tique des esp\u00e8ces menac\u00e9es face aux changements climatiques. Cette visite guid\u00e9e examine les d\u00e9fis auxquels sont confront\u00e9es les banques de semences lorsque le climat \u00e9volue: viabilit\u00e9, inad\u00e9quation \u00e9volutive et limites du stockage \u00e0 long terme. Ensslin aborde les cons\u00e9quences [&hellip;]<\/p>\n","protected":false},"featured_media":186409,"parent":0,"menu_order":0,"template":"","format":"standard","meta":{"_acf_changed":false,"footnotes":""},"tags":[],"event-category":[448],"event-venue":[600],"class_list":["post-186411","event","type-event","status-publish","format-standard","has-post-thumbnail","hentry","event-category-conferences","event-venue-conservatoire-et-jardin-botaniques-fr"],"acf":{"price":"Gratuit, sur r\u00e9servation","date":"Mercredi 2 d\u00e9cembre, 14:00","start_date":"2026-12-02 15:00:00","end_date":"2026-12-02 16:00:00","website_link":"https:\/\/www.jardinbotaniquegeneve.ch\/au-jardin\/decouvrir%23programme-dactivits\/graines-du-passe-defis-banques-semences-face-au-changement-climatique\/68129116","link_buy_tickets":"","highlighted":false,"photo_credit":"federal.li","timings":[{"timing_start_date":"2026-12-02 15:00:00","timing_end_date":"2026-12-02 16:00:00"}],"external_id":"68129116"},"yoast_head":"<!-- This site is optimized with the Yoast SEO plugin v27.5 - https:\/\/yoast.com\/product\/yoast-seo-wordpress\/ -->\n<title>Les graines du pass\u00e9 : banques de semences et changement climatique - Coolturalia<\/title>\n<meta name=\"robots\" content=\"index, follow, max-snippet:-1, max-image-preview:large, max-video-preview:-1\" \/>\n<link rel=\"canonical\" href=\"https:\/\/www.coolturalia.com\/fr\/event\/les-graines-du-passe-banques-de-semences-et-changement-climatique\/\" \/>\n<meta property=\"og:locale\" content=\"fr_FR\" \/>\n<meta property=\"og:type\" content=\"article\" \/>\n<meta property=\"og:title\" content=\"Les graines du pass\u00e9 : banques de semences et changement climatique - Coolturalia\" \/>\n<meta property=\"og:description\" content=\"Andreas Ensslin, scientifique au Jardin botanique de Gen\u00e8ve, \u00e9tudie la conservation des semences et la diversit\u00e9 g\u00e9n\u00e9tique des esp\u00e8ces menac\u00e9es face aux changements climatiques. Cette visite guid\u00e9e examine les d\u00e9fis auxquels sont confront\u00e9es les banques de semences lorsque le climat \u00e9volue: viabilit\u00e9, inad\u00e9quation \u00e9volutive et limites du stockage \u00e0 long terme. Ensslin aborde les cons\u00e9quences [&hellip;]\" \/>\n<meta property=\"og:url\" content=\"https:\/\/www.coolturalia.com\/fr\/event\/les-graines-du-passe-banques-de-semences-et-changement-climatique\/\" \/>\n<meta property=\"og:site_name\" content=\"Coolturalia\" \/>\n<meta property=\"og:image\" content=\"https:\/\/www.coolturalia.com\/wp-content\/uploads\/2024\/04\/favicon-coolturalia-2.png\" \/>\n\t<meta property=\"og:image:width\" content=\"150\" \/>\n\t<meta property=\"og:image:height\" content=\"150\" \/>\n\t<meta property=\"og:image:type\" content=\"image\/png\" \/>\n<meta name=\"twitter:card\" content=\"summary_large_image\" \/>\n<script type=\"application\/ld+json\" class=\"yoast-schema-graph\">{\"@context\":\"https:\\\/\\\/schema.org\",\"@graph\":[{\"@type\":\"WebPage\",\"@id\":\"https:\\\/\\\/www.coolturalia.com\\\/fr\\\/event\\\/les-graines-du-passe-banques-de-semences-et-changement-climatique\\\/\",\"url\":\"https:\\\/\\\/www.coolturalia.com\\\/fr\\\/event\\\/les-graines-du-passe-banques-de-semences-et-changement-climatique\\\/\",\"name\":\"Les graines du pass\u00e9 : banques de semences et changement climatique - Coolturalia\",\"isPartOf\":{\"@id\":\"https:\\\/\\\/www.coolturalia.com\\\/fr\\\/#website\"},\"primaryImageOfPage\":{\"@id\":\"https:\\\/\\\/www.coolturalia.com\\\/fr\\\/event\\\/les-graines-du-passe-banques-de-semences-et-changement-climatique\\\/#primaryimage\"},\"image\":{\"@id\":\"https:\\\/\\\/www.coolturalia.com\\\/fr\\\/event\\\/les-graines-du-passe-banques-de-semences-et-changement-climatique\\\/#primaryimage\"},\"thumbnailUrl\":\"https:\\\/\\\/www.coolturalia.com\\\/wp-content\\\/uploads\\\/2026\\\/03\\\/Seeds-of-the-Past-Seed-Banks-and-Climate-Change.webp\",\"datePublished\":\"2026-03-25T09:13:04+00:00\",\"breadcrumb\":{\"@id\":\"https:\\\/\\\/www.coolturalia.com\\\/fr\\\/event\\\/les-graines-du-passe-banques-de-semences-et-changement-climatique\\\/#breadcrumb\"},\"inLanguage\":\"fr-FR\",\"potentialAction\":[{\"@type\":\"ReadAction\",\"target\":[\"https:\\\/\\\/www.coolturalia.com\\\/fr\\\/event\\\/les-graines-du-passe-banques-de-semences-et-changement-climatique\\\/\"]}]},{\"@type\":\"ImageObject\",\"inLanguage\":\"fr-FR\",\"@id\":\"https:\\\/\\\/www.coolturalia.com\\\/fr\\\/event\\\/les-graines-du-passe-banques-de-semences-et-changement-climatique\\\/#primaryimage\",\"url\":\"https:\\\/\\\/www.coolturalia.com\\\/wp-content\\\/uploads\\\/2026\\\/03\\\/Seeds-of-the-Past-Seed-Banks-and-Climate-Change.webp\",\"contentUrl\":\"https:\\\/\\\/www.coolturalia.com\\\/wp-content\\\/uploads\\\/2026\\\/03\\\/Seeds-of-the-Past-Seed-Banks-and-Climate-Change.webp\",\"width\":700,\"height\":933,\"caption\":\"undefined\"},{\"@type\":\"BreadcrumbList\",\"@id\":\"https:\\\/\\\/www.coolturalia.com\\\/fr\\\/event\\\/les-graines-du-passe-banques-de-semences-et-changement-climatique\\\/#breadcrumb\",\"itemListElement\":[{\"@type\":\"ListItem\",\"position\":1,\"name\":\"Home\",\"item\":\"https:\\\/\\\/www.coolturalia.com\\\/fr\\\/\"},{\"@type\":\"ListItem\",\"position\":2,\"name\":\"Events\",\"item\":\"https:\\\/\\\/www.coolturalia.com\\\/fr\\\/events\\\/\"},{\"@type\":\"ListItem\",\"position\":3,\"name\":\"Les graines du pass\u00e9 : banques de semences et changement climatique\"}]},{\"@type\":\"WebSite\",\"@id\":\"https:\\\/\\\/www.coolturalia.com\\\/fr\\\/#website\",\"url\":\"https:\\\/\\\/www.coolturalia.com\\\/fr\\\/\",\"name\":\"Coolturalia\",\"description\":\"\",\"publisher\":{\"@id\":\"https:\\\/\\\/www.coolturalia.com\\\/fr\\\/#organization\"},\"potentialAction\":[{\"@type\":\"SearchAction\",\"target\":{\"@type\":\"EntryPoint\",\"urlTemplate\":\"https:\\\/\\\/www.coolturalia.com\\\/fr\\\/?s={search_term_string}\"},\"query-input\":{\"@type\":\"PropertyValueSpecification\",\"valueRequired\":true,\"valueName\":\"search_term_string\"}}],\"inLanguage\":\"fr-FR\"},{\"@type\":\"Organization\",\"@id\":\"https:\\\/\\\/www.coolturalia.com\\\/fr\\\/#organization\",\"name\":\"Coolturalia\",\"url\":\"https:\\\/\\\/www.coolturalia.com\\\/fr\\\/\",\"logo\":{\"@type\":\"ImageObject\",\"inLanguage\":\"fr-FR\",\"@id\":\"https:\\\/\\\/www.coolturalia.com\\\/fr\\\/#\\\/schema\\\/logo\\\/image\\\/\",\"url\":\"https:\\\/\\\/www.coolturalia.com\\\/wp-content\\\/uploads\\\/2024\\\/04\\\/Logo-coolturalia.svg\",\"contentUrl\":\"https:\\\/\\\/www.coolturalia.com\\\/wp-content\\\/uploads\\\/2024\\\/04\\\/Logo-coolturalia.svg\",\"width\":1312,\"height\":193,\"caption\":\"Coolturalia\"},\"image\":{\"@id\":\"https:\\\/\\\/www.coolturalia.com\\\/fr\\\/#\\\/schema\\\/logo\\\/image\\\/\"},\"sameAs\":[\"https:\\\/\\\/www.instagram.com\\\/coolturalia_geneva\\\/\"]}]}<\/script>\n<!-- \/ Yoast SEO plugin. -->","yoast_head_json":{"title":"Les graines du pass\u00e9 : banques de semences et changement climatique - Coolturalia","robots":{"index":"index","follow":"follow","max-snippet":"max-snippet:-1","max-image-preview":"max-image-preview:large","max-video-preview":"max-video-preview:-1"},"canonical":"https:\/\/www.coolturalia.com\/fr\/event\/les-graines-du-passe-banques-de-semences-et-changement-climatique\/","og_locale":"fr_FR","og_type":"article","og_title":"Les graines du pass\u00e9 : banques de semences et changement climatique - Coolturalia","og_description":"Andreas Ensslin, scientifique au Jardin botanique de Gen\u00e8ve, \u00e9tudie la conservation des semences et la diversit\u00e9 g\u00e9n\u00e9tique des esp\u00e8ces menac\u00e9es face aux changements climatiques. Cette visite guid\u00e9e examine les d\u00e9fis auxquels sont confront\u00e9es les banques de semences lorsque le climat \u00e9volue: viabilit\u00e9, inad\u00e9quation \u00e9volutive et limites du stockage \u00e0 long terme. Ensslin aborde les cons\u00e9quences [&hellip;]","og_url":"https:\/\/www.coolturalia.com\/fr\/event\/les-graines-du-passe-banques-de-semences-et-changement-climatique\/","og_site_name":"Coolturalia","og_image":[{"width":150,"height":150,"url":"https:\/\/www.coolturalia.com\/wp-content\/uploads\/2024\/04\/favicon-coolturalia-2.png","type":"image\/png"}],"twitter_card":"summary_large_image","schema":{"@context":"https:\/\/schema.org","@graph":[{"@type":"WebPage","@id":"https:\/\/www.coolturalia.com\/fr\/event\/les-graines-du-passe-banques-de-semences-et-changement-climatique\/","url":"https:\/\/www.coolturalia.com\/fr\/event\/les-graines-du-passe-banques-de-semences-et-changement-climatique\/","name":"Les graines du pass\u00e9 : banques de semences et changement climatique - Coolturalia","isPartOf":{"@id":"https:\/\/www.coolturalia.com\/fr\/#website"},"primaryImageOfPage":{"@id":"https:\/\/www.coolturalia.com\/fr\/event\/les-graines-du-passe-banques-de-semences-et-changement-climatique\/#primaryimage"},"image":{"@id":"https:\/\/www.coolturalia.com\/fr\/event\/les-graines-du-passe-banques-de-semences-et-changement-climatique\/#primaryimage"},"thumbnailUrl":"https:\/\/www.coolturalia.com\/wp-content\/uploads\/2026\/03\/Seeds-of-the-Past-Seed-Banks-and-Climate-Change.webp","datePublished":"2026-03-25T09:13:04+00:00","breadcrumb":{"@id":"https:\/\/www.coolturalia.com\/fr\/event\/les-graines-du-passe-banques-de-semences-et-changement-climatique\/#breadcrumb"},"inLanguage":"fr-FR","potentialAction":[{"@type":"ReadAction","target":["https:\/\/www.coolturalia.com\/fr\/event\/les-graines-du-passe-banques-de-semences-et-changement-climatique\/"]}]},{"@type":"ImageObject","inLanguage":"fr-FR","@id":"https:\/\/www.coolturalia.com\/fr\/event\/les-graines-du-passe-banques-de-semences-et-changement-climatique\/#primaryimage","url":"https:\/\/www.coolturalia.com\/wp-content\/uploads\/2026\/03\/Seeds-of-the-Past-Seed-Banks-and-Climate-Change.webp","contentUrl":"https:\/\/www.coolturalia.com\/wp-content\/uploads\/2026\/03\/Seeds-of-the-Past-Seed-Banks-and-Climate-Change.webp","width":700,"height":933,"caption":"undefined"},{"@type":"BreadcrumbList","@id":"https:\/\/www.coolturalia.com\/fr\/event\/les-graines-du-passe-banques-de-semences-et-changement-climatique\/#breadcrumb","itemListElement":[{"@type":"ListItem","position":1,"name":"Home","item":"https:\/\/www.coolturalia.com\/fr\/"},{"@type":"ListItem","position":2,"name":"Events","item":"https:\/\/www.coolturalia.com\/fr\/events\/"},{"@type":"ListItem","position":3,"name":"Les graines du pass\u00e9 : banques de semences et changement climatique"}]},{"@type":"WebSite","@id":"https:\/\/www.coolturalia.com\/fr\/#website","url":"https:\/\/www.coolturalia.com\/fr\/","name":"Coolturalia","description":"","publisher":{"@id":"https:\/\/www.coolturalia.com\/fr\/#organization"},"potentialAction":[{"@type":"SearchAction","target":{"@type":"EntryPoint","urlTemplate":"https:\/\/www.coolturalia.com\/fr\/?s={search_term_string}"},"query-input":{"@type":"PropertyValueSpecification","valueRequired":true,"valueName":"search_term_string"}}],"inLanguage":"fr-FR"},{"@type":"Organization","@id":"https:\/\/www.coolturalia.com\/fr\/#organization","name":"Coolturalia","url":"https:\/\/www.coolturalia.com\/fr\/","logo":{"@type":"ImageObject","inLanguage":"fr-FR","@id":"https:\/\/www.coolturalia.com\/fr\/#\/schema\/logo\/image\/","url":"https:\/\/www.coolturalia.com\/wp-content\/uploads\/2024\/04\/Logo-coolturalia.svg","contentUrl":"https:\/\/www.coolturalia.com\/wp-content\/uploads\/2024\/04\/Logo-coolturalia.svg","width":1312,"height":193,"caption":"Coolturalia"},"image":{"@id":"https:\/\/www.coolturalia.com\/fr\/#\/schema\/logo\/image\/"},"sameAs":["https:\/\/www.instagram.com\/coolturalia_geneva\/"]}]}},"translations":{"translations":{"en":"186410","fr":"186411"},"language":{"code":"fr"},"date":{"dateRange":"Mercredi 2 d\u00e9cembre, 14:00"}},"language":{"code":"fr"},"_links":{"self":[{"href":"https:\/\/www.coolturalia.com\/fr\/wp-json\/wp\/v2\/event\/186411","targetHints":{"allow":["GET"]}}],"collection":[{"href":"https:\/\/www.coolturalia.com\/fr\/wp-json\/wp\/v2\/event"}],"about":[{"href":"https:\/\/www.coolturalia.com\/fr\/wp-json\/wp\/v2\/types\/event"}],"version-history":[{"count":0,"href":"https:\/\/www.coolturalia.com\/fr\/wp-json\/wp\/v2\/event\/186411\/revisions"}],"wp:featuredmedia":[{"embeddable":true,"href":"https:\/\/www.coolturalia.com\/fr\/wp-json\/wp\/v2\/media\/186409"}],"wp:attachment":[{"href":"https:\/\/www.coolturalia.com\/fr\/wp-json\/wp\/v2\/media?parent=186411"}],"wp:term":[{"taxonomy":"post_tag","embeddable":true,"href":"https:\/\/www.coolturalia.com\/fr\/wp-json\/wp\/v2\/tags?post=186411"},{"taxonomy":"event-category","embeddable":true,"href":"https:\/\/www.coolturalia.com\/fr\/wp-json\/wp\/v2\/event-category?post=186411"},{"taxonomy":"event-venue","embeddable":true,"href":"https:\/\/www.coolturalia.com\/fr\/wp-json\/wp\/v2\/event-venue?post=186411"}],"curies":[{"name":"wp","href":"https:\/\/api.w.org\/{rel}","templated":true}]}}

Les graines du passé : banques de semences et changement climatique

<p>Andreas Ensslin, scientifique au Jardin botanique de Genève, étudie la conservation des semences et la diversité génétique des espèces menacées face aux changements climatiques.</p>
<p>Cette visite guidée examine les défis auxquels sont confrontées les banques de semences lorsque le climat évolue: viabilité, inadéquation évolutive et limites du stockage à long terme. Ensslin aborde les conséquences pour la restauration et les stratégies adaptatives afin que les semences restent utilisables pour les écosystèmes futurs.</p>
<p>Dès 12 ans</p>

<p>Andreas Ensslin, scientifique au Jardin botanique de Genève, étudie la conservation des semences et la diversité génétique des espèces menacées face aux changements climatiques. Cette visite guidée examine les défis auxquels sont confrontées les banques de semences lorsque le climat évolue: viabilité, inadéquation évolutive et limites du stockage à long terme. Ensslin aborde les conséquences [&hellip;]</p>

Gratuit, sur réservation

Mercredi 2 décembre, 14:00

<!-- This site is optimized with the Yoast SEO plugin v27.5 - https://yoast.com/product/yoast-seo-wordpress/ -->
<title>Les graines du passé : banques de semences et changement climatique - Coolturalia</title>
<meta name="robots" content="index, follow, max-snippet:-1, max-image-preview:large, max-video-preview:-1" />
<link rel="canonical" href="https://www.coolturalia.com/fr/event/les-graines-du-passe-banques-de-semences-et-changement-climatique/" />
<meta property="og:locale" content="fr_FR" />
<meta property="og:type" content="article" />
<meta property="og:title" content="Les graines du passé : banques de semences et changement climatique - Coolturalia" />
<meta property="og:description" content="Andreas Ensslin, scientifique au Jardin botanique de Genève, étudie la conservation des semences et la diversité génétique des espèces menacées face aux changements climatiques. Cette visite guidée examine les défis auxquels sont confrontées les banques de semences lorsque le climat évolue: viabilité, inadéquation évolutive et limites du stockage à long terme. Ensslin aborde les conséquences [&hellip;]" />
<meta property="og:url" content="https://www.coolturalia.com/fr/event/les-graines-du-passe-banques-de-semences-et-changement-climatique/" />
<meta property="og:site_name" content="Coolturalia" />
<meta property="og:image" content="https://www.coolturalia.com/wp-content/uploads/2024/04/favicon-coolturalia-2.png" />
	<meta property="og:image:width" content="150" />
	<meta property="og:image:height" content="150" />
	<meta property="og:image:type" content="image/png" />
<meta name="twitter:card" content="summary_large_image" />
<script type="application/ld+json" class="yoast-schema-graph">{"@context":"https:\/\/schema.org","@graph":[{"@type":"WebPage","@id":"https:\/\/www.coolturalia.com\/fr\/event\/les-graines-du-passe-banques-de-semences-et-changement-climatique\/","url":"https:\/\/www.coolturalia.com\/fr\/event\/les-graines-du-passe-banques-de-semences-et-changement-climatique\/","name":"Les graines du passé : banques de semences et changement climatique - Coolturalia","isPartOf":{"@id":"https:\/\/www.coolturalia.com\/fr\/#website"},"primaryImageOfPage":{"@id":"https:\/\/www.coolturalia.com\/fr\/event\/les-graines-du-passe-banques-de-semences-et-changement-climatique\/#primaryimage"},"image":{"@id":"https:\/\/www.coolturalia.com\/fr\/event\/les-graines-du-passe-banques-de-semences-et-changement-climatique\/#primaryimage"},"thumbnailUrl":"https:\/\/www.coolturalia.com\/wp-content\/uploads\/2026\/03\/Seeds-of-the-Past-Seed-Banks-and-Climate-Change.webp","datePublished":"2026-03-25T09:13:04+00:00","breadcrumb":{"@id":"https:\/\/www.coolturalia.com\/fr\/event\/les-graines-du-passe-banques-de-semences-et-changement-climatique\/#breadcrumb"},"inLanguage":"fr-FR","potentialAction":[{"@type":"ReadAction","target":["https:\/\/www.coolturalia.com\/fr\/event\/les-graines-du-passe-banques-de-semences-et-changement-climatique\/"]}]},{"@type":"ImageObject","inLanguage":"fr-FR","@id":"https:\/\/www.coolturalia.com\/fr\/event\/les-graines-du-passe-banques-de-semences-et-changement-climatique\/#primaryimage","url":"https:\/\/www.coolturalia.com\/wp-content\/uploads\/2026\/03\/Seeds-of-the-Past-Seed-Banks-and-Climate-Change.webp","contentUrl":"https:\/\/www.coolturalia.com\/wp-content\/uploads\/2026\/03\/Seeds-of-the-Past-Seed-Banks-and-Climate-Change.webp","width":700,"height":933,"caption":"undefined"},{"@type":"BreadcrumbList","@id":"https:\/\/www.coolturalia.com\/fr\/event\/les-graines-du-passe-banques-de-semences-et-changement-climatique\/#breadcrumb","itemListElement":[{"@type":"ListItem","position":1,"name":"Home","item":"https:\/\/www.coolturalia.com\/fr\/"},{"@type":"ListItem","position":2,"name":"Events","item":"https:\/\/www.coolturalia.com\/fr\/events\/"},{"@type":"ListItem","position":3,"name":"Les graines du passé : banques de semences et changement climatique"}]},{"@type":"WebSite","@id":"https:\/\/www.coolturalia.com\/fr\/#website","url":"https:\/\/www.coolturalia.com\/fr\/","name":"Coolturalia","description":"","publisher":{"@id":"https:\/\/www.coolturalia.com\/fr\/#organization"},"potentialAction":[{"@type":"SearchAction","target":{"@type":"EntryPoint","urlTemplate":"https:\/\/www.coolturalia.com\/fr\/?s={search_term_string}"},"query-input":{"@type":"PropertyValueSpecification","valueRequired":true,"valueName":"search_term_string"}}],"inLanguage":"fr-FR"},{"@type":"Organization","@id":"https:\/\/www.coolturalia.com\/fr\/#organization","name":"Coolturalia","url":"https:\/\/www.coolturalia.com\/fr\/","logo":{"@type":"ImageObject","inLanguage":"fr-FR","@id":"https:\/\/www.coolturalia.com\/fr\/#\/schema\/logo\/image\/","url":"https:\/\/www.coolturalia.com\/wp-content\/uploads\/2024\/04\/Logo-coolturalia.svg","contentUrl":"https:\/\/www.coolturalia.com\/wp-content\/uploads\/2024\/04\/Logo-coolturalia.svg","width":1312,"height":193,"caption":"Coolturalia"},"image":{"@id":"https:\/\/www.coolturalia.com\/fr\/#\/schema\/logo\/image\/"},"sameAs":["https:\/\/www.instagram.com\/coolturalia_geneva\/"]}]}</script>
<!-- / Yoast SEO plugin. -->

Les graines du passé : banques de semences et changement climatique - Coolturalia

Andreas Ensslin, scientifique au Jardin botanique de Genève, étudie la conservation des semences et la diversité génétique des espèces menacées face aux changements climatiques. Cette visite guidée examine les défis auxquels sont confrontées les banques de semences lorsque le climat évolue: viabilité, inadéquation évolutive et limites du stockage à long terme. Ensslin aborde les conséquences [&hellip;]
