{"id":186403,"date":"2026-03-25T10:12:27","date_gmt":"2026-03-25T09:12:27","guid":{"rendered":"https:\/\/www.coolturalia.com\/event\/larbre-de-sobo-son-et-histoire\/"},"modified":"2026-03-25T10:12:27","modified_gmt":"2026-03-25T09:12:27","slug":"larbre-de-sobo-son-et-histoire","status":"publish","type":"event","link":"https:\/\/www.coolturalia.com\/fr\/event\/larbre-de-sobo-son-et-histoire\/","title":{"rendered":"L&rsquo;arbre de Sobo : son et histoire"},"content":{"rendered":"<p>\u00c9coute Sobo raconter l&rsquo;histoire douce de son lien avec sa petite-fille Kimi. Observe un extrait de l&rsquo;exposition et d\u00e9couvre objets, sons et m\u00e9lodies de la collection. La musique s&rsquo;ins\u00e8re entre les paroles, ressens les textures et vois les couleurs qui donnent vie au r\u00e9cit. Les enfants observent, posent des questions et imaginent des sc\u00e8nes, en pr\u00eatant attention aux sons et aux gestes pour rendre l&rsquo;histoire personnelle.<\/p>\n<p><strong>Enfants d\u00e8s 0 ans.<\/strong><\/p>\n","protected":false},"excerpt":{"rendered":"<p>\u00c9coute Sobo raconter l&rsquo;histoire douce de son lien avec sa petite-fille Kimi. Observe un extrait de l&rsquo;exposition et d\u00e9couvre objets, sons et m\u00e9lodies de la collection. La musique s&rsquo;ins\u00e8re entre les paroles, ressens les textures et vois les couleurs qui donnent vie au r\u00e9cit. Les enfants observent, posent des questions et imaginent des sc\u00e8nes, en [&hellip;]<\/p>\n","protected":false},"featured_media":186401,"parent":0,"menu_order":0,"template":"","format":"standard","meta":{"_acf_changed":false,"footnotes":""},"tags":[],"event-category":[456],"event-venue":[590],"class_list":["post-186403","event","type-event","status-publish","format-standard","has-post-thumbnail","hentry","event-category-enfants","event-venue-bibliotheque-du-musee-dethnographie-de-geneve-meg-fr"],"acf":{"price":"Gratuit, sur r\u00e9servation","date":"Mercredi 21 octobre, 15:00","start_date":"2026-10-21 17:00:00","end_date":"2026-10-21 17:45:00","website_link":"https:\/\/www.meg.ch\/fr\/openagenda\/event\/8791573_objet-son-histoire-decouvre-larbre-sobo","link_buy_tickets":"","highlighted":false,"photo_credit":"\u00a9 DR","timings":[{"timing_start_date":"2026-10-21 17:00:00","timing_end_date":"2026-10-21 17:45:00"}],"external_id":"8791573"},"yoast_head":"<!-- This site is optimized with the Yoast SEO plugin v27.5 - https:\/\/yoast.com\/product\/yoast-seo-wordpress\/ -->\n<title>L&#039;arbre de Sobo : son et histoire - Coolturalia<\/title>\n<meta name=\"robots\" content=\"index, follow, max-snippet:-1, max-image-preview:large, max-video-preview:-1\" \/>\n<link rel=\"canonical\" href=\"https:\/\/www.coolturalia.com\/fr\/event\/larbre-de-sobo-son-et-histoire\/\" \/>\n<meta property=\"og:locale\" content=\"fr_FR\" \/>\n<meta property=\"og:type\" content=\"article\" \/>\n<meta property=\"og:title\" content=\"L&#039;arbre de Sobo : son et histoire - Coolturalia\" \/>\n<meta property=\"og:description\" content=\"\u00c9coute Sobo raconter l&rsquo;histoire douce de son lien avec sa petite-fille Kimi. Observe un extrait de l&rsquo;exposition et d\u00e9couvre objets, sons et m\u00e9lodies de la collection. La musique s&rsquo;ins\u00e8re entre les paroles, ressens les textures et vois les couleurs qui donnent vie au r\u00e9cit. Les enfants observent, posent des questions et imaginent des sc\u00e8nes, en [&hellip;]\" \/>\n<meta property=\"og:url\" content=\"https:\/\/www.coolturalia.com\/fr\/event\/larbre-de-sobo-son-et-histoire\/\" \/>\n<meta property=\"og:site_name\" content=\"Coolturalia\" \/>\n<meta property=\"og:image\" content=\"https:\/\/www.coolturalia.com\/wp-content\/uploads\/2024\/04\/favicon-coolturalia-2.png\" \/>\n\t<meta property=\"og:image:width\" content=\"150\" \/>\n\t<meta property=\"og:image:height\" content=\"150\" \/>\n\t<meta property=\"og:image:type\" content=\"image\/png\" \/>\n<meta name=\"twitter:card\" content=\"summary_large_image\" \/>\n<script type=\"application\/ld+json\" class=\"yoast-schema-graph\">{\"@context\":\"https:\\\/\\\/schema.org\",\"@graph\":[{\"@type\":\"WebPage\",\"@id\":\"https:\\\/\\\/www.coolturalia.com\\\/fr\\\/event\\\/larbre-de-sobo-son-et-histoire\\\/\",\"url\":\"https:\\\/\\\/www.coolturalia.com\\\/fr\\\/event\\\/larbre-de-sobo-son-et-histoire\\\/\",\"name\":\"L'arbre de Sobo : son et histoire - Coolturalia\",\"isPartOf\":{\"@id\":\"https:\\\/\\\/www.coolturalia.com\\\/fr\\\/#website\"},\"primaryImageOfPage\":{\"@id\":\"https:\\\/\\\/www.coolturalia.com\\\/fr\\\/event\\\/larbre-de-sobo-son-et-histoire\\\/#primaryimage\"},\"image\":{\"@id\":\"https:\\\/\\\/www.coolturalia.com\\\/fr\\\/event\\\/larbre-de-sobo-son-et-histoire\\\/#primaryimage\"},\"thumbnailUrl\":\"https:\\\/\\\/www.coolturalia.com\\\/wp-content\\\/uploads\\\/2026\\\/03\\\/Sobo-s-Tree-Sound-Story.webp\",\"datePublished\":\"2026-03-25T09:12:27+00:00\",\"breadcrumb\":{\"@id\":\"https:\\\/\\\/www.coolturalia.com\\\/fr\\\/event\\\/larbre-de-sobo-son-et-histoire\\\/#breadcrumb\"},\"inLanguage\":\"fr-FR\",\"potentialAction\":[{\"@type\":\"ReadAction\",\"target\":[\"https:\\\/\\\/www.coolturalia.com\\\/fr\\\/event\\\/larbre-de-sobo-son-et-histoire\\\/\"]}]},{\"@type\":\"ImageObject\",\"inLanguage\":\"fr-FR\",\"@id\":\"https:\\\/\\\/www.coolturalia.com\\\/fr\\\/event\\\/larbre-de-sobo-son-et-histoire\\\/#primaryimage\",\"url\":\"https:\\\/\\\/www.coolturalia.com\\\/wp-content\\\/uploads\\\/2026\\\/03\\\/Sobo-s-Tree-Sound-Story.webp\",\"contentUrl\":\"https:\\\/\\\/www.coolturalia.com\\\/wp-content\\\/uploads\\\/2026\\\/03\\\/Sobo-s-Tree-Sound-Story.webp\",\"width\":700,\"height\":525,\"caption\":\"undefined\"},{\"@type\":\"BreadcrumbList\",\"@id\":\"https:\\\/\\\/www.coolturalia.com\\\/fr\\\/event\\\/larbre-de-sobo-son-et-histoire\\\/#breadcrumb\",\"itemListElement\":[{\"@type\":\"ListItem\",\"position\":1,\"name\":\"Home\",\"item\":\"https:\\\/\\\/www.coolturalia.com\\\/fr\\\/\"},{\"@type\":\"ListItem\",\"position\":2,\"name\":\"Events\",\"item\":\"https:\\\/\\\/www.coolturalia.com\\\/fr\\\/events\\\/\"},{\"@type\":\"ListItem\",\"position\":3,\"name\":\"L&rsquo;arbre de Sobo : son et histoire\"}]},{\"@type\":\"WebSite\",\"@id\":\"https:\\\/\\\/www.coolturalia.com\\\/fr\\\/#website\",\"url\":\"https:\\\/\\\/www.coolturalia.com\\\/fr\\\/\",\"name\":\"Coolturalia\",\"description\":\"\",\"publisher\":{\"@id\":\"https:\\\/\\\/www.coolturalia.com\\\/fr\\\/#organization\"},\"potentialAction\":[{\"@type\":\"SearchAction\",\"target\":{\"@type\":\"EntryPoint\",\"urlTemplate\":\"https:\\\/\\\/www.coolturalia.com\\\/fr\\\/?s={search_term_string}\"},\"query-input\":{\"@type\":\"PropertyValueSpecification\",\"valueRequired\":true,\"valueName\":\"search_term_string\"}}],\"inLanguage\":\"fr-FR\"},{\"@type\":\"Organization\",\"@id\":\"https:\\\/\\\/www.coolturalia.com\\\/fr\\\/#organization\",\"name\":\"Coolturalia\",\"url\":\"https:\\\/\\\/www.coolturalia.com\\\/fr\\\/\",\"logo\":{\"@type\":\"ImageObject\",\"inLanguage\":\"fr-FR\",\"@id\":\"https:\\\/\\\/www.coolturalia.com\\\/fr\\\/#\\\/schema\\\/logo\\\/image\\\/\",\"url\":\"https:\\\/\\\/www.coolturalia.com\\\/wp-content\\\/uploads\\\/2024\\\/04\\\/Logo-coolturalia.svg\",\"contentUrl\":\"https:\\\/\\\/www.coolturalia.com\\\/wp-content\\\/uploads\\\/2024\\\/04\\\/Logo-coolturalia.svg\",\"width\":1312,\"height\":193,\"caption\":\"Coolturalia\"},\"image\":{\"@id\":\"https:\\\/\\\/www.coolturalia.com\\\/fr\\\/#\\\/schema\\\/logo\\\/image\\\/\"},\"sameAs\":[\"https:\\\/\\\/www.instagram.com\\\/coolturalia_geneva\\\/\"]}]}<\/script>\n<!-- \/ Yoast SEO plugin. -->","yoast_head_json":{"title":"L'arbre de Sobo : son et histoire - Coolturalia","robots":{"index":"index","follow":"follow","max-snippet":"max-snippet:-1","max-image-preview":"max-image-preview:large","max-video-preview":"max-video-preview:-1"},"canonical":"https:\/\/www.coolturalia.com\/fr\/event\/larbre-de-sobo-son-et-histoire\/","og_locale":"fr_FR","og_type":"article","og_title":"L'arbre de Sobo : son et histoire - Coolturalia","og_description":"\u00c9coute Sobo raconter l&rsquo;histoire douce de son lien avec sa petite-fille Kimi. Observe un extrait de l&rsquo;exposition et d\u00e9couvre objets, sons et m\u00e9lodies de la collection. La musique s&rsquo;ins\u00e8re entre les paroles, ressens les textures et vois les couleurs qui donnent vie au r\u00e9cit. Les enfants observent, posent des questions et imaginent des sc\u00e8nes, en [&hellip;]","og_url":"https:\/\/www.coolturalia.com\/fr\/event\/larbre-de-sobo-son-et-histoire\/","og_site_name":"Coolturalia","og_image":[{"width":150,"height":150,"url":"https:\/\/www.coolturalia.com\/wp-content\/uploads\/2024\/04\/favicon-coolturalia-2.png","type":"image\/png"}],"twitter_card":"summary_large_image","schema":{"@context":"https:\/\/schema.org","@graph":[{"@type":"WebPage","@id":"https:\/\/www.coolturalia.com\/fr\/event\/larbre-de-sobo-son-et-histoire\/","url":"https:\/\/www.coolturalia.com\/fr\/event\/larbre-de-sobo-son-et-histoire\/","name":"L'arbre de Sobo : son et histoire - Coolturalia","isPartOf":{"@id":"https:\/\/www.coolturalia.com\/fr\/#website"},"primaryImageOfPage":{"@id":"https:\/\/www.coolturalia.com\/fr\/event\/larbre-de-sobo-son-et-histoire\/#primaryimage"},"image":{"@id":"https:\/\/www.coolturalia.com\/fr\/event\/larbre-de-sobo-son-et-histoire\/#primaryimage"},"thumbnailUrl":"https:\/\/www.coolturalia.com\/wp-content\/uploads\/2026\/03\/Sobo-s-Tree-Sound-Story.webp","datePublished":"2026-03-25T09:12:27+00:00","breadcrumb":{"@id":"https:\/\/www.coolturalia.com\/fr\/event\/larbre-de-sobo-son-et-histoire\/#breadcrumb"},"inLanguage":"fr-FR","potentialAction":[{"@type":"ReadAction","target":["https:\/\/www.coolturalia.com\/fr\/event\/larbre-de-sobo-son-et-histoire\/"]}]},{"@type":"ImageObject","inLanguage":"fr-FR","@id":"https:\/\/www.coolturalia.com\/fr\/event\/larbre-de-sobo-son-et-histoire\/#primaryimage","url":"https:\/\/www.coolturalia.com\/wp-content\/uploads\/2026\/03\/Sobo-s-Tree-Sound-Story.webp","contentUrl":"https:\/\/www.coolturalia.com\/wp-content\/uploads\/2026\/03\/Sobo-s-Tree-Sound-Story.webp","width":700,"height":525,"caption":"undefined"},{"@type":"BreadcrumbList","@id":"https:\/\/www.coolturalia.com\/fr\/event\/larbre-de-sobo-son-et-histoire\/#breadcrumb","itemListElement":[{"@type":"ListItem","position":1,"name":"Home","item":"https:\/\/www.coolturalia.com\/fr\/"},{"@type":"ListItem","position":2,"name":"Events","item":"https:\/\/www.coolturalia.com\/fr\/events\/"},{"@type":"ListItem","position":3,"name":"L&rsquo;arbre de Sobo : son et histoire"}]},{"@type":"WebSite","@id":"https:\/\/www.coolturalia.com\/fr\/#website","url":"https:\/\/www.coolturalia.com\/fr\/","name":"Coolturalia","description":"","publisher":{"@id":"https:\/\/www.coolturalia.com\/fr\/#organization"},"potentialAction":[{"@type":"SearchAction","target":{"@type":"EntryPoint","urlTemplate":"https:\/\/www.coolturalia.com\/fr\/?s={search_term_string}"},"query-input":{"@type":"PropertyValueSpecification","valueRequired":true,"valueName":"search_term_string"}}],"inLanguage":"fr-FR"},{"@type":"Organization","@id":"https:\/\/www.coolturalia.com\/fr\/#organization","name":"Coolturalia","url":"https:\/\/www.coolturalia.com\/fr\/","logo":{"@type":"ImageObject","inLanguage":"fr-FR","@id":"https:\/\/www.coolturalia.com\/fr\/#\/schema\/logo\/image\/","url":"https:\/\/www.coolturalia.com\/wp-content\/uploads\/2024\/04\/Logo-coolturalia.svg","contentUrl":"https:\/\/www.coolturalia.com\/wp-content\/uploads\/2024\/04\/Logo-coolturalia.svg","width":1312,"height":193,"caption":"Coolturalia"},"image":{"@id":"https:\/\/www.coolturalia.com\/fr\/#\/schema\/logo\/image\/"},"sameAs":["https:\/\/www.instagram.com\/coolturalia_geneva\/"]}]}},"translations":{"translations":{"en":"186402","fr":"186403"},"language":{"code":"fr"},"date":{"dateRange":"Mercredi 21 octobre, 15:00"}},"language":{"code":"fr"},"_links":{"self":[{"href":"https:\/\/www.coolturalia.com\/fr\/wp-json\/wp\/v2\/event\/186403","targetHints":{"allow":["GET"]}}],"collection":[{"href":"https:\/\/www.coolturalia.com\/fr\/wp-json\/wp\/v2\/event"}],"about":[{"href":"https:\/\/www.coolturalia.com\/fr\/wp-json\/wp\/v2\/types\/event"}],"version-history":[{"count":0,"href":"https:\/\/www.coolturalia.com\/fr\/wp-json\/wp\/v2\/event\/186403\/revisions"}],"wp:featuredmedia":[{"embeddable":true,"href":"https:\/\/www.coolturalia.com\/fr\/wp-json\/wp\/v2\/media\/186401"}],"wp:attachment":[{"href":"https:\/\/www.coolturalia.com\/fr\/wp-json\/wp\/v2\/media?parent=186403"}],"wp:term":[{"taxonomy":"post_tag","embeddable":true,"href":"https:\/\/www.coolturalia.com\/fr\/wp-json\/wp\/v2\/tags?post=186403"},{"taxonomy":"event-category","embeddable":true,"href":"https:\/\/www.coolturalia.com\/fr\/wp-json\/wp\/v2\/event-category?post=186403"},{"taxonomy":"event-venue","embeddable":true,"href":"https:\/\/www.coolturalia.com\/fr\/wp-json\/wp\/v2\/event-venue?post=186403"}],"curies":[{"name":"wp","href":"https:\/\/api.w.org\/{rel}","templated":true}]}}

<p>Écoute Sobo raconter l&rsquo;histoire douce de son lien avec sa petite-fille Kimi. Observe un extrait de l&rsquo;exposition et découvre objets, sons et mélodies de la collection. La musique s&rsquo;insère entre les paroles, ressens les textures et vois les couleurs qui donnent vie au récit. Les enfants observent, posent des questions et imaginent des scènes, en prêtant attention aux sons et aux gestes pour rendre l&rsquo;histoire personnelle.</p>
<p><strong>Enfants dès 0 ans.</strong></p>

<p>Écoute Sobo raconter l&rsquo;histoire douce de son lien avec sa petite-fille Kimi. Observe un extrait de l&rsquo;exposition et découvre objets, sons et mélodies de la collection. La musique s&rsquo;insère entre les paroles, ressens les textures et vois les couleurs qui donnent vie au récit. Les enfants observent, posent des questions et imaginent des scènes, en [&hellip;]</p>

Gratuit, sur réservation

<!-- This site is optimized with the Yoast SEO plugin v27.5 - https://yoast.com/product/yoast-seo-wordpress/ -->
<title>L&#039;arbre de Sobo : son et histoire - Coolturalia</title>
<meta name="robots" content="index, follow, max-snippet:-1, max-image-preview:large, max-video-preview:-1" />
<link rel="canonical" href="https://www.coolturalia.com/fr/event/larbre-de-sobo-son-et-histoire/" />
<meta property="og:locale" content="fr_FR" />
<meta property="og:type" content="article" />
<meta property="og:title" content="L&#039;arbre de Sobo : son et histoire - Coolturalia" />
<meta property="og:description" content="Écoute Sobo raconter l&rsquo;histoire douce de son lien avec sa petite-fille Kimi. Observe un extrait de l&rsquo;exposition et découvre objets, sons et mélodies de la collection. La musique s&rsquo;insère entre les paroles, ressens les textures et vois les couleurs qui donnent vie au récit. Les enfants observent, posent des questions et imaginent des scènes, en [&hellip;]" />
<meta property="og:url" content="https://www.coolturalia.com/fr/event/larbre-de-sobo-son-et-histoire/" />
<meta property="og:site_name" content="Coolturalia" />
<meta property="og:image" content="https://www.coolturalia.com/wp-content/uploads/2024/04/favicon-coolturalia-2.png" />
	<meta property="og:image:width" content="150" />
	<meta property="og:image:height" content="150" />
	<meta property="og:image:type" content="image/png" />
<meta name="twitter:card" content="summary_large_image" />
<script type="application/ld+json" class="yoast-schema-graph">{"@context":"https:\/\/schema.org","@graph":[{"@type":"WebPage","@id":"https:\/\/www.coolturalia.com\/fr\/event\/larbre-de-sobo-son-et-histoire\/","url":"https:\/\/www.coolturalia.com\/fr\/event\/larbre-de-sobo-son-et-histoire\/","name":"L'arbre de Sobo : son et histoire - Coolturalia","isPartOf":{"@id":"https:\/\/www.coolturalia.com\/fr\/#website"},"primaryImageOfPage":{"@id":"https:\/\/www.coolturalia.com\/fr\/event\/larbre-de-sobo-son-et-histoire\/#primaryimage"},"image":{"@id":"https:\/\/www.coolturalia.com\/fr\/event\/larbre-de-sobo-son-et-histoire\/#primaryimage"},"thumbnailUrl":"https:\/\/www.coolturalia.com\/wp-content\/uploads\/2026\/03\/Sobo-s-Tree-Sound-Story.webp","datePublished":"2026-03-25T09:12:27+00:00","breadcrumb":{"@id":"https:\/\/www.coolturalia.com\/fr\/event\/larbre-de-sobo-son-et-histoire\/#breadcrumb"},"inLanguage":"fr-FR","potentialAction":[{"@type":"ReadAction","target":["https:\/\/www.coolturalia.com\/fr\/event\/larbre-de-sobo-son-et-histoire\/"]}]},{"@type":"ImageObject","inLanguage":"fr-FR","@id":"https:\/\/www.coolturalia.com\/fr\/event\/larbre-de-sobo-son-et-histoire\/#primaryimage","url":"https:\/\/www.coolturalia.com\/wp-content\/uploads\/2026\/03\/Sobo-s-Tree-Sound-Story.webp","contentUrl":"https:\/\/www.coolturalia.com\/wp-content\/uploads\/2026\/03\/Sobo-s-Tree-Sound-Story.webp","width":700,"height":525,"caption":"undefined"},{"@type":"BreadcrumbList","@id":"https:\/\/www.coolturalia.com\/fr\/event\/larbre-de-sobo-son-et-histoire\/#breadcrumb","itemListElement":[{"@type":"ListItem","position":1,"name":"Home","item":"https:\/\/www.coolturalia.com\/fr\/"},{"@type":"ListItem","position":2,"name":"Events","item":"https:\/\/www.coolturalia.com\/fr\/events\/"},{"@type":"ListItem","position":3,"name":"L&rsquo;arbre de Sobo : son et histoire"}]},{"@type":"WebSite","@id":"https:\/\/www.coolturalia.com\/fr\/#website","url":"https:\/\/www.coolturalia.com\/fr\/","name":"Coolturalia","description":"","publisher":{"@id":"https:\/\/www.coolturalia.com\/fr\/#organization"},"potentialAction":[{"@type":"SearchAction","target":{"@type":"EntryPoint","urlTemplate":"https:\/\/www.coolturalia.com\/fr\/?s={search_term_string}"},"query-input":{"@type":"PropertyValueSpecification","valueRequired":true,"valueName":"search_term_string"}}],"inLanguage":"fr-FR"},{"@type":"Organization","@id":"https:\/\/www.coolturalia.com\/fr\/#organization","name":"Coolturalia","url":"https:\/\/www.coolturalia.com\/fr\/","logo":{"@type":"ImageObject","inLanguage":"fr-FR","@id":"https:\/\/www.coolturalia.com\/fr\/#\/schema\/logo\/image\/","url":"https:\/\/www.coolturalia.com\/wp-content\/uploads\/2024\/04\/Logo-coolturalia.svg","contentUrl":"https:\/\/www.coolturalia.com\/wp-content\/uploads\/2024\/04\/Logo-coolturalia.svg","width":1312,"height":193,"caption":"Coolturalia"},"image":{"@id":"https:\/\/www.coolturalia.com\/fr\/#\/schema\/logo\/image\/"},"sameAs":["https:\/\/www.instagram.com\/coolturalia_geneva\/"]}]}</script>
<!-- / Yoast SEO plugin. -->

Écoute Sobo raconter l&rsquo;histoire douce de son lien avec sa petite-fille Kimi. Observe un extrait de l&rsquo;exposition et découvre objets, sons et mélodies de la collection. La musique s&rsquo;insère entre les paroles, ressens les textures et vois les couleurs qui donnent vie au récit. Les enfants observent, posent des questions et imaginent des scènes, en [&hellip;]
