{"id":186373,"date":"2026-03-25T10:10:19","date_gmt":"2026-03-25T09:10:19","guid":{"rendered":"https:\/\/www.coolturalia.com\/event\/un-objet-un-son-une-histoire-decouvre-les-voeux-de-vany\/"},"modified":"2026-03-25T10:10:19","modified_gmt":"2026-03-25T09:10:19","slug":"un-objet-un-son-une-histoire-decouvre-les-voeux-de-vany","status":"publish","type":"event","link":"https:\/\/www.coolturalia.com\/fr\/event\/un-objet-un-son-une-histoire-decouvre-les-voeux-de-vany\/","title":{"rendered":"Un objet, un son, une histoire : d\u00e9couvre les voeux de Vany"},"content":{"rendered":"<p>Participez \u00e0 une visite en famille pour rencontrer Vany, qui f\u00eate ses sept ans et a plein de v\u0153ux. D\u00e9couvrez un pan de l&rsquo;exposition temporaire en observant objets color\u00e9s, textures \u00e9tonnantes et formes surprenantes. \u00c9coutez l&rsquo;histoire de Vany et des morceaux de la collection du mus\u00e9e qui donnent vie aux sc\u00e8nes. Jouez avec les sons, imaginez des couleurs, bougez au rythme de la musique et racontez vos propres souhaits en chemin.<\/p>\n<p><strong>Enfants d\u00e8s 5 ans.<\/strong><\/p>\n","protected":false},"excerpt":{"rendered":"<p>Participez \u00e0 une visite en famille pour rencontrer Vany, qui f\u00eate ses sept ans et a plein de v\u0153ux. D\u00e9couvrez un pan de l&rsquo;exposition temporaire en observant objets color\u00e9s, textures \u00e9tonnantes et formes surprenantes. \u00c9coutez l&rsquo;histoire de Vany et des morceaux de la collection du mus\u00e9e qui donnent vie aux sc\u00e8nes. Jouez avec les sons, [&hellip;]<\/p>\n","protected":false},"featured_media":186371,"parent":0,"menu_order":0,"template":"","format":"standard","meta":{"_acf_changed":false,"footnotes":""},"tags":[],"event-category":[456],"event-venue":[590],"class_list":["post-186373","event","type-event","status-publish","format-standard","has-post-thumbnail","hentry","event-category-enfants","event-venue-bibliotheque-du-musee-dethnographie-de-geneve-meg-fr"],"acf":{"price":"Gratuit","date":"20 mai, 14 juillet, 18 novembre ","start_date":"2026-05-20 17:00:00","end_date":"2026-11-18 17:00:00","website_link":"https:\/\/www.meg.ch\/fr\/openagenda\/event\/12979660_object-sound-story-check-out-vanys-wishes","link_buy_tickets":"","highlighted":false,"photo_credit":"\u00a9 DR","timings":[{"timing_start_date":"2026-05-20 17:00:00","timing_end_date":"2026-05-20 18:00:00"},{"timing_start_date":"2026-07-14 17:00:00","timing_end_date":"2026-07-14 18:00:00"},{"timing_start_date":"2026-11-18 16:00:00","timing_end_date":"2026-11-18 17:00:00"}],"external_id":"12979660"},"yoast_head":"<!-- This site is optimized with the Yoast SEO plugin v27.5 - https:\/\/yoast.com\/product\/yoast-seo-wordpress\/ -->\n<title>Un objet, un son, une histoire : d\u00e9couvre les voeux de Vany - Coolturalia<\/title>\n<meta name=\"robots\" content=\"index, follow, max-snippet:-1, max-image-preview:large, max-video-preview:-1\" \/>\n<link rel=\"canonical\" href=\"https:\/\/www.coolturalia.com\/fr\/event\/un-objet-un-son-une-histoire-decouvre-les-voeux-de-vany\/\" \/>\n<meta property=\"og:locale\" content=\"fr_FR\" \/>\n<meta property=\"og:type\" content=\"article\" \/>\n<meta property=\"og:title\" content=\"Un objet, un son, une histoire : d\u00e9couvre les voeux de Vany - Coolturalia\" \/>\n<meta property=\"og:description\" content=\"Participez \u00e0 une visite en famille pour rencontrer Vany, qui f\u00eate ses sept ans et a plein de v\u0153ux. D\u00e9couvrez un pan de l&rsquo;exposition temporaire en observant objets color\u00e9s, textures \u00e9tonnantes et formes surprenantes. \u00c9coutez l&rsquo;histoire de Vany et des morceaux de la collection du mus\u00e9e qui donnent vie aux sc\u00e8nes. Jouez avec les sons, [&hellip;]\" \/>\n<meta property=\"og:url\" content=\"https:\/\/www.coolturalia.com\/fr\/event\/un-objet-un-son-une-histoire-decouvre-les-voeux-de-vany\/\" \/>\n<meta property=\"og:site_name\" content=\"Coolturalia\" \/>\n<meta property=\"og:image\" content=\"https:\/\/www.coolturalia.com\/wp-content\/uploads\/2024\/04\/favicon-coolturalia-2.png\" \/>\n\t<meta property=\"og:image:width\" content=\"150\" \/>\n\t<meta property=\"og:image:height\" content=\"150\" \/>\n\t<meta property=\"og:image:type\" content=\"image\/png\" \/>\n<meta name=\"twitter:card\" content=\"summary_large_image\" \/>\n<script type=\"application\/ld+json\" class=\"yoast-schema-graph\">{\"@context\":\"https:\\\/\\\/schema.org\",\"@graph\":[{\"@type\":\"WebPage\",\"@id\":\"https:\\\/\\\/www.coolturalia.com\\\/fr\\\/event\\\/un-objet-un-son-une-histoire-decouvre-les-voeux-de-vany\\\/\",\"url\":\"https:\\\/\\\/www.coolturalia.com\\\/fr\\\/event\\\/un-objet-un-son-une-histoire-decouvre-les-voeux-de-vany\\\/\",\"name\":\"Un objet, un son, une histoire : d\u00e9couvre les voeux de Vany - Coolturalia\",\"isPartOf\":{\"@id\":\"https:\\\/\\\/www.coolturalia.com\\\/fr\\\/#website\"},\"primaryImageOfPage\":{\"@id\":\"https:\\\/\\\/www.coolturalia.com\\\/fr\\\/event\\\/un-objet-un-son-une-histoire-decouvre-les-voeux-de-vany\\\/#primaryimage\"},\"image\":{\"@id\":\"https:\\\/\\\/www.coolturalia.com\\\/fr\\\/event\\\/un-objet-un-son-une-histoire-decouvre-les-voeux-de-vany\\\/#primaryimage\"},\"thumbnailUrl\":\"https:\\\/\\\/www.coolturalia.com\\\/wp-content\\\/uploads\\\/2026\\\/03\\\/An-object-a-sound-a-story-check-out-Vany-s-wishes.webp\",\"datePublished\":\"2026-03-25T09:10:19+00:00\",\"breadcrumb\":{\"@id\":\"https:\\\/\\\/www.coolturalia.com\\\/fr\\\/event\\\/un-objet-un-son-une-histoire-decouvre-les-voeux-de-vany\\\/#breadcrumb\"},\"inLanguage\":\"fr-FR\",\"potentialAction\":[{\"@type\":\"ReadAction\",\"target\":[\"https:\\\/\\\/www.coolturalia.com\\\/fr\\\/event\\\/un-objet-un-son-une-histoire-decouvre-les-voeux-de-vany\\\/\"]}]},{\"@type\":\"ImageObject\",\"inLanguage\":\"fr-FR\",\"@id\":\"https:\\\/\\\/www.coolturalia.com\\\/fr\\\/event\\\/un-objet-un-son-une-histoire-decouvre-les-voeux-de-vany\\\/#primaryimage\",\"url\":\"https:\\\/\\\/www.coolturalia.com\\\/wp-content\\\/uploads\\\/2026\\\/03\\\/An-object-a-sound-a-story-check-out-Vany-s-wishes.webp\",\"contentUrl\":\"https:\\\/\\\/www.coolturalia.com\\\/wp-content\\\/uploads\\\/2026\\\/03\\\/An-object-a-sound-a-story-check-out-Vany-s-wishes.webp\",\"width\":700,\"height\":525,\"caption\":\"undefined\"},{\"@type\":\"BreadcrumbList\",\"@id\":\"https:\\\/\\\/www.coolturalia.com\\\/fr\\\/event\\\/un-objet-un-son-une-histoire-decouvre-les-voeux-de-vany\\\/#breadcrumb\",\"itemListElement\":[{\"@type\":\"ListItem\",\"position\":1,\"name\":\"Home\",\"item\":\"https:\\\/\\\/www.coolturalia.com\\\/fr\\\/\"},{\"@type\":\"ListItem\",\"position\":2,\"name\":\"Events\",\"item\":\"https:\\\/\\\/www.coolturalia.com\\\/fr\\\/events\\\/\"},{\"@type\":\"ListItem\",\"position\":3,\"name\":\"Un objet, un son, une histoire : d\u00e9couvre les voeux de Vany\"}]},{\"@type\":\"WebSite\",\"@id\":\"https:\\\/\\\/www.coolturalia.com\\\/fr\\\/#website\",\"url\":\"https:\\\/\\\/www.coolturalia.com\\\/fr\\\/\",\"name\":\"Coolturalia\",\"description\":\"\",\"publisher\":{\"@id\":\"https:\\\/\\\/www.coolturalia.com\\\/fr\\\/#organization\"},\"potentialAction\":[{\"@type\":\"SearchAction\",\"target\":{\"@type\":\"EntryPoint\",\"urlTemplate\":\"https:\\\/\\\/www.coolturalia.com\\\/fr\\\/?s={search_term_string}\"},\"query-input\":{\"@type\":\"PropertyValueSpecification\",\"valueRequired\":true,\"valueName\":\"search_term_string\"}}],\"inLanguage\":\"fr-FR\"},{\"@type\":\"Organization\",\"@id\":\"https:\\\/\\\/www.coolturalia.com\\\/fr\\\/#organization\",\"name\":\"Coolturalia\",\"url\":\"https:\\\/\\\/www.coolturalia.com\\\/fr\\\/\",\"logo\":{\"@type\":\"ImageObject\",\"inLanguage\":\"fr-FR\",\"@id\":\"https:\\\/\\\/www.coolturalia.com\\\/fr\\\/#\\\/schema\\\/logo\\\/image\\\/\",\"url\":\"https:\\\/\\\/www.coolturalia.com\\\/wp-content\\\/uploads\\\/2024\\\/04\\\/Logo-coolturalia.svg\",\"contentUrl\":\"https:\\\/\\\/www.coolturalia.com\\\/wp-content\\\/uploads\\\/2024\\\/04\\\/Logo-coolturalia.svg\",\"width\":1312,\"height\":193,\"caption\":\"Coolturalia\"},\"image\":{\"@id\":\"https:\\\/\\\/www.coolturalia.com\\\/fr\\\/#\\\/schema\\\/logo\\\/image\\\/\"},\"sameAs\":[\"https:\\\/\\\/www.instagram.com\\\/coolturalia_geneva\\\/\"]}]}<\/script>\n<!-- \/ Yoast SEO plugin. -->","yoast_head_json":{"title":"Un objet, un son, une histoire : d\u00e9couvre les voeux de Vany - Coolturalia","robots":{"index":"index","follow":"follow","max-snippet":"max-snippet:-1","max-image-preview":"max-image-preview:large","max-video-preview":"max-video-preview:-1"},"canonical":"https:\/\/www.coolturalia.com\/fr\/event\/un-objet-un-son-une-histoire-decouvre-les-voeux-de-vany\/","og_locale":"fr_FR","og_type":"article","og_title":"Un objet, un son, une histoire : d\u00e9couvre les voeux de Vany - Coolturalia","og_description":"Participez \u00e0 une visite en famille pour rencontrer Vany, qui f\u00eate ses sept ans et a plein de v\u0153ux. D\u00e9couvrez un pan de l&rsquo;exposition temporaire en observant objets color\u00e9s, textures \u00e9tonnantes et formes surprenantes. \u00c9coutez l&rsquo;histoire de Vany et des morceaux de la collection du mus\u00e9e qui donnent vie aux sc\u00e8nes. Jouez avec les sons, [&hellip;]","og_url":"https:\/\/www.coolturalia.com\/fr\/event\/un-objet-un-son-une-histoire-decouvre-les-voeux-de-vany\/","og_site_name":"Coolturalia","og_image":[{"width":150,"height":150,"url":"https:\/\/www.coolturalia.com\/wp-content\/uploads\/2024\/04\/favicon-coolturalia-2.png","type":"image\/png"}],"twitter_card":"summary_large_image","schema":{"@context":"https:\/\/schema.org","@graph":[{"@type":"WebPage","@id":"https:\/\/www.coolturalia.com\/fr\/event\/un-objet-un-son-une-histoire-decouvre-les-voeux-de-vany\/","url":"https:\/\/www.coolturalia.com\/fr\/event\/un-objet-un-son-une-histoire-decouvre-les-voeux-de-vany\/","name":"Un objet, un son, une histoire : d\u00e9couvre les voeux de Vany - Coolturalia","isPartOf":{"@id":"https:\/\/www.coolturalia.com\/fr\/#website"},"primaryImageOfPage":{"@id":"https:\/\/www.coolturalia.com\/fr\/event\/un-objet-un-son-une-histoire-decouvre-les-voeux-de-vany\/#primaryimage"},"image":{"@id":"https:\/\/www.coolturalia.com\/fr\/event\/un-objet-un-son-une-histoire-decouvre-les-voeux-de-vany\/#primaryimage"},"thumbnailUrl":"https:\/\/www.coolturalia.com\/wp-content\/uploads\/2026\/03\/An-object-a-sound-a-story-check-out-Vany-s-wishes.webp","datePublished":"2026-03-25T09:10:19+00:00","breadcrumb":{"@id":"https:\/\/www.coolturalia.com\/fr\/event\/un-objet-un-son-une-histoire-decouvre-les-voeux-de-vany\/#breadcrumb"},"inLanguage":"fr-FR","potentialAction":[{"@type":"ReadAction","target":["https:\/\/www.coolturalia.com\/fr\/event\/un-objet-un-son-une-histoire-decouvre-les-voeux-de-vany\/"]}]},{"@type":"ImageObject","inLanguage":"fr-FR","@id":"https:\/\/www.coolturalia.com\/fr\/event\/un-objet-un-son-une-histoire-decouvre-les-voeux-de-vany\/#primaryimage","url":"https:\/\/www.coolturalia.com\/wp-content\/uploads\/2026\/03\/An-object-a-sound-a-story-check-out-Vany-s-wishes.webp","contentUrl":"https:\/\/www.coolturalia.com\/wp-content\/uploads\/2026\/03\/An-object-a-sound-a-story-check-out-Vany-s-wishes.webp","width":700,"height":525,"caption":"undefined"},{"@type":"BreadcrumbList","@id":"https:\/\/www.coolturalia.com\/fr\/event\/un-objet-un-son-une-histoire-decouvre-les-voeux-de-vany\/#breadcrumb","itemListElement":[{"@type":"ListItem","position":1,"name":"Home","item":"https:\/\/www.coolturalia.com\/fr\/"},{"@type":"ListItem","position":2,"name":"Events","item":"https:\/\/www.coolturalia.com\/fr\/events\/"},{"@type":"ListItem","position":3,"name":"Un objet, un son, une histoire : d\u00e9couvre les voeux de Vany"}]},{"@type":"WebSite","@id":"https:\/\/www.coolturalia.com\/fr\/#website","url":"https:\/\/www.coolturalia.com\/fr\/","name":"Coolturalia","description":"","publisher":{"@id":"https:\/\/www.coolturalia.com\/fr\/#organization"},"potentialAction":[{"@type":"SearchAction","target":{"@type":"EntryPoint","urlTemplate":"https:\/\/www.coolturalia.com\/fr\/?s={search_term_string}"},"query-input":{"@type":"PropertyValueSpecification","valueRequired":true,"valueName":"search_term_string"}}],"inLanguage":"fr-FR"},{"@type":"Organization","@id":"https:\/\/www.coolturalia.com\/fr\/#organization","name":"Coolturalia","url":"https:\/\/www.coolturalia.com\/fr\/","logo":{"@type":"ImageObject","inLanguage":"fr-FR","@id":"https:\/\/www.coolturalia.com\/fr\/#\/schema\/logo\/image\/","url":"https:\/\/www.coolturalia.com\/wp-content\/uploads\/2024\/04\/Logo-coolturalia.svg","contentUrl":"https:\/\/www.coolturalia.com\/wp-content\/uploads\/2024\/04\/Logo-coolturalia.svg","width":1312,"height":193,"caption":"Coolturalia"},"image":{"@id":"https:\/\/www.coolturalia.com\/fr\/#\/schema\/logo\/image\/"},"sameAs":["https:\/\/www.instagram.com\/coolturalia_geneva\/"]}]}},"translations":{"translations":{"en":"186372","fr":"186373"},"language":{"code":"fr"},"date":{"dateRange":"20 mai, 14 juillet, 18 novembre "}},"language":{"code":"fr"},"_links":{"self":[{"href":"https:\/\/www.coolturalia.com\/fr\/wp-json\/wp\/v2\/event\/186373","targetHints":{"allow":["GET"]}}],"collection":[{"href":"https:\/\/www.coolturalia.com\/fr\/wp-json\/wp\/v2\/event"}],"about":[{"href":"https:\/\/www.coolturalia.com\/fr\/wp-json\/wp\/v2\/types\/event"}],"version-history":[{"count":0,"href":"https:\/\/www.coolturalia.com\/fr\/wp-json\/wp\/v2\/event\/186373\/revisions"}],"wp:featuredmedia":[{"embeddable":true,"href":"https:\/\/www.coolturalia.com\/fr\/wp-json\/wp\/v2\/media\/186371"}],"wp:attachment":[{"href":"https:\/\/www.coolturalia.com\/fr\/wp-json\/wp\/v2\/media?parent=186373"}],"wp:term":[{"taxonomy":"post_tag","embeddable":true,"href":"https:\/\/www.coolturalia.com\/fr\/wp-json\/wp\/v2\/tags?post=186373"},{"taxonomy":"event-category","embeddable":true,"href":"https:\/\/www.coolturalia.com\/fr\/wp-json\/wp\/v2\/event-category?post=186373"},{"taxonomy":"event-venue","embeddable":true,"href":"https:\/\/www.coolturalia.com\/fr\/wp-json\/wp\/v2\/event-venue?post=186373"}],"curies":[{"name":"wp","href":"https:\/\/api.w.org\/{rel}","templated":true}]}}

Un objet, un son, une histoire : découvre les voeux de Vany

<p>Participez à une visite en famille pour rencontrer Vany, qui fête ses sept ans et a plein de vœux. Découvrez un pan de l&rsquo;exposition temporaire en observant objets colorés, textures étonnantes et formes surprenantes. Écoutez l&rsquo;histoire de Vany et des morceaux de la collection du musée qui donnent vie aux scènes. Jouez avec les sons, imaginez des couleurs, bougez au rythme de la musique et racontez vos propres souhaits en chemin.</p>
<p><strong>Enfants dès 5 ans.</strong></p>

<p>Participez à une visite en famille pour rencontrer Vany, qui fête ses sept ans et a plein de vœux. Découvrez un pan de l&rsquo;exposition temporaire en observant objets colorés, textures étonnantes et formes surprenantes. Écoutez l&rsquo;histoire de Vany et des morceaux de la collection du musée qui donnent vie aux scènes. Jouez avec les sons, [&hellip;]</p>

<!-- This site is optimized with the Yoast SEO plugin v27.5 - https://yoast.com/product/yoast-seo-wordpress/ -->
<title>Un objet, un son, une histoire : découvre les voeux de Vany - Coolturalia</title>
<meta name="robots" content="index, follow, max-snippet:-1, max-image-preview:large, max-video-preview:-1" />
<link rel="canonical" href="https://www.coolturalia.com/fr/event/un-objet-un-son-une-histoire-decouvre-les-voeux-de-vany/" />
<meta property="og:locale" content="fr_FR" />
<meta property="og:type" content="article" />
<meta property="og:title" content="Un objet, un son, une histoire : découvre les voeux de Vany - Coolturalia" />
<meta property="og:description" content="Participez à une visite en famille pour rencontrer Vany, qui fête ses sept ans et a plein de vœux. Découvrez un pan de l&rsquo;exposition temporaire en observant objets colorés, textures étonnantes et formes surprenantes. Écoutez l&rsquo;histoire de Vany et des morceaux de la collection du musée qui donnent vie aux scènes. Jouez avec les sons, [&hellip;]" />
<meta property="og:url" content="https://www.coolturalia.com/fr/event/un-objet-un-son-une-histoire-decouvre-les-voeux-de-vany/" />
<meta property="og:site_name" content="Coolturalia" />
<meta property="og:image" content="https://www.coolturalia.com/wp-content/uploads/2024/04/favicon-coolturalia-2.png" />
	<meta property="og:image:width" content="150" />
	<meta property="og:image:height" content="150" />
	<meta property="og:image:type" content="image/png" />
<meta name="twitter:card" content="summary_large_image" />
<script type="application/ld+json" class="yoast-schema-graph">{"@context":"https:\/\/schema.org","@graph":[{"@type":"WebPage","@id":"https:\/\/www.coolturalia.com\/fr\/event\/un-objet-un-son-une-histoire-decouvre-les-voeux-de-vany\/","url":"https:\/\/www.coolturalia.com\/fr\/event\/un-objet-un-son-une-histoire-decouvre-les-voeux-de-vany\/","name":"Un objet, un son, une histoire : découvre les voeux de Vany - Coolturalia","isPartOf":{"@id":"https:\/\/www.coolturalia.com\/fr\/#website"},"primaryImageOfPage":{"@id":"https:\/\/www.coolturalia.com\/fr\/event\/un-objet-un-son-une-histoire-decouvre-les-voeux-de-vany\/#primaryimage"},"image":{"@id":"https:\/\/www.coolturalia.com\/fr\/event\/un-objet-un-son-une-histoire-decouvre-les-voeux-de-vany\/#primaryimage"},"thumbnailUrl":"https:\/\/www.coolturalia.com\/wp-content\/uploads\/2026\/03\/An-object-a-sound-a-story-check-out-Vany-s-wishes.webp","datePublished":"2026-03-25T09:10:19+00:00","breadcrumb":{"@id":"https:\/\/www.coolturalia.com\/fr\/event\/un-objet-un-son-une-histoire-decouvre-les-voeux-de-vany\/#breadcrumb"},"inLanguage":"fr-FR","potentialAction":[{"@type":"ReadAction","target":["https:\/\/www.coolturalia.com\/fr\/event\/un-objet-un-son-une-histoire-decouvre-les-voeux-de-vany\/"]}]},{"@type":"ImageObject","inLanguage":"fr-FR","@id":"https:\/\/www.coolturalia.com\/fr\/event\/un-objet-un-son-une-histoire-decouvre-les-voeux-de-vany\/#primaryimage","url":"https:\/\/www.coolturalia.com\/wp-content\/uploads\/2026\/03\/An-object-a-sound-a-story-check-out-Vany-s-wishes.webp","contentUrl":"https:\/\/www.coolturalia.com\/wp-content\/uploads\/2026\/03\/An-object-a-sound-a-story-check-out-Vany-s-wishes.webp","width":700,"height":525,"caption":"undefined"},{"@type":"BreadcrumbList","@id":"https:\/\/www.coolturalia.com\/fr\/event\/un-objet-un-son-une-histoire-decouvre-les-voeux-de-vany\/#breadcrumb","itemListElement":[{"@type":"ListItem","position":1,"name":"Home","item":"https:\/\/www.coolturalia.com\/fr\/"},{"@type":"ListItem","position":2,"name":"Events","item":"https:\/\/www.coolturalia.com\/fr\/events\/"},{"@type":"ListItem","position":3,"name":"Un objet, un son, une histoire : découvre les voeux de Vany"}]},{"@type":"WebSite","@id":"https:\/\/www.coolturalia.com\/fr\/#website","url":"https:\/\/www.coolturalia.com\/fr\/","name":"Coolturalia","description":"","publisher":{"@id":"https:\/\/www.coolturalia.com\/fr\/#organization"},"potentialAction":[{"@type":"SearchAction","target":{"@type":"EntryPoint","urlTemplate":"https:\/\/www.coolturalia.com\/fr\/?s={search_term_string}"},"query-input":{"@type":"PropertyValueSpecification","valueRequired":true,"valueName":"search_term_string"}}],"inLanguage":"fr-FR"},{"@type":"Organization","@id":"https:\/\/www.coolturalia.com\/fr\/#organization","name":"Coolturalia","url":"https:\/\/www.coolturalia.com\/fr\/","logo":{"@type":"ImageObject","inLanguage":"fr-FR","@id":"https:\/\/www.coolturalia.com\/fr\/#\/schema\/logo\/image\/","url":"https:\/\/www.coolturalia.com\/wp-content\/uploads\/2024\/04\/Logo-coolturalia.svg","contentUrl":"https:\/\/www.coolturalia.com\/wp-content\/uploads\/2024\/04\/Logo-coolturalia.svg","width":1312,"height":193,"caption":"Coolturalia"},"image":{"@id":"https:\/\/www.coolturalia.com\/fr\/#\/schema\/logo\/image\/"},"sameAs":["https:\/\/www.instagram.com\/coolturalia_geneva\/"]}]}</script>
<!-- / Yoast SEO plugin. -->

Un objet, un son, une histoire : découvre les voeux de Vany - Coolturalia

Participez à une visite en famille pour rencontrer Vany, qui fête ses sept ans et a plein de vœux. Découvrez un pan de l&rsquo;exposition temporaire en observant objets colorés, textures étonnantes et formes surprenantes. Écoutez l&rsquo;histoire de Vany et des morceaux de la collection du musée qui donnent vie aux scènes. Jouez avec les sons, [&hellip;]
