{"id":186367,"date":"2026-03-25T10:09:53","date_gmt":"2026-03-25T09:09:53","guid":{"rendered":"https:\/\/www.coolturalia.com\/event\/de-lart-au-jardin-3\/"},"modified":"2026-03-25T10:09:53","modified_gmt":"2026-03-25T09:09:53","slug":"de-lart-au-jardin-3","status":"publish","type":"event","link":"https:\/\/www.coolturalia.com\/fr\/event\/de-lart-au-jardin-3\/","title":{"rendered":"De l\u2019art au Jardin"},"content":{"rendered":"<p>Un projet en plein air pr\u00e9sentant des \u0153uvres de divers artistes contemporains diss\u00e9min\u00e9es dans un jardin public. L&rsquo;exposition instaure un dialogue entre art et paysage \u00e0 travers des sculptures et \u0153uvres ext\u00e9rieures qui r\u00e9v\u00e8lent l&rsquo;\u00e9volution des rapports d&rsquo;\u00e9chelle, de mati\u00e8re et des saisons. \u00c0 l&rsquo;aide de mat\u00e9riaux et formats vari\u00e9s, les pi\u00e8ces interrogent la mani\u00e8re dont le contexte reconfigure le sens, invitant au regard attentif et aux rencontres inattendues le long des all\u00e9es. Le propos explore les dimensions po\u00e9tiques et civiques de l&rsquo;art dans la nature.<\/p>\n","protected":false},"excerpt":{"rendered":"<p>Un projet en plein air pr\u00e9sentant des \u0153uvres de divers artistes contemporains diss\u00e9min\u00e9es dans un jardin public. L&rsquo;exposition instaure un dialogue entre art et paysage \u00e0 travers des sculptures et \u0153uvres ext\u00e9rieures qui r\u00e9v\u00e8lent l&rsquo;\u00e9volution des rapports d&rsquo;\u00e9chelle, de mati\u00e8re et des saisons. \u00c0 l&rsquo;aide de mat\u00e9riaux et formats vari\u00e9s, les pi\u00e8ces interrogent la mani\u00e8re [&hellip;]<\/p>\n","protected":false},"featured_media":186365,"parent":0,"menu_order":0,"template":"","format":"standard","meta":{"_acf_changed":false,"footnotes":""},"tags":[],"event-category":[446],"event-venue":[600],"class_list":["post-186367","event","type-event","status-publish","format-standard","has-post-thumbnail","hentry","event-category-art-et-expositions","event-venue-conservatoire-et-jardin-botaniques-fr"],"acf":{"price":"Gratuit, sur r\u00e9servation","date":"Mercredi 7 octobre, 14:00","start_date":"2026-10-07 16:00:00","end_date":"2026-10-07 17:00:00","website_link":"https:\/\/www.jardinbotaniquegeneve.ch\/au-jardin\/decouvrir%23programme-dactivits\/lart-au-jardin\/63218933","link_buy_tickets":"","highlighted":false,"photo_credit":"Jardin Botanique de  Gen\u00e8ve","timings":[{"timing_start_date":"2026-10-07 16:00:00","timing_end_date":"2026-10-07 17:00:00"}],"external_id":"63218933"},"yoast_head":"<!-- This site is optimized with the Yoast SEO plugin v27.5 - https:\/\/yoast.com\/product\/yoast-seo-wordpress\/ -->\n<title>De l\u2019art au Jardin - Coolturalia<\/title>\n<meta name=\"robots\" content=\"index, follow, max-snippet:-1, max-image-preview:large, max-video-preview:-1\" \/>\n<link rel=\"canonical\" href=\"https:\/\/www.coolturalia.com\/fr\/event\/de-lart-au-jardin-3\/\" \/>\n<meta property=\"og:locale\" content=\"fr_FR\" \/>\n<meta property=\"og:type\" content=\"article\" \/>\n<meta property=\"og:title\" content=\"De l\u2019art au Jardin - Coolturalia\" \/>\n<meta property=\"og:description\" content=\"Un projet en plein air pr\u00e9sentant des \u0153uvres de divers artistes contemporains diss\u00e9min\u00e9es dans un jardin public. L&rsquo;exposition instaure un dialogue entre art et paysage \u00e0 travers des sculptures et \u0153uvres ext\u00e9rieures qui r\u00e9v\u00e8lent l&rsquo;\u00e9volution des rapports d&rsquo;\u00e9chelle, de mati\u00e8re et des saisons. \u00c0 l&rsquo;aide de mat\u00e9riaux et formats vari\u00e9s, les pi\u00e8ces interrogent la mani\u00e8re [&hellip;]\" \/>\n<meta property=\"og:url\" content=\"https:\/\/www.coolturalia.com\/fr\/event\/de-lart-au-jardin-3\/\" \/>\n<meta property=\"og:site_name\" content=\"Coolturalia\" \/>\n<meta property=\"og:image\" content=\"https:\/\/www.coolturalia.com\/wp-content\/uploads\/2024\/04\/favicon-coolturalia-2.png\" \/>\n\t<meta property=\"og:image:width\" content=\"150\" \/>\n\t<meta property=\"og:image:height\" content=\"150\" \/>\n\t<meta property=\"og:image:type\" content=\"image\/png\" \/>\n<meta name=\"twitter:card\" content=\"summary_large_image\" \/>\n<script type=\"application\/ld+json\" class=\"yoast-schema-graph\">{\"@context\":\"https:\\\/\\\/schema.org\",\"@graph\":[{\"@type\":\"WebPage\",\"@id\":\"https:\\\/\\\/www.coolturalia.com\\\/fr\\\/event\\\/de-lart-au-jardin-3\\\/\",\"url\":\"https:\\\/\\\/www.coolturalia.com\\\/fr\\\/event\\\/de-lart-au-jardin-3\\\/\",\"name\":\"De l\u2019art au Jardin - Coolturalia\",\"isPartOf\":{\"@id\":\"https:\\\/\\\/www.coolturalia.com\\\/fr\\\/#website\"},\"primaryImageOfPage\":{\"@id\":\"https:\\\/\\\/www.coolturalia.com\\\/fr\\\/event\\\/de-lart-au-jardin-3\\\/#primaryimage\"},\"image\":{\"@id\":\"https:\\\/\\\/www.coolturalia.com\\\/fr\\\/event\\\/de-lart-au-jardin-3\\\/#primaryimage\"},\"thumbnailUrl\":\"https:\\\/\\\/www.coolturalia.com\\\/wp-content\\\/uploads\\\/2026\\\/03\\\/Art-in-the-Garden.webp\",\"datePublished\":\"2026-03-25T09:09:53+00:00\",\"breadcrumb\":{\"@id\":\"https:\\\/\\\/www.coolturalia.com\\\/fr\\\/event\\\/de-lart-au-jardin-3\\\/#breadcrumb\"},\"inLanguage\":\"fr-FR\",\"potentialAction\":[{\"@type\":\"ReadAction\",\"target\":[\"https:\\\/\\\/www.coolturalia.com\\\/fr\\\/event\\\/de-lart-au-jardin-3\\\/\"]}]},{\"@type\":\"ImageObject\",\"inLanguage\":\"fr-FR\",\"@id\":\"https:\\\/\\\/www.coolturalia.com\\\/fr\\\/event\\\/de-lart-au-jardin-3\\\/#primaryimage\",\"url\":\"https:\\\/\\\/www.coolturalia.com\\\/wp-content\\\/uploads\\\/2026\\\/03\\\/Art-in-the-Garden.webp\",\"contentUrl\":\"https:\\\/\\\/www.coolturalia.com\\\/wp-content\\\/uploads\\\/2026\\\/03\\\/Art-in-the-Garden.webp\",\"width\":700,\"height\":1050,\"caption\":\"undefined\"},{\"@type\":\"BreadcrumbList\",\"@id\":\"https:\\\/\\\/www.coolturalia.com\\\/fr\\\/event\\\/de-lart-au-jardin-3\\\/#breadcrumb\",\"itemListElement\":[{\"@type\":\"ListItem\",\"position\":1,\"name\":\"Home\",\"item\":\"https:\\\/\\\/www.coolturalia.com\\\/fr\\\/\"},{\"@type\":\"ListItem\",\"position\":2,\"name\":\"Events\",\"item\":\"https:\\\/\\\/www.coolturalia.com\\\/fr\\\/events\\\/\"},{\"@type\":\"ListItem\",\"position\":3,\"name\":\"De l\u2019art au Jardin\"}]},{\"@type\":\"WebSite\",\"@id\":\"https:\\\/\\\/www.coolturalia.com\\\/fr\\\/#website\",\"url\":\"https:\\\/\\\/www.coolturalia.com\\\/fr\\\/\",\"name\":\"Coolturalia\",\"description\":\"\",\"publisher\":{\"@id\":\"https:\\\/\\\/www.coolturalia.com\\\/fr\\\/#organization\"},\"potentialAction\":[{\"@type\":\"SearchAction\",\"target\":{\"@type\":\"EntryPoint\",\"urlTemplate\":\"https:\\\/\\\/www.coolturalia.com\\\/fr\\\/?s={search_term_string}\"},\"query-input\":{\"@type\":\"PropertyValueSpecification\",\"valueRequired\":true,\"valueName\":\"search_term_string\"}}],\"inLanguage\":\"fr-FR\"},{\"@type\":\"Organization\",\"@id\":\"https:\\\/\\\/www.coolturalia.com\\\/fr\\\/#organization\",\"name\":\"Coolturalia\",\"url\":\"https:\\\/\\\/www.coolturalia.com\\\/fr\\\/\",\"logo\":{\"@type\":\"ImageObject\",\"inLanguage\":\"fr-FR\",\"@id\":\"https:\\\/\\\/www.coolturalia.com\\\/fr\\\/#\\\/schema\\\/logo\\\/image\\\/\",\"url\":\"https:\\\/\\\/www.coolturalia.com\\\/wp-content\\\/uploads\\\/2024\\\/04\\\/Logo-coolturalia.svg\",\"contentUrl\":\"https:\\\/\\\/www.coolturalia.com\\\/wp-content\\\/uploads\\\/2024\\\/04\\\/Logo-coolturalia.svg\",\"width\":1312,\"height\":193,\"caption\":\"Coolturalia\"},\"image\":{\"@id\":\"https:\\\/\\\/www.coolturalia.com\\\/fr\\\/#\\\/schema\\\/logo\\\/image\\\/\"},\"sameAs\":[\"https:\\\/\\\/www.instagram.com\\\/coolturalia_geneva\\\/\"]}]}<\/script>\n<!-- \/ Yoast SEO plugin. -->","yoast_head_json":{"title":"De l\u2019art au Jardin - Coolturalia","robots":{"index":"index","follow":"follow","max-snippet":"max-snippet:-1","max-image-preview":"max-image-preview:large","max-video-preview":"max-video-preview:-1"},"canonical":"https:\/\/www.coolturalia.com\/fr\/event\/de-lart-au-jardin-3\/","og_locale":"fr_FR","og_type":"article","og_title":"De l\u2019art au Jardin - Coolturalia","og_description":"Un projet en plein air pr\u00e9sentant des \u0153uvres de divers artistes contemporains diss\u00e9min\u00e9es dans un jardin public. L&rsquo;exposition instaure un dialogue entre art et paysage \u00e0 travers des sculptures et \u0153uvres ext\u00e9rieures qui r\u00e9v\u00e8lent l&rsquo;\u00e9volution des rapports d&rsquo;\u00e9chelle, de mati\u00e8re et des saisons. \u00c0 l&rsquo;aide de mat\u00e9riaux et formats vari\u00e9s, les pi\u00e8ces interrogent la mani\u00e8re [&hellip;]","og_url":"https:\/\/www.coolturalia.com\/fr\/event\/de-lart-au-jardin-3\/","og_site_name":"Coolturalia","og_image":[{"width":150,"height":150,"url":"https:\/\/www.coolturalia.com\/wp-content\/uploads\/2024\/04\/favicon-coolturalia-2.png","type":"image\/png"}],"twitter_card":"summary_large_image","schema":{"@context":"https:\/\/schema.org","@graph":[{"@type":"WebPage","@id":"https:\/\/www.coolturalia.com\/fr\/event\/de-lart-au-jardin-3\/","url":"https:\/\/www.coolturalia.com\/fr\/event\/de-lart-au-jardin-3\/","name":"De l\u2019art au Jardin - Coolturalia","isPartOf":{"@id":"https:\/\/www.coolturalia.com\/fr\/#website"},"primaryImageOfPage":{"@id":"https:\/\/www.coolturalia.com\/fr\/event\/de-lart-au-jardin-3\/#primaryimage"},"image":{"@id":"https:\/\/www.coolturalia.com\/fr\/event\/de-lart-au-jardin-3\/#primaryimage"},"thumbnailUrl":"https:\/\/www.coolturalia.com\/wp-content\/uploads\/2026\/03\/Art-in-the-Garden.webp","datePublished":"2026-03-25T09:09:53+00:00","breadcrumb":{"@id":"https:\/\/www.coolturalia.com\/fr\/event\/de-lart-au-jardin-3\/#breadcrumb"},"inLanguage":"fr-FR","potentialAction":[{"@type":"ReadAction","target":["https:\/\/www.coolturalia.com\/fr\/event\/de-lart-au-jardin-3\/"]}]},{"@type":"ImageObject","inLanguage":"fr-FR","@id":"https:\/\/www.coolturalia.com\/fr\/event\/de-lart-au-jardin-3\/#primaryimage","url":"https:\/\/www.coolturalia.com\/wp-content\/uploads\/2026\/03\/Art-in-the-Garden.webp","contentUrl":"https:\/\/www.coolturalia.com\/wp-content\/uploads\/2026\/03\/Art-in-the-Garden.webp","width":700,"height":1050,"caption":"undefined"},{"@type":"BreadcrumbList","@id":"https:\/\/www.coolturalia.com\/fr\/event\/de-lart-au-jardin-3\/#breadcrumb","itemListElement":[{"@type":"ListItem","position":1,"name":"Home","item":"https:\/\/www.coolturalia.com\/fr\/"},{"@type":"ListItem","position":2,"name":"Events","item":"https:\/\/www.coolturalia.com\/fr\/events\/"},{"@type":"ListItem","position":3,"name":"De l\u2019art au Jardin"}]},{"@type":"WebSite","@id":"https:\/\/www.coolturalia.com\/fr\/#website","url":"https:\/\/www.coolturalia.com\/fr\/","name":"Coolturalia","description":"","publisher":{"@id":"https:\/\/www.coolturalia.com\/fr\/#organization"},"potentialAction":[{"@type":"SearchAction","target":{"@type":"EntryPoint","urlTemplate":"https:\/\/www.coolturalia.com\/fr\/?s={search_term_string}"},"query-input":{"@type":"PropertyValueSpecification","valueRequired":true,"valueName":"search_term_string"}}],"inLanguage":"fr-FR"},{"@type":"Organization","@id":"https:\/\/www.coolturalia.com\/fr\/#organization","name":"Coolturalia","url":"https:\/\/www.coolturalia.com\/fr\/","logo":{"@type":"ImageObject","inLanguage":"fr-FR","@id":"https:\/\/www.coolturalia.com\/fr\/#\/schema\/logo\/image\/","url":"https:\/\/www.coolturalia.com\/wp-content\/uploads\/2024\/04\/Logo-coolturalia.svg","contentUrl":"https:\/\/www.coolturalia.com\/wp-content\/uploads\/2024\/04\/Logo-coolturalia.svg","width":1312,"height":193,"caption":"Coolturalia"},"image":{"@id":"https:\/\/www.coolturalia.com\/fr\/#\/schema\/logo\/image\/"},"sameAs":["https:\/\/www.instagram.com\/coolturalia_geneva\/"]}]}},"translations":{"translations":{"en":"186366","fr":"186367"},"language":{"code":"fr"},"date":{"dateRange":"Mercredi 7 octobre, 14:00"}},"language":{"code":"fr"},"_links":{"self":[{"href":"https:\/\/www.coolturalia.com\/fr\/wp-json\/wp\/v2\/event\/186367","targetHints":{"allow":["GET"]}}],"collection":[{"href":"https:\/\/www.coolturalia.com\/fr\/wp-json\/wp\/v2\/event"}],"about":[{"href":"https:\/\/www.coolturalia.com\/fr\/wp-json\/wp\/v2\/types\/event"}],"version-history":[{"count":0,"href":"https:\/\/www.coolturalia.com\/fr\/wp-json\/wp\/v2\/event\/186367\/revisions"}],"wp:featuredmedia":[{"embeddable":true,"href":"https:\/\/www.coolturalia.com\/fr\/wp-json\/wp\/v2\/media\/186365"}],"wp:attachment":[{"href":"https:\/\/www.coolturalia.com\/fr\/wp-json\/wp\/v2\/media?parent=186367"}],"wp:term":[{"taxonomy":"post_tag","embeddable":true,"href":"https:\/\/www.coolturalia.com\/fr\/wp-json\/wp\/v2\/tags?post=186367"},{"taxonomy":"event-category","embeddable":true,"href":"https:\/\/www.coolturalia.com\/fr\/wp-json\/wp\/v2\/event-category?post=186367"},{"taxonomy":"event-venue","embeddable":true,"href":"https:\/\/www.coolturalia.com\/fr\/wp-json\/wp\/v2\/event-venue?post=186367"}],"curies":[{"name":"wp","href":"https:\/\/api.w.org\/{rel}","templated":true}]}}

<p>Un projet en plein air présentant des œuvres de divers artistes contemporains disséminées dans un jardin public. L&rsquo;exposition instaure un dialogue entre art et paysage à travers des sculptures et œuvres extérieures qui révèlent l&rsquo;évolution des rapports d&rsquo;échelle, de matière et des saisons. À l&rsquo;aide de matériaux et formats variés, les pièces interrogent la manière dont le contexte reconfigure le sens, invitant au regard attentif et aux rencontres inattendues le long des allées. Le propos explore les dimensions poétiques et civiques de l&rsquo;art dans la nature.</p>

<p>Un projet en plein air présentant des œuvres de divers artistes contemporains disséminées dans un jardin public. L&rsquo;exposition instaure un dialogue entre art et paysage à travers des sculptures et œuvres extérieures qui révèlent l&rsquo;évolution des rapports d&rsquo;échelle, de matière et des saisons. À l&rsquo;aide de matériaux et formats variés, les pièces interrogent la manière [&hellip;]</p>

Gratuit, sur réservation

Jardin Botanique de  Genève

<!-- This site is optimized with the Yoast SEO plugin v27.5 - https://yoast.com/product/yoast-seo-wordpress/ -->
<title>De l’art au Jardin - Coolturalia</title>
<meta name="robots" content="index, follow, max-snippet:-1, max-image-preview:large, max-video-preview:-1" />
<link rel="canonical" href="https://www.coolturalia.com/fr/event/de-lart-au-jardin-3/" />
<meta property="og:locale" content="fr_FR" />
<meta property="og:type" content="article" />
<meta property="og:title" content="De l’art au Jardin - Coolturalia" />
<meta property="og:description" content="Un projet en plein air présentant des œuvres de divers artistes contemporains disséminées dans un jardin public. L&rsquo;exposition instaure un dialogue entre art et paysage à travers des sculptures et œuvres extérieures qui révèlent l&rsquo;évolution des rapports d&rsquo;échelle, de matière et des saisons. À l&rsquo;aide de matériaux et formats variés, les pièces interrogent la manière [&hellip;]" />
<meta property="og:url" content="https://www.coolturalia.com/fr/event/de-lart-au-jardin-3/" />
<meta property="og:site_name" content="Coolturalia" />
<meta property="og:image" content="https://www.coolturalia.com/wp-content/uploads/2024/04/favicon-coolturalia-2.png" />
	<meta property="og:image:width" content="150" />
	<meta property="og:image:height" content="150" />
	<meta property="og:image:type" content="image/png" />
<meta name="twitter:card" content="summary_large_image" />
<script type="application/ld+json" class="yoast-schema-graph">{"@context":"https:\/\/schema.org","@graph":[{"@type":"WebPage","@id":"https:\/\/www.coolturalia.com\/fr\/event\/de-lart-au-jardin-3\/","url":"https:\/\/www.coolturalia.com\/fr\/event\/de-lart-au-jardin-3\/","name":"De l’art au Jardin - Coolturalia","isPartOf":{"@id":"https:\/\/www.coolturalia.com\/fr\/#website"},"primaryImageOfPage":{"@id":"https:\/\/www.coolturalia.com\/fr\/event\/de-lart-au-jardin-3\/#primaryimage"},"image":{"@id":"https:\/\/www.coolturalia.com\/fr\/event\/de-lart-au-jardin-3\/#primaryimage"},"thumbnailUrl":"https:\/\/www.coolturalia.com\/wp-content\/uploads\/2026\/03\/Art-in-the-Garden.webp","datePublished":"2026-03-25T09:09:53+00:00","breadcrumb":{"@id":"https:\/\/www.coolturalia.com\/fr\/event\/de-lart-au-jardin-3\/#breadcrumb"},"inLanguage":"fr-FR","potentialAction":[{"@type":"ReadAction","target":["https:\/\/www.coolturalia.com\/fr\/event\/de-lart-au-jardin-3\/"]}]},{"@type":"ImageObject","inLanguage":"fr-FR","@id":"https:\/\/www.coolturalia.com\/fr\/event\/de-lart-au-jardin-3\/#primaryimage","url":"https:\/\/www.coolturalia.com\/wp-content\/uploads\/2026\/03\/Art-in-the-Garden.webp","contentUrl":"https:\/\/www.coolturalia.com\/wp-content\/uploads\/2026\/03\/Art-in-the-Garden.webp","width":700,"height":1050,"caption":"undefined"},{"@type":"BreadcrumbList","@id":"https:\/\/www.coolturalia.com\/fr\/event\/de-lart-au-jardin-3\/#breadcrumb","itemListElement":[{"@type":"ListItem","position":1,"name":"Home","item":"https:\/\/www.coolturalia.com\/fr\/"},{"@type":"ListItem","position":2,"name":"Events","item":"https:\/\/www.coolturalia.com\/fr\/events\/"},{"@type":"ListItem","position":3,"name":"De l’art au Jardin"}]},{"@type":"WebSite","@id":"https:\/\/www.coolturalia.com\/fr\/#website","url":"https:\/\/www.coolturalia.com\/fr\/","name":"Coolturalia","description":"","publisher":{"@id":"https:\/\/www.coolturalia.com\/fr\/#organization"},"potentialAction":[{"@type":"SearchAction","target":{"@type":"EntryPoint","urlTemplate":"https:\/\/www.coolturalia.com\/fr\/?s={search_term_string}"},"query-input":{"@type":"PropertyValueSpecification","valueRequired":true,"valueName":"search_term_string"}}],"inLanguage":"fr-FR"},{"@type":"Organization","@id":"https:\/\/www.coolturalia.com\/fr\/#organization","name":"Coolturalia","url":"https:\/\/www.coolturalia.com\/fr\/","logo":{"@type":"ImageObject","inLanguage":"fr-FR","@id":"https:\/\/www.coolturalia.com\/fr\/#\/schema\/logo\/image\/","url":"https:\/\/www.coolturalia.com\/wp-content\/uploads\/2024\/04\/Logo-coolturalia.svg","contentUrl":"https:\/\/www.coolturalia.com\/wp-content\/uploads\/2024\/04\/Logo-coolturalia.svg","width":1312,"height":193,"caption":"Coolturalia"},"image":{"@id":"https:\/\/www.coolturalia.com\/fr\/#\/schema\/logo\/image\/"},"sameAs":["https:\/\/www.instagram.com\/coolturalia_geneva\/"]}]}</script>
<!-- / Yoast SEO plugin. -->

Un projet en plein air présentant des œuvres de divers artistes contemporains disséminées dans un jardin public. L&rsquo;exposition instaure un dialogue entre art et paysage à travers des sculptures et œuvres extérieures qui révèlent l&rsquo;évolution des rapports d&rsquo;échelle, de matière et des saisons. À l&rsquo;aide de matériaux et formats variés, les pièces interrogent la manière [&hellip;]
