{"id":185307,"date":"2026-03-02T15:21:32","date_gmt":"2026-03-02T14:21:32","guid":{"rendered":"https:\/\/www.coolturalia.com\/event\/festival-la-cour-des-contes-2\/"},"modified":"2026-03-02T15:48:33","modified_gmt":"2026-03-02T14:48:33","slug":"festival-la-cour-des-contes-2","status":"publish","type":"event","link":"https:\/\/www.coolturalia.com\/fr\/event\/festival-la-cour-des-contes-2\/","title":{"rendered":"Festival La Cour des Contes"},"content":{"rendered":"<p>La Cour des Contes est un festival d\u00e9di\u00e9 \u00e0 l\u2019art du r\u00e9cit oral, organis\u00e9 chaque printemps \u00e0 Plan-les-Ouates (Gen\u00e8ve). Depuis 1995, il r\u00e9unit des conteur\u00b7euses venu\u00b7es du monde entier et affirme la culture comme un pilier essentiel du lien social. L\u2019\u00e9dition 2026 invite le public \u00e0 voyager \u00e0 travers les \u00e9pop\u00e9es et les grands r\u00e9cits, entre continents et si\u00e8cles \u2014 de l\u2019Irlande au Mali, de l\u2019Alg\u00e9rie \u00e0 l\u2019Australie. Entre spectacles, propositions familiales et ateliers, le festival c\u00e9l\u00e8bre la parole cont\u00e9e comme une exp\u00e9rience vivante, intime et profond\u00e9ment humaine.<\/p>\n","protected":false},"excerpt":{"rendered":"<p>La Cour des Contes est un festival d\u00e9di\u00e9 \u00e0 l\u2019art du r\u00e9cit oral, organis\u00e9 chaque printemps \u00e0 Plan-les-Ouates (Gen\u00e8ve). Depuis 1995, il r\u00e9unit des conteur\u00b7euses venu\u00b7es du monde entier et affirme la culture comme un pilier essentiel du lien social. L\u2019\u00e9dition 2026 invite le public \u00e0 voyager \u00e0 travers les \u00e9pop\u00e9es et les grands r\u00e9cits, [&hellip;]<\/p>\n","protected":false},"featured_media":185305,"parent":0,"menu_order":0,"template":"","format":"standard","meta":{"_acf_changed":false,"footnotes":""},"tags":[686],"event-category":[448,456],"event-venue":[981],"class_list":["post-185307","event","type-event","status-publish","format-standard","has-post-thumbnail","hentry","tag-evenement-passe","event-category-conferences","event-category-enfants","event-venue-plusieurs-lieux"],"acf":{"price":"","date":"24 - 29 mars","start_date":"2026-03-24 11:00:00","end_date":"2026-03-29 20:00:00","website_link":"https:\/\/www.lacourdescontes.ch\/","link_buy_tickets":"","highlighted":false,"photo_credit":"","timings":[{"timing_start_date":"2026-03-24 11:00:00","timing_end_date":"2026-03-24 19:00:00"},{"timing_start_date":"2026-03-25 11:00:00","timing_end_date":"2026-03-25 19:00:00"},{"timing_start_date":"2026-03-26 11:00:00","timing_end_date":"2026-03-26 19:00:00"},{"timing_start_date":"2026-03-27 11:00:00","timing_end_date":"2026-03-27 19:00:00"},{"timing_start_date":"2026-03-28 11:00:00","timing_end_date":"2026-03-28 19:00:00"},{"timing_start_date":"2026-03-29 12:00:00","timing_end_date":"2026-03-29 20:00:00"}],"external_id":"-1"},"yoast_head":"<!-- This site is optimized with the Yoast SEO plugin v27.5 - https:\/\/yoast.com\/product\/yoast-seo-wordpress\/ -->\n<title>Festival La Cour des Contes - Coolturalia<\/title>\n<meta name=\"robots\" content=\"index, follow, max-snippet:-1, max-image-preview:large, max-video-preview:-1\" \/>\n<link rel=\"canonical\" href=\"https:\/\/www.coolturalia.com\/fr\/event\/festival-la-cour-des-contes-2\/\" \/>\n<meta property=\"og:locale\" content=\"fr_FR\" \/>\n<meta property=\"og:type\" content=\"article\" \/>\n<meta property=\"og:title\" content=\"Festival La Cour des Contes - Coolturalia\" \/>\n<meta property=\"og:description\" content=\"La Cour des Contes est un festival d\u00e9di\u00e9 \u00e0 l\u2019art du r\u00e9cit oral, organis\u00e9 chaque printemps \u00e0 Plan-les-Ouates (Gen\u00e8ve). Depuis 1995, il r\u00e9unit des conteur\u00b7euses venu\u00b7es du monde entier et affirme la culture comme un pilier essentiel du lien social. L\u2019\u00e9dition 2026 invite le public \u00e0 voyager \u00e0 travers les \u00e9pop\u00e9es et les grands r\u00e9cits, [&hellip;]\" \/>\n<meta property=\"og:url\" content=\"https:\/\/www.coolturalia.com\/fr\/event\/festival-la-cour-des-contes-2\/\" \/>\n<meta property=\"og:site_name\" content=\"Coolturalia\" \/>\n<meta property=\"article:modified_time\" content=\"2026-03-02T14:48:33+00:00\" \/>\n<meta property=\"og:image\" content=\"https:\/\/www.coolturalia.com\/wp-content\/uploads\/2026\/03\/La-Cour-des-Contes-Festival.webp\" \/>\n\t<meta property=\"og:image:width\" content=\"1545\" \/>\n\t<meta property=\"og:image:height\" content=\"871\" \/>\n\t<meta property=\"og:image:type\" content=\"image\/webp\" \/>\n<meta name=\"twitter:card\" content=\"summary_large_image\" \/>\n<meta name=\"twitter:label1\" content=\"Dur\u00e9e de lecture estim\u00e9e\" \/>\n\t<meta name=\"twitter:data1\" content=\"1 minute\" \/>\n<script type=\"application\/ld+json\" class=\"yoast-schema-graph\">{\"@context\":\"https:\\\/\\\/schema.org\",\"@graph\":[{\"@type\":\"WebPage\",\"@id\":\"https:\\\/\\\/www.coolturalia.com\\\/fr\\\/event\\\/festival-la-cour-des-contes-2\\\/\",\"url\":\"https:\\\/\\\/www.coolturalia.com\\\/fr\\\/event\\\/festival-la-cour-des-contes-2\\\/\",\"name\":\"Festival La Cour des Contes - Coolturalia\",\"isPartOf\":{\"@id\":\"https:\\\/\\\/www.coolturalia.com\\\/fr\\\/#website\"},\"primaryImageOfPage\":{\"@id\":\"https:\\\/\\\/www.coolturalia.com\\\/fr\\\/event\\\/festival-la-cour-des-contes-2\\\/#primaryimage\"},\"image\":{\"@id\":\"https:\\\/\\\/www.coolturalia.com\\\/fr\\\/event\\\/festival-la-cour-des-contes-2\\\/#primaryimage\"},\"thumbnailUrl\":\"https:\\\/\\\/www.coolturalia.com\\\/wp-content\\\/uploads\\\/2026\\\/03\\\/La-Cour-des-Contes-Festival.webp\",\"datePublished\":\"2026-03-02T14:21:32+00:00\",\"dateModified\":\"2026-03-02T14:48:33+00:00\",\"breadcrumb\":{\"@id\":\"https:\\\/\\\/www.coolturalia.com\\\/fr\\\/event\\\/festival-la-cour-des-contes-2\\\/#breadcrumb\"},\"inLanguage\":\"fr-FR\",\"potentialAction\":[{\"@type\":\"ReadAction\",\"target\":[\"https:\\\/\\\/www.coolturalia.com\\\/fr\\\/event\\\/festival-la-cour-des-contes-2\\\/\"]}]},{\"@type\":\"ImageObject\",\"inLanguage\":\"fr-FR\",\"@id\":\"https:\\\/\\\/www.coolturalia.com\\\/fr\\\/event\\\/festival-la-cour-des-contes-2\\\/#primaryimage\",\"url\":\"https:\\\/\\\/www.coolturalia.com\\\/wp-content\\\/uploads\\\/2026\\\/03\\\/La-Cour-des-Contes-Festival.webp\",\"contentUrl\":\"https:\\\/\\\/www.coolturalia.com\\\/wp-content\\\/uploads\\\/2026\\\/03\\\/La-Cour-des-Contes-Festival.webp\",\"width\":1545,\"height\":871,\"caption\":\"undefined\"},{\"@type\":\"BreadcrumbList\",\"@id\":\"https:\\\/\\\/www.coolturalia.com\\\/fr\\\/event\\\/festival-la-cour-des-contes-2\\\/#breadcrumb\",\"itemListElement\":[{\"@type\":\"ListItem\",\"position\":1,\"name\":\"Home\",\"item\":\"https:\\\/\\\/www.coolturalia.com\\\/fr\\\/\"},{\"@type\":\"ListItem\",\"position\":2,\"name\":\"Events\",\"item\":\"https:\\\/\\\/www.coolturalia.com\\\/fr\\\/events\\\/\"},{\"@type\":\"ListItem\",\"position\":3,\"name\":\"Festival La Cour des Contes\"}]},{\"@type\":\"WebSite\",\"@id\":\"https:\\\/\\\/www.coolturalia.com\\\/fr\\\/#website\",\"url\":\"https:\\\/\\\/www.coolturalia.com\\\/fr\\\/\",\"name\":\"Coolturalia\",\"description\":\"\",\"publisher\":{\"@id\":\"https:\\\/\\\/www.coolturalia.com\\\/fr\\\/#organization\"},\"potentialAction\":[{\"@type\":\"SearchAction\",\"target\":{\"@type\":\"EntryPoint\",\"urlTemplate\":\"https:\\\/\\\/www.coolturalia.com\\\/fr\\\/?s={search_term_string}\"},\"query-input\":{\"@type\":\"PropertyValueSpecification\",\"valueRequired\":true,\"valueName\":\"search_term_string\"}}],\"inLanguage\":\"fr-FR\"},{\"@type\":\"Organization\",\"@id\":\"https:\\\/\\\/www.coolturalia.com\\\/fr\\\/#organization\",\"name\":\"Coolturalia\",\"url\":\"https:\\\/\\\/www.coolturalia.com\\\/fr\\\/\",\"logo\":{\"@type\":\"ImageObject\",\"inLanguage\":\"fr-FR\",\"@id\":\"https:\\\/\\\/www.coolturalia.com\\\/fr\\\/#\\\/schema\\\/logo\\\/image\\\/\",\"url\":\"https:\\\/\\\/www.coolturalia.com\\\/wp-content\\\/uploads\\\/2024\\\/04\\\/Logo-coolturalia.svg\",\"contentUrl\":\"https:\\\/\\\/www.coolturalia.com\\\/wp-content\\\/uploads\\\/2024\\\/04\\\/Logo-coolturalia.svg\",\"width\":1312,\"height\":193,\"caption\":\"Coolturalia\"},\"image\":{\"@id\":\"https:\\\/\\\/www.coolturalia.com\\\/fr\\\/#\\\/schema\\\/logo\\\/image\\\/\"},\"sameAs\":[\"https:\\\/\\\/www.instagram.com\\\/coolturalia_geneva\\\/\"]}]}<\/script>\n<!-- \/ Yoast SEO plugin. -->","yoast_head_json":{"title":"Festival La Cour des Contes - Coolturalia","robots":{"index":"index","follow":"follow","max-snippet":"max-snippet:-1","max-image-preview":"max-image-preview:large","max-video-preview":"max-video-preview:-1"},"canonical":"https:\/\/www.coolturalia.com\/fr\/event\/festival-la-cour-des-contes-2\/","og_locale":"fr_FR","og_type":"article","og_title":"Festival La Cour des Contes - Coolturalia","og_description":"La Cour des Contes est un festival d\u00e9di\u00e9 \u00e0 l\u2019art du r\u00e9cit oral, organis\u00e9 chaque printemps \u00e0 Plan-les-Ouates (Gen\u00e8ve). Depuis 1995, il r\u00e9unit des conteur\u00b7euses venu\u00b7es du monde entier et affirme la culture comme un pilier essentiel du lien social. L\u2019\u00e9dition 2026 invite le public \u00e0 voyager \u00e0 travers les \u00e9pop\u00e9es et les grands r\u00e9cits, [&hellip;]","og_url":"https:\/\/www.coolturalia.com\/fr\/event\/festival-la-cour-des-contes-2\/","og_site_name":"Coolturalia","article_modified_time":"2026-03-02T14:48:33+00:00","og_image":[{"width":1545,"height":871,"url":"https:\/\/www.coolturalia.com\/wp-content\/uploads\/2026\/03\/La-Cour-des-Contes-Festival.webp","type":"image\/webp"}],"twitter_card":"summary_large_image","twitter_misc":{"Dur\u00e9e de lecture estim\u00e9e":"1 minute"},"schema":{"@context":"https:\/\/schema.org","@graph":[{"@type":"WebPage","@id":"https:\/\/www.coolturalia.com\/fr\/event\/festival-la-cour-des-contes-2\/","url":"https:\/\/www.coolturalia.com\/fr\/event\/festival-la-cour-des-contes-2\/","name":"Festival La Cour des Contes - Coolturalia","isPartOf":{"@id":"https:\/\/www.coolturalia.com\/fr\/#website"},"primaryImageOfPage":{"@id":"https:\/\/www.coolturalia.com\/fr\/event\/festival-la-cour-des-contes-2\/#primaryimage"},"image":{"@id":"https:\/\/www.coolturalia.com\/fr\/event\/festival-la-cour-des-contes-2\/#primaryimage"},"thumbnailUrl":"https:\/\/www.coolturalia.com\/wp-content\/uploads\/2026\/03\/La-Cour-des-Contes-Festival.webp","datePublished":"2026-03-02T14:21:32+00:00","dateModified":"2026-03-02T14:48:33+00:00","breadcrumb":{"@id":"https:\/\/www.coolturalia.com\/fr\/event\/festival-la-cour-des-contes-2\/#breadcrumb"},"inLanguage":"fr-FR","potentialAction":[{"@type":"ReadAction","target":["https:\/\/www.coolturalia.com\/fr\/event\/festival-la-cour-des-contes-2\/"]}]},{"@type":"ImageObject","inLanguage":"fr-FR","@id":"https:\/\/www.coolturalia.com\/fr\/event\/festival-la-cour-des-contes-2\/#primaryimage","url":"https:\/\/www.coolturalia.com\/wp-content\/uploads\/2026\/03\/La-Cour-des-Contes-Festival.webp","contentUrl":"https:\/\/www.coolturalia.com\/wp-content\/uploads\/2026\/03\/La-Cour-des-Contes-Festival.webp","width":1545,"height":871,"caption":"undefined"},{"@type":"BreadcrumbList","@id":"https:\/\/www.coolturalia.com\/fr\/event\/festival-la-cour-des-contes-2\/#breadcrumb","itemListElement":[{"@type":"ListItem","position":1,"name":"Home","item":"https:\/\/www.coolturalia.com\/fr\/"},{"@type":"ListItem","position":2,"name":"Events","item":"https:\/\/www.coolturalia.com\/fr\/events\/"},{"@type":"ListItem","position":3,"name":"Festival La Cour des Contes"}]},{"@type":"WebSite","@id":"https:\/\/www.coolturalia.com\/fr\/#website","url":"https:\/\/www.coolturalia.com\/fr\/","name":"Coolturalia","description":"","publisher":{"@id":"https:\/\/www.coolturalia.com\/fr\/#organization"},"potentialAction":[{"@type":"SearchAction","target":{"@type":"EntryPoint","urlTemplate":"https:\/\/www.coolturalia.com\/fr\/?s={search_term_string}"},"query-input":{"@type":"PropertyValueSpecification","valueRequired":true,"valueName":"search_term_string"}}],"inLanguage":"fr-FR"},{"@type":"Organization","@id":"https:\/\/www.coolturalia.com\/fr\/#organization","name":"Coolturalia","url":"https:\/\/www.coolturalia.com\/fr\/","logo":{"@type":"ImageObject","inLanguage":"fr-FR","@id":"https:\/\/www.coolturalia.com\/fr\/#\/schema\/logo\/image\/","url":"https:\/\/www.coolturalia.com\/wp-content\/uploads\/2024\/04\/Logo-coolturalia.svg","contentUrl":"https:\/\/www.coolturalia.com\/wp-content\/uploads\/2024\/04\/Logo-coolturalia.svg","width":1312,"height":193,"caption":"Coolturalia"},"image":{"@id":"https:\/\/www.coolturalia.com\/fr\/#\/schema\/logo\/image\/"},"sameAs":["https:\/\/www.instagram.com\/coolturalia_geneva\/"]}]}},"translations":{"translations":{"en":"185306","fr":"185307"},"language":{"code":"fr"},"date":{"dateRange":"24 - 29 mars"}},"language":{"code":"fr"},"_links":{"self":[{"href":"https:\/\/www.coolturalia.com\/fr\/wp-json\/wp\/v2\/event\/185307","targetHints":{"allow":["GET"]}}],"collection":[{"href":"https:\/\/www.coolturalia.com\/fr\/wp-json\/wp\/v2\/event"}],"about":[{"href":"https:\/\/www.coolturalia.com\/fr\/wp-json\/wp\/v2\/types\/event"}],"version-history":[{"count":1,"href":"https:\/\/www.coolturalia.com\/fr\/wp-json\/wp\/v2\/event\/185307\/revisions"}],"predecessor-version":[{"id":185309,"href":"https:\/\/www.coolturalia.com\/fr\/wp-json\/wp\/v2\/event\/185307\/revisions\/185309"}],"wp:featuredmedia":[{"embeddable":true,"href":"https:\/\/www.coolturalia.com\/fr\/wp-json\/wp\/v2\/media\/185305"}],"wp:attachment":[{"href":"https:\/\/www.coolturalia.com\/fr\/wp-json\/wp\/v2\/media?parent=185307"}],"wp:term":[{"taxonomy":"post_tag","embeddable":true,"href":"https:\/\/www.coolturalia.com\/fr\/wp-json\/wp\/v2\/tags?post=185307"},{"taxonomy":"event-category","embeddable":true,"href":"https:\/\/www.coolturalia.com\/fr\/wp-json\/wp\/v2\/event-category?post=185307"},{"taxonomy":"event-venue","embeddable":true,"href":"https:\/\/www.coolturalia.com\/fr\/wp-json\/wp\/v2\/event-venue?post=185307"}],"curies":[{"name":"wp","href":"https:\/\/api.w.org\/{rel}","templated":true}]}}

<p>La Cour des Contes est un festival dédié à l’art du récit oral, organisé chaque printemps à Plan-les-Ouates (Genève). Depuis 1995, il réunit des conteur·euses venu·es du monde entier et affirme la culture comme un pilier essentiel du lien social. L’édition 2026 invite le public à voyager à travers les épopées et les grands récits, entre continents et siècles — de l’Irlande au Mali, de l’Algérie à l’Australie. Entre spectacles, propositions familiales et ateliers, le festival célèbre la parole contée comme une expérience vivante, intime et profondément humaine.</p>

<p>La Cour des Contes est un festival dédié à l’art du récit oral, organisé chaque printemps à Plan-les-Ouates (Genève). Depuis 1995, il réunit des conteur·euses venu·es du monde entier et affirme la culture comme un pilier essentiel du lien social. L’édition 2026 invite le public à voyager à travers les épopées et les grands récits, [&hellip;]</p>

<!-- This site is optimized with the Yoast SEO plugin v27.5 - https://yoast.com/product/yoast-seo-wordpress/ -->
<title>Festival La Cour des Contes - Coolturalia</title>
<meta name="robots" content="index, follow, max-snippet:-1, max-image-preview:large, max-video-preview:-1" />
<link rel="canonical" href="https://www.coolturalia.com/fr/event/festival-la-cour-des-contes-2/" />
<meta property="og:locale" content="fr_FR" />
<meta property="og:type" content="article" />
<meta property="og:title" content="Festival La Cour des Contes - Coolturalia" />
<meta property="og:description" content="La Cour des Contes est un festival dédié à l’art du récit oral, organisé chaque printemps à Plan-les-Ouates (Genève). Depuis 1995, il réunit des conteur·euses venu·es du monde entier et affirme la culture comme un pilier essentiel du lien social. L’édition 2026 invite le public à voyager à travers les épopées et les grands récits, [&hellip;]" />
<meta property="og:url" content="https://www.coolturalia.com/fr/event/festival-la-cour-des-contes-2/" />
<meta property="og:site_name" content="Coolturalia" />
<meta property="article:modified_time" content="2026-03-02T14:48:33+00:00" />
<meta property="og:image" content="https://www.coolturalia.com/wp-content/uploads/2026/03/La-Cour-des-Contes-Festival.webp" />
	<meta property="og:image:width" content="1545" />
	<meta property="og:image:height" content="871" />
	<meta property="og:image:type" content="image/webp" />
<meta name="twitter:card" content="summary_large_image" />
<meta name="twitter:label1" content="Durée de lecture estimée" />
	<meta name="twitter:data1" content="1 minute" />
<script type="application/ld+json" class="yoast-schema-graph">{"@context":"https:\/\/schema.org","@graph":[{"@type":"WebPage","@id":"https:\/\/www.coolturalia.com\/fr\/event\/festival-la-cour-des-contes-2\/","url":"https:\/\/www.coolturalia.com\/fr\/event\/festival-la-cour-des-contes-2\/","name":"Festival La Cour des Contes - Coolturalia","isPartOf":{"@id":"https:\/\/www.coolturalia.com\/fr\/#website"},"primaryImageOfPage":{"@id":"https:\/\/www.coolturalia.com\/fr\/event\/festival-la-cour-des-contes-2\/#primaryimage"},"image":{"@id":"https:\/\/www.coolturalia.com\/fr\/event\/festival-la-cour-des-contes-2\/#primaryimage"},"thumbnailUrl":"https:\/\/www.coolturalia.com\/wp-content\/uploads\/2026\/03\/La-Cour-des-Contes-Festival.webp","datePublished":"2026-03-02T14:21:32+00:00","dateModified":"2026-03-02T14:48:33+00:00","breadcrumb":{"@id":"https:\/\/www.coolturalia.com\/fr\/event\/festival-la-cour-des-contes-2\/#breadcrumb"},"inLanguage":"fr-FR","potentialAction":[{"@type":"ReadAction","target":["https:\/\/www.coolturalia.com\/fr\/event\/festival-la-cour-des-contes-2\/"]}]},{"@type":"ImageObject","inLanguage":"fr-FR","@id":"https:\/\/www.coolturalia.com\/fr\/event\/festival-la-cour-des-contes-2\/#primaryimage","url":"https:\/\/www.coolturalia.com\/wp-content\/uploads\/2026\/03\/La-Cour-des-Contes-Festival.webp","contentUrl":"https:\/\/www.coolturalia.com\/wp-content\/uploads\/2026\/03\/La-Cour-des-Contes-Festival.webp","width":1545,"height":871,"caption":"undefined"},{"@type":"BreadcrumbList","@id":"https:\/\/www.coolturalia.com\/fr\/event\/festival-la-cour-des-contes-2\/#breadcrumb","itemListElement":[{"@type":"ListItem","position":1,"name":"Home","item":"https:\/\/www.coolturalia.com\/fr\/"},{"@type":"ListItem","position":2,"name":"Events","item":"https:\/\/www.coolturalia.com\/fr\/events\/"},{"@type":"ListItem","position":3,"name":"Festival La Cour des Contes"}]},{"@type":"WebSite","@id":"https:\/\/www.coolturalia.com\/fr\/#website","url":"https:\/\/www.coolturalia.com\/fr\/","name":"Coolturalia","description":"","publisher":{"@id":"https:\/\/www.coolturalia.com\/fr\/#organization"},"potentialAction":[{"@type":"SearchAction","target":{"@type":"EntryPoint","urlTemplate":"https:\/\/www.coolturalia.com\/fr\/?s={search_term_string}"},"query-input":{"@type":"PropertyValueSpecification","valueRequired":true,"valueName":"search_term_string"}}],"inLanguage":"fr-FR"},{"@type":"Organization","@id":"https:\/\/www.coolturalia.com\/fr\/#organization","name":"Coolturalia","url":"https:\/\/www.coolturalia.com\/fr\/","logo":{"@type":"ImageObject","inLanguage":"fr-FR","@id":"https:\/\/www.coolturalia.com\/fr\/#\/schema\/logo\/image\/","url":"https:\/\/www.coolturalia.com\/wp-content\/uploads\/2024\/04\/Logo-coolturalia.svg","contentUrl":"https:\/\/www.coolturalia.com\/wp-content\/uploads\/2024\/04\/Logo-coolturalia.svg","width":1312,"height":193,"caption":"Coolturalia"},"image":{"@id":"https:\/\/www.coolturalia.com\/fr\/#\/schema\/logo\/image\/"},"sameAs":["https:\/\/www.instagram.com\/coolturalia_geneva\/"]}]}</script>
<!-- / Yoast SEO plugin. -->

La Cour des Contes est un festival dédié à l’art du récit oral, organisé chaque printemps à Plan-les-Ouates (Genève). Depuis 1995, il réunit des conteur·euses venu·es du monde entier et affirme la culture comme un pilier essentiel du lien social. L’édition 2026 invite le public à voyager à travers les épopées et les grands récits, [&hellip;]
