{"id":184653,"date":"2026-02-06T12:05:26","date_gmt":"2026-02-06T11:05:26","guid":{"rendered":"https:\/\/www.coolturalia.com\/event\/requiem-ad-pacem-2\/"},"modified":"2026-02-06T12:05:26","modified_gmt":"2026-02-06T11:05:26","slug":"requiem-ad-pacem-2","status":"publish","type":"event","link":"https:\/\/www.coolturalia.com\/fr\/event\/requiem-ad-pacem-2\/","title":{"rendered":"Requiem ad Pacem"},"content":{"rendered":"<p>Compos\u00e9 par Louis Crelier sur un livret de Val\u00e9rie Letellier, Requiem ad Pacem est une cr\u00e9ation conduite par le chef Antoine Marguier. L&rsquo;Orchestre des Nations se joint au Ch\u0153ur Lyrica-Op\u00e9ra et au Ch\u0153ur Pro-Arte de Lausanne, avec Michel Vo\u00efta comme r\u00e9citant, pour tisser un paysage sonore solennel et m\u00e9ditatif. L&rsquo;\u0153uvre aborde le deuil et la qu\u00eate de r\u00e9conciliation, alternant masses chorales puissantes et instants plus intimes, baign\u00e9s d&rsquo;une atmosph\u00e8re \u00e0 la fois aust\u00e8re et lumineuse.<\/p>\n","protected":false},"excerpt":{"rendered":"<p>Compos\u00e9 par Louis Crelier sur un livret de Val\u00e9rie Letellier, Requiem ad Pacem est une cr\u00e9ation conduite par le chef Antoine Marguier. L&rsquo;Orchestre des Nations se joint au Ch\u0153ur Lyrica-Op\u00e9ra et au Ch\u0153ur Pro-Arte de Lausanne, avec Michel Vo\u00efta comme r\u00e9citant, pour tisser un paysage sonore solennel et m\u00e9ditatif. L&rsquo;\u0153uvre aborde le deuil et la [&hellip;]<\/p>\n","protected":false},"featured_media":184651,"parent":0,"menu_order":0,"template":"","format":"standard","meta":{"_acf_changed":false,"footnotes":""},"tags":[],"event-category":[444],"event-venue":[605],"class_list":["post-184653","event","type-event","status-publish","format-standard","has-post-thumbnail","hentry","event-category-spectacles","event-venue-victoria-hall-fr"],"acf":{"price":"Sur r\u00e9servation","date":"Dimanche 20 septembre, 17:00","start_date":"2026-09-20 19:00:00","end_date":"2026-09-20 21:00:00","website_link":"https:\/\/scenes-culturelles.geneve.ch\/victoria-hall\/agenda.html#\/?lang=fr&timings%5Bgte%5D=2026-09-19T22%3A00%3A00.000Z&timings%5Blte%5D=2026-09-20T21%3A59%3A59.999Z&timings%5Btz%5D=Europe%2FZurich","link_buy_tickets":"","highlighted":false,"photo_credit":"Lyrique en Sc\u00e8ne","timings":[{"timing_start_date":"2026-09-20 19:00:00","timing_end_date":"2026-09-20 21:00:00"}],"external_id":"79430664"},"yoast_head":"<!-- This site is optimized with the Yoast SEO plugin v27.5 - https:\/\/yoast.com\/product\/yoast-seo-wordpress\/ -->\n<title>Requiem ad Pacem - Coolturalia<\/title>\n<meta name=\"robots\" content=\"index, follow, max-snippet:-1, max-image-preview:large, max-video-preview:-1\" \/>\n<link rel=\"canonical\" href=\"https:\/\/www.coolturalia.com\/fr\/event\/requiem-ad-pacem-2\/\" \/>\n<meta property=\"og:locale\" content=\"fr_FR\" \/>\n<meta property=\"og:type\" content=\"article\" \/>\n<meta property=\"og:title\" content=\"Requiem ad Pacem - Coolturalia\" \/>\n<meta property=\"og:description\" content=\"Compos\u00e9 par Louis Crelier sur un livret de Val\u00e9rie Letellier, Requiem ad Pacem est une cr\u00e9ation conduite par le chef Antoine Marguier. L&rsquo;Orchestre des Nations se joint au Ch\u0153ur Lyrica-Op\u00e9ra et au Ch\u0153ur Pro-Arte de Lausanne, avec Michel Vo\u00efta comme r\u00e9citant, pour tisser un paysage sonore solennel et m\u00e9ditatif. L&rsquo;\u0153uvre aborde le deuil et la [&hellip;]\" \/>\n<meta property=\"og:url\" content=\"https:\/\/www.coolturalia.com\/fr\/event\/requiem-ad-pacem-2\/\" \/>\n<meta property=\"og:site_name\" content=\"Coolturalia\" \/>\n<meta property=\"og:image\" content=\"https:\/\/www.coolturalia.com\/wp-content\/uploads\/2024\/04\/favicon-coolturalia-2.png\" \/>\n\t<meta property=\"og:image:width\" content=\"150\" \/>\n\t<meta property=\"og:image:height\" content=\"150\" \/>\n\t<meta property=\"og:image:type\" content=\"image\/png\" \/>\n<meta name=\"twitter:card\" content=\"summary_large_image\" \/>\n<script type=\"application\/ld+json\" class=\"yoast-schema-graph\">{\"@context\":\"https:\\\/\\\/schema.org\",\"@graph\":[{\"@type\":\"WebPage\",\"@id\":\"https:\\\/\\\/www.coolturalia.com\\\/fr\\\/event\\\/requiem-ad-pacem-2\\\/\",\"url\":\"https:\\\/\\\/www.coolturalia.com\\\/fr\\\/event\\\/requiem-ad-pacem-2\\\/\",\"name\":\"Requiem ad Pacem - Coolturalia\",\"isPartOf\":{\"@id\":\"https:\\\/\\\/www.coolturalia.com\\\/fr\\\/#website\"},\"primaryImageOfPage\":{\"@id\":\"https:\\\/\\\/www.coolturalia.com\\\/fr\\\/event\\\/requiem-ad-pacem-2\\\/#primaryimage\"},\"image\":{\"@id\":\"https:\\\/\\\/www.coolturalia.com\\\/fr\\\/event\\\/requiem-ad-pacem-2\\\/#primaryimage\"},\"thumbnailUrl\":\"https:\\\/\\\/www.coolturalia.com\\\/wp-content\\\/uploads\\\/2026\\\/02\\\/Requiem-ad-Pacem.webp\",\"datePublished\":\"2026-02-06T11:05:26+00:00\",\"breadcrumb\":{\"@id\":\"https:\\\/\\\/www.coolturalia.com\\\/fr\\\/event\\\/requiem-ad-pacem-2\\\/#breadcrumb\"},\"inLanguage\":\"fr-FR\",\"potentialAction\":[{\"@type\":\"ReadAction\",\"target\":[\"https:\\\/\\\/www.coolturalia.com\\\/fr\\\/event\\\/requiem-ad-pacem-2\\\/\"]}]},{\"@type\":\"ImageObject\",\"inLanguage\":\"fr-FR\",\"@id\":\"https:\\\/\\\/www.coolturalia.com\\\/fr\\\/event\\\/requiem-ad-pacem-2\\\/#primaryimage\",\"url\":\"https:\\\/\\\/www.coolturalia.com\\\/wp-content\\\/uploads\\\/2026\\\/02\\\/Requiem-ad-Pacem.webp\",\"contentUrl\":\"https:\\\/\\\/www.coolturalia.com\\\/wp-content\\\/uploads\\\/2026\\\/02\\\/Requiem-ad-Pacem.webp\",\"width\":700,\"height\":679,\"caption\":\"undefined\"},{\"@type\":\"BreadcrumbList\",\"@id\":\"https:\\\/\\\/www.coolturalia.com\\\/fr\\\/event\\\/requiem-ad-pacem-2\\\/#breadcrumb\",\"itemListElement\":[{\"@type\":\"ListItem\",\"position\":1,\"name\":\"Home\",\"item\":\"https:\\\/\\\/www.coolturalia.com\\\/fr\\\/\"},{\"@type\":\"ListItem\",\"position\":2,\"name\":\"Events\",\"item\":\"https:\\\/\\\/www.coolturalia.com\\\/fr\\\/events\\\/\"},{\"@type\":\"ListItem\",\"position\":3,\"name\":\"Requiem ad Pacem\"}]},{\"@type\":\"WebSite\",\"@id\":\"https:\\\/\\\/www.coolturalia.com\\\/fr\\\/#website\",\"url\":\"https:\\\/\\\/www.coolturalia.com\\\/fr\\\/\",\"name\":\"Coolturalia\",\"description\":\"\",\"publisher\":{\"@id\":\"https:\\\/\\\/www.coolturalia.com\\\/fr\\\/#organization\"},\"potentialAction\":[{\"@type\":\"SearchAction\",\"target\":{\"@type\":\"EntryPoint\",\"urlTemplate\":\"https:\\\/\\\/www.coolturalia.com\\\/fr\\\/?s={search_term_string}\"},\"query-input\":{\"@type\":\"PropertyValueSpecification\",\"valueRequired\":true,\"valueName\":\"search_term_string\"}}],\"inLanguage\":\"fr-FR\"},{\"@type\":\"Organization\",\"@id\":\"https:\\\/\\\/www.coolturalia.com\\\/fr\\\/#organization\",\"name\":\"Coolturalia\",\"url\":\"https:\\\/\\\/www.coolturalia.com\\\/fr\\\/\",\"logo\":{\"@type\":\"ImageObject\",\"inLanguage\":\"fr-FR\",\"@id\":\"https:\\\/\\\/www.coolturalia.com\\\/fr\\\/#\\\/schema\\\/logo\\\/image\\\/\",\"url\":\"https:\\\/\\\/www.coolturalia.com\\\/wp-content\\\/uploads\\\/2024\\\/04\\\/Logo-coolturalia.svg\",\"contentUrl\":\"https:\\\/\\\/www.coolturalia.com\\\/wp-content\\\/uploads\\\/2024\\\/04\\\/Logo-coolturalia.svg\",\"width\":1312,\"height\":193,\"caption\":\"Coolturalia\"},\"image\":{\"@id\":\"https:\\\/\\\/www.coolturalia.com\\\/fr\\\/#\\\/schema\\\/logo\\\/image\\\/\"},\"sameAs\":[\"https:\\\/\\\/www.instagram.com\\\/coolturalia_geneva\\\/\"]}]}<\/script>\n<!-- \/ Yoast SEO plugin. -->","yoast_head_json":{"title":"Requiem ad Pacem - Coolturalia","robots":{"index":"index","follow":"follow","max-snippet":"max-snippet:-1","max-image-preview":"max-image-preview:large","max-video-preview":"max-video-preview:-1"},"canonical":"https:\/\/www.coolturalia.com\/fr\/event\/requiem-ad-pacem-2\/","og_locale":"fr_FR","og_type":"article","og_title":"Requiem ad Pacem - Coolturalia","og_description":"Compos\u00e9 par Louis Crelier sur un livret de Val\u00e9rie Letellier, Requiem ad Pacem est une cr\u00e9ation conduite par le chef Antoine Marguier. L&rsquo;Orchestre des Nations se joint au Ch\u0153ur Lyrica-Op\u00e9ra et au Ch\u0153ur Pro-Arte de Lausanne, avec Michel Vo\u00efta comme r\u00e9citant, pour tisser un paysage sonore solennel et m\u00e9ditatif. L&rsquo;\u0153uvre aborde le deuil et la [&hellip;]","og_url":"https:\/\/www.coolturalia.com\/fr\/event\/requiem-ad-pacem-2\/","og_site_name":"Coolturalia","og_image":[{"width":150,"height":150,"url":"https:\/\/www.coolturalia.com\/wp-content\/uploads\/2024\/04\/favicon-coolturalia-2.png","type":"image\/png"}],"twitter_card":"summary_large_image","schema":{"@context":"https:\/\/schema.org","@graph":[{"@type":"WebPage","@id":"https:\/\/www.coolturalia.com\/fr\/event\/requiem-ad-pacem-2\/","url":"https:\/\/www.coolturalia.com\/fr\/event\/requiem-ad-pacem-2\/","name":"Requiem ad Pacem - Coolturalia","isPartOf":{"@id":"https:\/\/www.coolturalia.com\/fr\/#website"},"primaryImageOfPage":{"@id":"https:\/\/www.coolturalia.com\/fr\/event\/requiem-ad-pacem-2\/#primaryimage"},"image":{"@id":"https:\/\/www.coolturalia.com\/fr\/event\/requiem-ad-pacem-2\/#primaryimage"},"thumbnailUrl":"https:\/\/www.coolturalia.com\/wp-content\/uploads\/2026\/02\/Requiem-ad-Pacem.webp","datePublished":"2026-02-06T11:05:26+00:00","breadcrumb":{"@id":"https:\/\/www.coolturalia.com\/fr\/event\/requiem-ad-pacem-2\/#breadcrumb"},"inLanguage":"fr-FR","potentialAction":[{"@type":"ReadAction","target":["https:\/\/www.coolturalia.com\/fr\/event\/requiem-ad-pacem-2\/"]}]},{"@type":"ImageObject","inLanguage":"fr-FR","@id":"https:\/\/www.coolturalia.com\/fr\/event\/requiem-ad-pacem-2\/#primaryimage","url":"https:\/\/www.coolturalia.com\/wp-content\/uploads\/2026\/02\/Requiem-ad-Pacem.webp","contentUrl":"https:\/\/www.coolturalia.com\/wp-content\/uploads\/2026\/02\/Requiem-ad-Pacem.webp","width":700,"height":679,"caption":"undefined"},{"@type":"BreadcrumbList","@id":"https:\/\/www.coolturalia.com\/fr\/event\/requiem-ad-pacem-2\/#breadcrumb","itemListElement":[{"@type":"ListItem","position":1,"name":"Home","item":"https:\/\/www.coolturalia.com\/fr\/"},{"@type":"ListItem","position":2,"name":"Events","item":"https:\/\/www.coolturalia.com\/fr\/events\/"},{"@type":"ListItem","position":3,"name":"Requiem ad Pacem"}]},{"@type":"WebSite","@id":"https:\/\/www.coolturalia.com\/fr\/#website","url":"https:\/\/www.coolturalia.com\/fr\/","name":"Coolturalia","description":"","publisher":{"@id":"https:\/\/www.coolturalia.com\/fr\/#organization"},"potentialAction":[{"@type":"SearchAction","target":{"@type":"EntryPoint","urlTemplate":"https:\/\/www.coolturalia.com\/fr\/?s={search_term_string}"},"query-input":{"@type":"PropertyValueSpecification","valueRequired":true,"valueName":"search_term_string"}}],"inLanguage":"fr-FR"},{"@type":"Organization","@id":"https:\/\/www.coolturalia.com\/fr\/#organization","name":"Coolturalia","url":"https:\/\/www.coolturalia.com\/fr\/","logo":{"@type":"ImageObject","inLanguage":"fr-FR","@id":"https:\/\/www.coolturalia.com\/fr\/#\/schema\/logo\/image\/","url":"https:\/\/www.coolturalia.com\/wp-content\/uploads\/2024\/04\/Logo-coolturalia.svg","contentUrl":"https:\/\/www.coolturalia.com\/wp-content\/uploads\/2024\/04\/Logo-coolturalia.svg","width":1312,"height":193,"caption":"Coolturalia"},"image":{"@id":"https:\/\/www.coolturalia.com\/fr\/#\/schema\/logo\/image\/"},"sameAs":["https:\/\/www.instagram.com\/coolturalia_geneva\/"]}]}},"translations":{"translations":{"en":"184652","fr":"184653"},"language":{"code":"fr"},"date":{"dateRange":"Dimanche 20 septembre, 17:00"}},"language":{"code":"fr"},"_links":{"self":[{"href":"https:\/\/www.coolturalia.com\/fr\/wp-json\/wp\/v2\/event\/184653","targetHints":{"allow":["GET"]}}],"collection":[{"href":"https:\/\/www.coolturalia.com\/fr\/wp-json\/wp\/v2\/event"}],"about":[{"href":"https:\/\/www.coolturalia.com\/fr\/wp-json\/wp\/v2\/types\/event"}],"version-history":[{"count":0,"href":"https:\/\/www.coolturalia.com\/fr\/wp-json\/wp\/v2\/event\/184653\/revisions"}],"wp:featuredmedia":[{"embeddable":true,"href":"https:\/\/www.coolturalia.com\/fr\/wp-json\/wp\/v2\/media\/184651"}],"wp:attachment":[{"href":"https:\/\/www.coolturalia.com\/fr\/wp-json\/wp\/v2\/media?parent=184653"}],"wp:term":[{"taxonomy":"post_tag","embeddable":true,"href":"https:\/\/www.coolturalia.com\/fr\/wp-json\/wp\/v2\/tags?post=184653"},{"taxonomy":"event-category","embeddable":true,"href":"https:\/\/www.coolturalia.com\/fr\/wp-json\/wp\/v2\/event-category?post=184653"},{"taxonomy":"event-venue","embeddable":true,"href":"https:\/\/www.coolturalia.com\/fr\/wp-json\/wp\/v2\/event-venue?post=184653"}],"curies":[{"name":"wp","href":"https:\/\/api.w.org\/{rel}","templated":true}]}}

<p>Composé par Louis Crelier sur un livret de Valérie Letellier, Requiem ad Pacem est une création conduite par le chef Antoine Marguier. L&rsquo;Orchestre des Nations se joint au Chœur Lyrica-Opéra et au Chœur Pro-Arte de Lausanne, avec Michel Voïta comme récitant, pour tisser un paysage sonore solennel et méditatif. L&rsquo;œuvre aborde le deuil et la quête de réconciliation, alternant masses chorales puissantes et instants plus intimes, baignés d&rsquo;une atmosphère à la fois austère et lumineuse.</p>

<p>Composé par Louis Crelier sur un livret de Valérie Letellier, Requiem ad Pacem est une création conduite par le chef Antoine Marguier. L&rsquo;Orchestre des Nations se joint au Chœur Lyrica-Opéra et au Chœur Pro-Arte de Lausanne, avec Michel Voïta comme récitant, pour tisser un paysage sonore solennel et méditatif. L&rsquo;œuvre aborde le deuil et la [&hellip;]</p>

Sur réservation

Lyrique en Scène

<!-- This site is optimized with the Yoast SEO plugin v27.5 - https://yoast.com/product/yoast-seo-wordpress/ -->
<title>Requiem ad Pacem - Coolturalia</title>
<meta name="robots" content="index, follow, max-snippet:-1, max-image-preview:large, max-video-preview:-1" />
<link rel="canonical" href="https://www.coolturalia.com/fr/event/requiem-ad-pacem-2/" />
<meta property="og:locale" content="fr_FR" />
<meta property="og:type" content="article" />
<meta property="og:title" content="Requiem ad Pacem - Coolturalia" />
<meta property="og:description" content="Composé par Louis Crelier sur un livret de Valérie Letellier, Requiem ad Pacem est une création conduite par le chef Antoine Marguier. L&rsquo;Orchestre des Nations se joint au Chœur Lyrica-Opéra et au Chœur Pro-Arte de Lausanne, avec Michel Voïta comme récitant, pour tisser un paysage sonore solennel et méditatif. L&rsquo;œuvre aborde le deuil et la [&hellip;]" />
<meta property="og:url" content="https://www.coolturalia.com/fr/event/requiem-ad-pacem-2/" />
<meta property="og:site_name" content="Coolturalia" />
<meta property="og:image" content="https://www.coolturalia.com/wp-content/uploads/2024/04/favicon-coolturalia-2.png" />
	<meta property="og:image:width" content="150" />
	<meta property="og:image:height" content="150" />
	<meta property="og:image:type" content="image/png" />
<meta name="twitter:card" content="summary_large_image" />
<script type="application/ld+json" class="yoast-schema-graph">{"@context":"https:\/\/schema.org","@graph":[{"@type":"WebPage","@id":"https:\/\/www.coolturalia.com\/fr\/event\/requiem-ad-pacem-2\/","url":"https:\/\/www.coolturalia.com\/fr\/event\/requiem-ad-pacem-2\/","name":"Requiem ad Pacem - Coolturalia","isPartOf":{"@id":"https:\/\/www.coolturalia.com\/fr\/#website"},"primaryImageOfPage":{"@id":"https:\/\/www.coolturalia.com\/fr\/event\/requiem-ad-pacem-2\/#primaryimage"},"image":{"@id":"https:\/\/www.coolturalia.com\/fr\/event\/requiem-ad-pacem-2\/#primaryimage"},"thumbnailUrl":"https:\/\/www.coolturalia.com\/wp-content\/uploads\/2026\/02\/Requiem-ad-Pacem.webp","datePublished":"2026-02-06T11:05:26+00:00","breadcrumb":{"@id":"https:\/\/www.coolturalia.com\/fr\/event\/requiem-ad-pacem-2\/#breadcrumb"},"inLanguage":"fr-FR","potentialAction":[{"@type":"ReadAction","target":["https:\/\/www.coolturalia.com\/fr\/event\/requiem-ad-pacem-2\/"]}]},{"@type":"ImageObject","inLanguage":"fr-FR","@id":"https:\/\/www.coolturalia.com\/fr\/event\/requiem-ad-pacem-2\/#primaryimage","url":"https:\/\/www.coolturalia.com\/wp-content\/uploads\/2026\/02\/Requiem-ad-Pacem.webp","contentUrl":"https:\/\/www.coolturalia.com\/wp-content\/uploads\/2026\/02\/Requiem-ad-Pacem.webp","width":700,"height":679,"caption":"undefined"},{"@type":"BreadcrumbList","@id":"https:\/\/www.coolturalia.com\/fr\/event\/requiem-ad-pacem-2\/#breadcrumb","itemListElement":[{"@type":"ListItem","position":1,"name":"Home","item":"https:\/\/www.coolturalia.com\/fr\/"},{"@type":"ListItem","position":2,"name":"Events","item":"https:\/\/www.coolturalia.com\/fr\/events\/"},{"@type":"ListItem","position":3,"name":"Requiem ad Pacem"}]},{"@type":"WebSite","@id":"https:\/\/www.coolturalia.com\/fr\/#website","url":"https:\/\/www.coolturalia.com\/fr\/","name":"Coolturalia","description":"","publisher":{"@id":"https:\/\/www.coolturalia.com\/fr\/#organization"},"potentialAction":[{"@type":"SearchAction","target":{"@type":"EntryPoint","urlTemplate":"https:\/\/www.coolturalia.com\/fr\/?s={search_term_string}"},"query-input":{"@type":"PropertyValueSpecification","valueRequired":true,"valueName":"search_term_string"}}],"inLanguage":"fr-FR"},{"@type":"Organization","@id":"https:\/\/www.coolturalia.com\/fr\/#organization","name":"Coolturalia","url":"https:\/\/www.coolturalia.com\/fr\/","logo":{"@type":"ImageObject","inLanguage":"fr-FR","@id":"https:\/\/www.coolturalia.com\/fr\/#\/schema\/logo\/image\/","url":"https:\/\/www.coolturalia.com\/wp-content\/uploads\/2024\/04\/Logo-coolturalia.svg","contentUrl":"https:\/\/www.coolturalia.com\/wp-content\/uploads\/2024\/04\/Logo-coolturalia.svg","width":1312,"height":193,"caption":"Coolturalia"},"image":{"@id":"https:\/\/www.coolturalia.com\/fr\/#\/schema\/logo\/image\/"},"sameAs":["https:\/\/www.instagram.com\/coolturalia_geneva\/"]}]}</script>
<!-- / Yoast SEO plugin. -->

Composé par Louis Crelier sur un livret de Valérie Letellier, Requiem ad Pacem est une création conduite par le chef Antoine Marguier. L&rsquo;Orchestre des Nations se joint au Chœur Lyrica-Opéra et au Chœur Pro-Arte de Lausanne, avec Michel Voïta comme récitant, pour tisser un paysage sonore solennel et méditatif. L&rsquo;œuvre aborde le deuil et la [&hellip;]
