{"id":183452,"date":"2026-01-15T08:46:31","date_gmt":"2026-01-15T07:46:31","guid":{"rendered":"https:\/\/www.coolturalia.com\/event\/jeremy-nedd-jolie-ngemi-et-la-manufacture\/"},"modified":"2026-01-15T08:46:31","modified_gmt":"2026-01-15T07:46:31","slug":"jeremy-nedd-jolie-ngemi-et-la-manufacture","status":"publish","type":"event","link":"https:\/\/www.coolturalia.com\/fr\/event\/jeremy-nedd-jolie-ngemi-et-la-manufacture\/","title":{"rendered":"Jeremy Nedd, Jolie Ngemi et La Manufacture"},"content":{"rendered":"<p>Mis en chor\u00e9graphie par Jeremy Nedd et pr\u00e9sentant une nouvelle cr\u00e9ation de Jolie Ngemi, ce programme de fin d&rsquo;\u00e9tudes r\u00e9unit les jeunes interpr\u00e8tes du bachelor en danse contemporaine de La Manufacture. Le travail de Nedd interroge les enjeux raciaux et collectifs, et questionne les formes de communaut\u00e9 dans des contextes sociaux et politiques tendus. Les pi\u00e8ces de plateau mettent en valeur l&rsquo;\u00e9nergie de la promotion et un tissu technique attentif, pour une recherche corporelle sur identit\u00e9, appartenance et r\u00e9silience partag\u00e9e.<\/p>\n","protected":false},"excerpt":{"rendered":"<p>Mis en chor\u00e9graphie par Jeremy Nedd et pr\u00e9sentant une nouvelle cr\u00e9ation de Jolie Ngemi, ce programme de fin d&rsquo;\u00e9tudes r\u00e9unit les jeunes interpr\u00e8tes du bachelor en danse contemporaine de La Manufacture. Le travail de Nedd interroge les enjeux raciaux et collectifs, et questionne les formes de communaut\u00e9 dans des contextes sociaux et politiques tendus. Les [&hellip;]<\/p>\n","protected":false},"featured_media":183450,"parent":0,"menu_order":0,"template":"","format":"standard","meta":{"_acf_changed":false,"footnotes":""},"tags":[],"event-category":[444],"event-venue":[933],"class_list":["post-183452","event","type-event","status-publish","format-standard","has-post-thumbnail","hentry","event-category-spectacles","event-venue-pavillon-adc-fr"],"acf":{"price":"Sur r\u00e9servation","date":"10 - 11 juin","start_date":"2026-06-10 22:00:00","end_date":"2026-06-11 22:00:00","website_link":"https:\/\/pavillon-adc.ch\/spectacle\/la-manufacture-3\/","link_buy_tickets":"","highlighted":false,"photo_credit":"","timings":[{"timing_start_date":"2026-06-10 22:00:00","timing_end_date":"2026-06-11 00:00:00"},{"timing_start_date":"2026-06-11 22:00:00","timing_end_date":"2026-06-12 00:00:00"}],"external_id":""},"yoast_head":"<!-- This site is optimized with the Yoast SEO plugin v27.5 - https:\/\/yoast.com\/product\/yoast-seo-wordpress\/ -->\n<title>Jeremy Nedd, Jolie Ngemi et La Manufacture - Coolturalia<\/title>\n<meta name=\"robots\" content=\"index, follow, max-snippet:-1, max-image-preview:large, max-video-preview:-1\" \/>\n<link rel=\"canonical\" href=\"https:\/\/www.coolturalia.com\/fr\/event\/jeremy-nedd-jolie-ngemi-et-la-manufacture\/\" \/>\n<meta property=\"og:locale\" content=\"fr_FR\" \/>\n<meta property=\"og:type\" content=\"article\" \/>\n<meta property=\"og:title\" content=\"Jeremy Nedd, Jolie Ngemi et La Manufacture - Coolturalia\" \/>\n<meta property=\"og:description\" content=\"Mis en chor\u00e9graphie par Jeremy Nedd et pr\u00e9sentant une nouvelle cr\u00e9ation de Jolie Ngemi, ce programme de fin d&rsquo;\u00e9tudes r\u00e9unit les jeunes interpr\u00e8tes du bachelor en danse contemporaine de La Manufacture. Le travail de Nedd interroge les enjeux raciaux et collectifs, et questionne les formes de communaut\u00e9 dans des contextes sociaux et politiques tendus. Les [&hellip;]\" \/>\n<meta property=\"og:url\" content=\"https:\/\/www.coolturalia.com\/fr\/event\/jeremy-nedd-jolie-ngemi-et-la-manufacture\/\" \/>\n<meta property=\"og:site_name\" content=\"Coolturalia\" \/>\n<meta property=\"og:image\" content=\"https:\/\/www.coolturalia.com\/wp-content\/uploads\/2026\/01\/Jeremy-Nedd-Jolie-Ngemi-and-La-Manufacture.webp\" \/>\n\t<meta property=\"og:image:width\" content=\"640\" \/>\n\t<meta property=\"og:image:height\" content=\"512\" \/>\n\t<meta property=\"og:image:type\" content=\"image\/webp\" \/>\n<meta name=\"twitter:card\" content=\"summary_large_image\" \/>\n<script type=\"application\/ld+json\" class=\"yoast-schema-graph\">{\"@context\":\"https:\\\/\\\/schema.org\",\"@graph\":[{\"@type\":\"WebPage\",\"@id\":\"https:\\\/\\\/www.coolturalia.com\\\/fr\\\/event\\\/jeremy-nedd-jolie-ngemi-et-la-manufacture\\\/\",\"url\":\"https:\\\/\\\/www.coolturalia.com\\\/fr\\\/event\\\/jeremy-nedd-jolie-ngemi-et-la-manufacture\\\/\",\"name\":\"Jeremy Nedd, Jolie Ngemi et La Manufacture - Coolturalia\",\"isPartOf\":{\"@id\":\"https:\\\/\\\/www.coolturalia.com\\\/fr\\\/#website\"},\"primaryImageOfPage\":{\"@id\":\"https:\\\/\\\/www.coolturalia.com\\\/fr\\\/event\\\/jeremy-nedd-jolie-ngemi-et-la-manufacture\\\/#primaryimage\"},\"image\":{\"@id\":\"https:\\\/\\\/www.coolturalia.com\\\/fr\\\/event\\\/jeremy-nedd-jolie-ngemi-et-la-manufacture\\\/#primaryimage\"},\"thumbnailUrl\":\"https:\\\/\\\/www.coolturalia.com\\\/wp-content\\\/uploads\\\/2026\\\/01\\\/Jeremy-Nedd-Jolie-Ngemi-and-La-Manufacture.webp\",\"datePublished\":\"2026-01-15T07:46:31+00:00\",\"breadcrumb\":{\"@id\":\"https:\\\/\\\/www.coolturalia.com\\\/fr\\\/event\\\/jeremy-nedd-jolie-ngemi-et-la-manufacture\\\/#breadcrumb\"},\"inLanguage\":\"fr-FR\",\"potentialAction\":[{\"@type\":\"ReadAction\",\"target\":[\"https:\\\/\\\/www.coolturalia.com\\\/fr\\\/event\\\/jeremy-nedd-jolie-ngemi-et-la-manufacture\\\/\"]}]},{\"@type\":\"ImageObject\",\"inLanguage\":\"fr-FR\",\"@id\":\"https:\\\/\\\/www.coolturalia.com\\\/fr\\\/event\\\/jeremy-nedd-jolie-ngemi-et-la-manufacture\\\/#primaryimage\",\"url\":\"https:\\\/\\\/www.coolturalia.com\\\/wp-content\\\/uploads\\\/2026\\\/01\\\/Jeremy-Nedd-Jolie-Ngemi-and-La-Manufacture.webp\",\"contentUrl\":\"https:\\\/\\\/www.coolturalia.com\\\/wp-content\\\/uploads\\\/2026\\\/01\\\/Jeremy-Nedd-Jolie-Ngemi-and-La-Manufacture.webp\",\"width\":640,\"height\":512,\"caption\":\"undefined\"},{\"@type\":\"BreadcrumbList\",\"@id\":\"https:\\\/\\\/www.coolturalia.com\\\/fr\\\/event\\\/jeremy-nedd-jolie-ngemi-et-la-manufacture\\\/#breadcrumb\",\"itemListElement\":[{\"@type\":\"ListItem\",\"position\":1,\"name\":\"Home\",\"item\":\"https:\\\/\\\/www.coolturalia.com\\\/fr\\\/\"},{\"@type\":\"ListItem\",\"position\":2,\"name\":\"Events\",\"item\":\"https:\\\/\\\/www.coolturalia.com\\\/fr\\\/events\\\/\"},{\"@type\":\"ListItem\",\"position\":3,\"name\":\"Jeremy Nedd, Jolie Ngemi et La Manufacture\"}]},{\"@type\":\"WebSite\",\"@id\":\"https:\\\/\\\/www.coolturalia.com\\\/fr\\\/#website\",\"url\":\"https:\\\/\\\/www.coolturalia.com\\\/fr\\\/\",\"name\":\"Coolturalia\",\"description\":\"\",\"publisher\":{\"@id\":\"https:\\\/\\\/www.coolturalia.com\\\/fr\\\/#organization\"},\"potentialAction\":[{\"@type\":\"SearchAction\",\"target\":{\"@type\":\"EntryPoint\",\"urlTemplate\":\"https:\\\/\\\/www.coolturalia.com\\\/fr\\\/?s={search_term_string}\"},\"query-input\":{\"@type\":\"PropertyValueSpecification\",\"valueRequired\":true,\"valueName\":\"search_term_string\"}}],\"inLanguage\":\"fr-FR\"},{\"@type\":\"Organization\",\"@id\":\"https:\\\/\\\/www.coolturalia.com\\\/fr\\\/#organization\",\"name\":\"Coolturalia\",\"url\":\"https:\\\/\\\/www.coolturalia.com\\\/fr\\\/\",\"logo\":{\"@type\":\"ImageObject\",\"inLanguage\":\"fr-FR\",\"@id\":\"https:\\\/\\\/www.coolturalia.com\\\/fr\\\/#\\\/schema\\\/logo\\\/image\\\/\",\"url\":\"https:\\\/\\\/www.coolturalia.com\\\/wp-content\\\/uploads\\\/2024\\\/04\\\/Logo-coolturalia.svg\",\"contentUrl\":\"https:\\\/\\\/www.coolturalia.com\\\/wp-content\\\/uploads\\\/2024\\\/04\\\/Logo-coolturalia.svg\",\"width\":1312,\"height\":193,\"caption\":\"Coolturalia\"},\"image\":{\"@id\":\"https:\\\/\\\/www.coolturalia.com\\\/fr\\\/#\\\/schema\\\/logo\\\/image\\\/\"},\"sameAs\":[\"https:\\\/\\\/www.instagram.com\\\/coolturalia_geneva\\\/\"]}]}<\/script>\n<!-- \/ Yoast SEO plugin. -->","yoast_head_json":{"title":"Jeremy Nedd, Jolie Ngemi et La Manufacture - Coolturalia","robots":{"index":"index","follow":"follow","max-snippet":"max-snippet:-1","max-image-preview":"max-image-preview:large","max-video-preview":"max-video-preview:-1"},"canonical":"https:\/\/www.coolturalia.com\/fr\/event\/jeremy-nedd-jolie-ngemi-et-la-manufacture\/","og_locale":"fr_FR","og_type":"article","og_title":"Jeremy Nedd, Jolie Ngemi et La Manufacture - Coolturalia","og_description":"Mis en chor\u00e9graphie par Jeremy Nedd et pr\u00e9sentant une nouvelle cr\u00e9ation de Jolie Ngemi, ce programme de fin d&rsquo;\u00e9tudes r\u00e9unit les jeunes interpr\u00e8tes du bachelor en danse contemporaine de La Manufacture. Le travail de Nedd interroge les enjeux raciaux et collectifs, et questionne les formes de communaut\u00e9 dans des contextes sociaux et politiques tendus. Les [&hellip;]","og_url":"https:\/\/www.coolturalia.com\/fr\/event\/jeremy-nedd-jolie-ngemi-et-la-manufacture\/","og_site_name":"Coolturalia","og_image":[{"width":640,"height":512,"url":"https:\/\/www.coolturalia.com\/wp-content\/uploads\/2026\/01\/Jeremy-Nedd-Jolie-Ngemi-and-La-Manufacture.webp","type":"image\/webp"}],"twitter_card":"summary_large_image","schema":{"@context":"https:\/\/schema.org","@graph":[{"@type":"WebPage","@id":"https:\/\/www.coolturalia.com\/fr\/event\/jeremy-nedd-jolie-ngemi-et-la-manufacture\/","url":"https:\/\/www.coolturalia.com\/fr\/event\/jeremy-nedd-jolie-ngemi-et-la-manufacture\/","name":"Jeremy Nedd, Jolie Ngemi et La Manufacture - Coolturalia","isPartOf":{"@id":"https:\/\/www.coolturalia.com\/fr\/#website"},"primaryImageOfPage":{"@id":"https:\/\/www.coolturalia.com\/fr\/event\/jeremy-nedd-jolie-ngemi-et-la-manufacture\/#primaryimage"},"image":{"@id":"https:\/\/www.coolturalia.com\/fr\/event\/jeremy-nedd-jolie-ngemi-et-la-manufacture\/#primaryimage"},"thumbnailUrl":"https:\/\/www.coolturalia.com\/wp-content\/uploads\/2026\/01\/Jeremy-Nedd-Jolie-Ngemi-and-La-Manufacture.webp","datePublished":"2026-01-15T07:46:31+00:00","breadcrumb":{"@id":"https:\/\/www.coolturalia.com\/fr\/event\/jeremy-nedd-jolie-ngemi-et-la-manufacture\/#breadcrumb"},"inLanguage":"fr-FR","potentialAction":[{"@type":"ReadAction","target":["https:\/\/www.coolturalia.com\/fr\/event\/jeremy-nedd-jolie-ngemi-et-la-manufacture\/"]}]},{"@type":"ImageObject","inLanguage":"fr-FR","@id":"https:\/\/www.coolturalia.com\/fr\/event\/jeremy-nedd-jolie-ngemi-et-la-manufacture\/#primaryimage","url":"https:\/\/www.coolturalia.com\/wp-content\/uploads\/2026\/01\/Jeremy-Nedd-Jolie-Ngemi-and-La-Manufacture.webp","contentUrl":"https:\/\/www.coolturalia.com\/wp-content\/uploads\/2026\/01\/Jeremy-Nedd-Jolie-Ngemi-and-La-Manufacture.webp","width":640,"height":512,"caption":"undefined"},{"@type":"BreadcrumbList","@id":"https:\/\/www.coolturalia.com\/fr\/event\/jeremy-nedd-jolie-ngemi-et-la-manufacture\/#breadcrumb","itemListElement":[{"@type":"ListItem","position":1,"name":"Home","item":"https:\/\/www.coolturalia.com\/fr\/"},{"@type":"ListItem","position":2,"name":"Events","item":"https:\/\/www.coolturalia.com\/fr\/events\/"},{"@type":"ListItem","position":3,"name":"Jeremy Nedd, Jolie Ngemi et La Manufacture"}]},{"@type":"WebSite","@id":"https:\/\/www.coolturalia.com\/fr\/#website","url":"https:\/\/www.coolturalia.com\/fr\/","name":"Coolturalia","description":"","publisher":{"@id":"https:\/\/www.coolturalia.com\/fr\/#organization"},"potentialAction":[{"@type":"SearchAction","target":{"@type":"EntryPoint","urlTemplate":"https:\/\/www.coolturalia.com\/fr\/?s={search_term_string}"},"query-input":{"@type":"PropertyValueSpecification","valueRequired":true,"valueName":"search_term_string"}}],"inLanguage":"fr-FR"},{"@type":"Organization","@id":"https:\/\/www.coolturalia.com\/fr\/#organization","name":"Coolturalia","url":"https:\/\/www.coolturalia.com\/fr\/","logo":{"@type":"ImageObject","inLanguage":"fr-FR","@id":"https:\/\/www.coolturalia.com\/fr\/#\/schema\/logo\/image\/","url":"https:\/\/www.coolturalia.com\/wp-content\/uploads\/2024\/04\/Logo-coolturalia.svg","contentUrl":"https:\/\/www.coolturalia.com\/wp-content\/uploads\/2024\/04\/Logo-coolturalia.svg","width":1312,"height":193,"caption":"Coolturalia"},"image":{"@id":"https:\/\/www.coolturalia.com\/fr\/#\/schema\/logo\/image\/"},"sameAs":["https:\/\/www.instagram.com\/coolturalia_geneva\/"]}]}},"translations":{"translations":{"en":"183451","fr":"183452"},"language":{"code":"fr"},"date":{"dateRange":"10 - 11 juin"}},"language":{"code":"fr"},"_links":{"self":[{"href":"https:\/\/www.coolturalia.com\/fr\/wp-json\/wp\/v2\/event\/183452","targetHints":{"allow":["GET"]}}],"collection":[{"href":"https:\/\/www.coolturalia.com\/fr\/wp-json\/wp\/v2\/event"}],"about":[{"href":"https:\/\/www.coolturalia.com\/fr\/wp-json\/wp\/v2\/types\/event"}],"version-history":[{"count":0,"href":"https:\/\/www.coolturalia.com\/fr\/wp-json\/wp\/v2\/event\/183452\/revisions"}],"wp:featuredmedia":[{"embeddable":true,"href":"https:\/\/www.coolturalia.com\/fr\/wp-json\/wp\/v2\/media\/183450"}],"wp:attachment":[{"href":"https:\/\/www.coolturalia.com\/fr\/wp-json\/wp\/v2\/media?parent=183452"}],"wp:term":[{"taxonomy":"post_tag","embeddable":true,"href":"https:\/\/www.coolturalia.com\/fr\/wp-json\/wp\/v2\/tags?post=183452"},{"taxonomy":"event-category","embeddable":true,"href":"https:\/\/www.coolturalia.com\/fr\/wp-json\/wp\/v2\/event-category?post=183452"},{"taxonomy":"event-venue","embeddable":true,"href":"https:\/\/www.coolturalia.com\/fr\/wp-json\/wp\/v2\/event-venue?post=183452"}],"curies":[{"name":"wp","href":"https:\/\/api.w.org\/{rel}","templated":true}]}}

<p>Mis en chorégraphie par Jeremy Nedd et présentant une nouvelle création de Jolie Ngemi, ce programme de fin d&rsquo;études réunit les jeunes interprètes du bachelor en danse contemporaine de La Manufacture. Le travail de Nedd interroge les enjeux raciaux et collectifs, et questionne les formes de communauté dans des contextes sociaux et politiques tendus. Les pièces de plateau mettent en valeur l&rsquo;énergie de la promotion et un tissu technique attentif, pour une recherche corporelle sur identité, appartenance et résilience partagée.</p>

<p>Mis en chorégraphie par Jeremy Nedd et présentant une nouvelle création de Jolie Ngemi, ce programme de fin d&rsquo;études réunit les jeunes interprètes du bachelor en danse contemporaine de La Manufacture. Le travail de Nedd interroge les enjeux raciaux et collectifs, et questionne les formes de communauté dans des contextes sociaux et politiques tendus. Les [&hellip;]</p>

Sur réservation

<!-- This site is optimized with the Yoast SEO plugin v27.5 - https://yoast.com/product/yoast-seo-wordpress/ -->
<title>Jeremy Nedd, Jolie Ngemi et La Manufacture - Coolturalia</title>
<meta name="robots" content="index, follow, max-snippet:-1, max-image-preview:large, max-video-preview:-1" />
<link rel="canonical" href="https://www.coolturalia.com/fr/event/jeremy-nedd-jolie-ngemi-et-la-manufacture/" />
<meta property="og:locale" content="fr_FR" />
<meta property="og:type" content="article" />
<meta property="og:title" content="Jeremy Nedd, Jolie Ngemi et La Manufacture - Coolturalia" />
<meta property="og:description" content="Mis en chorégraphie par Jeremy Nedd et présentant une nouvelle création de Jolie Ngemi, ce programme de fin d&rsquo;études réunit les jeunes interprètes du bachelor en danse contemporaine de La Manufacture. Le travail de Nedd interroge les enjeux raciaux et collectifs, et questionne les formes de communauté dans des contextes sociaux et politiques tendus. Les [&hellip;]" />
<meta property="og:url" content="https://www.coolturalia.com/fr/event/jeremy-nedd-jolie-ngemi-et-la-manufacture/" />
<meta property="og:site_name" content="Coolturalia" />
<meta property="og:image" content="https://www.coolturalia.com/wp-content/uploads/2026/01/Jeremy-Nedd-Jolie-Ngemi-and-La-Manufacture.webp" />
	<meta property="og:image:width" content="640" />
	<meta property="og:image:height" content="512" />
	<meta property="og:image:type" content="image/webp" />
<meta name="twitter:card" content="summary_large_image" />
<script type="application/ld+json" class="yoast-schema-graph">{"@context":"https:\/\/schema.org","@graph":[{"@type":"WebPage","@id":"https:\/\/www.coolturalia.com\/fr\/event\/jeremy-nedd-jolie-ngemi-et-la-manufacture\/","url":"https:\/\/www.coolturalia.com\/fr\/event\/jeremy-nedd-jolie-ngemi-et-la-manufacture\/","name":"Jeremy Nedd, Jolie Ngemi et La Manufacture - Coolturalia","isPartOf":{"@id":"https:\/\/www.coolturalia.com\/fr\/#website"},"primaryImageOfPage":{"@id":"https:\/\/www.coolturalia.com\/fr\/event\/jeremy-nedd-jolie-ngemi-et-la-manufacture\/#primaryimage"},"image":{"@id":"https:\/\/www.coolturalia.com\/fr\/event\/jeremy-nedd-jolie-ngemi-et-la-manufacture\/#primaryimage"},"thumbnailUrl":"https:\/\/www.coolturalia.com\/wp-content\/uploads\/2026\/01\/Jeremy-Nedd-Jolie-Ngemi-and-La-Manufacture.webp","datePublished":"2026-01-15T07:46:31+00:00","breadcrumb":{"@id":"https:\/\/www.coolturalia.com\/fr\/event\/jeremy-nedd-jolie-ngemi-et-la-manufacture\/#breadcrumb"},"inLanguage":"fr-FR","potentialAction":[{"@type":"ReadAction","target":["https:\/\/www.coolturalia.com\/fr\/event\/jeremy-nedd-jolie-ngemi-et-la-manufacture\/"]}]},{"@type":"ImageObject","inLanguage":"fr-FR","@id":"https:\/\/www.coolturalia.com\/fr\/event\/jeremy-nedd-jolie-ngemi-et-la-manufacture\/#primaryimage","url":"https:\/\/www.coolturalia.com\/wp-content\/uploads\/2026\/01\/Jeremy-Nedd-Jolie-Ngemi-and-La-Manufacture.webp","contentUrl":"https:\/\/www.coolturalia.com\/wp-content\/uploads\/2026\/01\/Jeremy-Nedd-Jolie-Ngemi-and-La-Manufacture.webp","width":640,"height":512,"caption":"undefined"},{"@type":"BreadcrumbList","@id":"https:\/\/www.coolturalia.com\/fr\/event\/jeremy-nedd-jolie-ngemi-et-la-manufacture\/#breadcrumb","itemListElement":[{"@type":"ListItem","position":1,"name":"Home","item":"https:\/\/www.coolturalia.com\/fr\/"},{"@type":"ListItem","position":2,"name":"Events","item":"https:\/\/www.coolturalia.com\/fr\/events\/"},{"@type":"ListItem","position":3,"name":"Jeremy Nedd, Jolie Ngemi et La Manufacture"}]},{"@type":"WebSite","@id":"https:\/\/www.coolturalia.com\/fr\/#website","url":"https:\/\/www.coolturalia.com\/fr\/","name":"Coolturalia","description":"","publisher":{"@id":"https:\/\/www.coolturalia.com\/fr\/#organization"},"potentialAction":[{"@type":"SearchAction","target":{"@type":"EntryPoint","urlTemplate":"https:\/\/www.coolturalia.com\/fr\/?s={search_term_string}"},"query-input":{"@type":"PropertyValueSpecification","valueRequired":true,"valueName":"search_term_string"}}],"inLanguage":"fr-FR"},{"@type":"Organization","@id":"https:\/\/www.coolturalia.com\/fr\/#organization","name":"Coolturalia","url":"https:\/\/www.coolturalia.com\/fr\/","logo":{"@type":"ImageObject","inLanguage":"fr-FR","@id":"https:\/\/www.coolturalia.com\/fr\/#\/schema\/logo\/image\/","url":"https:\/\/www.coolturalia.com\/wp-content\/uploads\/2024\/04\/Logo-coolturalia.svg","contentUrl":"https:\/\/www.coolturalia.com\/wp-content\/uploads\/2024\/04\/Logo-coolturalia.svg","width":1312,"height":193,"caption":"Coolturalia"},"image":{"@id":"https:\/\/www.coolturalia.com\/fr\/#\/schema\/logo\/image\/"},"sameAs":["https:\/\/www.instagram.com\/coolturalia_geneva\/"]}]}</script>
<!-- / Yoast SEO plugin. -->

Mis en chorégraphie par Jeremy Nedd et présentant une nouvelle création de Jolie Ngemi, ce programme de fin d&rsquo;études réunit les jeunes interprètes du bachelor en danse contemporaine de La Manufacture. Le travail de Nedd interroge les enjeux raciaux et collectifs, et questionne les formes de communauté dans des contextes sociaux et politiques tendus. Les [&hellip;]
