{"id":179662,"date":"2025-11-27T16:27:18","date_gmt":"2025-11-27T15:27:18","guid":{"rendered":"https:\/\/www.coolturalia.com\/?post_type=event&#038;p=179662"},"modified":"2025-11-27T16:27:19","modified_gmt":"2025-11-27T15:27:19","slug":"richard-strauss-et-anton-bruckner","status":"publish","type":"event","link":"https:\/\/www.coolturalia.com\/fr\/event\/richard-strauss-et-anton-bruckner\/","title":{"rendered":"Richard Strauss et Anton Bruckner"},"content":{"rendered":"<p>Le concert-jubil\u00e9 de Laurent Gay, pour ses quinze ans \u00e0 la HEM, promet une soir\u00e9e romantique avec l&rsquo;Orchestre de la HEM, la direction de Laurent Gay et la soprano Cl\u00e9mence Tilquin. Le programme inclut les \u00ab\u00a0Six Lieder\u00a0\u00bb de Richard Strauss et la \u00ab\u00a0Symphonie n\u00b0 4\u00a0\u00bb d\u2019Anton Bruckner. Une soir\u00e9e o\u00f9 la voix et l&rsquo;orchestre fusionnent dans une harmonie passionn\u00e9e, c\u00e9l\u00e9brant aussi les pr\u00e8s de trente cr\u00e9ations de Laurent Gay.<\/p>\n","protected":false},"excerpt":{"rendered":"<p>Le concert-jubil\u00e9 de Laurent Gay, pour ses quinze ans \u00e0 la HEM, promet une soir\u00e9e romantique avec l&rsquo;Orchestre de la HEM, la direction de Laurent Gay et la soprano Cl\u00e9mence Tilquin. Le programme inclut les \u00ab\u00a0Six Lieder\u00a0\u00bb de Richard Strauss et la \u00ab\u00a0Symphonie n\u00b0 4\u00a0\u00bb d\u2019Anton Bruckner. Une soir\u00e9e o\u00f9 la voix et l&rsquo;orchestre fusionnent [&hellip;]<\/p>\n","protected":false},"featured_media":180228,"parent":0,"menu_order":0,"template":"","format":"standard","meta":{"_acf_changed":false,"footnotes":""},"tags":[686,687],"event-category":[444],"event-venue":[605],"class_list":["post-179662","event","type-event","status-publish","format-standard","has-post-thumbnail","hentry","tag-evenement-passe","tag-past-event","event-category-spectacles","event-venue-victoria-hall-fr"],"acf":{"price":"","date":"Samedi 21 f\u00e9vrier, 19:30","start_date":"2026-02-21 00:00:00","end_date":"2026-02-21 00:00:00","website_link":"https:\/\/scenes-culturelles.geneve.ch\/victoria-hall\/agenda.html#\/?lang=fr&timings%5Bgte%5D=2026-02-20T23%3A00%3A00.000Z&timings%5Blte%5D=2026-02-21T22%3A59%3A59.999Z&timings%5Btz%5D=Europe%2FZurich","link_buy_tickets":"https:\/\/billetterie-culture.geneve.ch\/list\/events","highlighted":false,"photo_credit":"\u00a9 HEM - Fran\u00e7ois Pirenne","timings":[{"timing_start_date":"2026-02-21 19:30:00","timing_end_date":"2026-02-21 21:30:00"}],"external_id":"20110260"},"yoast_head":"<!-- This site is optimized with the Yoast SEO plugin v27.5 - https:\/\/yoast.com\/product\/yoast-seo-wordpress\/ -->\n<title>Richard Strauss et Anton Bruckner - Coolturalia<\/title>\n<meta name=\"robots\" content=\"index, follow, max-snippet:-1, max-image-preview:large, max-video-preview:-1\" \/>\n<link rel=\"canonical\" href=\"https:\/\/www.coolturalia.com\/fr\/event\/richard-strauss-et-anton-bruckner\/\" \/>\n<meta property=\"og:locale\" content=\"fr_FR\" \/>\n<meta property=\"og:type\" content=\"article\" \/>\n<meta property=\"og:title\" content=\"Richard Strauss et Anton Bruckner - Coolturalia\" \/>\n<meta property=\"og:description\" content=\"Le concert-jubil\u00e9 de Laurent Gay, pour ses quinze ans \u00e0 la HEM, promet une soir\u00e9e romantique avec l&rsquo;Orchestre de la HEM, la direction de Laurent Gay et la soprano Cl\u00e9mence Tilquin. Le programme inclut les \u00ab\u00a0Six Lieder\u00a0\u00bb de Richard Strauss et la \u00ab\u00a0Symphonie n\u00b0 4\u00a0\u00bb d\u2019Anton Bruckner. Une soir\u00e9e o\u00f9 la voix et l&rsquo;orchestre fusionnent [&hellip;]\" \/>\n<meta property=\"og:url\" content=\"https:\/\/www.coolturalia.com\/fr\/event\/richard-strauss-et-anton-bruckner\/\" \/>\n<meta property=\"og:site_name\" content=\"Coolturalia\" \/>\n<meta property=\"article:modified_time\" content=\"2025-11-27T15:27:19+00:00\" \/>\n<meta property=\"og:image\" content=\"https:\/\/www.coolturalia.com\/wp-content\/uploads\/2025\/11\/Orchestre-HEM-Francois-Pirenne-3845.webp\" \/>\n\t<meta property=\"og:image:width\" content=\"428\" \/>\n\t<meta property=\"og:image:height\" content=\"260\" \/>\n\t<meta property=\"og:image:type\" content=\"image\/webp\" \/>\n<meta name=\"twitter:card\" content=\"summary_large_image\" \/>\n<script type=\"application\/ld+json\" class=\"yoast-schema-graph\">{\"@context\":\"https:\\\/\\\/schema.org\",\"@graph\":[{\"@type\":\"WebPage\",\"@id\":\"https:\\\/\\\/www.coolturalia.com\\\/fr\\\/event\\\/richard-strauss-et-anton-bruckner\\\/\",\"url\":\"https:\\\/\\\/www.coolturalia.com\\\/fr\\\/event\\\/richard-strauss-et-anton-bruckner\\\/\",\"name\":\"Richard Strauss et Anton Bruckner - Coolturalia\",\"isPartOf\":{\"@id\":\"https:\\\/\\\/www.coolturalia.com\\\/fr\\\/#website\"},\"primaryImageOfPage\":{\"@id\":\"https:\\\/\\\/www.coolturalia.com\\\/fr\\\/event\\\/richard-strauss-et-anton-bruckner\\\/#primaryimage\"},\"image\":{\"@id\":\"https:\\\/\\\/www.coolturalia.com\\\/fr\\\/event\\\/richard-strauss-et-anton-bruckner\\\/#primaryimage\"},\"thumbnailUrl\":\"https:\\\/\\\/www.coolturalia.com\\\/wp-content\\\/uploads\\\/2025\\\/11\\\/Orchestre-HEM-Francois-Pirenne-3845.webp\",\"datePublished\":\"2025-11-27T15:27:18+00:00\",\"dateModified\":\"2025-11-27T15:27:19+00:00\",\"breadcrumb\":{\"@id\":\"https:\\\/\\\/www.coolturalia.com\\\/fr\\\/event\\\/richard-strauss-et-anton-bruckner\\\/#breadcrumb\"},\"inLanguage\":\"fr-FR\",\"potentialAction\":[{\"@type\":\"ReadAction\",\"target\":[\"https:\\\/\\\/www.coolturalia.com\\\/fr\\\/event\\\/richard-strauss-et-anton-bruckner\\\/\"]}]},{\"@type\":\"ImageObject\",\"inLanguage\":\"fr-FR\",\"@id\":\"https:\\\/\\\/www.coolturalia.com\\\/fr\\\/event\\\/richard-strauss-et-anton-bruckner\\\/#primaryimage\",\"url\":\"https:\\\/\\\/www.coolturalia.com\\\/wp-content\\\/uploads\\\/2025\\\/11\\\/Orchestre-HEM-Francois-Pirenne-3845.webp\",\"contentUrl\":\"https:\\\/\\\/www.coolturalia.com\\\/wp-content\\\/uploads\\\/2025\\\/11\\\/Orchestre-HEM-Francois-Pirenne-3845.webp\",\"width\":428,\"height\":260},{\"@type\":\"BreadcrumbList\",\"@id\":\"https:\\\/\\\/www.coolturalia.com\\\/fr\\\/event\\\/richard-strauss-et-anton-bruckner\\\/#breadcrumb\",\"itemListElement\":[{\"@type\":\"ListItem\",\"position\":1,\"name\":\"Home\",\"item\":\"https:\\\/\\\/www.coolturalia.com\\\/fr\\\/\"},{\"@type\":\"ListItem\",\"position\":2,\"name\":\"Events\",\"item\":\"https:\\\/\\\/www.coolturalia.com\\\/fr\\\/events\\\/\"},{\"@type\":\"ListItem\",\"position\":3,\"name\":\"Richard Strauss et Anton Bruckner\"}]},{\"@type\":\"WebSite\",\"@id\":\"https:\\\/\\\/www.coolturalia.com\\\/fr\\\/#website\",\"url\":\"https:\\\/\\\/www.coolturalia.com\\\/fr\\\/\",\"name\":\"Coolturalia\",\"description\":\"\",\"publisher\":{\"@id\":\"https:\\\/\\\/www.coolturalia.com\\\/fr\\\/#organization\"},\"potentialAction\":[{\"@type\":\"SearchAction\",\"target\":{\"@type\":\"EntryPoint\",\"urlTemplate\":\"https:\\\/\\\/www.coolturalia.com\\\/fr\\\/?s={search_term_string}\"},\"query-input\":{\"@type\":\"PropertyValueSpecification\",\"valueRequired\":true,\"valueName\":\"search_term_string\"}}],\"inLanguage\":\"fr-FR\"},{\"@type\":\"Organization\",\"@id\":\"https:\\\/\\\/www.coolturalia.com\\\/fr\\\/#organization\",\"name\":\"Coolturalia\",\"url\":\"https:\\\/\\\/www.coolturalia.com\\\/fr\\\/\",\"logo\":{\"@type\":\"ImageObject\",\"inLanguage\":\"fr-FR\",\"@id\":\"https:\\\/\\\/www.coolturalia.com\\\/fr\\\/#\\\/schema\\\/logo\\\/image\\\/\",\"url\":\"https:\\\/\\\/www.coolturalia.com\\\/wp-content\\\/uploads\\\/2024\\\/04\\\/Logo-coolturalia.svg\",\"contentUrl\":\"https:\\\/\\\/www.coolturalia.com\\\/wp-content\\\/uploads\\\/2024\\\/04\\\/Logo-coolturalia.svg\",\"width\":1312,\"height\":193,\"caption\":\"Coolturalia\"},\"image\":{\"@id\":\"https:\\\/\\\/www.coolturalia.com\\\/fr\\\/#\\\/schema\\\/logo\\\/image\\\/\"},\"sameAs\":[\"https:\\\/\\\/www.instagram.com\\\/coolturalia_geneva\\\/\"]}]}<\/script>\n<!-- \/ Yoast SEO plugin. -->","yoast_head_json":{"title":"Richard Strauss et Anton Bruckner - Coolturalia","robots":{"index":"index","follow":"follow","max-snippet":"max-snippet:-1","max-image-preview":"max-image-preview:large","max-video-preview":"max-video-preview:-1"},"canonical":"https:\/\/www.coolturalia.com\/fr\/event\/richard-strauss-et-anton-bruckner\/","og_locale":"fr_FR","og_type":"article","og_title":"Richard Strauss et Anton Bruckner - Coolturalia","og_description":"Le concert-jubil\u00e9 de Laurent Gay, pour ses quinze ans \u00e0 la HEM, promet une soir\u00e9e romantique avec l&rsquo;Orchestre de la HEM, la direction de Laurent Gay et la soprano Cl\u00e9mence Tilquin. Le programme inclut les \u00ab\u00a0Six Lieder\u00a0\u00bb de Richard Strauss et la \u00ab\u00a0Symphonie n\u00b0 4\u00a0\u00bb d\u2019Anton Bruckner. Une soir\u00e9e o\u00f9 la voix et l&rsquo;orchestre fusionnent [&hellip;]","og_url":"https:\/\/www.coolturalia.com\/fr\/event\/richard-strauss-et-anton-bruckner\/","og_site_name":"Coolturalia","article_modified_time":"2025-11-27T15:27:19+00:00","og_image":[{"width":428,"height":260,"url":"https:\/\/www.coolturalia.com\/wp-content\/uploads\/2025\/11\/Orchestre-HEM-Francois-Pirenne-3845.webp","type":"image\/webp"}],"twitter_card":"summary_large_image","schema":{"@context":"https:\/\/schema.org","@graph":[{"@type":"WebPage","@id":"https:\/\/www.coolturalia.com\/fr\/event\/richard-strauss-et-anton-bruckner\/","url":"https:\/\/www.coolturalia.com\/fr\/event\/richard-strauss-et-anton-bruckner\/","name":"Richard Strauss et Anton Bruckner - Coolturalia","isPartOf":{"@id":"https:\/\/www.coolturalia.com\/fr\/#website"},"primaryImageOfPage":{"@id":"https:\/\/www.coolturalia.com\/fr\/event\/richard-strauss-et-anton-bruckner\/#primaryimage"},"image":{"@id":"https:\/\/www.coolturalia.com\/fr\/event\/richard-strauss-et-anton-bruckner\/#primaryimage"},"thumbnailUrl":"https:\/\/www.coolturalia.com\/wp-content\/uploads\/2025\/11\/Orchestre-HEM-Francois-Pirenne-3845.webp","datePublished":"2025-11-27T15:27:18+00:00","dateModified":"2025-11-27T15:27:19+00:00","breadcrumb":{"@id":"https:\/\/www.coolturalia.com\/fr\/event\/richard-strauss-et-anton-bruckner\/#breadcrumb"},"inLanguage":"fr-FR","potentialAction":[{"@type":"ReadAction","target":["https:\/\/www.coolturalia.com\/fr\/event\/richard-strauss-et-anton-bruckner\/"]}]},{"@type":"ImageObject","inLanguage":"fr-FR","@id":"https:\/\/www.coolturalia.com\/fr\/event\/richard-strauss-et-anton-bruckner\/#primaryimage","url":"https:\/\/www.coolturalia.com\/wp-content\/uploads\/2025\/11\/Orchestre-HEM-Francois-Pirenne-3845.webp","contentUrl":"https:\/\/www.coolturalia.com\/wp-content\/uploads\/2025\/11\/Orchestre-HEM-Francois-Pirenne-3845.webp","width":428,"height":260},{"@type":"BreadcrumbList","@id":"https:\/\/www.coolturalia.com\/fr\/event\/richard-strauss-et-anton-bruckner\/#breadcrumb","itemListElement":[{"@type":"ListItem","position":1,"name":"Home","item":"https:\/\/www.coolturalia.com\/fr\/"},{"@type":"ListItem","position":2,"name":"Events","item":"https:\/\/www.coolturalia.com\/fr\/events\/"},{"@type":"ListItem","position":3,"name":"Richard Strauss et Anton Bruckner"}]},{"@type":"WebSite","@id":"https:\/\/www.coolturalia.com\/fr\/#website","url":"https:\/\/www.coolturalia.com\/fr\/","name":"Coolturalia","description":"","publisher":{"@id":"https:\/\/www.coolturalia.com\/fr\/#organization"},"potentialAction":[{"@type":"SearchAction","target":{"@type":"EntryPoint","urlTemplate":"https:\/\/www.coolturalia.com\/fr\/?s={search_term_string}"},"query-input":{"@type":"PropertyValueSpecification","valueRequired":true,"valueName":"search_term_string"}}],"inLanguage":"fr-FR"},{"@type":"Organization","@id":"https:\/\/www.coolturalia.com\/fr\/#organization","name":"Coolturalia","url":"https:\/\/www.coolturalia.com\/fr\/","logo":{"@type":"ImageObject","inLanguage":"fr-FR","@id":"https:\/\/www.coolturalia.com\/fr\/#\/schema\/logo\/image\/","url":"https:\/\/www.coolturalia.com\/wp-content\/uploads\/2024\/04\/Logo-coolturalia.svg","contentUrl":"https:\/\/www.coolturalia.com\/wp-content\/uploads\/2024\/04\/Logo-coolturalia.svg","width":1312,"height":193,"caption":"Coolturalia"},"image":{"@id":"https:\/\/www.coolturalia.com\/fr\/#\/schema\/logo\/image\/"},"sameAs":["https:\/\/www.instagram.com\/coolturalia_geneva\/"]}]}},"translations":{"translations":{"en":"179661","fr":"179662"},"language":{"code":"fr"},"date":{"dateRange":"Samedi 21 f\u00e9vrier, 19:30"}},"language":{"code":"fr"},"_links":{"self":[{"href":"https:\/\/www.coolturalia.com\/fr\/wp-json\/wp\/v2\/event\/179662","targetHints":{"allow":["GET"]}}],"collection":[{"href":"https:\/\/www.coolturalia.com\/fr\/wp-json\/wp\/v2\/event"}],"about":[{"href":"https:\/\/www.coolturalia.com\/fr\/wp-json\/wp\/v2\/types\/event"}],"version-history":[{"count":2,"href":"https:\/\/www.coolturalia.com\/fr\/wp-json\/wp\/v2\/event\/179662\/revisions"}],"predecessor-version":[{"id":180230,"href":"https:\/\/www.coolturalia.com\/fr\/wp-json\/wp\/v2\/event\/179662\/revisions\/180230"}],"wp:featuredmedia":[{"embeddable":true,"href":"https:\/\/www.coolturalia.com\/fr\/wp-json\/wp\/v2\/media\/180228"}],"wp:attachment":[{"href":"https:\/\/www.coolturalia.com\/fr\/wp-json\/wp\/v2\/media?parent=179662"}],"wp:term":[{"taxonomy":"post_tag","embeddable":true,"href":"https:\/\/www.coolturalia.com\/fr\/wp-json\/wp\/v2\/tags?post=179662"},{"taxonomy":"event-category","embeddable":true,"href":"https:\/\/www.coolturalia.com\/fr\/wp-json\/wp\/v2\/event-category?post=179662"},{"taxonomy":"event-venue","embeddable":true,"href":"https:\/\/www.coolturalia.com\/fr\/wp-json\/wp\/v2\/event-venue?post=179662"}],"curies":[{"name":"wp","href":"https:\/\/api.w.org\/{rel}","templated":true}]}}

<p>Le concert-jubilé de Laurent Gay, pour ses quinze ans à la HEM, promet une soirée romantique avec l&rsquo;Orchestre de la HEM, la direction de Laurent Gay et la soprano Clémence Tilquin. Le programme inclut les « Six Lieder » de Richard Strauss et la « Symphonie n° 4 » d’Anton Bruckner. Une soirée où la voix et l&rsquo;orchestre fusionnent dans une harmonie passionnée, célébrant aussi les près de trente créations de Laurent Gay.</p>

<p>Le concert-jubilé de Laurent Gay, pour ses quinze ans à la HEM, promet une soirée romantique avec l&rsquo;Orchestre de la HEM, la direction de Laurent Gay et la soprano Clémence Tilquin. Le programme inclut les « Six Lieder » de Richard Strauss et la « Symphonie n° 4 » d’Anton Bruckner. Une soirée où la voix et l&rsquo;orchestre fusionnent [&hellip;]</p>

Samedi 21 février, 19:30

© HEM - François Pirenne

<!-- This site is optimized with the Yoast SEO plugin v27.5 - https://yoast.com/product/yoast-seo-wordpress/ -->
<title>Richard Strauss et Anton Bruckner - Coolturalia</title>
<meta name="robots" content="index, follow, max-snippet:-1, max-image-preview:large, max-video-preview:-1" />
<link rel="canonical" href="https://www.coolturalia.com/fr/event/richard-strauss-et-anton-bruckner/" />
<meta property="og:locale" content="fr_FR" />
<meta property="og:type" content="article" />
<meta property="og:title" content="Richard Strauss et Anton Bruckner - Coolturalia" />
<meta property="og:description" content="Le concert-jubilé de Laurent Gay, pour ses quinze ans à la HEM, promet une soirée romantique avec l&rsquo;Orchestre de la HEM, la direction de Laurent Gay et la soprano Clémence Tilquin. Le programme inclut les « Six Lieder » de Richard Strauss et la « Symphonie n° 4 » d’Anton Bruckner. Une soirée où la voix et l&rsquo;orchestre fusionnent [&hellip;]" />
<meta property="og:url" content="https://www.coolturalia.com/fr/event/richard-strauss-et-anton-bruckner/" />
<meta property="og:site_name" content="Coolturalia" />
<meta property="article:modified_time" content="2025-11-27T15:27:19+00:00" />
<meta property="og:image" content="https://www.coolturalia.com/wp-content/uploads/2025/11/Orchestre-HEM-Francois-Pirenne-3845.webp" />
	<meta property="og:image:width" content="428" />
	<meta property="og:image:height" content="260" />
	<meta property="og:image:type" content="image/webp" />
<meta name="twitter:card" content="summary_large_image" />
<script type="application/ld+json" class="yoast-schema-graph">{"@context":"https:\/\/schema.org","@graph":[{"@type":"WebPage","@id":"https:\/\/www.coolturalia.com\/fr\/event\/richard-strauss-et-anton-bruckner\/","url":"https:\/\/www.coolturalia.com\/fr\/event\/richard-strauss-et-anton-bruckner\/","name":"Richard Strauss et Anton Bruckner - Coolturalia","isPartOf":{"@id":"https:\/\/www.coolturalia.com\/fr\/#website"},"primaryImageOfPage":{"@id":"https:\/\/www.coolturalia.com\/fr\/event\/richard-strauss-et-anton-bruckner\/#primaryimage"},"image":{"@id":"https:\/\/www.coolturalia.com\/fr\/event\/richard-strauss-et-anton-bruckner\/#primaryimage"},"thumbnailUrl":"https:\/\/www.coolturalia.com\/wp-content\/uploads\/2025\/11\/Orchestre-HEM-Francois-Pirenne-3845.webp","datePublished":"2025-11-27T15:27:18+00:00","dateModified":"2025-11-27T15:27:19+00:00","breadcrumb":{"@id":"https:\/\/www.coolturalia.com\/fr\/event\/richard-strauss-et-anton-bruckner\/#breadcrumb"},"inLanguage":"fr-FR","potentialAction":[{"@type":"ReadAction","target":["https:\/\/www.coolturalia.com\/fr\/event\/richard-strauss-et-anton-bruckner\/"]}]},{"@type":"ImageObject","inLanguage":"fr-FR","@id":"https:\/\/www.coolturalia.com\/fr\/event\/richard-strauss-et-anton-bruckner\/#primaryimage","url":"https:\/\/www.coolturalia.com\/wp-content\/uploads\/2025\/11\/Orchestre-HEM-Francois-Pirenne-3845.webp","contentUrl":"https:\/\/www.coolturalia.com\/wp-content\/uploads\/2025\/11\/Orchestre-HEM-Francois-Pirenne-3845.webp","width":428,"height":260},{"@type":"BreadcrumbList","@id":"https:\/\/www.coolturalia.com\/fr\/event\/richard-strauss-et-anton-bruckner\/#breadcrumb","itemListElement":[{"@type":"ListItem","position":1,"name":"Home","item":"https:\/\/www.coolturalia.com\/fr\/"},{"@type":"ListItem","position":2,"name":"Events","item":"https:\/\/www.coolturalia.com\/fr\/events\/"},{"@type":"ListItem","position":3,"name":"Richard Strauss et Anton Bruckner"}]},{"@type":"WebSite","@id":"https:\/\/www.coolturalia.com\/fr\/#website","url":"https:\/\/www.coolturalia.com\/fr\/","name":"Coolturalia","description":"","publisher":{"@id":"https:\/\/www.coolturalia.com\/fr\/#organization"},"potentialAction":[{"@type":"SearchAction","target":{"@type":"EntryPoint","urlTemplate":"https:\/\/www.coolturalia.com\/fr\/?s={search_term_string}"},"query-input":{"@type":"PropertyValueSpecification","valueRequired":true,"valueName":"search_term_string"}}],"inLanguage":"fr-FR"},{"@type":"Organization","@id":"https:\/\/www.coolturalia.com\/fr\/#organization","name":"Coolturalia","url":"https:\/\/www.coolturalia.com\/fr\/","logo":{"@type":"ImageObject","inLanguage":"fr-FR","@id":"https:\/\/www.coolturalia.com\/fr\/#\/schema\/logo\/image\/","url":"https:\/\/www.coolturalia.com\/wp-content\/uploads\/2024\/04\/Logo-coolturalia.svg","contentUrl":"https:\/\/www.coolturalia.com\/wp-content\/uploads\/2024\/04\/Logo-coolturalia.svg","width":1312,"height":193,"caption":"Coolturalia"},"image":{"@id":"https:\/\/www.coolturalia.com\/fr\/#\/schema\/logo\/image\/"},"sameAs":["https:\/\/www.instagram.com\/coolturalia_geneva\/"]}]}</script>
<!-- / Yoast SEO plugin. -->

Le concert-jubilé de Laurent Gay, pour ses quinze ans à la HEM, promet une soirée romantique avec l&rsquo;Orchestre de la HEM, la direction de Laurent Gay et la soprano Clémence Tilquin. Le programme inclut les « Six Lieder » de Richard Strauss et la « Symphonie n° 4 » d’Anton Bruckner. Une soirée où la voix et l&rsquo;orchestre fusionnent [&hellip;]
