{"id":173362,"date":"2025-12-01T10:51:29","date_gmt":"2025-12-01T09:51:29","guid":{"rendered":"https:\/\/www.coolturalia.com\/?post_type=event&#038;p=173362"},"modified":"2025-12-01T10:52:56","modified_gmt":"2025-12-01T09:52:56","slug":"le-dos-de-la-langue","status":"publish","type":"event","link":"https:\/\/www.coolturalia.com\/fr\/event\/le-dos-de-la-langue\/","title":{"rendered":"Le dos de la langue \/ Dimanche, c&rsquo;est famille ! #8"},"content":{"rendered":"<p>Jeanne Larrouturou et Lucas Duclaux-Loras pr\u00e9sentent leur spectacle \u00ab\u00a0Le Dos de la Langue\u00a0\u00bb qui met en lumi\u00e8re des compositeurs tels que Georges Aperghis et Thierry De Mey. Leurs cr\u00e9ations m\u00ealent mots, voix, objets et corps pour cr\u00e9er une po\u00e9sie humoristique et absurde, toujours en mouvement.<\/p>\n","protected":false},"excerpt":{"rendered":"<p>Jeanne Larrouturou et Lucas Duclaux-Loras pr\u00e9sentent leur spectacle \u00ab\u00a0Le Dos de la Langue\u00a0\u00bb qui met en lumi\u00e8re des compositeurs tels que Georges Aperghis et Thierry De Mey. Leurs cr\u00e9ations m\u00ealent mots, voix, objets et corps pour cr\u00e9er une po\u00e9sie humoristique et absurde, toujours en mouvement.<\/p>\n","protected":false},"featured_media":173361,"parent":0,"menu_order":0,"template":"","format":"standard","meta":{"_acf_changed":false,"footnotes":""},"tags":[],"event-category":[456],"event-venue":[992],"class_list":["post-173362","event","type-event","status-publish","format-standard","has-post-thumbnail","hentry","event-category-enfants","event-venue-les-6-toits-fr"],"acf":{"price":"Gratuit","date":"Dimanche 3 mai, 10:00","start_date":"2026-05-03 00:00:00","end_date":"2026-05-03 00:00:00","website_link":"https:\/\/les6toits.ch\/#\/","link_buy_tickets":"","highlighted":false,"photo_credit":"Les 6 toits","timings":[{"timing_start_date":"2026-05-03 10:00:00","timing_end_date":"2026-05-03 11:10:00"}],"external_id":"42005411"},"yoast_head":"<!-- This site is optimized with the Yoast SEO plugin v27.5 - https:\/\/yoast.com\/product\/yoast-seo-wordpress\/ -->\n<title>Le dos de la langue \/ Dimanche, c&#039;est famille ! #8 - Coolturalia<\/title>\n<meta name=\"robots\" content=\"index, follow, max-snippet:-1, max-image-preview:large, max-video-preview:-1\" \/>\n<link rel=\"canonical\" href=\"https:\/\/www.coolturalia.com\/fr\/event\/le-dos-de-la-langue\/\" \/>\n<meta property=\"og:locale\" content=\"fr_FR\" \/>\n<meta property=\"og:type\" content=\"article\" \/>\n<meta property=\"og:title\" content=\"Le dos de la langue \/ Dimanche, c&#039;est famille ! #8 - Coolturalia\" \/>\n<meta property=\"og:description\" content=\"Jeanne Larrouturou et Lucas Duclaux-Loras pr\u00e9sentent leur spectacle \u00ab\u00a0Le Dos de la Langue\u00a0\u00bb qui met en lumi\u00e8re des compositeurs tels que Georges Aperghis et Thierry De Mey. Leurs cr\u00e9ations m\u00ealent mots, voix, objets et corps pour cr\u00e9er une po\u00e9sie humoristique et absurde, toujours en mouvement.\" \/>\n<meta property=\"og:url\" content=\"https:\/\/www.coolturalia.com\/fr\/event\/le-dos-de-la-langue\/\" \/>\n<meta property=\"og:site_name\" content=\"Coolturalia\" \/>\n<meta property=\"article:modified_time\" content=\"2025-12-01T09:52:56+00:00\" \/>\n<meta property=\"og:image\" content=\"https:\/\/www.coolturalia.com\/wp-content\/uploads\/2025\/10\/coolturalia-le-dos-de-la-langue-1.webp\" \/>\n\t<meta property=\"og:image:width\" content=\"700\" \/>\n\t<meta property=\"og:image:height\" content=\"525\" \/>\n\t<meta property=\"og:image:type\" content=\"image\/webp\" \/>\n<meta name=\"twitter:card\" content=\"summary_large_image\" \/>\n<script type=\"application\/ld+json\" class=\"yoast-schema-graph\">{\"@context\":\"https:\\\/\\\/schema.org\",\"@graph\":[{\"@type\":\"WebPage\",\"@id\":\"https:\\\/\\\/www.coolturalia.com\\\/fr\\\/event\\\/le-dos-de-la-langue\\\/\",\"url\":\"https:\\\/\\\/www.coolturalia.com\\\/fr\\\/event\\\/le-dos-de-la-langue\\\/\",\"name\":\"Le dos de la langue \\\/ Dimanche, c'est famille ! #8 - Coolturalia\",\"isPartOf\":{\"@id\":\"https:\\\/\\\/www.coolturalia.com\\\/fr\\\/#website\"},\"primaryImageOfPage\":{\"@id\":\"https:\\\/\\\/www.coolturalia.com\\\/fr\\\/event\\\/le-dos-de-la-langue\\\/#primaryimage\"},\"image\":{\"@id\":\"https:\\\/\\\/www.coolturalia.com\\\/fr\\\/event\\\/le-dos-de-la-langue\\\/#primaryimage\"},\"thumbnailUrl\":\"https:\\\/\\\/www.coolturalia.com\\\/wp-content\\\/uploads\\\/2025\\\/10\\\/coolturalia-le-dos-de-la-langue-1.webp\",\"datePublished\":\"2025-12-01T09:51:29+00:00\",\"dateModified\":\"2025-12-01T09:52:56+00:00\",\"breadcrumb\":{\"@id\":\"https:\\\/\\\/www.coolturalia.com\\\/fr\\\/event\\\/le-dos-de-la-langue\\\/#breadcrumb\"},\"inLanguage\":\"fr-FR\",\"potentialAction\":[{\"@type\":\"ReadAction\",\"target\":[\"https:\\\/\\\/www.coolturalia.com\\\/fr\\\/event\\\/le-dos-de-la-langue\\\/\"]}]},{\"@type\":\"ImageObject\",\"inLanguage\":\"fr-FR\",\"@id\":\"https:\\\/\\\/www.coolturalia.com\\\/fr\\\/event\\\/le-dos-de-la-langue\\\/#primaryimage\",\"url\":\"https:\\\/\\\/www.coolturalia.com\\\/wp-content\\\/uploads\\\/2025\\\/10\\\/coolturalia-le-dos-de-la-langue-1.webp\",\"contentUrl\":\"https:\\\/\\\/www.coolturalia.com\\\/wp-content\\\/uploads\\\/2025\\\/10\\\/coolturalia-le-dos-de-la-langue-1.webp\",\"width\":700,\"height\":525},{\"@type\":\"BreadcrumbList\",\"@id\":\"https:\\\/\\\/www.coolturalia.com\\\/fr\\\/event\\\/le-dos-de-la-langue\\\/#breadcrumb\",\"itemListElement\":[{\"@type\":\"ListItem\",\"position\":1,\"name\":\"Home\",\"item\":\"https:\\\/\\\/www.coolturalia.com\\\/fr\\\/\"},{\"@type\":\"ListItem\",\"position\":2,\"name\":\"Events\",\"item\":\"https:\\\/\\\/www.coolturalia.com\\\/fr\\\/events\\\/\"},{\"@type\":\"ListItem\",\"position\":3,\"name\":\"Le dos de la langue \\\/ Dimanche, c&rsquo;est famille ! #8\"}]},{\"@type\":\"WebSite\",\"@id\":\"https:\\\/\\\/www.coolturalia.com\\\/fr\\\/#website\",\"url\":\"https:\\\/\\\/www.coolturalia.com\\\/fr\\\/\",\"name\":\"Coolturalia\",\"description\":\"\",\"publisher\":{\"@id\":\"https:\\\/\\\/www.coolturalia.com\\\/fr\\\/#organization\"},\"potentialAction\":[{\"@type\":\"SearchAction\",\"target\":{\"@type\":\"EntryPoint\",\"urlTemplate\":\"https:\\\/\\\/www.coolturalia.com\\\/fr\\\/?s={search_term_string}\"},\"query-input\":{\"@type\":\"PropertyValueSpecification\",\"valueRequired\":true,\"valueName\":\"search_term_string\"}}],\"inLanguage\":\"fr-FR\"},{\"@type\":\"Organization\",\"@id\":\"https:\\\/\\\/www.coolturalia.com\\\/fr\\\/#organization\",\"name\":\"Coolturalia\",\"url\":\"https:\\\/\\\/www.coolturalia.com\\\/fr\\\/\",\"logo\":{\"@type\":\"ImageObject\",\"inLanguage\":\"fr-FR\",\"@id\":\"https:\\\/\\\/www.coolturalia.com\\\/fr\\\/#\\\/schema\\\/logo\\\/image\\\/\",\"url\":\"https:\\\/\\\/www.coolturalia.com\\\/wp-content\\\/uploads\\\/2024\\\/04\\\/Logo-coolturalia.svg\",\"contentUrl\":\"https:\\\/\\\/www.coolturalia.com\\\/wp-content\\\/uploads\\\/2024\\\/04\\\/Logo-coolturalia.svg\",\"width\":1312,\"height\":193,\"caption\":\"Coolturalia\"},\"image\":{\"@id\":\"https:\\\/\\\/www.coolturalia.com\\\/fr\\\/#\\\/schema\\\/logo\\\/image\\\/\"},\"sameAs\":[\"https:\\\/\\\/www.instagram.com\\\/coolturalia_geneva\\\/\"]}]}<\/script>\n<!-- \/ Yoast SEO plugin. -->","yoast_head_json":{"title":"Le dos de la langue \/ Dimanche, c'est famille ! #8 - Coolturalia","robots":{"index":"index","follow":"follow","max-snippet":"max-snippet:-1","max-image-preview":"max-image-preview:large","max-video-preview":"max-video-preview:-1"},"canonical":"https:\/\/www.coolturalia.com\/fr\/event\/le-dos-de-la-langue\/","og_locale":"fr_FR","og_type":"article","og_title":"Le dos de la langue \/ Dimanche, c'est famille ! #8 - Coolturalia","og_description":"Jeanne Larrouturou et Lucas Duclaux-Loras pr\u00e9sentent leur spectacle \u00ab\u00a0Le Dos de la Langue\u00a0\u00bb qui met en lumi\u00e8re des compositeurs tels que Georges Aperghis et Thierry De Mey. Leurs cr\u00e9ations m\u00ealent mots, voix, objets et corps pour cr\u00e9er une po\u00e9sie humoristique et absurde, toujours en mouvement.","og_url":"https:\/\/www.coolturalia.com\/fr\/event\/le-dos-de-la-langue\/","og_site_name":"Coolturalia","article_modified_time":"2025-12-01T09:52:56+00:00","og_image":[{"width":700,"height":525,"url":"https:\/\/www.coolturalia.com\/wp-content\/uploads\/2025\/10\/coolturalia-le-dos-de-la-langue-1.webp","type":"image\/webp"}],"twitter_card":"summary_large_image","schema":{"@context":"https:\/\/schema.org","@graph":[{"@type":"WebPage","@id":"https:\/\/www.coolturalia.com\/fr\/event\/le-dos-de-la-langue\/","url":"https:\/\/www.coolturalia.com\/fr\/event\/le-dos-de-la-langue\/","name":"Le dos de la langue \/ Dimanche, c'est famille ! #8 - Coolturalia","isPartOf":{"@id":"https:\/\/www.coolturalia.com\/fr\/#website"},"primaryImageOfPage":{"@id":"https:\/\/www.coolturalia.com\/fr\/event\/le-dos-de-la-langue\/#primaryimage"},"image":{"@id":"https:\/\/www.coolturalia.com\/fr\/event\/le-dos-de-la-langue\/#primaryimage"},"thumbnailUrl":"https:\/\/www.coolturalia.com\/wp-content\/uploads\/2025\/10\/coolturalia-le-dos-de-la-langue-1.webp","datePublished":"2025-12-01T09:51:29+00:00","dateModified":"2025-12-01T09:52:56+00:00","breadcrumb":{"@id":"https:\/\/www.coolturalia.com\/fr\/event\/le-dos-de-la-langue\/#breadcrumb"},"inLanguage":"fr-FR","potentialAction":[{"@type":"ReadAction","target":["https:\/\/www.coolturalia.com\/fr\/event\/le-dos-de-la-langue\/"]}]},{"@type":"ImageObject","inLanguage":"fr-FR","@id":"https:\/\/www.coolturalia.com\/fr\/event\/le-dos-de-la-langue\/#primaryimage","url":"https:\/\/www.coolturalia.com\/wp-content\/uploads\/2025\/10\/coolturalia-le-dos-de-la-langue-1.webp","contentUrl":"https:\/\/www.coolturalia.com\/wp-content\/uploads\/2025\/10\/coolturalia-le-dos-de-la-langue-1.webp","width":700,"height":525},{"@type":"BreadcrumbList","@id":"https:\/\/www.coolturalia.com\/fr\/event\/le-dos-de-la-langue\/#breadcrumb","itemListElement":[{"@type":"ListItem","position":1,"name":"Home","item":"https:\/\/www.coolturalia.com\/fr\/"},{"@type":"ListItem","position":2,"name":"Events","item":"https:\/\/www.coolturalia.com\/fr\/events\/"},{"@type":"ListItem","position":3,"name":"Le dos de la langue \/ Dimanche, c&rsquo;est famille ! #8"}]},{"@type":"WebSite","@id":"https:\/\/www.coolturalia.com\/fr\/#website","url":"https:\/\/www.coolturalia.com\/fr\/","name":"Coolturalia","description":"","publisher":{"@id":"https:\/\/www.coolturalia.com\/fr\/#organization"},"potentialAction":[{"@type":"SearchAction","target":{"@type":"EntryPoint","urlTemplate":"https:\/\/www.coolturalia.com\/fr\/?s={search_term_string}"},"query-input":{"@type":"PropertyValueSpecification","valueRequired":true,"valueName":"search_term_string"}}],"inLanguage":"fr-FR"},{"@type":"Organization","@id":"https:\/\/www.coolturalia.com\/fr\/#organization","name":"Coolturalia","url":"https:\/\/www.coolturalia.com\/fr\/","logo":{"@type":"ImageObject","inLanguage":"fr-FR","@id":"https:\/\/www.coolturalia.com\/fr\/#\/schema\/logo\/image\/","url":"https:\/\/www.coolturalia.com\/wp-content\/uploads\/2024\/04\/Logo-coolturalia.svg","contentUrl":"https:\/\/www.coolturalia.com\/wp-content\/uploads\/2024\/04\/Logo-coolturalia.svg","width":1312,"height":193,"caption":"Coolturalia"},"image":{"@id":"https:\/\/www.coolturalia.com\/fr\/#\/schema\/logo\/image\/"},"sameAs":["https:\/\/www.instagram.com\/coolturalia_geneva\/"]}]}},"translations":{"translations":{"en":"173359","fr":"173362"},"language":{"code":"fr"},"date":{"dateRange":"Dimanche 3 mai, 10:00"}},"language":{"code":"fr"},"_links":{"self":[{"href":"https:\/\/www.coolturalia.com\/fr\/wp-json\/wp\/v2\/event\/173362","targetHints":{"allow":["GET"]}}],"collection":[{"href":"https:\/\/www.coolturalia.com\/fr\/wp-json\/wp\/v2\/event"}],"about":[{"href":"https:\/\/www.coolturalia.com\/fr\/wp-json\/wp\/v2\/types\/event"}],"version-history":[{"count":4,"href":"https:\/\/www.coolturalia.com\/fr\/wp-json\/wp\/v2\/event\/173362\/revisions"}],"predecessor-version":[{"id":180712,"href":"https:\/\/www.coolturalia.com\/fr\/wp-json\/wp\/v2\/event\/173362\/revisions\/180712"}],"wp:featuredmedia":[{"embeddable":true,"href":"https:\/\/www.coolturalia.com\/fr\/wp-json\/wp\/v2\/media\/173361"}],"wp:attachment":[{"href":"https:\/\/www.coolturalia.com\/fr\/wp-json\/wp\/v2\/media?parent=173362"}],"wp:term":[{"taxonomy":"post_tag","embeddable":true,"href":"https:\/\/www.coolturalia.com\/fr\/wp-json\/wp\/v2\/tags?post=173362"},{"taxonomy":"event-category","embeddable":true,"href":"https:\/\/www.coolturalia.com\/fr\/wp-json\/wp\/v2\/event-category?post=173362"},{"taxonomy":"event-venue","embeddable":true,"href":"https:\/\/www.coolturalia.com\/fr\/wp-json\/wp\/v2\/event-venue?post=173362"}],"curies":[{"name":"wp","href":"https:\/\/api.w.org\/{rel}","templated":true}]}}

<p>Jeanne Larrouturou et Lucas Duclaux-Loras présentent leur spectacle « Le Dos de la Langue » qui met en lumière des compositeurs tels que Georges Aperghis et Thierry De Mey. Leurs créations mêlent mots, voix, objets et corps pour créer une poésie humoristique et absurde, toujours en mouvement.</p>

<!-- This site is optimized with the Yoast SEO plugin v27.5 - https://yoast.com/product/yoast-seo-wordpress/ -->
<title>Le dos de la langue / Dimanche, c&#039;est famille ! #8 - Coolturalia</title>
<meta name="robots" content="index, follow, max-snippet:-1, max-image-preview:large, max-video-preview:-1" />
<link rel="canonical" href="https://www.coolturalia.com/fr/event/le-dos-de-la-langue/" />
<meta property="og:locale" content="fr_FR" />
<meta property="og:type" content="article" />
<meta property="og:title" content="Le dos de la langue / Dimanche, c&#039;est famille ! #8 - Coolturalia" />
<meta property="og:description" content="Jeanne Larrouturou et Lucas Duclaux-Loras présentent leur spectacle « Le Dos de la Langue » qui met en lumière des compositeurs tels que Georges Aperghis et Thierry De Mey. Leurs créations mêlent mots, voix, objets et corps pour créer une poésie humoristique et absurde, toujours en mouvement." />
<meta property="og:url" content="https://www.coolturalia.com/fr/event/le-dos-de-la-langue/" />
<meta property="og:site_name" content="Coolturalia" />
<meta property="article:modified_time" content="2025-12-01T09:52:56+00:00" />
<meta property="og:image" content="https://www.coolturalia.com/wp-content/uploads/2025/10/coolturalia-le-dos-de-la-langue-1.webp" />
	<meta property="og:image:width" content="700" />
	<meta property="og:image:height" content="525" />
	<meta property="og:image:type" content="image/webp" />
<meta name="twitter:card" content="summary_large_image" />
<script type="application/ld+json" class="yoast-schema-graph">{"@context":"https:\/\/schema.org","@graph":[{"@type":"WebPage","@id":"https:\/\/www.coolturalia.com\/fr\/event\/le-dos-de-la-langue\/","url":"https:\/\/www.coolturalia.com\/fr\/event\/le-dos-de-la-langue\/","name":"Le dos de la langue \/ Dimanche, c'est famille ! #8 - Coolturalia","isPartOf":{"@id":"https:\/\/www.coolturalia.com\/fr\/#website"},"primaryImageOfPage":{"@id":"https:\/\/www.coolturalia.com\/fr\/event\/le-dos-de-la-langue\/#primaryimage"},"image":{"@id":"https:\/\/www.coolturalia.com\/fr\/event\/le-dos-de-la-langue\/#primaryimage"},"thumbnailUrl":"https:\/\/www.coolturalia.com\/wp-content\/uploads\/2025\/10\/coolturalia-le-dos-de-la-langue-1.webp","datePublished":"2025-12-01T09:51:29+00:00","dateModified":"2025-12-01T09:52:56+00:00","breadcrumb":{"@id":"https:\/\/www.coolturalia.com\/fr\/event\/le-dos-de-la-langue\/#breadcrumb"},"inLanguage":"fr-FR","potentialAction":[{"@type":"ReadAction","target":["https:\/\/www.coolturalia.com\/fr\/event\/le-dos-de-la-langue\/"]}]},{"@type":"ImageObject","inLanguage":"fr-FR","@id":"https:\/\/www.coolturalia.com\/fr\/event\/le-dos-de-la-langue\/#primaryimage","url":"https:\/\/www.coolturalia.com\/wp-content\/uploads\/2025\/10\/coolturalia-le-dos-de-la-langue-1.webp","contentUrl":"https:\/\/www.coolturalia.com\/wp-content\/uploads\/2025\/10\/coolturalia-le-dos-de-la-langue-1.webp","width":700,"height":525},{"@type":"BreadcrumbList","@id":"https:\/\/www.coolturalia.com\/fr\/event\/le-dos-de-la-langue\/#breadcrumb","itemListElement":[{"@type":"ListItem","position":1,"name":"Home","item":"https:\/\/www.coolturalia.com\/fr\/"},{"@type":"ListItem","position":2,"name":"Events","item":"https:\/\/www.coolturalia.com\/fr\/events\/"},{"@type":"ListItem","position":3,"name":"Le dos de la langue \/ Dimanche, c&rsquo;est famille ! #8"}]},{"@type":"WebSite","@id":"https:\/\/www.coolturalia.com\/fr\/#website","url":"https:\/\/www.coolturalia.com\/fr\/","name":"Coolturalia","description":"","publisher":{"@id":"https:\/\/www.coolturalia.com\/fr\/#organization"},"potentialAction":[{"@type":"SearchAction","target":{"@type":"EntryPoint","urlTemplate":"https:\/\/www.coolturalia.com\/fr\/?s={search_term_string}"},"query-input":{"@type":"PropertyValueSpecification","valueRequired":true,"valueName":"search_term_string"}}],"inLanguage":"fr-FR"},{"@type":"Organization","@id":"https:\/\/www.coolturalia.com\/fr\/#organization","name":"Coolturalia","url":"https:\/\/www.coolturalia.com\/fr\/","logo":{"@type":"ImageObject","inLanguage":"fr-FR","@id":"https:\/\/www.coolturalia.com\/fr\/#\/schema\/logo\/image\/","url":"https:\/\/www.coolturalia.com\/wp-content\/uploads\/2024\/04\/Logo-coolturalia.svg","contentUrl":"https:\/\/www.coolturalia.com\/wp-content\/uploads\/2024\/04\/Logo-coolturalia.svg","width":1312,"height":193,"caption":"Coolturalia"},"image":{"@id":"https:\/\/www.coolturalia.com\/fr\/#\/schema\/logo\/image\/"},"sameAs":["https:\/\/www.instagram.com\/coolturalia_geneva\/"]}]}</script>
<!-- / Yoast SEO plugin. -->

Jeanne Larrouturou et Lucas Duclaux-Loras présentent leur spectacle « Le Dos de la Langue » qui met en lumière des compositeurs tels que Georges Aperghis et Thierry De Mey. Leurs créations mêlent mots, voix, objets et corps pour créer une poésie humoristique et absurde, toujours en mouvement.
