{"id":171879,"date":"2025-10-08T08:23:10","date_gmt":"2025-10-08T07:23:10","guid":{"rendered":"https:\/\/www.coolturalia.com\/?post_type=event&#038;p=171879"},"modified":"2025-10-22T23:55:43","modified_gmt":"2025-10-22T22:55:43","slug":"solar-express","status":"publish","type":"event","link":"https:\/\/www.coolturalia.com\/fr\/event\/solar-express\/","title":{"rendered":"Geneva Camerata: Solar Express"},"content":{"rendered":"<p>Funk, rap, rock, soul, folk, jazz et op\u00e9ra baroque se m\u00ealent pour une performance explosive r\u00e9unissant Celia Kameni, Maayan Licht, Aurus et Valentin Liechti. Cette soir\u00e9e musicale, c\u00e9l\u00e9brant l&rsquo;\u00e9quinoxe du printemps, s&rsquo;ouvrira avec la Symphonie du Printemps de Schumann.<\/p>\n","protected":false},"excerpt":{"rendered":"<p>Funk, rap, rock, soul, folk, jazz et op\u00e9ra baroque se m\u00ealent pour une performance explosive r\u00e9unissant Celia Kameni, Maayan Licht, Aurus et Valentin Liechti. Cette soir\u00e9e musicale, c\u00e9l\u00e9brant l&rsquo;\u00e9quinoxe du printemps, s&rsquo;ouvrira avec la Symphonie du Printemps de Schumann.<\/p>\n","protected":false},"featured_media":171878,"parent":0,"menu_order":0,"template":"","format":"standard","meta":{"_acf_changed":false,"footnotes":""},"tags":[686,687,1014],"event-category":[444],"event-venue":[632],"class_list":["post-171879","event","type-event","status-publish","format-standard","has-post-thumbnail","hentry","tag-evenement-passe","tag-past-event","tag-portrait-image-fr","event-category-spectacles","event-venue-bfm-batiment-des-forces-motrices-fr"],"acf":{"price":"","date":"Vendredi 20 mars, 20:00","start_date":"2026-03-20 00:00:00","end_date":"2026-03-20 00:00:00","website_link":"https:\/\/www.genevacamerata.com\/fr\/concerts\/solar-express","link_buy_tickets":"https:\/\/www.genevacamerata.com\/fr\/concerts\/solar-express","highlighted":false,"photo_credit":"DR","timings":[{"timing_start_date":"2026-03-20 20:00:00","timing_end_date":"2026-03-20 22:00:00"}],"external_id":"49183415"},"yoast_head":"<!-- This site is optimized with the Yoast SEO plugin v27.5 - https:\/\/yoast.com\/product\/yoast-seo-wordpress\/ -->\n<title>Geneva Camerata: Solar Express - Coolturalia<\/title>\n<meta name=\"robots\" content=\"index, follow, max-snippet:-1, max-image-preview:large, max-video-preview:-1\" \/>\n<link rel=\"canonical\" href=\"https:\/\/www.coolturalia.com\/fr\/event\/solar-express\/\" \/>\n<meta property=\"og:locale\" content=\"fr_FR\" \/>\n<meta property=\"og:type\" content=\"article\" \/>\n<meta property=\"og:title\" content=\"Geneva Camerata: Solar Express - Coolturalia\" \/>\n<meta property=\"og:description\" content=\"Funk, rap, rock, soul, folk, jazz et op\u00e9ra baroque se m\u00ealent pour une performance explosive r\u00e9unissant Celia Kameni, Maayan Licht, Aurus et Valentin Liechti. Cette soir\u00e9e musicale, c\u00e9l\u00e9brant l&rsquo;\u00e9quinoxe du printemps, s&rsquo;ouvrira avec la Symphonie du Printemps de Schumann.\" \/>\n<meta property=\"og:url\" content=\"https:\/\/www.coolturalia.com\/fr\/event\/solar-express\/\" \/>\n<meta property=\"og:site_name\" content=\"Coolturalia\" \/>\n<meta property=\"article:modified_time\" content=\"2025-10-22T22:55:43+00:00\" \/>\n<meta property=\"og:image\" content=\"https:\/\/www.coolturalia.com\/wp-content\/uploads\/2025\/10\/coolturalia-solar-express-1.webp\" \/>\n\t<meta property=\"og:image:width\" content=\"700\" \/>\n\t<meta property=\"og:image:height\" content=\"999\" \/>\n\t<meta property=\"og:image:type\" content=\"image\/webp\" \/>\n<meta name=\"twitter:card\" content=\"summary_large_image\" \/>\n<script type=\"application\/ld+json\" class=\"yoast-schema-graph\">{\"@context\":\"https:\\\/\\\/schema.org\",\"@graph\":[{\"@type\":\"WebPage\",\"@id\":\"https:\\\/\\\/www.coolturalia.com\\\/fr\\\/event\\\/solar-express\\\/\",\"url\":\"https:\\\/\\\/www.coolturalia.com\\\/fr\\\/event\\\/solar-express\\\/\",\"name\":\"Geneva Camerata: Solar Express - Coolturalia\",\"isPartOf\":{\"@id\":\"https:\\\/\\\/www.coolturalia.com\\\/fr\\\/#website\"},\"primaryImageOfPage\":{\"@id\":\"https:\\\/\\\/www.coolturalia.com\\\/fr\\\/event\\\/solar-express\\\/#primaryimage\"},\"image\":{\"@id\":\"https:\\\/\\\/www.coolturalia.com\\\/fr\\\/event\\\/solar-express\\\/#primaryimage\"},\"thumbnailUrl\":\"https:\\\/\\\/www.coolturalia.com\\\/wp-content\\\/uploads\\\/2025\\\/10\\\/coolturalia-solar-express-1.webp\",\"datePublished\":\"2025-10-08T07:23:10+00:00\",\"dateModified\":\"2025-10-22T22:55:43+00:00\",\"breadcrumb\":{\"@id\":\"https:\\\/\\\/www.coolturalia.com\\\/fr\\\/event\\\/solar-express\\\/#breadcrumb\"},\"inLanguage\":\"fr-FR\",\"potentialAction\":[{\"@type\":\"ReadAction\",\"target\":[\"https:\\\/\\\/www.coolturalia.com\\\/fr\\\/event\\\/solar-express\\\/\"]}]},{\"@type\":\"ImageObject\",\"inLanguage\":\"fr-FR\",\"@id\":\"https:\\\/\\\/www.coolturalia.com\\\/fr\\\/event\\\/solar-express\\\/#primaryimage\",\"url\":\"https:\\\/\\\/www.coolturalia.com\\\/wp-content\\\/uploads\\\/2025\\\/10\\\/coolturalia-solar-express-1.webp\",\"contentUrl\":\"https:\\\/\\\/www.coolturalia.com\\\/wp-content\\\/uploads\\\/2025\\\/10\\\/coolturalia-solar-express-1.webp\",\"width\":700,\"height\":999},{\"@type\":\"BreadcrumbList\",\"@id\":\"https:\\\/\\\/www.coolturalia.com\\\/fr\\\/event\\\/solar-express\\\/#breadcrumb\",\"itemListElement\":[{\"@type\":\"ListItem\",\"position\":1,\"name\":\"Home\",\"item\":\"https:\\\/\\\/www.coolturalia.com\\\/fr\\\/\"},{\"@type\":\"ListItem\",\"position\":2,\"name\":\"Events\",\"item\":\"https:\\\/\\\/www.coolturalia.com\\\/fr\\\/events\\\/\"},{\"@type\":\"ListItem\",\"position\":3,\"name\":\"Geneva Camerata: Solar Express\"}]},{\"@type\":\"WebSite\",\"@id\":\"https:\\\/\\\/www.coolturalia.com\\\/fr\\\/#website\",\"url\":\"https:\\\/\\\/www.coolturalia.com\\\/fr\\\/\",\"name\":\"Coolturalia\",\"description\":\"\",\"publisher\":{\"@id\":\"https:\\\/\\\/www.coolturalia.com\\\/fr\\\/#organization\"},\"potentialAction\":[{\"@type\":\"SearchAction\",\"target\":{\"@type\":\"EntryPoint\",\"urlTemplate\":\"https:\\\/\\\/www.coolturalia.com\\\/fr\\\/?s={search_term_string}\"},\"query-input\":{\"@type\":\"PropertyValueSpecification\",\"valueRequired\":true,\"valueName\":\"search_term_string\"}}],\"inLanguage\":\"fr-FR\"},{\"@type\":\"Organization\",\"@id\":\"https:\\\/\\\/www.coolturalia.com\\\/fr\\\/#organization\",\"name\":\"Coolturalia\",\"url\":\"https:\\\/\\\/www.coolturalia.com\\\/fr\\\/\",\"logo\":{\"@type\":\"ImageObject\",\"inLanguage\":\"fr-FR\",\"@id\":\"https:\\\/\\\/www.coolturalia.com\\\/fr\\\/#\\\/schema\\\/logo\\\/image\\\/\",\"url\":\"https:\\\/\\\/www.coolturalia.com\\\/wp-content\\\/uploads\\\/2024\\\/04\\\/Logo-coolturalia.svg\",\"contentUrl\":\"https:\\\/\\\/www.coolturalia.com\\\/wp-content\\\/uploads\\\/2024\\\/04\\\/Logo-coolturalia.svg\",\"width\":1312,\"height\":193,\"caption\":\"Coolturalia\"},\"image\":{\"@id\":\"https:\\\/\\\/www.coolturalia.com\\\/fr\\\/#\\\/schema\\\/logo\\\/image\\\/\"},\"sameAs\":[\"https:\\\/\\\/www.instagram.com\\\/coolturalia_geneva\\\/\"]}]}<\/script>\n<!-- \/ Yoast SEO plugin. -->","yoast_head_json":{"title":"Geneva Camerata: Solar Express - Coolturalia","robots":{"index":"index","follow":"follow","max-snippet":"max-snippet:-1","max-image-preview":"max-image-preview:large","max-video-preview":"max-video-preview:-1"},"canonical":"https:\/\/www.coolturalia.com\/fr\/event\/solar-express\/","og_locale":"fr_FR","og_type":"article","og_title":"Geneva Camerata: Solar Express - Coolturalia","og_description":"Funk, rap, rock, soul, folk, jazz et op\u00e9ra baroque se m\u00ealent pour une performance explosive r\u00e9unissant Celia Kameni, Maayan Licht, Aurus et Valentin Liechti. Cette soir\u00e9e musicale, c\u00e9l\u00e9brant l&rsquo;\u00e9quinoxe du printemps, s&rsquo;ouvrira avec la Symphonie du Printemps de Schumann.","og_url":"https:\/\/www.coolturalia.com\/fr\/event\/solar-express\/","og_site_name":"Coolturalia","article_modified_time":"2025-10-22T22:55:43+00:00","og_image":[{"width":700,"height":999,"url":"https:\/\/www.coolturalia.com\/wp-content\/uploads\/2025\/10\/coolturalia-solar-express-1.webp","type":"image\/webp"}],"twitter_card":"summary_large_image","schema":{"@context":"https:\/\/schema.org","@graph":[{"@type":"WebPage","@id":"https:\/\/www.coolturalia.com\/fr\/event\/solar-express\/","url":"https:\/\/www.coolturalia.com\/fr\/event\/solar-express\/","name":"Geneva Camerata: Solar Express - Coolturalia","isPartOf":{"@id":"https:\/\/www.coolturalia.com\/fr\/#website"},"primaryImageOfPage":{"@id":"https:\/\/www.coolturalia.com\/fr\/event\/solar-express\/#primaryimage"},"image":{"@id":"https:\/\/www.coolturalia.com\/fr\/event\/solar-express\/#primaryimage"},"thumbnailUrl":"https:\/\/www.coolturalia.com\/wp-content\/uploads\/2025\/10\/coolturalia-solar-express-1.webp","datePublished":"2025-10-08T07:23:10+00:00","dateModified":"2025-10-22T22:55:43+00:00","breadcrumb":{"@id":"https:\/\/www.coolturalia.com\/fr\/event\/solar-express\/#breadcrumb"},"inLanguage":"fr-FR","potentialAction":[{"@type":"ReadAction","target":["https:\/\/www.coolturalia.com\/fr\/event\/solar-express\/"]}]},{"@type":"ImageObject","inLanguage":"fr-FR","@id":"https:\/\/www.coolturalia.com\/fr\/event\/solar-express\/#primaryimage","url":"https:\/\/www.coolturalia.com\/wp-content\/uploads\/2025\/10\/coolturalia-solar-express-1.webp","contentUrl":"https:\/\/www.coolturalia.com\/wp-content\/uploads\/2025\/10\/coolturalia-solar-express-1.webp","width":700,"height":999},{"@type":"BreadcrumbList","@id":"https:\/\/www.coolturalia.com\/fr\/event\/solar-express\/#breadcrumb","itemListElement":[{"@type":"ListItem","position":1,"name":"Home","item":"https:\/\/www.coolturalia.com\/fr\/"},{"@type":"ListItem","position":2,"name":"Events","item":"https:\/\/www.coolturalia.com\/fr\/events\/"},{"@type":"ListItem","position":3,"name":"Geneva Camerata: Solar Express"}]},{"@type":"WebSite","@id":"https:\/\/www.coolturalia.com\/fr\/#website","url":"https:\/\/www.coolturalia.com\/fr\/","name":"Coolturalia","description":"","publisher":{"@id":"https:\/\/www.coolturalia.com\/fr\/#organization"},"potentialAction":[{"@type":"SearchAction","target":{"@type":"EntryPoint","urlTemplate":"https:\/\/www.coolturalia.com\/fr\/?s={search_term_string}"},"query-input":{"@type":"PropertyValueSpecification","valueRequired":true,"valueName":"search_term_string"}}],"inLanguage":"fr-FR"},{"@type":"Organization","@id":"https:\/\/www.coolturalia.com\/fr\/#organization","name":"Coolturalia","url":"https:\/\/www.coolturalia.com\/fr\/","logo":{"@type":"ImageObject","inLanguage":"fr-FR","@id":"https:\/\/www.coolturalia.com\/fr\/#\/schema\/logo\/image\/","url":"https:\/\/www.coolturalia.com\/wp-content\/uploads\/2024\/04\/Logo-coolturalia.svg","contentUrl":"https:\/\/www.coolturalia.com\/wp-content\/uploads\/2024\/04\/Logo-coolturalia.svg","width":1312,"height":193,"caption":"Coolturalia"},"image":{"@id":"https:\/\/www.coolturalia.com\/fr\/#\/schema\/logo\/image\/"},"sameAs":["https:\/\/www.instagram.com\/coolturalia_geneva\/"]}]}},"translations":{"translations":{"en":"171876","fr":"171879"},"language":{"code":"fr"},"date":{"dateRange":"Vendredi 20 mars, 20:00"}},"language":{"code":"fr"},"_links":{"self":[{"href":"https:\/\/www.coolturalia.com\/fr\/wp-json\/wp\/v2\/event\/171879","targetHints":{"allow":["GET"]}}],"collection":[{"href":"https:\/\/www.coolturalia.com\/fr\/wp-json\/wp\/v2\/event"}],"about":[{"href":"https:\/\/www.coolturalia.com\/fr\/wp-json\/wp\/v2\/types\/event"}],"version-history":[{"count":3,"href":"https:\/\/www.coolturalia.com\/fr\/wp-json\/wp\/v2\/event\/171879\/revisions"}],"predecessor-version":[{"id":171985,"href":"https:\/\/www.coolturalia.com\/fr\/wp-json\/wp\/v2\/event\/171879\/revisions\/171985"}],"wp:featuredmedia":[{"embeddable":true,"href":"https:\/\/www.coolturalia.com\/fr\/wp-json\/wp\/v2\/media\/171878"}],"wp:attachment":[{"href":"https:\/\/www.coolturalia.com\/fr\/wp-json\/wp\/v2\/media?parent=171879"}],"wp:term":[{"taxonomy":"post_tag","embeddable":true,"href":"https:\/\/www.coolturalia.com\/fr\/wp-json\/wp\/v2\/tags?post=171879"},{"taxonomy":"event-category","embeddable":true,"href":"https:\/\/www.coolturalia.com\/fr\/wp-json\/wp\/v2\/event-category?post=171879"},{"taxonomy":"event-venue","embeddable":true,"href":"https:\/\/www.coolturalia.com\/fr\/wp-json\/wp\/v2\/event-venue?post=171879"}],"curies":[{"name":"wp","href":"https:\/\/api.w.org\/{rel}","templated":true}]}}

<p>Funk, rap, rock, soul, folk, jazz et opéra baroque se mêlent pour une performance explosive réunissant Celia Kameni, Maayan Licht, Aurus et Valentin Liechti. Cette soirée musicale, célébrant l&rsquo;équinoxe du printemps, s&rsquo;ouvrira avec la Symphonie du Printemps de Schumann.</p>

<!-- This site is optimized with the Yoast SEO plugin v27.5 - https://yoast.com/product/yoast-seo-wordpress/ -->
<title>Geneva Camerata: Solar Express - Coolturalia</title>
<meta name="robots" content="index, follow, max-snippet:-1, max-image-preview:large, max-video-preview:-1" />
<link rel="canonical" href="https://www.coolturalia.com/fr/event/solar-express/" />
<meta property="og:locale" content="fr_FR" />
<meta property="og:type" content="article" />
<meta property="og:title" content="Geneva Camerata: Solar Express - Coolturalia" />
<meta property="og:description" content="Funk, rap, rock, soul, folk, jazz et opéra baroque se mêlent pour une performance explosive réunissant Celia Kameni, Maayan Licht, Aurus et Valentin Liechti. Cette soirée musicale, célébrant l&rsquo;équinoxe du printemps, s&rsquo;ouvrira avec la Symphonie du Printemps de Schumann." />
<meta property="og:url" content="https://www.coolturalia.com/fr/event/solar-express/" />
<meta property="og:site_name" content="Coolturalia" />
<meta property="article:modified_time" content="2025-10-22T22:55:43+00:00" />
<meta property="og:image" content="https://www.coolturalia.com/wp-content/uploads/2025/10/coolturalia-solar-express-1.webp" />
	<meta property="og:image:width" content="700" />
	<meta property="og:image:height" content="999" />
	<meta property="og:image:type" content="image/webp" />
<meta name="twitter:card" content="summary_large_image" />
<script type="application/ld+json" class="yoast-schema-graph">{"@context":"https:\/\/schema.org","@graph":[{"@type":"WebPage","@id":"https:\/\/www.coolturalia.com\/fr\/event\/solar-express\/","url":"https:\/\/www.coolturalia.com\/fr\/event\/solar-express\/","name":"Geneva Camerata: Solar Express - Coolturalia","isPartOf":{"@id":"https:\/\/www.coolturalia.com\/fr\/#website"},"primaryImageOfPage":{"@id":"https:\/\/www.coolturalia.com\/fr\/event\/solar-express\/#primaryimage"},"image":{"@id":"https:\/\/www.coolturalia.com\/fr\/event\/solar-express\/#primaryimage"},"thumbnailUrl":"https:\/\/www.coolturalia.com\/wp-content\/uploads\/2025\/10\/coolturalia-solar-express-1.webp","datePublished":"2025-10-08T07:23:10+00:00","dateModified":"2025-10-22T22:55:43+00:00","breadcrumb":{"@id":"https:\/\/www.coolturalia.com\/fr\/event\/solar-express\/#breadcrumb"},"inLanguage":"fr-FR","potentialAction":[{"@type":"ReadAction","target":["https:\/\/www.coolturalia.com\/fr\/event\/solar-express\/"]}]},{"@type":"ImageObject","inLanguage":"fr-FR","@id":"https:\/\/www.coolturalia.com\/fr\/event\/solar-express\/#primaryimage","url":"https:\/\/www.coolturalia.com\/wp-content\/uploads\/2025\/10\/coolturalia-solar-express-1.webp","contentUrl":"https:\/\/www.coolturalia.com\/wp-content\/uploads\/2025\/10\/coolturalia-solar-express-1.webp","width":700,"height":999},{"@type":"BreadcrumbList","@id":"https:\/\/www.coolturalia.com\/fr\/event\/solar-express\/#breadcrumb","itemListElement":[{"@type":"ListItem","position":1,"name":"Home","item":"https:\/\/www.coolturalia.com\/fr\/"},{"@type":"ListItem","position":2,"name":"Events","item":"https:\/\/www.coolturalia.com\/fr\/events\/"},{"@type":"ListItem","position":3,"name":"Geneva Camerata: Solar Express"}]},{"@type":"WebSite","@id":"https:\/\/www.coolturalia.com\/fr\/#website","url":"https:\/\/www.coolturalia.com\/fr\/","name":"Coolturalia","description":"","publisher":{"@id":"https:\/\/www.coolturalia.com\/fr\/#organization"},"potentialAction":[{"@type":"SearchAction","target":{"@type":"EntryPoint","urlTemplate":"https:\/\/www.coolturalia.com\/fr\/?s={search_term_string}"},"query-input":{"@type":"PropertyValueSpecification","valueRequired":true,"valueName":"search_term_string"}}],"inLanguage":"fr-FR"},{"@type":"Organization","@id":"https:\/\/www.coolturalia.com\/fr\/#organization","name":"Coolturalia","url":"https:\/\/www.coolturalia.com\/fr\/","logo":{"@type":"ImageObject","inLanguage":"fr-FR","@id":"https:\/\/www.coolturalia.com\/fr\/#\/schema\/logo\/image\/","url":"https:\/\/www.coolturalia.com\/wp-content\/uploads\/2024\/04\/Logo-coolturalia.svg","contentUrl":"https:\/\/www.coolturalia.com\/wp-content\/uploads\/2024\/04\/Logo-coolturalia.svg","width":1312,"height":193,"caption":"Coolturalia"},"image":{"@id":"https:\/\/www.coolturalia.com\/fr\/#\/schema\/logo\/image\/"},"sameAs":["https:\/\/www.instagram.com\/coolturalia_geneva\/"]}]}</script>
<!-- / Yoast SEO plugin. -->

Funk, rap, rock, soul, folk, jazz et opéra baroque se mêlent pour une performance explosive réunissant Celia Kameni, Maayan Licht, Aurus et Valentin Liechti. Cette soirée musicale, célébrant l&rsquo;équinoxe du printemps, s&rsquo;ouvrira avec la Symphonie du Printemps de Schumann.
