{"id":153556,"date":"2025-07-12T19:05:38","date_gmt":"2025-07-12T18:05:38","guid":{"rendered":"https:\/\/www.coolturalia.com\/?post_type=event&#038;p=153556"},"modified":"2025-07-12T19:05:38","modified_gmt":"2025-07-12T18:05:38","slug":"sans-voix","status":"publish","type":"event","link":"https:\/\/www.coolturalia.com\/fr\/event\/sans-voix\/","title":{"rendered":"Sans voix!"},"content":{"rendered":"<p>L&rsquo;OSR et le soliste Antoine Tamestit interpr\u00e8tent le Concerto pour alto de J\u00f6rg Widmann, une \u0153uvre exigeante demandant des comp\u00e9tences vari\u00e9es au musicien. La performance inclut \u00e9galement \u00ab\u00a0Le Ring sans paroles\u00a0\u00bb de Wagner, un arrangement orchestral de Lorin Maazel condensant quatorze heures de musique en une heure. L\u2019\u00e9v\u00e9nement est dirig\u00e9 par Daniel Harding.<\/p>\n","protected":false},"excerpt":{"rendered":"<p>L&rsquo;OSR et le soliste Antoine Tamestit interpr\u00e8tent le Concerto pour alto de J\u00f6rg Widmann, une \u0153uvre exigeante demandant des comp\u00e9tences vari\u00e9es au musicien. La performance inclut \u00e9galement \u00ab\u00a0Le Ring sans paroles\u00a0\u00bb de Wagner, un arrangement orchestral de Lorin Maazel condensant quatorze heures de musique en une heure. L\u2019\u00e9v\u00e9nement est dirig\u00e9 par Daniel Harding.<\/p>\n","protected":false},"featured_media":153557,"parent":0,"menu_order":0,"template":"","format":"standard","meta":{"_acf_changed":false,"footnotes":""},"tags":[1014],"event-category":[444],"event-venue":[605],"class_list":["post-153556","event","type-event","status-publish","format-standard","has-post-thumbnail","hentry","tag-portrait-image-fr","event-category-spectacles","event-venue-victoria-hall-fr"],"acf":{"price":"","date":"Jeudi 4 juin 2026, 19:30","start_date":"2026-06-04 00:00:00","end_date":"2026-06-04 00:00:00","website_link":"","link_buy_tickets":"https:\/\/osr.shop.secutix.com\/selection\/subscription?productId=10229212126889","highlighted":false,"photo_credit":"\u00a9 Julien_Mignot","timings":[{"timing_start_date":"2026-06-04 19:30:00","timing_end_date":"2026-06-04 21:40:00"},{"timing_start_date":"2026-06-03 19:30:00","timing_end_date":"2026-06-03 21:40:00"}],"external_id":"18912361"},"yoast_head":"<!-- This site is optimized with the Yoast SEO plugin v27.5 - https:\/\/yoast.com\/product\/yoast-seo-wordpress\/ -->\n<title>Sans voix! - Coolturalia<\/title>\n<meta name=\"robots\" content=\"index, follow, max-snippet:-1, max-image-preview:large, max-video-preview:-1\" \/>\n<link rel=\"canonical\" href=\"https:\/\/www.coolturalia.com\/fr\/event\/sans-voix\/\" \/>\n<meta property=\"og:locale\" content=\"fr_FR\" \/>\n<meta property=\"og:type\" content=\"article\" \/>\n<meta property=\"og:title\" content=\"Sans voix! - Coolturalia\" \/>\n<meta property=\"og:description\" content=\"L&rsquo;OSR et le soliste Antoine Tamestit interpr\u00e8tent le Concerto pour alto de J\u00f6rg Widmann, une \u0153uvre exigeante demandant des comp\u00e9tences vari\u00e9es au musicien. La performance inclut \u00e9galement \u00ab\u00a0Le Ring sans paroles\u00a0\u00bb de Wagner, un arrangement orchestral de Lorin Maazel condensant quatorze heures de musique en une heure. L\u2019\u00e9v\u00e9nement est dirig\u00e9 par Daniel Harding.\" \/>\n<meta property=\"og:url\" content=\"https:\/\/www.coolturalia.com\/fr\/event\/sans-voix\/\" \/>\n<meta property=\"og:site_name\" content=\"Coolturalia\" \/>\n<meta property=\"og:image\" content=\"https:\/\/www.coolturalia.com\/wp-content\/uploads\/2025\/06\/coolturalia-sans-voix-1.jpg\" \/>\n\t<meta property=\"og:image:width\" content=\"700\" \/>\n\t<meta property=\"og:image:height\" content=\"933\" \/>\n\t<meta property=\"og:image:type\" content=\"image\/jpeg\" \/>\n<meta name=\"twitter:card\" content=\"summary_large_image\" \/>\n<meta name=\"twitter:label1\" content=\"Dur\u00e9e de lecture estim\u00e9e\" \/>\n\t<meta name=\"twitter:data1\" content=\"1 minute\" \/>\n<script type=\"application\/ld+json\" class=\"yoast-schema-graph\">{\"@context\":\"https:\\\/\\\/schema.org\",\"@graph\":[{\"@type\":\"WebPage\",\"@id\":\"https:\\\/\\\/www.coolturalia.com\\\/fr\\\/event\\\/sans-voix\\\/\",\"url\":\"https:\\\/\\\/www.coolturalia.com\\\/fr\\\/event\\\/sans-voix\\\/\",\"name\":\"Sans voix! - Coolturalia\",\"isPartOf\":{\"@id\":\"https:\\\/\\\/www.coolturalia.com\\\/fr\\\/#website\"},\"primaryImageOfPage\":{\"@id\":\"https:\\\/\\\/www.coolturalia.com\\\/fr\\\/event\\\/sans-voix\\\/#primaryimage\"},\"image\":{\"@id\":\"https:\\\/\\\/www.coolturalia.com\\\/fr\\\/event\\\/sans-voix\\\/#primaryimage\"},\"thumbnailUrl\":\"https:\\\/\\\/www.coolturalia.com\\\/wp-content\\\/uploads\\\/2025\\\/06\\\/coolturalia-sans-voix-1.jpg\",\"datePublished\":\"2025-07-12T18:05:38+00:00\",\"breadcrumb\":{\"@id\":\"https:\\\/\\\/www.coolturalia.com\\\/fr\\\/event\\\/sans-voix\\\/#breadcrumb\"},\"inLanguage\":\"fr-FR\",\"potentialAction\":[{\"@type\":\"ReadAction\",\"target\":[\"https:\\\/\\\/www.coolturalia.com\\\/fr\\\/event\\\/sans-voix\\\/\"]}]},{\"@type\":\"ImageObject\",\"inLanguage\":\"fr-FR\",\"@id\":\"https:\\\/\\\/www.coolturalia.com\\\/fr\\\/event\\\/sans-voix\\\/#primaryimage\",\"url\":\"https:\\\/\\\/www.coolturalia.com\\\/wp-content\\\/uploads\\\/2025\\\/06\\\/coolturalia-sans-voix-1.jpg\",\"contentUrl\":\"https:\\\/\\\/www.coolturalia.com\\\/wp-content\\\/uploads\\\/2025\\\/06\\\/coolturalia-sans-voix-1.jpg\",\"width\":700,\"height\":933,\"caption\":\"Coolturalia - Sans voix!\"},{\"@type\":\"BreadcrumbList\",\"@id\":\"https:\\\/\\\/www.coolturalia.com\\\/fr\\\/event\\\/sans-voix\\\/#breadcrumb\",\"itemListElement\":[{\"@type\":\"ListItem\",\"position\":1,\"name\":\"Home\",\"item\":\"https:\\\/\\\/www.coolturalia.com\\\/fr\\\/\"},{\"@type\":\"ListItem\",\"position\":2,\"name\":\"Events\",\"item\":\"https:\\\/\\\/www.coolturalia.com\\\/fr\\\/events\\\/\"},{\"@type\":\"ListItem\",\"position\":3,\"name\":\"Sans voix!\"}]},{\"@type\":\"WebSite\",\"@id\":\"https:\\\/\\\/www.coolturalia.com\\\/fr\\\/#website\",\"url\":\"https:\\\/\\\/www.coolturalia.com\\\/fr\\\/\",\"name\":\"Coolturalia\",\"description\":\"\",\"publisher\":{\"@id\":\"https:\\\/\\\/www.coolturalia.com\\\/fr\\\/#organization\"},\"potentialAction\":[{\"@type\":\"SearchAction\",\"target\":{\"@type\":\"EntryPoint\",\"urlTemplate\":\"https:\\\/\\\/www.coolturalia.com\\\/fr\\\/?s={search_term_string}\"},\"query-input\":{\"@type\":\"PropertyValueSpecification\",\"valueRequired\":true,\"valueName\":\"search_term_string\"}}],\"inLanguage\":\"fr-FR\"},{\"@type\":\"Organization\",\"@id\":\"https:\\\/\\\/www.coolturalia.com\\\/fr\\\/#organization\",\"name\":\"Coolturalia\",\"url\":\"https:\\\/\\\/www.coolturalia.com\\\/fr\\\/\",\"logo\":{\"@type\":\"ImageObject\",\"inLanguage\":\"fr-FR\",\"@id\":\"https:\\\/\\\/www.coolturalia.com\\\/fr\\\/#\\\/schema\\\/logo\\\/image\\\/\",\"url\":\"https:\\\/\\\/www.coolturalia.com\\\/wp-content\\\/uploads\\\/2024\\\/04\\\/Logo-coolturalia.svg\",\"contentUrl\":\"https:\\\/\\\/www.coolturalia.com\\\/wp-content\\\/uploads\\\/2024\\\/04\\\/Logo-coolturalia.svg\",\"width\":1312,\"height\":193,\"caption\":\"Coolturalia\"},\"image\":{\"@id\":\"https:\\\/\\\/www.coolturalia.com\\\/fr\\\/#\\\/schema\\\/logo\\\/image\\\/\"},\"sameAs\":[\"https:\\\/\\\/www.instagram.com\\\/coolturalia_geneva\\\/\"]}]}<\/script>\n<!-- \/ Yoast SEO plugin. -->","yoast_head_json":{"title":"Sans voix! - Coolturalia","robots":{"index":"index","follow":"follow","max-snippet":"max-snippet:-1","max-image-preview":"max-image-preview:large","max-video-preview":"max-video-preview:-1"},"canonical":"https:\/\/www.coolturalia.com\/fr\/event\/sans-voix\/","og_locale":"fr_FR","og_type":"article","og_title":"Sans voix! - Coolturalia","og_description":"L&rsquo;OSR et le soliste Antoine Tamestit interpr\u00e8tent le Concerto pour alto de J\u00f6rg Widmann, une \u0153uvre exigeante demandant des comp\u00e9tences vari\u00e9es au musicien. La performance inclut \u00e9galement \u00ab\u00a0Le Ring sans paroles\u00a0\u00bb de Wagner, un arrangement orchestral de Lorin Maazel condensant quatorze heures de musique en une heure. L\u2019\u00e9v\u00e9nement est dirig\u00e9 par Daniel Harding.","og_url":"https:\/\/www.coolturalia.com\/fr\/event\/sans-voix\/","og_site_name":"Coolturalia","og_image":[{"width":700,"height":933,"url":"https:\/\/www.coolturalia.com\/wp-content\/uploads\/2025\/06\/coolturalia-sans-voix-1.jpg","type":"image\/jpeg"}],"twitter_card":"summary_large_image","twitter_misc":{"Dur\u00e9e de lecture estim\u00e9e":"1 minute"},"schema":{"@context":"https:\/\/schema.org","@graph":[{"@type":"WebPage","@id":"https:\/\/www.coolturalia.com\/fr\/event\/sans-voix\/","url":"https:\/\/www.coolturalia.com\/fr\/event\/sans-voix\/","name":"Sans voix! - Coolturalia","isPartOf":{"@id":"https:\/\/www.coolturalia.com\/fr\/#website"},"primaryImageOfPage":{"@id":"https:\/\/www.coolturalia.com\/fr\/event\/sans-voix\/#primaryimage"},"image":{"@id":"https:\/\/www.coolturalia.com\/fr\/event\/sans-voix\/#primaryimage"},"thumbnailUrl":"https:\/\/www.coolturalia.com\/wp-content\/uploads\/2025\/06\/coolturalia-sans-voix-1.jpg","datePublished":"2025-07-12T18:05:38+00:00","breadcrumb":{"@id":"https:\/\/www.coolturalia.com\/fr\/event\/sans-voix\/#breadcrumb"},"inLanguage":"fr-FR","potentialAction":[{"@type":"ReadAction","target":["https:\/\/www.coolturalia.com\/fr\/event\/sans-voix\/"]}]},{"@type":"ImageObject","inLanguage":"fr-FR","@id":"https:\/\/www.coolturalia.com\/fr\/event\/sans-voix\/#primaryimage","url":"https:\/\/www.coolturalia.com\/wp-content\/uploads\/2025\/06\/coolturalia-sans-voix-1.jpg","contentUrl":"https:\/\/www.coolturalia.com\/wp-content\/uploads\/2025\/06\/coolturalia-sans-voix-1.jpg","width":700,"height":933,"caption":"Coolturalia - Sans voix!"},{"@type":"BreadcrumbList","@id":"https:\/\/www.coolturalia.com\/fr\/event\/sans-voix\/#breadcrumb","itemListElement":[{"@type":"ListItem","position":1,"name":"Home","item":"https:\/\/www.coolturalia.com\/fr\/"},{"@type":"ListItem","position":2,"name":"Events","item":"https:\/\/www.coolturalia.com\/fr\/events\/"},{"@type":"ListItem","position":3,"name":"Sans voix!"}]},{"@type":"WebSite","@id":"https:\/\/www.coolturalia.com\/fr\/#website","url":"https:\/\/www.coolturalia.com\/fr\/","name":"Coolturalia","description":"","publisher":{"@id":"https:\/\/www.coolturalia.com\/fr\/#organization"},"potentialAction":[{"@type":"SearchAction","target":{"@type":"EntryPoint","urlTemplate":"https:\/\/www.coolturalia.com\/fr\/?s={search_term_string}"},"query-input":{"@type":"PropertyValueSpecification","valueRequired":true,"valueName":"search_term_string"}}],"inLanguage":"fr-FR"},{"@type":"Organization","@id":"https:\/\/www.coolturalia.com\/fr\/#organization","name":"Coolturalia","url":"https:\/\/www.coolturalia.com\/fr\/","logo":{"@type":"ImageObject","inLanguage":"fr-FR","@id":"https:\/\/www.coolturalia.com\/fr\/#\/schema\/logo\/image\/","url":"https:\/\/www.coolturalia.com\/wp-content\/uploads\/2024\/04\/Logo-coolturalia.svg","contentUrl":"https:\/\/www.coolturalia.com\/wp-content\/uploads\/2024\/04\/Logo-coolturalia.svg","width":1312,"height":193,"caption":"Coolturalia"},"image":{"@id":"https:\/\/www.coolturalia.com\/fr\/#\/schema\/logo\/image\/"},"sameAs":["https:\/\/www.instagram.com\/coolturalia_geneva\/"]}]}},"translations":{"translations":{"en":"153553","fr":"153556"},"language":{"code":"fr"},"date":{"dateRange":"Jeudi 4 juin 2026, 19:30"}},"language":{"code":"fr"},"_links":{"self":[{"href":"https:\/\/www.coolturalia.com\/fr\/wp-json\/wp\/v2\/event\/153556","targetHints":{"allow":["GET"]}}],"collection":[{"href":"https:\/\/www.coolturalia.com\/fr\/wp-json\/wp\/v2\/event"}],"about":[{"href":"https:\/\/www.coolturalia.com\/fr\/wp-json\/wp\/v2\/types\/event"}],"version-history":[{"count":2,"href":"https:\/\/www.coolturalia.com\/fr\/wp-json\/wp\/v2\/event\/153556\/revisions"}],"predecessor-version":[{"id":158646,"href":"https:\/\/www.coolturalia.com\/fr\/wp-json\/wp\/v2\/event\/153556\/revisions\/158646"}],"wp:featuredmedia":[{"embeddable":true,"href":"https:\/\/www.coolturalia.com\/fr\/wp-json\/wp\/v2\/media\/153557"}],"wp:attachment":[{"href":"https:\/\/www.coolturalia.com\/fr\/wp-json\/wp\/v2\/media?parent=153556"}],"wp:term":[{"taxonomy":"post_tag","embeddable":true,"href":"https:\/\/www.coolturalia.com\/fr\/wp-json\/wp\/v2\/tags?post=153556"},{"taxonomy":"event-category","embeddable":true,"href":"https:\/\/www.coolturalia.com\/fr\/wp-json\/wp\/v2\/event-category?post=153556"},{"taxonomy":"event-venue","embeddable":true,"href":"https:\/\/www.coolturalia.com\/fr\/wp-json\/wp\/v2\/event-venue?post=153556"}],"curies":[{"name":"wp","href":"https:\/\/api.w.org\/{rel}","templated":true}]}}

<p>L&rsquo;OSR et le soliste Antoine Tamestit interprètent le Concerto pour alto de Jörg Widmann, une œuvre exigeante demandant des compétences variées au musicien. La performance inclut également « Le Ring sans paroles » de Wagner, un arrangement orchestral de Lorin Maazel condensant quatorze heures de musique en une heure. L’événement est dirigé par Daniel Harding.</p>

<!-- This site is optimized with the Yoast SEO plugin v27.5 - https://yoast.com/product/yoast-seo-wordpress/ -->
<title>Sans voix! - Coolturalia</title>
<meta name="robots" content="index, follow, max-snippet:-1, max-image-preview:large, max-video-preview:-1" />
<link rel="canonical" href="https://www.coolturalia.com/fr/event/sans-voix/" />
<meta property="og:locale" content="fr_FR" />
<meta property="og:type" content="article" />
<meta property="og:title" content="Sans voix! - Coolturalia" />
<meta property="og:description" content="L&rsquo;OSR et le soliste Antoine Tamestit interprètent le Concerto pour alto de Jörg Widmann, une œuvre exigeante demandant des compétences variées au musicien. La performance inclut également « Le Ring sans paroles » de Wagner, un arrangement orchestral de Lorin Maazel condensant quatorze heures de musique en une heure. L’événement est dirigé par Daniel Harding." />
<meta property="og:url" content="https://www.coolturalia.com/fr/event/sans-voix/" />
<meta property="og:site_name" content="Coolturalia" />
<meta property="og:image" content="https://www.coolturalia.com/wp-content/uploads/2025/06/coolturalia-sans-voix-1.jpg" />
	<meta property="og:image:width" content="700" />
	<meta property="og:image:height" content="933" />
	<meta property="og:image:type" content="image/jpeg" />
<meta name="twitter:card" content="summary_large_image" />
<meta name="twitter:label1" content="Durée de lecture estimée" />
	<meta name="twitter:data1" content="1 minute" />
<script type="application/ld+json" class="yoast-schema-graph">{"@context":"https:\/\/schema.org","@graph":[{"@type":"WebPage","@id":"https:\/\/www.coolturalia.com\/fr\/event\/sans-voix\/","url":"https:\/\/www.coolturalia.com\/fr\/event\/sans-voix\/","name":"Sans voix! - Coolturalia","isPartOf":{"@id":"https:\/\/www.coolturalia.com\/fr\/#website"},"primaryImageOfPage":{"@id":"https:\/\/www.coolturalia.com\/fr\/event\/sans-voix\/#primaryimage"},"image":{"@id":"https:\/\/www.coolturalia.com\/fr\/event\/sans-voix\/#primaryimage"},"thumbnailUrl":"https:\/\/www.coolturalia.com\/wp-content\/uploads\/2025\/06\/coolturalia-sans-voix-1.jpg","datePublished":"2025-07-12T18:05:38+00:00","breadcrumb":{"@id":"https:\/\/www.coolturalia.com\/fr\/event\/sans-voix\/#breadcrumb"},"inLanguage":"fr-FR","potentialAction":[{"@type":"ReadAction","target":["https:\/\/www.coolturalia.com\/fr\/event\/sans-voix\/"]}]},{"@type":"ImageObject","inLanguage":"fr-FR","@id":"https:\/\/www.coolturalia.com\/fr\/event\/sans-voix\/#primaryimage","url":"https:\/\/www.coolturalia.com\/wp-content\/uploads\/2025\/06\/coolturalia-sans-voix-1.jpg","contentUrl":"https:\/\/www.coolturalia.com\/wp-content\/uploads\/2025\/06\/coolturalia-sans-voix-1.jpg","width":700,"height":933,"caption":"Coolturalia - Sans voix!"},{"@type":"BreadcrumbList","@id":"https:\/\/www.coolturalia.com\/fr\/event\/sans-voix\/#breadcrumb","itemListElement":[{"@type":"ListItem","position":1,"name":"Home","item":"https:\/\/www.coolturalia.com\/fr\/"},{"@type":"ListItem","position":2,"name":"Events","item":"https:\/\/www.coolturalia.com\/fr\/events\/"},{"@type":"ListItem","position":3,"name":"Sans voix!"}]},{"@type":"WebSite","@id":"https:\/\/www.coolturalia.com\/fr\/#website","url":"https:\/\/www.coolturalia.com\/fr\/","name":"Coolturalia","description":"","publisher":{"@id":"https:\/\/www.coolturalia.com\/fr\/#organization"},"potentialAction":[{"@type":"SearchAction","target":{"@type":"EntryPoint","urlTemplate":"https:\/\/www.coolturalia.com\/fr\/?s={search_term_string}"},"query-input":{"@type":"PropertyValueSpecification","valueRequired":true,"valueName":"search_term_string"}}],"inLanguage":"fr-FR"},{"@type":"Organization","@id":"https:\/\/www.coolturalia.com\/fr\/#organization","name":"Coolturalia","url":"https:\/\/www.coolturalia.com\/fr\/","logo":{"@type":"ImageObject","inLanguage":"fr-FR","@id":"https:\/\/www.coolturalia.com\/fr\/#\/schema\/logo\/image\/","url":"https:\/\/www.coolturalia.com\/wp-content\/uploads\/2024\/04\/Logo-coolturalia.svg","contentUrl":"https:\/\/www.coolturalia.com\/wp-content\/uploads\/2024\/04\/Logo-coolturalia.svg","width":1312,"height":193,"caption":"Coolturalia"},"image":{"@id":"https:\/\/www.coolturalia.com\/fr\/#\/schema\/logo\/image\/"},"sameAs":["https:\/\/www.instagram.com\/coolturalia_geneva\/"]}]}</script>
<!-- / Yoast SEO plugin. -->

L&rsquo;OSR et le soliste Antoine Tamestit interprètent le Concerto pour alto de Jörg Widmann, une œuvre exigeante demandant des compétences variées au musicien. La performance inclut également « Le Ring sans paroles » de Wagner, un arrangement orchestral de Lorin Maazel condensant quatorze heures de musique en une heure. L’événement est dirigé par Daniel Harding.
