{"id":153550,"date":"2025-07-01T22:53:32","date_gmt":"2025-07-01T21:53:32","guid":{"rendered":"https:\/\/www.coolturalia.com\/?post_type=event&#038;p=153550"},"modified":"2025-07-03T13:51:12","modified_gmt":"2025-07-03T12:51:12","slug":"speechless","status":"publish","type":"event","link":"https:\/\/www.coolturalia.com\/fr\/event\/speechless\/","title":{"rendered":"Sans Voix!"},"content":{"rendered":"<p>L&rsquo;OSR, dirig\u00e9 par Daniel Harding, interpr\u00e9tera le Concerto pour alto de J\u00f6rg Widmann, avec Antoine Tamestit en soliste, suivi de \u00ab\u00a0Le Ring sans paroles\u00a0\u00bb de Wagner. Le concerto exige que Tamestit joue le r\u00f4le de com\u00e9dien, danseur, chef d&rsquo;orchestre et altiste, se confrontant \u00e0 l&rsquo;orchestre. La seconde partie de la soir\u00e9e sera d\u00e9di\u00e9e \u00e0 l&rsquo;arrangement sans voix du \u00ab\u00a0Ring\u00a0\u00bb de Wagner par Lorin Maazel, transformant l&rsquo;op\u00e9ra en un po\u00e8me symphonique coh\u00e9rent.<\/p>\n","protected":false},"excerpt":{"rendered":"<p>L&rsquo;OSR, dirig\u00e9 par Daniel Harding, interpr\u00e9tera le Concerto pour alto de J\u00f6rg Widmann, avec Antoine Tamestit en soliste, suivi de \u00ab\u00a0Le Ring sans paroles\u00a0\u00bb de Wagner. Le concerto exige que Tamestit joue le r\u00f4le de com\u00e9dien, danseur, chef d&rsquo;orchestre et altiste, se confrontant \u00e0 l&rsquo;orchestre. La seconde partie de la soir\u00e9e sera d\u00e9di\u00e9e \u00e0 l&rsquo;arrangement [&hellip;]<\/p>\n","protected":false},"featured_media":153551,"parent":0,"menu_order":0,"template":"","format":"standard","meta":{"_acf_changed":false,"footnotes":""},"tags":[1014],"event-category":[444],"event-venue":[605],"class_list":["post-153550","event","type-event","status-publish","format-standard","has-post-thumbnail","hentry","tag-portrait-image-fr","event-category-spectacles","event-venue-victoria-hall-fr"],"acf":{"price":"","date":"3 et 4 juin","start_date":"2026-06-03 00:00:00","end_date":"2026-06-04 00:00:00","website_link":"https:\/\/www.osr.ch\/fr\/concerts-billets\/concerts\/evenement\/concert\/sans-voix","link_buy_tickets":"","highlighted":false,"photo_credit":"\u00a9 Julien Mignot","timings":[{"timing_start_date":"2026-06-03 19:30:00","timing_end_date":"2026-06-03 21:40:00"},{"timing_start_date":"2026-06-04 19:30:00","timing_end_date":"2026-06-04 21:40:00"}],"external_id":"47991809"},"yoast_head":"<!-- This site is optimized with the Yoast SEO plugin v27.5 - https:\/\/yoast.com\/product\/yoast-seo-wordpress\/ -->\n<title>Sans Voix! - Coolturalia<\/title>\n<meta name=\"robots\" content=\"index, follow, max-snippet:-1, max-image-preview:large, max-video-preview:-1\" \/>\n<link rel=\"canonical\" href=\"https:\/\/www.coolturalia.com\/fr\/event\/speechless\/\" \/>\n<meta property=\"og:locale\" content=\"fr_FR\" \/>\n<meta property=\"og:type\" content=\"article\" \/>\n<meta property=\"og:title\" content=\"Sans Voix! - Coolturalia\" \/>\n<meta property=\"og:description\" content=\"L&rsquo;OSR, dirig\u00e9 par Daniel Harding, interpr\u00e9tera le Concerto pour alto de J\u00f6rg Widmann, avec Antoine Tamestit en soliste, suivi de \u00ab\u00a0Le Ring sans paroles\u00a0\u00bb de Wagner. Le concerto exige que Tamestit joue le r\u00f4le de com\u00e9dien, danseur, chef d&rsquo;orchestre et altiste, se confrontant \u00e0 l&rsquo;orchestre. La seconde partie de la soir\u00e9e sera d\u00e9di\u00e9e \u00e0 l&rsquo;arrangement [&hellip;]\" \/>\n<meta property=\"og:url\" content=\"https:\/\/www.coolturalia.com\/fr\/event\/speechless\/\" \/>\n<meta property=\"og:site_name\" content=\"Coolturalia\" \/>\n<meta property=\"article:modified_time\" content=\"2025-07-03T12:51:12+00:00\" \/>\n<meta property=\"og:image\" content=\"https:\/\/www.coolturalia.com\/wp-content\/uploads\/2025\/06\/coolturalia-sans-voix.jpg\" \/>\n\t<meta property=\"og:image:width\" content=\"700\" \/>\n\t<meta property=\"og:image:height\" content=\"933\" \/>\n\t<meta property=\"og:image:type\" content=\"image\/jpeg\" \/>\n<meta name=\"twitter:card\" content=\"summary_large_image\" \/>\n<meta name=\"twitter:label1\" content=\"Dur\u00e9e de lecture estim\u00e9e\" \/>\n\t<meta name=\"twitter:data1\" content=\"1 minute\" \/>\n<script type=\"application\/ld+json\" class=\"yoast-schema-graph\">{\"@context\":\"https:\\\/\\\/schema.org\",\"@graph\":[{\"@type\":\"WebPage\",\"@id\":\"https:\\\/\\\/www.coolturalia.com\\\/fr\\\/event\\\/speechless\\\/\",\"url\":\"https:\\\/\\\/www.coolturalia.com\\\/fr\\\/event\\\/speechless\\\/\",\"name\":\"Sans Voix! - Coolturalia\",\"isPartOf\":{\"@id\":\"https:\\\/\\\/www.coolturalia.com\\\/fr\\\/#website\"},\"primaryImageOfPage\":{\"@id\":\"https:\\\/\\\/www.coolturalia.com\\\/fr\\\/event\\\/speechless\\\/#primaryimage\"},\"image\":{\"@id\":\"https:\\\/\\\/www.coolturalia.com\\\/fr\\\/event\\\/speechless\\\/#primaryimage\"},\"thumbnailUrl\":\"https:\\\/\\\/www.coolturalia.com\\\/wp-content\\\/uploads\\\/2025\\\/06\\\/coolturalia-sans-voix.jpg\",\"datePublished\":\"2025-07-01T21:53:32+00:00\",\"dateModified\":\"2025-07-03T12:51:12+00:00\",\"breadcrumb\":{\"@id\":\"https:\\\/\\\/www.coolturalia.com\\\/fr\\\/event\\\/speechless\\\/#breadcrumb\"},\"inLanguage\":\"fr-FR\",\"potentialAction\":[{\"@type\":\"ReadAction\",\"target\":[\"https:\\\/\\\/www.coolturalia.com\\\/fr\\\/event\\\/speechless\\\/\"]}]},{\"@type\":\"ImageObject\",\"inLanguage\":\"fr-FR\",\"@id\":\"https:\\\/\\\/www.coolturalia.com\\\/fr\\\/event\\\/speechless\\\/#primaryimage\",\"url\":\"https:\\\/\\\/www.coolturalia.com\\\/wp-content\\\/uploads\\\/2025\\\/06\\\/coolturalia-sans-voix.jpg\",\"contentUrl\":\"https:\\\/\\\/www.coolturalia.com\\\/wp-content\\\/uploads\\\/2025\\\/06\\\/coolturalia-sans-voix.jpg\",\"width\":700,\"height\":933,\"caption\":\"Coolturalia - Sans voix!\"},{\"@type\":\"BreadcrumbList\",\"@id\":\"https:\\\/\\\/www.coolturalia.com\\\/fr\\\/event\\\/speechless\\\/#breadcrumb\",\"itemListElement\":[{\"@type\":\"ListItem\",\"position\":1,\"name\":\"Home\",\"item\":\"https:\\\/\\\/www.coolturalia.com\\\/fr\\\/\"},{\"@type\":\"ListItem\",\"position\":2,\"name\":\"Events\",\"item\":\"https:\\\/\\\/www.coolturalia.com\\\/fr\\\/events\\\/\"},{\"@type\":\"ListItem\",\"position\":3,\"name\":\"Sans Voix!\"}]},{\"@type\":\"WebSite\",\"@id\":\"https:\\\/\\\/www.coolturalia.com\\\/fr\\\/#website\",\"url\":\"https:\\\/\\\/www.coolturalia.com\\\/fr\\\/\",\"name\":\"Coolturalia\",\"description\":\"\",\"publisher\":{\"@id\":\"https:\\\/\\\/www.coolturalia.com\\\/fr\\\/#organization\"},\"potentialAction\":[{\"@type\":\"SearchAction\",\"target\":{\"@type\":\"EntryPoint\",\"urlTemplate\":\"https:\\\/\\\/www.coolturalia.com\\\/fr\\\/?s={search_term_string}\"},\"query-input\":{\"@type\":\"PropertyValueSpecification\",\"valueRequired\":true,\"valueName\":\"search_term_string\"}}],\"inLanguage\":\"fr-FR\"},{\"@type\":\"Organization\",\"@id\":\"https:\\\/\\\/www.coolturalia.com\\\/fr\\\/#organization\",\"name\":\"Coolturalia\",\"url\":\"https:\\\/\\\/www.coolturalia.com\\\/fr\\\/\",\"logo\":{\"@type\":\"ImageObject\",\"inLanguage\":\"fr-FR\",\"@id\":\"https:\\\/\\\/www.coolturalia.com\\\/fr\\\/#\\\/schema\\\/logo\\\/image\\\/\",\"url\":\"https:\\\/\\\/www.coolturalia.com\\\/wp-content\\\/uploads\\\/2024\\\/04\\\/Logo-coolturalia.svg\",\"contentUrl\":\"https:\\\/\\\/www.coolturalia.com\\\/wp-content\\\/uploads\\\/2024\\\/04\\\/Logo-coolturalia.svg\",\"width\":1312,\"height\":193,\"caption\":\"Coolturalia\"},\"image\":{\"@id\":\"https:\\\/\\\/www.coolturalia.com\\\/fr\\\/#\\\/schema\\\/logo\\\/image\\\/\"},\"sameAs\":[\"https:\\\/\\\/www.instagram.com\\\/coolturalia_geneva\\\/\"]}]}<\/script>\n<!-- \/ Yoast SEO plugin. -->","yoast_head_json":{"title":"Sans Voix! - Coolturalia","robots":{"index":"index","follow":"follow","max-snippet":"max-snippet:-1","max-image-preview":"max-image-preview:large","max-video-preview":"max-video-preview:-1"},"canonical":"https:\/\/www.coolturalia.com\/fr\/event\/speechless\/","og_locale":"fr_FR","og_type":"article","og_title":"Sans Voix! - Coolturalia","og_description":"L&rsquo;OSR, dirig\u00e9 par Daniel Harding, interpr\u00e9tera le Concerto pour alto de J\u00f6rg Widmann, avec Antoine Tamestit en soliste, suivi de \u00ab\u00a0Le Ring sans paroles\u00a0\u00bb de Wagner. Le concerto exige que Tamestit joue le r\u00f4le de com\u00e9dien, danseur, chef d&rsquo;orchestre et altiste, se confrontant \u00e0 l&rsquo;orchestre. La seconde partie de la soir\u00e9e sera d\u00e9di\u00e9e \u00e0 l&rsquo;arrangement [&hellip;]","og_url":"https:\/\/www.coolturalia.com\/fr\/event\/speechless\/","og_site_name":"Coolturalia","article_modified_time":"2025-07-03T12:51:12+00:00","og_image":[{"width":700,"height":933,"url":"https:\/\/www.coolturalia.com\/wp-content\/uploads\/2025\/06\/coolturalia-sans-voix.jpg","type":"image\/jpeg"}],"twitter_card":"summary_large_image","twitter_misc":{"Dur\u00e9e de lecture estim\u00e9e":"1 minute"},"schema":{"@context":"https:\/\/schema.org","@graph":[{"@type":"WebPage","@id":"https:\/\/www.coolturalia.com\/fr\/event\/speechless\/","url":"https:\/\/www.coolturalia.com\/fr\/event\/speechless\/","name":"Sans Voix! - Coolturalia","isPartOf":{"@id":"https:\/\/www.coolturalia.com\/fr\/#website"},"primaryImageOfPage":{"@id":"https:\/\/www.coolturalia.com\/fr\/event\/speechless\/#primaryimage"},"image":{"@id":"https:\/\/www.coolturalia.com\/fr\/event\/speechless\/#primaryimage"},"thumbnailUrl":"https:\/\/www.coolturalia.com\/wp-content\/uploads\/2025\/06\/coolturalia-sans-voix.jpg","datePublished":"2025-07-01T21:53:32+00:00","dateModified":"2025-07-03T12:51:12+00:00","breadcrumb":{"@id":"https:\/\/www.coolturalia.com\/fr\/event\/speechless\/#breadcrumb"},"inLanguage":"fr-FR","potentialAction":[{"@type":"ReadAction","target":["https:\/\/www.coolturalia.com\/fr\/event\/speechless\/"]}]},{"@type":"ImageObject","inLanguage":"fr-FR","@id":"https:\/\/www.coolturalia.com\/fr\/event\/speechless\/#primaryimage","url":"https:\/\/www.coolturalia.com\/wp-content\/uploads\/2025\/06\/coolturalia-sans-voix.jpg","contentUrl":"https:\/\/www.coolturalia.com\/wp-content\/uploads\/2025\/06\/coolturalia-sans-voix.jpg","width":700,"height":933,"caption":"Coolturalia - Sans voix!"},{"@type":"BreadcrumbList","@id":"https:\/\/www.coolturalia.com\/fr\/event\/speechless\/#breadcrumb","itemListElement":[{"@type":"ListItem","position":1,"name":"Home","item":"https:\/\/www.coolturalia.com\/fr\/"},{"@type":"ListItem","position":2,"name":"Events","item":"https:\/\/www.coolturalia.com\/fr\/events\/"},{"@type":"ListItem","position":3,"name":"Sans Voix!"}]},{"@type":"WebSite","@id":"https:\/\/www.coolturalia.com\/fr\/#website","url":"https:\/\/www.coolturalia.com\/fr\/","name":"Coolturalia","description":"","publisher":{"@id":"https:\/\/www.coolturalia.com\/fr\/#organization"},"potentialAction":[{"@type":"SearchAction","target":{"@type":"EntryPoint","urlTemplate":"https:\/\/www.coolturalia.com\/fr\/?s={search_term_string}"},"query-input":{"@type":"PropertyValueSpecification","valueRequired":true,"valueName":"search_term_string"}}],"inLanguage":"fr-FR"},{"@type":"Organization","@id":"https:\/\/www.coolturalia.com\/fr\/#organization","name":"Coolturalia","url":"https:\/\/www.coolturalia.com\/fr\/","logo":{"@type":"ImageObject","inLanguage":"fr-FR","@id":"https:\/\/www.coolturalia.com\/fr\/#\/schema\/logo\/image\/","url":"https:\/\/www.coolturalia.com\/wp-content\/uploads\/2024\/04\/Logo-coolturalia.svg","contentUrl":"https:\/\/www.coolturalia.com\/wp-content\/uploads\/2024\/04\/Logo-coolturalia.svg","width":1312,"height":193,"caption":"Coolturalia"},"image":{"@id":"https:\/\/www.coolturalia.com\/fr\/#\/schema\/logo\/image\/"},"sameAs":["https:\/\/www.instagram.com\/coolturalia_geneva\/"]}]}},"translations":{"translations":{"en":"153547","fr":"153550"},"language":{"code":"fr"},"date":{"dateRange":"3 et 4 juin"}},"language":{"code":"fr"},"_links":{"self":[{"href":"https:\/\/www.coolturalia.com\/fr\/wp-json\/wp\/v2\/event\/153550","targetHints":{"allow":["GET"]}}],"collection":[{"href":"https:\/\/www.coolturalia.com\/fr\/wp-json\/wp\/v2\/event"}],"about":[{"href":"https:\/\/www.coolturalia.com\/fr\/wp-json\/wp\/v2\/types\/event"}],"version-history":[{"count":4,"href":"https:\/\/www.coolturalia.com\/fr\/wp-json\/wp\/v2\/event\/153550\/revisions"}],"predecessor-version":[{"id":157657,"href":"https:\/\/www.coolturalia.com\/fr\/wp-json\/wp\/v2\/event\/153550\/revisions\/157657"}],"wp:featuredmedia":[{"embeddable":true,"href":"https:\/\/www.coolturalia.com\/fr\/wp-json\/wp\/v2\/media\/153551"}],"wp:attachment":[{"href":"https:\/\/www.coolturalia.com\/fr\/wp-json\/wp\/v2\/media?parent=153550"}],"wp:term":[{"taxonomy":"post_tag","embeddable":true,"href":"https:\/\/www.coolturalia.com\/fr\/wp-json\/wp\/v2\/tags?post=153550"},{"taxonomy":"event-category","embeddable":true,"href":"https:\/\/www.coolturalia.com\/fr\/wp-json\/wp\/v2\/event-category?post=153550"},{"taxonomy":"event-venue","embeddable":true,"href":"https:\/\/www.coolturalia.com\/fr\/wp-json\/wp\/v2\/event-venue?post=153550"}],"curies":[{"name":"wp","href":"https:\/\/api.w.org\/{rel}","templated":true}]}}

<p>L&rsquo;OSR, dirigé par Daniel Harding, interprétera le Concerto pour alto de Jörg Widmann, avec Antoine Tamestit en soliste, suivi de « Le Ring sans paroles » de Wagner. Le concerto exige que Tamestit joue le rôle de comédien, danseur, chef d&rsquo;orchestre et altiste, se confrontant à l&rsquo;orchestre. La seconde partie de la soirée sera dédiée à l&rsquo;arrangement sans voix du « Ring » de Wagner par Lorin Maazel, transformant l&rsquo;opéra en un poème symphonique cohérent.</p>

<p>L&rsquo;OSR, dirigé par Daniel Harding, interprétera le Concerto pour alto de Jörg Widmann, avec Antoine Tamestit en soliste, suivi de « Le Ring sans paroles » de Wagner. Le concerto exige que Tamestit joue le rôle de comédien, danseur, chef d&rsquo;orchestre et altiste, se confrontant à l&rsquo;orchestre. La seconde partie de la soirée sera dédiée à l&rsquo;arrangement [&hellip;]</p>

<!-- This site is optimized with the Yoast SEO plugin v27.5 - https://yoast.com/product/yoast-seo-wordpress/ -->
<title>Sans Voix! - Coolturalia</title>
<meta name="robots" content="index, follow, max-snippet:-1, max-image-preview:large, max-video-preview:-1" />
<link rel="canonical" href="https://www.coolturalia.com/fr/event/speechless/" />
<meta property="og:locale" content="fr_FR" />
<meta property="og:type" content="article" />
<meta property="og:title" content="Sans Voix! - Coolturalia" />
<meta property="og:description" content="L&rsquo;OSR, dirigé par Daniel Harding, interprétera le Concerto pour alto de Jörg Widmann, avec Antoine Tamestit en soliste, suivi de « Le Ring sans paroles » de Wagner. Le concerto exige que Tamestit joue le rôle de comédien, danseur, chef d&rsquo;orchestre et altiste, se confrontant à l&rsquo;orchestre. La seconde partie de la soirée sera dédiée à l&rsquo;arrangement [&hellip;]" />
<meta property="og:url" content="https://www.coolturalia.com/fr/event/speechless/" />
<meta property="og:site_name" content="Coolturalia" />
<meta property="article:modified_time" content="2025-07-03T12:51:12+00:00" />
<meta property="og:image" content="https://www.coolturalia.com/wp-content/uploads/2025/06/coolturalia-sans-voix.jpg" />
	<meta property="og:image:width" content="700" />
	<meta property="og:image:height" content="933" />
	<meta property="og:image:type" content="image/jpeg" />
<meta name="twitter:card" content="summary_large_image" />
<meta name="twitter:label1" content="Durée de lecture estimée" />
	<meta name="twitter:data1" content="1 minute" />
<script type="application/ld+json" class="yoast-schema-graph">{"@context":"https:\/\/schema.org","@graph":[{"@type":"WebPage","@id":"https:\/\/www.coolturalia.com\/fr\/event\/speechless\/","url":"https:\/\/www.coolturalia.com\/fr\/event\/speechless\/","name":"Sans Voix! - Coolturalia","isPartOf":{"@id":"https:\/\/www.coolturalia.com\/fr\/#website"},"primaryImageOfPage":{"@id":"https:\/\/www.coolturalia.com\/fr\/event\/speechless\/#primaryimage"},"image":{"@id":"https:\/\/www.coolturalia.com\/fr\/event\/speechless\/#primaryimage"},"thumbnailUrl":"https:\/\/www.coolturalia.com\/wp-content\/uploads\/2025\/06\/coolturalia-sans-voix.jpg","datePublished":"2025-07-01T21:53:32+00:00","dateModified":"2025-07-03T12:51:12+00:00","breadcrumb":{"@id":"https:\/\/www.coolturalia.com\/fr\/event\/speechless\/#breadcrumb"},"inLanguage":"fr-FR","potentialAction":[{"@type":"ReadAction","target":["https:\/\/www.coolturalia.com\/fr\/event\/speechless\/"]}]},{"@type":"ImageObject","inLanguage":"fr-FR","@id":"https:\/\/www.coolturalia.com\/fr\/event\/speechless\/#primaryimage","url":"https:\/\/www.coolturalia.com\/wp-content\/uploads\/2025\/06\/coolturalia-sans-voix.jpg","contentUrl":"https:\/\/www.coolturalia.com\/wp-content\/uploads\/2025\/06\/coolturalia-sans-voix.jpg","width":700,"height":933,"caption":"Coolturalia - Sans voix!"},{"@type":"BreadcrumbList","@id":"https:\/\/www.coolturalia.com\/fr\/event\/speechless\/#breadcrumb","itemListElement":[{"@type":"ListItem","position":1,"name":"Home","item":"https:\/\/www.coolturalia.com\/fr\/"},{"@type":"ListItem","position":2,"name":"Events","item":"https:\/\/www.coolturalia.com\/fr\/events\/"},{"@type":"ListItem","position":3,"name":"Sans Voix!"}]},{"@type":"WebSite","@id":"https:\/\/www.coolturalia.com\/fr\/#website","url":"https:\/\/www.coolturalia.com\/fr\/","name":"Coolturalia","description":"","publisher":{"@id":"https:\/\/www.coolturalia.com\/fr\/#organization"},"potentialAction":[{"@type":"SearchAction","target":{"@type":"EntryPoint","urlTemplate":"https:\/\/www.coolturalia.com\/fr\/?s={search_term_string}"},"query-input":{"@type":"PropertyValueSpecification","valueRequired":true,"valueName":"search_term_string"}}],"inLanguage":"fr-FR"},{"@type":"Organization","@id":"https:\/\/www.coolturalia.com\/fr\/#organization","name":"Coolturalia","url":"https:\/\/www.coolturalia.com\/fr\/","logo":{"@type":"ImageObject","inLanguage":"fr-FR","@id":"https:\/\/www.coolturalia.com\/fr\/#\/schema\/logo\/image\/","url":"https:\/\/www.coolturalia.com\/wp-content\/uploads\/2024\/04\/Logo-coolturalia.svg","contentUrl":"https:\/\/www.coolturalia.com\/wp-content\/uploads\/2024\/04\/Logo-coolturalia.svg","width":1312,"height":193,"caption":"Coolturalia"},"image":{"@id":"https:\/\/www.coolturalia.com\/fr\/#\/schema\/logo\/image\/"},"sameAs":["https:\/\/www.instagram.com\/coolturalia_geneva\/"]}]}</script>
<!-- / Yoast SEO plugin. -->

L&rsquo;OSR, dirigé par Daniel Harding, interprétera le Concerto pour alto de Jörg Widmann, avec Antoine Tamestit en soliste, suivi de « Le Ring sans paroles » de Wagner. Le concerto exige que Tamestit joue le rôle de comédien, danseur, chef d&rsquo;orchestre et altiste, se confrontant à l&rsquo;orchestre. La seconde partie de la soirée sera dédiée à l&rsquo;arrangement [&hellip;]
