{"id":119134,"date":"2024-11-19T11:29:52","date_gmt":"2024-11-19T10:29:52","guid":{"rendered":"https:\/\/www.coolturalia.com\/?post_type=event-must-sees&#038;p=119134"},"modified":"2025-04-04T08:31:55","modified_gmt":"2025-04-04T07:31:55","slug":"mamco-musee-dart-moderne-et-contemporain","status":"publish","type":"event-must-sees","link":"https:\/\/www.coolturalia.com\/fr\/event-must-sees\/mamco-musee-dart-moderne-et-contemporain\/","title":{"rendered":"MAMCO (Mus\u00e9e d&rsquo;art moderne et contemporain)"},"content":{"rendered":"\r\n<h2>&#8211; FERM\u00c9 POUR R\u00c9NOVATION &#8211;<\/h2>\r\n<p>Depuis son ouverture en 1994, le MAMCO Gen\u00e8ve (Mus\u00e9e d\u2019art moderne et contemporain) a pr\u00e9sent\u00e9 plus de 450 expositions mettant en lumi\u00e8re des \u0153uvres allant des ann\u00e9es 1960 \u00e0 nos jours. Ses collections comprennent des cr\u00e9ations de Christo, Martin Kippenberger, Jenny Holzer, Dan Flavin, Sarkis, Franz Erhard Walther et Sylvie Fleury, parmi tant d\u2019autres.<\/p>\r\n\r\n\r\n\r\n<p><em><strong>Le saviez-vous ?<\/strong> Le MAMCO est au c\u0153ur de la Nuit des Bains, organis\u00e9e trois fois par an. Lors de cet \u00e9v\u00e9nement, le quartier autour du mus\u00e9e se transforme en une immense galerie \u00e0 ciel ouvert, attirant des milliers d\u2019amateurs d\u2019art et de curieux chaque soir.<\/em><\/p>\r\n","protected":false},"author":1,"featured_media":95502,"parent":0,"menu_order":0,"template":"","meta":{"_acf_changed":false},"class_list":["post-119134","event-must-sees","type-event-must-sees","status-publish","has-post-thumbnail","hentry"],"acf":[],"yoast_head":"<!-- This site is optimized with the Yoast SEO plugin v27.5 - https:\/\/yoast.com\/product\/yoast-seo-wordpress\/ -->\n<title>MAMCO (Mus\u00e9e d&#039;art moderne et contemporain) - Coolturalia<\/title>\n<meta name=\"robots\" content=\"index, follow, max-snippet:-1, max-image-preview:large, max-video-preview:-1\" \/>\n<link rel=\"canonical\" href=\"https:\/\/www.coolturalia.com\/fr\/event-must-sees\/mamco-musee-dart-moderne-et-contemporain\/\" \/>\n<meta property=\"og:locale\" content=\"fr_FR\" \/>\n<meta property=\"og:type\" content=\"article\" \/>\n<meta property=\"og:title\" content=\"MAMCO (Mus\u00e9e d&#039;art moderne et contemporain) - Coolturalia\" \/>\n<meta property=\"og:description\" content=\"&#8211; FERM\u00c9 POUR R\u00c9NOVATION &#8211; Depuis son ouverture en 1994, le MAMCO Gen\u00e8ve (Mus\u00e9e d\u2019art moderne et contemporain) a pr\u00e9sent\u00e9 plus de 450 expositions mettant en lumi\u00e8re des \u0153uvres allant des ann\u00e9es 1960 \u00e0 nos jours. Ses collections comprennent des cr\u00e9ations de Christo, Martin Kippenberger, Jenny Holzer, Dan Flavin, Sarkis, Franz Erhard Walther et Sylvie [&hellip;]\" \/>\n<meta property=\"og:url\" content=\"https:\/\/www.coolturalia.com\/fr\/event-must-sees\/mamco-musee-dart-moderne-et-contemporain\/\" \/>\n<meta property=\"og:site_name\" content=\"Coolturalia\" \/>\n<meta property=\"article:modified_time\" content=\"2025-04-04T07:31:55+00:00\" \/>\n<meta property=\"og:image\" content=\"https:\/\/www.coolturalia.com\/wp-content\/uploads\/2024\/09\/mamco-geneve-coolturalia.jpeg\" \/>\n\t<meta property=\"og:image:width\" content=\"1240\" \/>\n\t<meta property=\"og:image:height\" content=\"930\" \/>\n\t<meta property=\"og:image:type\" content=\"image\/jpeg\" \/>\n<meta name=\"twitter:card\" content=\"summary_large_image\" \/>\n<meta name=\"twitter:label1\" content=\"Dur\u00e9e de lecture estim\u00e9e\" \/>\n\t<meta name=\"twitter:data1\" content=\"1 minute\" \/>\n<script type=\"application\/ld+json\" class=\"yoast-schema-graph\">{\"@context\":\"https:\\\/\\\/schema.org\",\"@graph\":[{\"@type\":\"WebPage\",\"@id\":\"https:\\\/\\\/www.coolturalia.com\\\/fr\\\/event-must-sees\\\/mamco-musee-dart-moderne-et-contemporain\\\/\",\"url\":\"https:\\\/\\\/www.coolturalia.com\\\/fr\\\/event-must-sees\\\/mamco-musee-dart-moderne-et-contemporain\\\/\",\"name\":\"MAMCO (Mus\u00e9e d'art moderne et contemporain) - Coolturalia\",\"isPartOf\":{\"@id\":\"https:\\\/\\\/www.coolturalia.com\\\/fr\\\/#website\"},\"primaryImageOfPage\":{\"@id\":\"https:\\\/\\\/www.coolturalia.com\\\/fr\\\/event-must-sees\\\/mamco-musee-dart-moderne-et-contemporain\\\/#primaryimage\"},\"image\":{\"@id\":\"https:\\\/\\\/www.coolturalia.com\\\/fr\\\/event-must-sees\\\/mamco-musee-dart-moderne-et-contemporain\\\/#primaryimage\"},\"thumbnailUrl\":\"https:\\\/\\\/www.coolturalia.com\\\/wp-content\\\/uploads\\\/2024\\\/09\\\/mamco-geneve-coolturalia.jpeg\",\"datePublished\":\"2024-11-19T10:29:52+00:00\",\"dateModified\":\"2025-04-04T07:31:55+00:00\",\"breadcrumb\":{\"@id\":\"https:\\\/\\\/www.coolturalia.com\\\/fr\\\/event-must-sees\\\/mamco-musee-dart-moderne-et-contemporain\\\/#breadcrumb\"},\"inLanguage\":\"fr-FR\",\"potentialAction\":[{\"@type\":\"ReadAction\",\"target\":[\"https:\\\/\\\/www.coolturalia.com\\\/fr\\\/event-must-sees\\\/mamco-musee-dart-moderne-et-contemporain\\\/\"]}]},{\"@type\":\"ImageObject\",\"inLanguage\":\"fr-FR\",\"@id\":\"https:\\\/\\\/www.coolturalia.com\\\/fr\\\/event-must-sees\\\/mamco-musee-dart-moderne-et-contemporain\\\/#primaryimage\",\"url\":\"https:\\\/\\\/www.coolturalia.com\\\/wp-content\\\/uploads\\\/2024\\\/09\\\/mamco-geneve-coolturalia.jpeg\",\"contentUrl\":\"https:\\\/\\\/www.coolturalia.com\\\/wp-content\\\/uploads\\\/2024\\\/09\\\/mamco-geneve-coolturalia.jpeg\",\"width\":1240,\"height\":930},{\"@type\":\"BreadcrumbList\",\"@id\":\"https:\\\/\\\/www.coolturalia.com\\\/fr\\\/event-must-sees\\\/mamco-musee-dart-moderne-et-contemporain\\\/#breadcrumb\",\"itemListElement\":[{\"@type\":\"ListItem\",\"position\":1,\"name\":\"Home\",\"item\":\"https:\\\/\\\/www.coolturalia.com\\\/fr\\\/\"},{\"@type\":\"ListItem\",\"position\":2,\"name\":\"Events Must Sees\",\"item\":\"https:\\\/\\\/www.coolturalia.com\\\/fr\\\/events-must-sees\\\/\"},{\"@type\":\"ListItem\",\"position\":3,\"name\":\"MAMCO (Mus\u00e9e d&#8217;art moderne et contemporain)\"}]},{\"@type\":\"WebSite\",\"@id\":\"https:\\\/\\\/www.coolturalia.com\\\/fr\\\/#website\",\"url\":\"https:\\\/\\\/www.coolturalia.com\\\/fr\\\/\",\"name\":\"Coolturalia\",\"description\":\"\",\"publisher\":{\"@id\":\"https:\\\/\\\/www.coolturalia.com\\\/fr\\\/#organization\"},\"potentialAction\":[{\"@type\":\"SearchAction\",\"target\":{\"@type\":\"EntryPoint\",\"urlTemplate\":\"https:\\\/\\\/www.coolturalia.com\\\/fr\\\/?s={search_term_string}\"},\"query-input\":{\"@type\":\"PropertyValueSpecification\",\"valueRequired\":true,\"valueName\":\"search_term_string\"}}],\"inLanguage\":\"fr-FR\"},{\"@type\":\"Organization\",\"@id\":\"https:\\\/\\\/www.coolturalia.com\\\/fr\\\/#organization\",\"name\":\"Coolturalia\",\"url\":\"https:\\\/\\\/www.coolturalia.com\\\/fr\\\/\",\"logo\":{\"@type\":\"ImageObject\",\"inLanguage\":\"fr-FR\",\"@id\":\"https:\\\/\\\/www.coolturalia.com\\\/fr\\\/#\\\/schema\\\/logo\\\/image\\\/\",\"url\":\"https:\\\/\\\/www.coolturalia.com\\\/wp-content\\\/uploads\\\/2024\\\/04\\\/Logo-coolturalia.svg\",\"contentUrl\":\"https:\\\/\\\/www.coolturalia.com\\\/wp-content\\\/uploads\\\/2024\\\/04\\\/Logo-coolturalia.svg\",\"width\":1312,\"height\":193,\"caption\":\"Coolturalia\"},\"image\":{\"@id\":\"https:\\\/\\\/www.coolturalia.com\\\/fr\\\/#\\\/schema\\\/logo\\\/image\\\/\"},\"sameAs\":[\"https:\\\/\\\/www.instagram.com\\\/coolturalia_geneva\\\/\"]}]}<\/script>\n<!-- \/ Yoast SEO plugin. -->","yoast_head_json":{"title":"MAMCO (Mus\u00e9e d'art moderne et contemporain) - Coolturalia","robots":{"index":"index","follow":"follow","max-snippet":"max-snippet:-1","max-image-preview":"max-image-preview:large","max-video-preview":"max-video-preview:-1"},"canonical":"https:\/\/www.coolturalia.com\/fr\/event-must-sees\/mamco-musee-dart-moderne-et-contemporain\/","og_locale":"fr_FR","og_type":"article","og_title":"MAMCO (Mus\u00e9e d'art moderne et contemporain) - Coolturalia","og_description":"&#8211; FERM\u00c9 POUR R\u00c9NOVATION &#8211; Depuis son ouverture en 1994, le MAMCO Gen\u00e8ve (Mus\u00e9e d\u2019art moderne et contemporain) a pr\u00e9sent\u00e9 plus de 450 expositions mettant en lumi\u00e8re des \u0153uvres allant des ann\u00e9es 1960 \u00e0 nos jours. Ses collections comprennent des cr\u00e9ations de Christo, Martin Kippenberger, Jenny Holzer, Dan Flavin, Sarkis, Franz Erhard Walther et Sylvie [&hellip;]","og_url":"https:\/\/www.coolturalia.com\/fr\/event-must-sees\/mamco-musee-dart-moderne-et-contemporain\/","og_site_name":"Coolturalia","article_modified_time":"2025-04-04T07:31:55+00:00","og_image":[{"width":1240,"height":930,"url":"https:\/\/www.coolturalia.com\/wp-content\/uploads\/2024\/09\/mamco-geneve-coolturalia.jpeg","type":"image\/jpeg"}],"twitter_card":"summary_large_image","twitter_misc":{"Dur\u00e9e de lecture estim\u00e9e":"1 minute"},"schema":{"@context":"https:\/\/schema.org","@graph":[{"@type":"WebPage","@id":"https:\/\/www.coolturalia.com\/fr\/event-must-sees\/mamco-musee-dart-moderne-et-contemporain\/","url":"https:\/\/www.coolturalia.com\/fr\/event-must-sees\/mamco-musee-dart-moderne-et-contemporain\/","name":"MAMCO (Mus\u00e9e d'art moderne et contemporain) - Coolturalia","isPartOf":{"@id":"https:\/\/www.coolturalia.com\/fr\/#website"},"primaryImageOfPage":{"@id":"https:\/\/www.coolturalia.com\/fr\/event-must-sees\/mamco-musee-dart-moderne-et-contemporain\/#primaryimage"},"image":{"@id":"https:\/\/www.coolturalia.com\/fr\/event-must-sees\/mamco-musee-dart-moderne-et-contemporain\/#primaryimage"},"thumbnailUrl":"https:\/\/www.coolturalia.com\/wp-content\/uploads\/2024\/09\/mamco-geneve-coolturalia.jpeg","datePublished":"2024-11-19T10:29:52+00:00","dateModified":"2025-04-04T07:31:55+00:00","breadcrumb":{"@id":"https:\/\/www.coolturalia.com\/fr\/event-must-sees\/mamco-musee-dart-moderne-et-contemporain\/#breadcrumb"},"inLanguage":"fr-FR","potentialAction":[{"@type":"ReadAction","target":["https:\/\/www.coolturalia.com\/fr\/event-must-sees\/mamco-musee-dart-moderne-et-contemporain\/"]}]},{"@type":"ImageObject","inLanguage":"fr-FR","@id":"https:\/\/www.coolturalia.com\/fr\/event-must-sees\/mamco-musee-dart-moderne-et-contemporain\/#primaryimage","url":"https:\/\/www.coolturalia.com\/wp-content\/uploads\/2024\/09\/mamco-geneve-coolturalia.jpeg","contentUrl":"https:\/\/www.coolturalia.com\/wp-content\/uploads\/2024\/09\/mamco-geneve-coolturalia.jpeg","width":1240,"height":930},{"@type":"BreadcrumbList","@id":"https:\/\/www.coolturalia.com\/fr\/event-must-sees\/mamco-musee-dart-moderne-et-contemporain\/#breadcrumb","itemListElement":[{"@type":"ListItem","position":1,"name":"Home","item":"https:\/\/www.coolturalia.com\/fr\/"},{"@type":"ListItem","position":2,"name":"Events Must Sees","item":"https:\/\/www.coolturalia.com\/fr\/events-must-sees\/"},{"@type":"ListItem","position":3,"name":"MAMCO (Mus\u00e9e d&#8217;art moderne et contemporain)"}]},{"@type":"WebSite","@id":"https:\/\/www.coolturalia.com\/fr\/#website","url":"https:\/\/www.coolturalia.com\/fr\/","name":"Coolturalia","description":"","publisher":{"@id":"https:\/\/www.coolturalia.com\/fr\/#organization"},"potentialAction":[{"@type":"SearchAction","target":{"@type":"EntryPoint","urlTemplate":"https:\/\/www.coolturalia.com\/fr\/?s={search_term_string}"},"query-input":{"@type":"PropertyValueSpecification","valueRequired":true,"valueName":"search_term_string"}}],"inLanguage":"fr-FR"},{"@type":"Organization","@id":"https:\/\/www.coolturalia.com\/fr\/#organization","name":"Coolturalia","url":"https:\/\/www.coolturalia.com\/fr\/","logo":{"@type":"ImageObject","inLanguage":"fr-FR","@id":"https:\/\/www.coolturalia.com\/fr\/#\/schema\/logo\/image\/","url":"https:\/\/www.coolturalia.com\/wp-content\/uploads\/2024\/04\/Logo-coolturalia.svg","contentUrl":"https:\/\/www.coolturalia.com\/wp-content\/uploads\/2024\/04\/Logo-coolturalia.svg","width":1312,"height":193,"caption":"Coolturalia"},"image":{"@id":"https:\/\/www.coolturalia.com\/fr\/#\/schema\/logo\/image\/"},"sameAs":["https:\/\/www.instagram.com\/coolturalia_geneva\/"]}]}},"translations":{"translations":{"en":"119132","fr":"119134"},"language":{"code":"fr"},"date":{"dateRange":null}},"language":{"code":"fr"},"_links":{"self":[{"href":"https:\/\/www.coolturalia.com\/fr\/wp-json\/wp\/v2\/event-must-sees\/119134","targetHints":{"allow":["GET"]}}],"collection":[{"href":"https:\/\/www.coolturalia.com\/fr\/wp-json\/wp\/v2\/event-must-sees"}],"about":[{"href":"https:\/\/www.coolturalia.com\/fr\/wp-json\/wp\/v2\/types\/event-must-sees"}],"author":[{"embeddable":true,"href":"https:\/\/www.coolturalia.com\/fr\/wp-json\/wp\/v2\/users\/1"}],"version-history":[{"count":2,"href":"https:\/\/www.coolturalia.com\/fr\/wp-json\/wp\/v2\/event-must-sees\/119134\/revisions"}],"predecessor-version":[{"id":141534,"href":"https:\/\/www.coolturalia.com\/fr\/wp-json\/wp\/v2\/event-must-sees\/119134\/revisions\/141534"}],"wp:featuredmedia":[{"embeddable":true,"href":"https:\/\/www.coolturalia.com\/fr\/wp-json\/wp\/v2\/media\/95502"}],"wp:attachment":[{"href":"https:\/\/www.coolturalia.com\/fr\/wp-json\/wp\/v2\/media?parent=119134"}],"curies":[{"name":"wp","href":"https:\/\/api.w.org\/{rel}","templated":true}]}}

MAMCO (Musée d&rsquo;art moderne et contemporain)

<h2>&#8211; FERMÉ POUR RÉNOVATION &#8211;</h2>
<p>Depuis son ouverture en 1994, le MAMCO Genève (Musée d’art moderne et contemporain) a présenté plus de 450 expositions mettant en lumière des œuvres allant des années 1960 à nos jours. Ses collections comprennent des créations de Christo, Martin Kippenberger, Jenny Holzer, Dan Flavin, Sarkis, Franz Erhard Walther et Sylvie Fleury, parmi tant d’autres.</p>



<p><em><strong>Le saviez-vous ?</strong> Le MAMCO est au cœur de la Nuit des Bains, organisée trois fois par an. Lors de cet événement, le quartier autour du musée se transforme en une immense galerie à ciel ouvert, attirant des milliers d’amateurs d’art et de curieux chaque soir.</em></p>

<!-- This site is optimized with the Yoast SEO plugin v27.5 - https://yoast.com/product/yoast-seo-wordpress/ -->
<title>MAMCO (Musée d&#039;art moderne et contemporain) - Coolturalia</title>
<meta name="robots" content="index, follow, max-snippet:-1, max-image-preview:large, max-video-preview:-1" />
<link rel="canonical" href="https://www.coolturalia.com/fr/event-must-sees/mamco-musee-dart-moderne-et-contemporain/" />
<meta property="og:locale" content="fr_FR" />
<meta property="og:type" content="article" />
<meta property="og:title" content="MAMCO (Musée d&#039;art moderne et contemporain) - Coolturalia" />
<meta property="og:description" content="&#8211; FERMÉ POUR RÉNOVATION &#8211; Depuis son ouverture en 1994, le MAMCO Genève (Musée d’art moderne et contemporain) a présenté plus de 450 expositions mettant en lumière des œuvres allant des années 1960 à nos jours. Ses collections comprennent des créations de Christo, Martin Kippenberger, Jenny Holzer, Dan Flavin, Sarkis, Franz Erhard Walther et Sylvie [&hellip;]" />
<meta property="og:url" content="https://www.coolturalia.com/fr/event-must-sees/mamco-musee-dart-moderne-et-contemporain/" />
<meta property="og:site_name" content="Coolturalia" />
<meta property="article:modified_time" content="2025-04-04T07:31:55+00:00" />
<meta property="og:image" content="https://www.coolturalia.com/wp-content/uploads/2024/09/mamco-geneve-coolturalia.jpeg" />
	<meta property="og:image:width" content="1240" />
	<meta property="og:image:height" content="930" />
	<meta property="og:image:type" content="image/jpeg" />
<meta name="twitter:card" content="summary_large_image" />
<meta name="twitter:label1" content="Durée de lecture estimée" />
	<meta name="twitter:data1" content="1 minute" />
<script type="application/ld+json" class="yoast-schema-graph">{"@context":"https:\/\/schema.org","@graph":[{"@type":"WebPage","@id":"https:\/\/www.coolturalia.com\/fr\/event-must-sees\/mamco-musee-dart-moderne-et-contemporain\/","url":"https:\/\/www.coolturalia.com\/fr\/event-must-sees\/mamco-musee-dart-moderne-et-contemporain\/","name":"MAMCO (Musée d'art moderne et contemporain) - Coolturalia","isPartOf":{"@id":"https:\/\/www.coolturalia.com\/fr\/#website"},"primaryImageOfPage":{"@id":"https:\/\/www.coolturalia.com\/fr\/event-must-sees\/mamco-musee-dart-moderne-et-contemporain\/#primaryimage"},"image":{"@id":"https:\/\/www.coolturalia.com\/fr\/event-must-sees\/mamco-musee-dart-moderne-et-contemporain\/#primaryimage"},"thumbnailUrl":"https:\/\/www.coolturalia.com\/wp-content\/uploads\/2024\/09\/mamco-geneve-coolturalia.jpeg","datePublished":"2024-11-19T10:29:52+00:00","dateModified":"2025-04-04T07:31:55+00:00","breadcrumb":{"@id":"https:\/\/www.coolturalia.com\/fr\/event-must-sees\/mamco-musee-dart-moderne-et-contemporain\/#breadcrumb"},"inLanguage":"fr-FR","potentialAction":[{"@type":"ReadAction","target":["https:\/\/www.coolturalia.com\/fr\/event-must-sees\/mamco-musee-dart-moderne-et-contemporain\/"]}]},{"@type":"ImageObject","inLanguage":"fr-FR","@id":"https:\/\/www.coolturalia.com\/fr\/event-must-sees\/mamco-musee-dart-moderne-et-contemporain\/#primaryimage","url":"https:\/\/www.coolturalia.com\/wp-content\/uploads\/2024\/09\/mamco-geneve-coolturalia.jpeg","contentUrl":"https:\/\/www.coolturalia.com\/wp-content\/uploads\/2024\/09\/mamco-geneve-coolturalia.jpeg","width":1240,"height":930},{"@type":"BreadcrumbList","@id":"https:\/\/www.coolturalia.com\/fr\/event-must-sees\/mamco-musee-dart-moderne-et-contemporain\/#breadcrumb","itemListElement":[{"@type":"ListItem","position":1,"name":"Home","item":"https:\/\/www.coolturalia.com\/fr\/"},{"@type":"ListItem","position":2,"name":"Events Must Sees","item":"https:\/\/www.coolturalia.com\/fr\/events-must-sees\/"},{"@type":"ListItem","position":3,"name":"MAMCO (Musée d&#8217;art moderne et contemporain)"}]},{"@type":"WebSite","@id":"https:\/\/www.coolturalia.com\/fr\/#website","url":"https:\/\/www.coolturalia.com\/fr\/","name":"Coolturalia","description":"","publisher":{"@id":"https:\/\/www.coolturalia.com\/fr\/#organization"},"potentialAction":[{"@type":"SearchAction","target":{"@type":"EntryPoint","urlTemplate":"https:\/\/www.coolturalia.com\/fr\/?s={search_term_string}"},"query-input":{"@type":"PropertyValueSpecification","valueRequired":true,"valueName":"search_term_string"}}],"inLanguage":"fr-FR"},{"@type":"Organization","@id":"https:\/\/www.coolturalia.com\/fr\/#organization","name":"Coolturalia","url":"https:\/\/www.coolturalia.com\/fr\/","logo":{"@type":"ImageObject","inLanguage":"fr-FR","@id":"https:\/\/www.coolturalia.com\/fr\/#\/schema\/logo\/image\/","url":"https:\/\/www.coolturalia.com\/wp-content\/uploads\/2024\/04\/Logo-coolturalia.svg","contentUrl":"https:\/\/www.coolturalia.com\/wp-content\/uploads\/2024\/04\/Logo-coolturalia.svg","width":1312,"height":193,"caption":"Coolturalia"},"image":{"@id":"https:\/\/www.coolturalia.com\/fr\/#\/schema\/logo\/image\/"},"sameAs":["https:\/\/www.instagram.com\/coolturalia_geneva\/"]}]}</script>
<!-- / Yoast SEO plugin. -->

MAMCO (Musée d'art moderne et contemporain) - Coolturalia

&#8211; FERMÉ POUR RÉNOVATION &#8211; Depuis son ouverture en 1994, le MAMCO Genève (Musée d’art moderne et contemporain) a présenté plus de 450 expositions mettant en lumière des œuvres allant des années 1960 à nos jours. Ses collections comprennent des créations de Christo, Martin Kippenberger, Jenny Holzer, Dan Flavin, Sarkis, Franz Erhard Walther et Sylvie [&hellip;]

MAMCO (Musée d&#8217;art moderne et contemporain)
