{"version":"1.0","provider_name":"Coolturalia","provider_url":"https:\/\/www.coolturalia.com\/fr\/","title":"Festival La Cour des Contes - Coolturalia","type":"rich","width":600,"height":338,"html":"<blockquote class=\"wp-embedded-content\" data-secret=\"owIkPEM7KZ\"><a href=\"https:\/\/www.coolturalia.com\/fr\/event\/festival-la-cour-des-contes-2\/\">Festival La Cour des Contes<\/a><\/blockquote><iframe sandbox=\"allow-scripts\" security=\"restricted\" src=\"https:\/\/www.coolturalia.com\/fr\/event\/festival-la-cour-des-contes-2\/embed\/#?secret=owIkPEM7KZ\" width=\"600\" height=\"338\" title=\"\u00ab\u00a0Festival La Cour des Contes\u00a0\u00bb &#8212; Coolturalia\" data-secret=\"owIkPEM7KZ\" frameborder=\"0\" marginwidth=\"0\" marginheight=\"0\" scrolling=\"no\" class=\"wp-embedded-content\"><\/iframe><script type=\"text\/javascript\">\n\/* <![CDATA[ *\/\n\/*! This file is auto-generated *\/\n!function(d,l){\"use strict\";l.querySelector&&d.addEventListener&&\"undefined\"!=typeof URL&&(d.wp=d.wp||{},d.wp.receiveEmbedMessage||(d.wp.receiveEmbedMessage=function(e){var t=e.data;if((t||t.secret||t.message||t.value)&&!\/[^a-zA-Z0-9]\/.test(t.secret)){for(var s,r,n,a=l.querySelectorAll('iframe[data-secret=\"'+t.secret+'\"]'),o=l.querySelectorAll('blockquote[data-secret=\"'+t.secret+'\"]'),c=new RegExp(\"^https?:$\",\"i\"),i=0;i<o.length;i++)o[i].style.display=\"none\";for(i=0;i<a.length;i++)s=a[i],e.source===s.contentWindow&&(s.removeAttribute(\"style\"),\"height\"===t.message?(1e3<(r=parseInt(t.value,10))?r=1e3:~~r<200&&(r=200),s.height=r):\"link\"===t.message&&(r=new URL(s.getAttribute(\"src\")),n=new URL(t.value),c.test(n.protocol))&&n.host===r.host&&l.activeElement===s&&(d.top.location.href=t.value))}},d.addEventListener(\"message\",d.wp.receiveEmbedMessage,!1),l.addEventListener(\"DOMContentLoaded\",function(){for(var e,t,s=l.querySelectorAll(\"iframe.wp-embedded-content\"),r=0;r<s.length;r++)(t=(e=s[r]).getAttribute(\"data-secret\"))||(t=Math.random().toString(36).substring(2,12),e.src+=\"#?secret=\"+t,e.setAttribute(\"data-secret\",t)),e.contentWindow.postMessage({message:\"ready\",secret:t},\"*\")},!1)))}(window,document);\n\/\/# sourceURL=https:\/\/www.coolturalia.com\/wp-includes\/js\/wp-embed.min.js\n\/* ]]> *\/\n<\/script>\n","thumbnail_url":"https:\/\/www.coolturalia.com\/wp-content\/uploads\/2026\/03\/La-Cour-des-Contes-Festival.webp","thumbnail_width":1545,"thumbnail_height":871,"description":"La Cour des Contes est un festival d\u00e9di\u00e9 \u00e0 l\u2019art du r\u00e9cit oral, organis\u00e9 chaque printemps \u00e0 Plan-les-Ouates (Gen\u00e8ve). Depuis 1995, il r\u00e9unit des conteur\u00b7euses venu\u00b7es du monde entier et affirme la culture comme un pilier essentiel du lien social. L\u2019\u00e9dition 2026 invite le public \u00e0 voyager \u00e0 travers les \u00e9pop\u00e9es et les grands r\u00e9cits, [&hellip;]"}

La Cour des Contes est un festival dédié à l’art du récit oral, organisé chaque printemps à Plan-les-Ouates (Genève). Depuis 1995, il réunit des conteur·euses venu·es du monde entier et affirme la culture comme un pilier essentiel du lien social. L’édition 2026 invite le public à voyager à travers les épopées et les grands récits, [&hellip;]
