{"version":"1.0","provider_name":"Coolturalia","provider_url":"https:\/\/www.coolturalia.com\/fr\/","title":"Concert de gala \u2013 Geneva Junior Music Competition - Coolturalia","type":"rich","width":600,"height":338,"html":"<blockquote class=\"wp-embedded-content\" data-secret=\"j2FtCogylY\"><a href=\"https:\/\/www.coolturalia.com\/fr\/event\/concert-de-gala-geneva-junior-music-competition\/\">Concert de gala \u2013 Geneva Junior Music Competition<\/a><\/blockquote><iframe sandbox=\"allow-scripts\" security=\"restricted\" src=\"https:\/\/www.coolturalia.com\/fr\/event\/concert-de-gala-geneva-junior-music-competition\/embed\/#?secret=j2FtCogylY\" width=\"600\" height=\"338\" title=\"\u00ab\u00a0Concert de gala \u2013 Geneva Junior Music Competition\u00a0\u00bb &#8212; Coolturalia\" data-secret=\"j2FtCogylY\" frameborder=\"0\" marginwidth=\"0\" marginheight=\"0\" scrolling=\"no\" class=\"wp-embedded-content\"><\/iframe><script type=\"text\/javascript\">\n\/* <![CDATA[ *\/\n\/*! This file is auto-generated *\/\n!function(d,l){\"use strict\";l.querySelector&&d.addEventListener&&\"undefined\"!=typeof URL&&(d.wp=d.wp||{},d.wp.receiveEmbedMessage||(d.wp.receiveEmbedMessage=function(e){var t=e.data;if((t||t.secret||t.message||t.value)&&!\/[^a-zA-Z0-9]\/.test(t.secret)){for(var s,r,n,a=l.querySelectorAll('iframe[data-secret=\"'+t.secret+'\"]'),o=l.querySelectorAll('blockquote[data-secret=\"'+t.secret+'\"]'),c=new RegExp(\"^https?:$\",\"i\"),i=0;i<o.length;i++)o[i].style.display=\"none\";for(i=0;i<a.length;i++)s=a[i],e.source===s.contentWindow&&(s.removeAttribute(\"style\"),\"height\"===t.message?(1e3<(r=parseInt(t.value,10))?r=1e3:~~r<200&&(r=200),s.height=r):\"link\"===t.message&&(r=new URL(s.getAttribute(\"src\")),n=new URL(t.value),c.test(n.protocol))&&n.host===r.host&&l.activeElement===s&&(d.top.location.href=t.value))}},d.addEventListener(\"message\",d.wp.receiveEmbedMessage,!1),l.addEventListener(\"DOMContentLoaded\",function(){for(var e,t,s=l.querySelectorAll(\"iframe.wp-embedded-content\"),r=0;r<s.length;r++)(t=(e=s[r]).getAttribute(\"data-secret\"))||(t=Math.random().toString(36).substring(2,12),e.src+=\"#?secret=\"+t,e.setAttribute(\"data-secret\",t)),e.contentWindow.postMessage({message:\"ready\",secret:t},\"*\")},!1)))}(window,document);\n\/\/# sourceURL=https:\/\/www.coolturalia.com\/wp-includes\/js\/wp-embed.min.js\n\/* ]]> *\/\n<\/script>\n","thumbnail_url":"https:\/\/www.coolturalia.com\/wp-content\/uploads\/2026\/03\/Gala-Concert-Geneva-Junior-Music-Competition.webp","thumbnail_width":700,"thumbnail_height":990,"description":"Dirig\u00e9 par le chef d&rsquo;orchestre Laurent Zufferey, ce concert de gala met en lumi\u00e8re les voix virtuoses des laur\u00e9ats du Geneva Junior Music Competition. Les solistes, accompagn\u00e9s par la Sinfonia Valais\u2011Wallis, naviguent entre couleurs chambristes intimistes et envol\u00e9es po\u00e9tiques et virtuoses. Le programme conjugue virtuosit\u00e9 technique et lyrisme r\u00e9fl\u00e9chi, encadr\u00e9 par le parrainage de St\u00e9phane [&hellip;]"}

Dirigé par le chef d&rsquo;orchestre Laurent Zufferey, ce concert de gala met en lumière les voix virtuoses des lauréats du Geneva Junior Music Competition. Les solistes, accompagnés par la Sinfonia Valais‑Wallis, naviguent entre couleurs chambristes intimistes et envolées poétiques et virtuoses. Le programme conjugue virtuosité technique et lyrisme réfléchi, encadré par le parrainage de Stéphane [&hellip;]
